[INFO] fetching crate axum_typed_multipart_macros 0.13.1...
[INFO] testing axum_typed_multipart_macros-0.13.1 against nightly-2024-10-28+rustflags=-Zrandomize-layout for randomize-layout
[INFO] extracting crate axum_typed_multipart_macros 0.13.1 into /workspace/builds/worker-2-tc2/source
[INFO] validating manifest of crates.io crate axum_typed_multipart_macros 0.13.1 on toolchain nightly-2024-10-28
[INFO] running `Command { std: CARGO_HOME="/workspace/cargo-home" RUSTUP_HOME="/workspace/rustup-home" "/workspace/cargo-home/bin/cargo" "+nightly-2024-10-28" "metadata" "--manifest-path" "Cargo.toml" "--no-deps", kill_on_drop: false }`
[INFO] started tweaking crates.io crate axum_typed_multipart_macros 0.13.1
[INFO] removed 0 missing tests
[INFO] finished tweaking crates.io crate axum_typed_multipart_macros 0.13.1
[INFO] tweaked toml for crates.io crate axum_typed_multipart_macros 0.13.1 written to /workspace/builds/worker-2-tc2/source/Cargo.toml
[INFO] running `Command { std: CARGO_HOME="/workspace/cargo-home" RUSTUP_HOME="/workspace/rustup-home" "/workspace/cargo-home/bin/cargo" "+nightly-2024-10-28" "generate-lockfile" "--manifest-path" "Cargo.toml", kill_on_drop: false }`
[INFO] [stderr]     Updating crates.io index
[INFO] [stderr]     Blocking waiting for file lock on package cache
[INFO] [stderr]      Locking 167 packages to latest compatible versions
[INFO] [stderr]       Adding reqwest v0.11.27 (available: v0.12.9)
[INFO] running `Command { std: CARGO_HOME="/workspace/cargo-home" RUSTUP_HOME="/workspace/rustup-home" "/workspace/cargo-home/bin/cargo" "+nightly-2024-10-28" "fetch" "--manifest-path" "Cargo.toml", kill_on_drop: false }`
[INFO] [stderr]     Blocking waiting for file lock on package cache
[INFO] running `Command { std: "docker" "create" "-v" "/var/lib/crater-agent-workspace/builds/worker-2-tc2/target:/opt/rustwide/target:rw,Z" "-v" "/var/lib/crater-agent-workspace/builds/worker-2-tc2/source:/opt/rustwide/workdir:ro,Z" "-v" "/var/lib/crater-agent-workspace/cargo-home:/opt/rustwide/cargo-home:ro,Z" "-v" "/var/lib/crater-agent-workspace/rustup-home:/opt/rustwide/rustup-home:ro,Z" "-e" "SOURCE_DIR=/opt/rustwide/workdir" "-e" "CARGO_TARGET_DIR=/opt/rustwide/target" "-e" "CARGO_HOME=/opt/rustwide/cargo-home" "-e" "RUSTUP_HOME=/opt/rustwide/rustup-home" "-w" "/opt/rustwide/workdir" "-m" "1610612736" "--user" "0:0" "--network" "none" "ghcr.io/rust-lang/crates-build-env/linux@sha256:4a844ea9eb2546a2d2c7022eacef16ef2e8229c7fbb2c7d4d55a9ceca922f72d" "/opt/rustwide/cargo-home/bin/cargo" "+nightly-2024-10-28" "metadata" "--no-deps" "--format-version=1", kill_on_drop: false }`
[INFO] [stdout] 8a518220863c657733e757b224972356f4767a88c8e4227303b48a82f1c70334
[INFO] running `Command { std: "docker" "start" "-a" "8a518220863c657733e757b224972356f4767a88c8e4227303b48a82f1c70334", kill_on_drop: false }`
[INFO] running `Command { std: "docker" "inspect" "8a518220863c657733e757b224972356f4767a88c8e4227303b48a82f1c70334", kill_on_drop: false }`
[INFO] running `Command { std: "docker" "rm" "-f" "8a518220863c657733e757b224972356f4767a88c8e4227303b48a82f1c70334", kill_on_drop: false }`
[INFO] [stdout] 8a518220863c657733e757b224972356f4767a88c8e4227303b48a82f1c70334
[INFO] running `Command { std: "docker" "create" "-v" "/var/lib/crater-agent-workspace/builds/worker-2-tc2/target:/opt/rustwide/target:rw,Z" "-v" "/var/lib/crater-agent-workspace/builds/worker-2-tc2/source:/opt/rustwide/workdir:ro,Z" "-v" "/var/lib/crater-agent-workspace/cargo-home:/opt/rustwide/cargo-home:ro,Z" "-v" "/var/lib/crater-agent-workspace/rustup-home:/opt/rustwide/rustup-home:ro,Z" "-e" "SOURCE_DIR=/opt/rustwide/workdir" "-e" "CARGO_TARGET_DIR=/opt/rustwide/target" "-e" "CARGO_INCREMENTAL=0" "-e" "RUST_BACKTRACE=full" "-e" "RUSTFLAGS=--cap-lints=forbid -Zrandomize-layout" "-e" "RUSTDOCFLAGS=--cap-lints=forbid" "-e" "CARGO_HOME=/opt/rustwide/cargo-home" "-e" "RUSTUP_HOME=/opt/rustwide/rustup-home" "-w" "/opt/rustwide/workdir" "-m" "1610612736" "--user" "0:0" "--network" "none" "ghcr.io/rust-lang/crates-build-env/linux@sha256:4a844ea9eb2546a2d2c7022eacef16ef2e8229c7fbb2c7d4d55a9ceca922f72d" "/opt/rustwide/cargo-home/bin/cargo" "+nightly-2024-10-28" "build" "--frozen" "--message-format=json", kill_on_drop: false }`
[INFO] [stdout] 98020da6cf57e523f2255e435b307f58e3be38c1ce83bd2ea94ab05e36d81a36
[INFO] running `Command { std: "docker" "start" "-a" "98020da6cf57e523f2255e435b307f58e3be38c1ce83bd2ea94ab05e36d81a36", kill_on_drop: false }`
[INFO] [stderr]    Compiling fnv v1.0.7
[INFO] [stderr]    Compiling ident_case v1.0.1
[INFO] [stderr]    Compiling strsim v0.11.1
[INFO] [stderr]    Compiling heck v0.5.0
[INFO] [stderr]    Compiling ubyte v0.10.4
[INFO] [stderr]    Compiling proc-macro-error-attr2 v2.0.0
[INFO] [stderr]    Compiling darling_core v0.20.10
[INFO] [stderr]    Compiling proc-macro-error2 v2.0.1
[INFO] [stderr]    Compiling darling_macro v0.20.10
[INFO] [stderr]    Compiling darling v0.20.10
[INFO] [stderr]    Compiling axum_typed_multipart_macros v0.13.1 (/opt/rustwide/workdir)
[INFO] [stderr]     Finished `dev` profile [unoptimized + debuginfo] target(s) in 3.86s
[INFO] running `Command { std: "docker" "inspect" "98020da6cf57e523f2255e435b307f58e3be38c1ce83bd2ea94ab05e36d81a36", kill_on_drop: false }`
[INFO] running `Command { std: "docker" "rm" "-f" "98020da6cf57e523f2255e435b307f58e3be38c1ce83bd2ea94ab05e36d81a36", kill_on_drop: false }`
[INFO] [stdout] 98020da6cf57e523f2255e435b307f58e3be38c1ce83bd2ea94ab05e36d81a36
[INFO] running `Command { std: "docker" "create" "-v" "/var/lib/crater-agent-workspace/builds/worker-2-tc2/target:/opt/rustwide/target:rw,Z" "-v" "/var/lib/crater-agent-workspace/builds/worker-2-tc2/source:/opt/rustwide/workdir:ro,Z" "-v" "/var/lib/crater-agent-workspace/cargo-home:/opt/rustwide/cargo-home:ro,Z" "-v" "/var/lib/crater-agent-workspace/rustup-home:/opt/rustwide/rustup-home:ro,Z" "-e" "SOURCE_DIR=/opt/rustwide/workdir" "-e" "CARGO_TARGET_DIR=/opt/rustwide/target" "-e" "CARGO_INCREMENTAL=0" "-e" "RUST_BACKTRACE=full" "-e" "RUSTFLAGS=--cap-lints=forbid -Zrandomize-layout" "-e" "RUSTDOCFLAGS=--cap-lints=forbid" "-e" "CARGO_HOME=/opt/rustwide/cargo-home" "-e" "RUSTUP_HOME=/opt/rustwide/rustup-home" "-w" "/opt/rustwide/workdir" "-m" "1610612736" "--user" "0:0" "--network" "none" "ghcr.io/rust-lang/crates-build-env/linux@sha256:4a844ea9eb2546a2d2c7022eacef16ef2e8229c7fbb2c7d4d55a9ceca922f72d" "/opt/rustwide/cargo-home/bin/cargo" "+nightly-2024-10-28" "test" "--frozen" "--no-run" "--message-format=json", kill_on_drop: false }`
[INFO] [stdout] 3c0c81780d0ad2b4d83d8bb3d5b391c8c86eaf3628717b6a9b2984433a619355
[INFO] running `Command { std: "docker" "start" "-a" "3c0c81780d0ad2b4d83d8bb3d5b391c8c86eaf3628717b6a9b2984433a619355", kill_on_drop: false }`
[INFO] [stderr]    Compiling proc-macro2 v1.0.89
[INFO] [stderr]    Compiling unicode-ident v1.0.13
[INFO] [stderr]    Compiling futures-task v0.3.31
[INFO] [stderr]    Compiling serde v1.0.214
[INFO] [stderr]    Compiling tracing v0.1.40
[INFO] [stderr]    Compiling strsim v0.11.1
[INFO] [stderr]    Compiling openssl-sys v0.9.104
[INFO] [stderr]    Compiling ident_case v1.0.1
[INFO] [stderr]    Compiling rustls v0.21.12
[INFO] [stderr]    Compiling bitflags v2.6.0
[INFO] [stderr]    Compiling native-tls v0.2.12
[INFO] [stderr]    Compiling mime v0.3.17
[INFO] [stderr]    Compiling rustversion v1.0.18
[INFO] [stderr]    Compiling tower-layer v0.3.3
[INFO] [stderr]    Compiling serde_json v1.0.132
[INFO] [stderr]    Compiling unicase v2.8.0
[INFO] [stderr]    Compiling futures-util v0.3.31
[INFO] [stderr]    Compiling smallvec v1.13.2
[INFO] [stderr]    Compiling sync_wrapper v0.1.2
[INFO] [stderr]    Compiling sync_wrapper v1.0.1
[INFO] [stderr]    Compiling encoding_rs v0.8.35
[INFO] [stderr]    Compiling ipnet v2.10.1
[INFO] [stderr]    Compiling matchit v0.7.3
[INFO] [stderr]    Compiling webpki-roots v0.25.4
[INFO] [stderr]    Compiling tower v0.4.13
[INFO] [stderr]    Compiling ubyte v0.10.4
[INFO] [stderr]    Compiling heck v0.5.0
[INFO] [stderr]    Compiling mime_guess v2.0.5
[INFO] [stderr]    Compiling quote v1.0.37
[INFO] [stderr]    Compiling syn v2.0.86
[INFO] [stderr]    Compiling proc-macro-error-attr2 v2.0.0
[INFO] [stderr]    Compiling http-body-util v0.1.2
[INFO] [stderr]    Compiling serde_urlencoded v0.7.1
[INFO] [stderr]    Compiling serde_path_to_error v0.1.16
[INFO] [stderr]    Compiling darling_core v0.20.10
[INFO] [stderr]    Compiling proc-macro-error2 v2.0.1
[INFO] [stderr]    Compiling tokio-macros v2.4.0
[INFO] [stderr]    Compiling openssl-macros v0.1.1
[INFO] [stderr]    Compiling async-trait v0.1.83
[INFO] [stderr]    Compiling openssl v0.10.68
[INFO] [stderr]    Compiling tokio v1.41.0
[INFO] [stderr]    Compiling axum-core v0.4.5
[INFO] [stderr]    Compiling darling_macro v0.20.10
[INFO] [stderr]    Compiling darling v0.20.10
[INFO] [stderr]    Compiling axum_typed_multipart_macros v0.13.1 (/opt/rustwide/workdir)
[INFO] [stderr]    Compiling tokio-util v0.7.12
[INFO] [stderr]    Compiling tokio-rustls v0.24.1
[INFO] [stderr]    Compiling hyper v1.5.0
[INFO] [stderr]    Compiling tokio-native-tls v0.3.1
[INFO] [stderr]    Compiling tower v0.5.1
[INFO] [stderr]    Compiling h2 v0.3.26
[INFO] [stderr]    Compiling hyper-util v0.1.10
[INFO] [stderr]    Compiling axum v0.7.7
[INFO] [stderr]    Compiling hyper v0.14.31
[INFO] [stderr]    Compiling hyper-tls v0.5.0
[INFO] [stderr]    Compiling hyper-rustls v0.24.2
[INFO] [stderr]    Compiling reqwest v0.11.27
[INFO] [stderr]    Compiling axum-test-helper v0.4.0
[INFO] [stdout] error[E0432]: unresolved import `axum_typed_multipart`
[INFO] [stdout]  --> tests/test_defaults.rs:7:5
[INFO] [stdout]   |
[INFO] [stdout] 7 | use axum_typed_multipart::{TryFromMultipart, TypedMultipart};
[INFO] [stdout]   |     ^^^^^^^^^^^^^^^^^^^^ use of undeclared crate or module `axum_typed_multipart`
[INFO] [stdout] 
[INFO] [stdout] 
[INFO] [stdout] error[E0432]: unresolved import `axum_typed_multipart`
[INFO] [stdout]  --> tests/test_lax.rs:7:5
[INFO] [stdout]   |
[INFO] [stdout] 7 | use axum_typed_multipart::{TryFromMultipart, TypedMultipart};
[INFO] [stdout]   |     ^^^^^^^^^^^^^^^^^^^^ use of undeclared crate or module `axum_typed_multipart`
[INFO] [stdout] 
[INFO] [stdout] 
[INFO] [stdout] error[E0432]: unresolved import `axum_typed_multipart`
[INFO] [stdout]  --> tests/test_enum.rs:7:5
[INFO] [stdout]   |
[INFO] [stdout] 7 | use axum_typed_multipart::{TryFromField, TryFromMultipart, TypedMultipart};
[INFO] [stdout]   |     ^^^^^^^^^^^^^^^^^^^^ use of undeclared crate or module `axum_typed_multipart`
[INFO] [stdout] 
[INFO] [stdout] 
[INFO] [stdout] error[E0432]: unresolved import `axum_typed_multipart`
[INFO] [stdout]  --> tests/test_option.rs:7:5
[INFO] [stdout]   |
[INFO] [stdout] 7 | use axum_typed_multipart::{TryFromMultipart, TypedMultipart};
[INFO] [stdout]   |     ^^^^^^^^^^^^^^^^^^^^ use of undeclared crate or module `axum_typed_multipart`
[INFO] [stdout] 
[INFO] [stdout] 
[INFO] [stdout] error[E0432]: unresolved import `axum_typed_multipart`
[INFO] [stdout]  --> tests/test_list.rs:7:5
[INFO] [stdout]   |
[INFO] [stdout] 7 | use axum_typed_multipart::{TryFromMultipart, TypedMultipart};
[INFO] [stdout]   |     ^^^^^^^^^^^^^^^^^^^^ use of undeclared crate or module `axum_typed_multipart`
[INFO] [stdout] 
[INFO] [stdout] 
[INFO] [stdout] error: cannot find attribute `form_data` in this scope
[INFO] [stdout]   --> tests/test_defaults.rs:12:7
[INFO] [stdout]    |
[INFO] [stdout] 12 |     #[form_data(default)]
[INFO] [stdout]    |       ^^^^^^^^^
[INFO] [stdout] 
[INFO] [stdout] 
[INFO] [stdout] error: cannot find attribute `form_data` in this scope
[INFO] [stdout]   --> tests/test_defaults.rs:15:7
[INFO] [stdout]    |
[INFO] [stdout] 15 |     #[form_data(default)]
[INFO] [stdout]    |       ^^^^^^^^^
[INFO] [stdout] 
[INFO] [stdout] 
[INFO] [stdout] error: cannot find attribute `form_data` in this scope
[INFO] [stdout]   --> tests/test_defaults.rs:18:7
[INFO] [stdout]    |
[INFO] [stdout] 18 |     #[form_data(default)]
[INFO] [stdout]    |       ^^^^^^^^^
[INFO] [stdout] 
[INFO] [stdout] 
[INFO] [stdout] error[E0432]: unresolved import `axum_typed_multipart`
[INFO] [stdout]  --> tests/test_strict.rs:7:5
[INFO] [stdout]   |
[INFO] [stdout] 7 | use axum_typed_multipart::{TryFromMultipart, TypedMultipart};
[INFO] [stdout]   |     ^^^^^^^^^^^^^^^^^^^^ use of undeclared crate or module `axum_typed_multipart`
[INFO] [stdout] 
[INFO] [stdout] 
[INFO] [stdout] error: cannot find attribute `try_from_field` in this scope
[INFO] [stdout]   --> tests/test_enum.rs:11:3
[INFO] [stdout]    |
[INFO] [stdout] 11 | #[try_from_field(rename_all = "UPPERCASE")]
[INFO] [stdout]    |   ^^^^^^^^^^^^^^
[INFO] [stdout] 
[INFO] [stdout] 
[INFO] [stdout] error[E0432]: unresolved import `axum_typed_multipart`
[INFO] [stdout]  --> tests/test_limit.rs:8:5
[INFO] [stdout]   |
[INFO] [stdout] 8 | use axum_typed_multipart::{TryFromMultipart, TypedMultipart};
[INFO] [stdout]   |     ^^^^^^^^^^^^^^^^^^^^ use of undeclared crate or module `axum_typed_multipart`
[INFO] [stdout] 
[INFO] [stdout] 
[INFO] [stdout] error: cannot find attribute `field` in this scope
[INFO] [stdout]   --> tests/test_enum.rs:13:7
[INFO] [stdout]    |
[INFO] [stdout] 13 |     #[field(rename = "RUNNING")]
[INFO] [stdout]    |       ^^^^^
[INFO] [stdout] 
[INFO] [stdout] 
[INFO] [stdout] For more information about this error, try `rustc --explain E0432`.
[INFO] [stdout] 
[INFO] [stdout] For more information about this error, try `rustc --explain E0432`.
[INFO] [stdout] 
[INFO] [stdout] For more information about this error, try `rustc --explain E0432`.
[INFO] [stdout] 
[INFO] [stderr] error: could not compile `axum_typed_multipart_macros` (test "test_defaults") due to 4 previous errors
[INFO] [stderr] warning: build failed, waiting for other jobs to finish...
[INFO] [stdout] error[E0432]: unresolved import `axum_typed_multipart`
[INFO] [stdout]  --> tests/test_identifiers.rs:7:5
[INFO] [stdout]   |
[INFO] [stdout] 7 | use axum_typed_multipart::{TryFromMultipart, TypedMultipart};
[INFO] [stdout]   |     ^^^^^^^^^^^^^^^^^^^^ use of undeclared crate or module `axum_typed_multipart`
[INFO] [stdout] 
[INFO] [stdout] 
[INFO] [stderr] error: could not compile `axum_typed_multipart_macros` (test "test_option") due to 1 previous error
[INFO] [stderr] error: could not compile `axum_typed_multipart_macros` (test "test_list") due to 1 previous error
[INFO] [stdout] error[E0277]: the trait bound `fn({type error}) -> impl Future<Output = ()> {handler}: Handler<_, _>` is not satisfied
[INFO] [stdout]    --> tests/test_lax.rs:48:61
[INFO] [stdout]     |
[INFO] [stdout] 48  |     let res = TestClient::new(Router::new().route("/", post(handler)))
[INFO] [stdout]     |                                                        ---- ^^^^^^^ the trait `Handler<_, _>` is not implemented for fn item `fn({type error}) -> impl Future<Output = ()> {handler}`
[INFO] [stdout]     |                                                        |
[INFO] [stdout]     |                                                        required by a bound introduced by this call
[INFO] [stdout]     |
[INFO] [stdout]     = note: Consider using `#[axum::debug_handler]` to improve the error message
[INFO] [stdout]     = help: the following other types implement trait `Handler<T, S>`:
[INFO] [stdout]               `Layered<L, H, T, S>` implements `Handler<T, S>`
[INFO] [stdout]               `MethodRouter<S>` implements `Handler<(), S>`
[INFO] [stdout] note: required by a bound in `post`
[INFO] [stdout]    --> /opt/rustwide/cargo-home/registry/src/index.crates.io-6f17d22bba15001f/axum-0.7.7/src/routing/method_routing.rs:389:1
[INFO] [stdout]     |
[INFO] [stdout] 389 | top_level_handler_fn!(post, POST);
[INFO] [stdout]     | ^^^^^^^^^^^^^^^^^^^^^^----^^^^^^^
[INFO] [stdout]     | |                     |
[INFO] [stdout]     | |                     required by a bound in this function
[INFO] [stdout]     | required by this bound in `post`
[INFO] [stdout]     = note: this error originates in the macro `top_level_handler_fn` (in Nightly builds, run with -Z macro-backtrace for more info)
[INFO] [stdout] 
[INFO] [stdout] 
[INFO] [stdout] error: cannot find attribute `try_from_multipart` in this scope
[INFO] [stdout]   --> tests/test_strict.rs:11:3
[INFO] [stdout]    |
[INFO] [stdout] 11 | #[try_from_multipart(strict)]
[INFO] [stdout]    |   ^^^^^^^^^^^^^^^^^^
[INFO] [stdout] 
[INFO] [stdout] 
[INFO] [stdout] Some errors have detailed explanations: E0277, E0432.
[INFO] [stdout] 
[INFO] [stdout] For more information about an error, try `rustc --explain E0277`.
[INFO] [stdout] 
[INFO] [stdout] error: cannot find attribute `form_data` in this scope
[INFO] [stdout]   --> tests/test_limit.rs:16:7
[INFO] [stdout]    |
[INFO] [stdout] 16 |     #[form_data(limit = "16KiB")]
[INFO] [stdout]    |       ^^^^^^^^^
[INFO] [stdout] 
[INFO] [stdout] 
[INFO] [stdout] error: cannot find attribute `form_data` in this scope
[INFO] [stdout]   --> tests/test_limit.rs:19:7
[INFO] [stdout]    |
[INFO] [stdout] 19 |     #[form_data(limit = "unlimited")]
[INFO] [stdout]    |       ^^^^^^^^^
[INFO] [stdout] 
[INFO] [stdout] 
[INFO] [stderr] error: could not compile `axum_typed_multipart_macros` (test "test_lax") due to 2 previous errors
[INFO] [stdout] For more information about this error, try `rustc --explain E0432`.
[INFO] [stdout] 
[INFO] [stdout] error[E0277]: the trait bound `fn({type error}) -> impl Future<Output = ()> {test_strict::{closure#0}::handler}: Handler<_, _>` is not satisfied
[INFO] [stdout]    --> tests/test_strict.rs:25:61
[INFO] [stdout]     |
[INFO] [stdout] 25  |     let res = TestClient::new(Router::new().route("/", post(handler)))
[INFO] [stdout]     |                                                        ---- ^^^^^^^ the trait `Handler<_, _>` is not implemented for fn item `fn({type error}) -> impl Future<Output = ()> {test_strict::{closure#0}::handler}`
[INFO] [stdout]     |                                                        |
[INFO] [stdout]     |                                                        required by a bound introduced by this call
[INFO] [stdout]     |
[INFO] [stdout]     = note: Consider using `#[axum::debug_handler]` to improve the error message
[INFO] [stdout]     = help: the following other types implement trait `Handler<T, S>`:
[INFO] [stdout]               `Layered<L, H, T, S>` implements `Handler<T, S>`
[INFO] [stdout]               `MethodRouter<S>` implements `Handler<(), S>`
[INFO] [stdout] note: required by a bound in `post`
[INFO] [stdout]    --> /opt/rustwide/cargo-home/registry/src/index.crates.io-6f17d22bba15001f/axum-0.7.7/src/routing/method_routing.rs:389:1
[INFO] [stdout]     |
[INFO] [stdout] 389 | top_level_handler_fn!(post, POST);
[INFO] [stdout]     | ^^^^^^^^^^^^^^^^^^^^^^----^^^^^^^
[INFO] [stdout]     | |                     |
[INFO] [stdout]     | |                     required by a bound in this function
[INFO] [stdout]     | required by this bound in `post`
[INFO] [stdout]     = note: this error originates in the macro `top_level_handler_fn` (in Nightly builds, run with -Z macro-backtrace for more info)
[INFO] [stdout] 
[INFO] [stdout] 
[INFO] [stdout] error[E0277]: the trait bound `fn({type error}) -> impl Future<Output = ()> {test_strict_unknown_field::{closure#0}::handler}: Handler<_, _>` is not satisfied
[INFO] [stdout]    --> tests/test_strict.rs:41:61
[INFO] [stdout]     |
[INFO] [stdout] 41  |     let res = TestClient::new(Router::new().route("/", post(handler)))
[INFO] [stdout]     |                                                        ---- ^^^^^^^ the trait `Handler<_, _>` is not implemented for fn item `fn({type error}) -> impl Future<Output = ()> {test_strict_unknown_field::{closure#0}::handler}`
[INFO] [stdout]     |                                                        |
[INFO] [stdout]     |                                                        required by a bound introduced by this call
[INFO] [stdout]     |
[INFO] [stdout]     = note: Consider using `#[axum::debug_handler]` to improve the error message
[INFO] [stdout]     = help: the following other types implement trait `Handler<T, S>`:
[INFO] [stdout]               `Layered<L, H, T, S>` implements `Handler<T, S>`
[INFO] [stdout]               `MethodRouter<S>` implements `Handler<(), S>`
[INFO] [stdout] note: required by a bound in `post`
[INFO] [stdout]    --> /opt/rustwide/cargo-home/registry/src/index.crates.io-6f17d22bba15001f/axum-0.7.7/src/routing/method_routing.rs:389:1
[INFO] [stdout]     |
[INFO] [stdout] 389 | top_level_handler_fn!(post, POST);
[INFO] [stdout]     | ^^^^^^^^^^^^^^^^^^^^^^----^^^^^^^
[INFO] [stdout]     | |                     |
[INFO] [stdout]     | |                     required by a bound in this function
[INFO] [stdout]     | required by this bound in `post`
[INFO] [stdout]     = note: this error originates in the macro `top_level_handler_fn` (in Nightly builds, run with -Z macro-backtrace for more info)
[INFO] [stdout] 
[INFO] [stdout] 
[INFO] [stderr] error: could not compile `axum_typed_multipart_macros` (test "test_enum") due to 3 previous errors
[INFO] [stdout] error[E0277]: the trait bound `fn({type error}) -> impl Future<Output = ()> {test_strict_deplicate_field::{closure#0}::handler}: Handler<_, _>` is not satisfied
[INFO] [stdout]    --> tests/test_strict.rs:58:61
[INFO] [stdout]     |
[INFO] [stdout] 58  |     let res = TestClient::new(Router::new().route("/", post(handler)))
[INFO] [stdout]     |                                                        ---- ^^^^^^^ the trait `Handler<_, _>` is not implemented for fn item `fn({type error}) -> impl Future<Output = ()> {test_strict_deplicate_field::{closure#0}::handler}`
[INFO] [stdout]     |                                                        |
[INFO] [stdout]     |                                                        required by a bound introduced by this call
[INFO] [stdout]     |
[INFO] [stdout]     = note: Consider using `#[axum::debug_handler]` to improve the error message
[INFO] [stdout]     = help: the following other types implement trait `Handler<T, S>`:
[INFO] [stdout]               `Layered<L, H, T, S>` implements `Handler<T, S>`
[INFO] [stdout]               `MethodRouter<S>` implements `Handler<(), S>`
[INFO] [stdout] note: required by a bound in `post`
[INFO] [stdout]    --> /opt/rustwide/cargo-home/registry/src/index.crates.io-6f17d22bba15001f/axum-0.7.7/src/routing/method_routing.rs:389:1
[INFO] [stdout]     |
[INFO] [stdout] 389 | top_level_handler_fn!(post, POST);
[INFO] [stdout]     | ^^^^^^^^^^^^^^^^^^^^^^----^^^^^^^
[INFO] [stdout]     | |                     |
[INFO] [stdout]     | |                     required by a bound in this function
[INFO] [stdout]     | required by this bound in `post`
[INFO] [stdout]     = note: this error originates in the macro `top_level_handler_fn` (in Nightly builds, run with -Z macro-backtrace for more info)
[INFO] [stdout] 
[INFO] [stdout] 
[INFO] [stdout] error: cannot find attribute `form_data` in this scope
[INFO] [stdout]   --> tests/test_identifiers.rs:16:7
[INFO] [stdout]    |
[INFO] [stdout] 16 |     #[form_data(field_name = "source_field")]
[INFO] [stdout]    |       ^^^^^^^^^
[INFO] [stdout] 
[INFO] [stdout] 
[INFO] [stdout] error[E0277]: the trait bound `fn({type error}) -> impl Future<Output = ()> {test_strict_missing_field_name::{closure#0}::handler}: Handler<_, _>` is not satisfied
[INFO] [stdout]    --> tests/test_strict.rs:81:61
[INFO] [stdout]     |
[INFO] [stdout] 81  |     let res = TestClient::new(Router::new().route("/", post(handler)))
[INFO] [stdout]     |                                                        ---- ^^^^^^^ the trait `Handler<_, _>` is not implemented for fn item `fn({type error}) -> impl Future<Output = ()> {test_strict_missing_field_name::{closure#0}::handler}`
[INFO] [stdout]     |                                                        |
[INFO] [stdout]     |                                                        required by a bound introduced by this call
[INFO] [stdout]     |
[INFO] [stdout]     = note: Consider using `#[axum::debug_handler]` to improve the error message
[INFO] [stdout]     = help: the following other types implement trait `Handler<T, S>`:
[INFO] [stdout]               `Layered<L, H, T, S>` implements `Handler<T, S>`
[INFO] [stdout]               `MethodRouter<S>` implements `Handler<(), S>`
[INFO] [stdout] note: required by a bound in `post`
[INFO] [stdout]    --> /opt/rustwide/cargo-home/registry/src/index.crates.io-6f17d22bba15001f/axum-0.7.7/src/routing/method_routing.rs:389:1
[INFO] [stdout]     |
[INFO] [stdout] 389 | top_level_handler_fn!(post, POST);
[INFO] [stdout]     | ^^^^^^^^^^^^^^^^^^^^^^----^^^^^^^
[INFO] [stdout]     | |                     |
[INFO] [stdout]     | |                     required by a bound in this function
[INFO] [stdout]     | required by this bound in `post`
[INFO] [stdout]     = note: this error originates in the macro `top_level_handler_fn` (in Nightly builds, run with -Z macro-backtrace for more info)
[INFO] [stdout] 
[INFO] [stdout] 
[INFO] [stdout] Some errors have detailed explanations: E0277, E0432.
[INFO] [stdout] 
[INFO] [stdout] For more information about an error, try `rustc --explain E0277`.
[INFO] [stdout] 
[INFO] [stderr] error: could not compile `axum_typed_multipart_macros` (test "test_strict") due to 6 previous errors
[INFO] [stdout] For more information about this error, try `rustc --explain E0432`.
[INFO] [stdout] 
[INFO] [stdout] For more information about this error, try `rustc --explain E0432`.
[INFO] [stdout] 
[INFO] [stderr] error: could not compile `axum_typed_multipart_macros` (test "test_limit") due to 3 previous errors
[INFO] [stderr] error: could not compile `axum_typed_multipart_macros` (test "test_identifiers") due to 2 previous errors
[INFO] running `Command { std: "docker" "inspect" "3c0c81780d0ad2b4d83d8bb3d5b391c8c86eaf3628717b6a9b2984433a619355", kill_on_drop: false }`
[INFO] running `Command { std: "docker" "rm" "-f" "3c0c81780d0ad2b4d83d8bb3d5b391c8c86eaf3628717b6a9b2984433a619355", kill_on_drop: false }`
[INFO] [stdout] 3c0c81780d0ad2b4d83d8bb3d5b391c8c86eaf3628717b6a9b2984433a619355
