[INFO] fetching crate axum-github-webhook-extract 0.2.0...
[INFO] testing axum-github-webhook-extract-0.2.0 against nightly-2024-10-28+rustflags=-Zrandomize-layout for randomize-layout
[INFO] extracting crate axum-github-webhook-extract 0.2.0 into /workspace/builds/worker-3-tc2/source
[INFO] validating manifest of crates.io crate axum-github-webhook-extract 0.2.0 on toolchain nightly-2024-10-28
[INFO] running `Command { std: CARGO_HOME="/workspace/cargo-home" RUSTUP_HOME="/workspace/rustup-home" "/workspace/cargo-home/bin/cargo" "+nightly-2024-10-28" "metadata" "--manifest-path" "Cargo.toml" "--no-deps", kill_on_drop: false }`
[INFO] started tweaking crates.io crate axum-github-webhook-extract 0.2.0
[INFO] finished tweaking crates.io crate axum-github-webhook-extract 0.2.0
[INFO] tweaked toml for crates.io crate axum-github-webhook-extract 0.2.0 written to /workspace/builds/worker-3-tc2/source/Cargo.toml
[INFO] running `Command { std: CARGO_HOME="/workspace/cargo-home" RUSTUP_HOME="/workspace/rustup-home" "/workspace/cargo-home/bin/cargo" "+nightly-2024-10-28" "generate-lockfile" "--manifest-path" "Cargo.toml", kill_on_drop: false }`
[INFO] [stderr]     Updating crates.io index
[INFO] [stderr]      Locking 74 packages to latest compatible versions
[INFO] [stderr]       Adding tower v0.4.13 (available: v0.5.1)
[INFO] running `Command { std: CARGO_HOME="/workspace/cargo-home" RUSTUP_HOME="/workspace/rustup-home" "/workspace/cargo-home/bin/cargo" "+nightly-2024-10-28" "fetch" "--manifest-path" "Cargo.toml", kill_on_drop: false }`
[INFO] running `Command { std: "docker" "create" "-v" "/var/lib/crater-agent-workspace/builds/worker-3-tc2/target:/opt/rustwide/target:rw,Z" "-v" "/var/lib/crater-agent-workspace/builds/worker-3-tc2/source:/opt/rustwide/workdir:ro,Z" "-v" "/var/lib/crater-agent-workspace/cargo-home:/opt/rustwide/cargo-home:ro,Z" "-v" "/var/lib/crater-agent-workspace/rustup-home:/opt/rustwide/rustup-home:ro,Z" "-e" "SOURCE_DIR=/opt/rustwide/workdir" "-e" "CARGO_TARGET_DIR=/opt/rustwide/target" "-e" "CARGO_HOME=/opt/rustwide/cargo-home" "-e" "RUSTUP_HOME=/opt/rustwide/rustup-home" "-w" "/opt/rustwide/workdir" "-m" "1610612736" "--user" "0:0" "--network" "none" "ghcr.io/rust-lang/crates-build-env/linux@sha256:4a844ea9eb2546a2d2c7022eacef16ef2e8229c7fbb2c7d4d55a9ceca922f72d" "/opt/rustwide/cargo-home/bin/cargo" "+nightly-2024-10-28" "metadata" "--no-deps" "--format-version=1", kill_on_drop: false }`
[INFO] [stdout] 70892cc66a60ab8ded59997932ab157ab4e76a65558070b251a7238dfd0a79f7
[INFO] running `Command { std: "docker" "start" "-a" "70892cc66a60ab8ded59997932ab157ab4e76a65558070b251a7238dfd0a79f7", kill_on_drop: false }`
[INFO] running `Command { std: "docker" "inspect" "70892cc66a60ab8ded59997932ab157ab4e76a65558070b251a7238dfd0a79f7", kill_on_drop: false }`
[INFO] running `Command { std: "docker" "rm" "-f" "70892cc66a60ab8ded59997932ab157ab4e76a65558070b251a7238dfd0a79f7", kill_on_drop: false }`
[INFO] [stdout] 70892cc66a60ab8ded59997932ab157ab4e76a65558070b251a7238dfd0a79f7
[INFO] running `Command { std: "docker" "create" "-v" "/var/lib/crater-agent-workspace/builds/worker-3-tc2/target:/opt/rustwide/target:rw,Z" "-v" "/var/lib/crater-agent-workspace/builds/worker-3-tc2/source:/opt/rustwide/workdir:ro,Z" "-v" "/var/lib/crater-agent-workspace/cargo-home:/opt/rustwide/cargo-home:ro,Z" "-v" "/var/lib/crater-agent-workspace/rustup-home:/opt/rustwide/rustup-home:ro,Z" "-e" "SOURCE_DIR=/opt/rustwide/workdir" "-e" "CARGO_TARGET_DIR=/opt/rustwide/target" "-e" "CARGO_INCREMENTAL=0" "-e" "RUST_BACKTRACE=full" "-e" "RUSTFLAGS=--cap-lints=forbid -Zrandomize-layout" "-e" "RUSTDOCFLAGS=--cap-lints=forbid" "-e" "CARGO_HOME=/opt/rustwide/cargo-home" "-e" "RUSTUP_HOME=/opt/rustwide/rustup-home" "-w" "/opt/rustwide/workdir" "-m" "1610612736" "--user" "0:0" "--network" "none" "ghcr.io/rust-lang/crates-build-env/linux@sha256:4a844ea9eb2546a2d2c7022eacef16ef2e8229c7fbb2c7d4d55a9ceca922f72d" "/opt/rustwide/cargo-home/bin/cargo" "+nightly-2024-10-28" "build" "--frozen" "--message-format=json", kill_on_drop: false }`
[INFO] [stdout] 57267f8f37764b64bfc3f41681e24601f72a4671592ad778344ee143c628f70e
[INFO] running `Command { std: "docker" "start" "-a" "57267f8f37764b64bfc3f41681e24601f72a4671592ad778344ee143c628f70e", kill_on_drop: false }`
[INFO] [stderr]    Compiling futures-task v0.3.31
[INFO] [stderr]    Compiling rustversion v1.0.18
[INFO] [stderr]    Compiling serde_json v1.0.132
[INFO] [stderr]    Compiling smallvec v1.13.2
[INFO] [stderr]    Compiling tower-layer v0.3.3
[INFO] [stderr]    Compiling sync_wrapper v1.0.1
[INFO] [stderr]    Compiling tracing v0.1.40
[INFO] [stderr]    Compiling mime v0.3.17
[INFO] [stderr]    Compiling sync_wrapper v0.1.2
[INFO] [stderr]    Compiling matchit v0.7.3
[INFO] [stderr]    Compiling syn v2.0.86
[INFO] [stderr]    Compiling subtle v2.6.1
[INFO] [stderr]    Compiling hmac-sha256 v1.1.7
[INFO] [stderr]    Compiling futures-util v0.3.31
[INFO] [stderr]    Compiling http-body-util v0.1.2
[INFO] [stderr]    Compiling serde_derive v1.0.214
[INFO] [stderr]    Compiling tokio-macros v2.4.0
[INFO] [stderr]    Compiling async-trait v0.1.83
[INFO] [stderr]    Compiling tokio v1.41.0
[INFO] [stderr]    Compiling axum-core v0.4.5
[INFO] [stderr]    Compiling serde v1.0.214
[INFO] [stderr]    Compiling hyper v1.5.0
[INFO] [stderr]    Compiling tower v0.5.1
[INFO] [stderr]    Compiling hyper-util v0.1.10
[INFO] [stderr]    Compiling serde_path_to_error v0.1.16
[INFO] [stderr]    Compiling serde_urlencoded v0.7.1
[INFO] [stderr]    Compiling axum v0.7.7
[INFO] [stderr]    Compiling axum-github-webhook-extract v0.2.0 (/opt/rustwide/workdir)
[INFO] [stderr]     Finished `dev` profile [unoptimized + debuginfo] target(s) in 16.28s
[INFO] running `Command { std: "docker" "inspect" "57267f8f37764b64bfc3f41681e24601f72a4671592ad778344ee143c628f70e", kill_on_drop: false }`
[INFO] running `Command { std: "docker" "rm" "-f" "57267f8f37764b64bfc3f41681e24601f72a4671592ad778344ee143c628f70e", kill_on_drop: false }`
[INFO] [stdout] 57267f8f37764b64bfc3f41681e24601f72a4671592ad778344ee143c628f70e
[INFO] running `Command { std: "docker" "create" "-v" "/var/lib/crater-agent-workspace/builds/worker-3-tc2/target:/opt/rustwide/target:rw,Z" "-v" "/var/lib/crater-agent-workspace/builds/worker-3-tc2/source:/opt/rustwide/workdir:ro,Z" "-v" "/var/lib/crater-agent-workspace/cargo-home:/opt/rustwide/cargo-home:ro,Z" "-v" "/var/lib/crater-agent-workspace/rustup-home:/opt/rustwide/rustup-home:ro,Z" "-e" "SOURCE_DIR=/opt/rustwide/workdir" "-e" "CARGO_TARGET_DIR=/opt/rustwide/target" "-e" "CARGO_INCREMENTAL=0" "-e" "RUST_BACKTRACE=full" "-e" "RUSTFLAGS=--cap-lints=forbid -Zrandomize-layout" "-e" "RUSTDOCFLAGS=--cap-lints=forbid" "-e" "CARGO_HOME=/opt/rustwide/cargo-home" "-e" "RUSTUP_HOME=/opt/rustwide/rustup-home" "-w" "/opt/rustwide/workdir" "-m" "1610612736" "--user" "0:0" "--network" "none" "ghcr.io/rust-lang/crates-build-env/linux@sha256:4a844ea9eb2546a2d2c7022eacef16ef2e8229c7fbb2c7d4d55a9ceca922f72d" "/opt/rustwide/cargo-home/bin/cargo" "+nightly-2024-10-28" "test" "--frozen" "--no-run" "--message-format=json", kill_on_drop: false }`
[INFO] [stdout] 5b5e0bf57c214670edec1f89879d39b1d83b40268aa1b479b7a45d140d15e6ea
[INFO] running `Command { std: "docker" "start" "-a" "5b5e0bf57c214670edec1f89879d39b1d83b40268aa1b479b7a45d140d15e6ea", kill_on_drop: false }`
[INFO] [stderr]    Compiling tower v0.4.13
[INFO] [stderr]    Compiling axum-github-webhook-extract v0.2.0 (/opt/rustwide/workdir)
[INFO] [stdout] error[E0432]: unresolved import `tower::ServiceExt`
[INFO] [stdout]    --> src/lib.rs:112:9
[INFO] [stdout]     |
[INFO] [stdout] 112 |     use tower::ServiceExt;
[INFO] [stdout]     |         ^^^^^^^^^^^^^^^^^ no `ServiceExt` in the root
[INFO] [stdout]     |
[INFO] [stdout] note: found an item that was configured out
[INFO] [stdout]    --> /opt/rustwide/cargo-home/registry/src/index.crates.io-6f17d22bba15001f/tower-0.4.13/src/lib.rs:223:34
[INFO] [stdout]     |
[INFO] [stdout] 223 | pub use self::util::{service_fn, ServiceExt};
[INFO] [stdout]     |                                  ^^^^^^^^^^
[INFO] [stdout] note: the item is gated behind the `util` feature
[INFO] [stdout]    --> /opt/rustwide/cargo-home/registry/src/index.crates.io-6f17d22bba15001f/tower-0.4.13/src/lib.rs:220:7
[INFO] [stdout]     |
[INFO] [stdout] 220 | #[cfg(feature = "util")]
[INFO] [stdout]     |       ^^^^^^^^^^^^^^^^
[INFO] [stdout] help: a similar name exists in the module
[INFO] [stdout]     |
[INFO] [stdout] 112 |     use tower::Service;
[INFO] [stdout]     |                ~~~~~~~
[INFO] [stdout] help: consider importing this trait instead
[INFO] [stdout]     |
[INFO] [stdout] 112 |     use axum::ServiceExt;
[INFO] [stdout]     |         ~~~~~~~~~~~~~~~~
[INFO] [stdout] 
[INFO] [stdout] 
[INFO] [stdout] error[E0599]: no method named `oneshot` found for struct `Router` in the current scope
[INFO] [stdout]    --> src/lib.rs:149:25
[INFO] [stdout]     |
[INFO] [stdout] 149 |         let res = app().oneshot(req).await.unwrap();
[INFO] [stdout]     |                         ^^^^^^^
[INFO] [stdout]     |
[INFO] [stdout]    ::: /opt/rustwide/cargo-home/registry/src/index.crates.io-6f17d22bba15001f/tower-0.5.1/src/util/mod.rs:85:8
[INFO] [stdout]     |
[INFO] [stdout] 85  |     fn oneshot(self, req: Request) -> Oneshot<Self, Request>
[INFO] [stdout]     |        ------- the method is available for `Router` here
[INFO] [stdout]     |
[INFO] [stdout]     = help: items from traits can only be used if the trait is in scope
[INFO] [stdout] help: there is a method `nest` with a similar name, but with different arguments
[INFO] [stdout]    --> /opt/rustwide/cargo-home/registry/src/index.crates.io-6f17d22bba15001f/axum-0.7.7/src/routing/mod.rs:190:5
[INFO] [stdout]     |
[INFO] [stdout] 190 |     pub fn nest(self, path: &str, router: Router<S>) -> Self {
[INFO] [stdout]     |     ^^^^^^^^^^^^^^^^^^^^^^^^^^^^^^^^^^^^^^^^^^^^^^^^^^^^^^^^
[INFO] [stdout] help: trait `ServiceExt` which provides `oneshot` is implemented but not in scope; perhaps you want to import it
[INFO] [stdout]     |
[INFO] [stdout] 103 +     use tower::util::ServiceExt;
[INFO] [stdout]     |
[INFO] [stdout] 
[INFO] [stdout] 
[INFO] [stdout] error[E0599]: no method named `oneshot` found for struct `Router` in the current scope
[INFO] [stdout]    --> src/lib.rs:156:25
[INFO] [stdout]     |
[INFO] [stdout] 156 |         let res = app().oneshot(with_header("x")).await.unwrap();
[INFO] [stdout]     |                         ^^^^^^^
[INFO] [stdout]     |
[INFO] [stdout]    ::: /opt/rustwide/cargo-home/registry/src/index.crates.io-6f17d22bba15001f/tower-0.5.1/src/util/mod.rs:85:8
[INFO] [stdout]     |
[INFO] [stdout] 85  |     fn oneshot(self, req: Request) -> Oneshot<Self, Request>
[INFO] [stdout]     |        ------- the method is available for `Router` here
[INFO] [stdout]     |
[INFO] [stdout]     = help: items from traits can only be used if the trait is in scope
[INFO] [stdout] help: there is a method `nest` with a similar name, but with different arguments
[INFO] [stdout]    --> /opt/rustwide/cargo-home/registry/src/index.crates.io-6f17d22bba15001f/axum-0.7.7/src/routing/mod.rs:190:5
[INFO] [stdout]     |
[INFO] [stdout] 190 |     pub fn nest(self, path: &str, router: Router<S>) -> Self {
[INFO] [stdout]     |     ^^^^^^^^^^^^^^^^^^^^^^^^^^^^^^^^^^^^^^^^^^^^^^^^^^^^^^^^
[INFO] [stdout] help: trait `ServiceExt` which provides `oneshot` is implemented but not in scope; perhaps you want to import it
[INFO] [stdout]     |
[INFO] [stdout] 103 +     use tower::util::ServiceExt;
[INFO] [stdout]     |
[INFO] [stdout] 
[INFO] [stdout] 
[INFO] [stdout] error[E0599]: no method named `oneshot` found for struct `Router` in the current scope
[INFO] [stdout]    --> src/lib.rs:166:25
[INFO] [stdout]     |
[INFO] [stdout] 166 |         let res = app().oneshot(with_header("sha256=x")).await.unwrap();
[INFO] [stdout]     |                         ^^^^^^^
[INFO] [stdout]     |
[INFO] [stdout]    ::: /opt/rustwide/cargo-home/registry/src/index.crates.io-6f17d22bba15001f/tower-0.5.1/src/util/mod.rs:85:8
[INFO] [stdout]     |
[INFO] [stdout] 85  |     fn oneshot(self, req: Request) -> Oneshot<Self, Request>
[INFO] [stdout]     |        ------- the method is available for `Router` here
[INFO] [stdout]     |
[INFO] [stdout]     = help: items from traits can only be used if the trait is in scope
[INFO] [stdout] help: there is a method `nest` with a similar name, but with different arguments
[INFO] [stdout]    --> /opt/rustwide/cargo-home/registry/src/index.crates.io-6f17d22bba15001f/axum-0.7.7/src/routing/mod.rs:190:5
[INFO] [stdout]     |
[INFO] [stdout] 190 |     pub fn nest(self, path: &str, router: Router<S>) -> Self {
[INFO] [stdout]     |     ^^^^^^^^^^^^^^^^^^^^^^^^^^^^^^^^^^^^^^^^^^^^^^^^^^^^^^^^
[INFO] [stdout] help: trait `ServiceExt` which provides `oneshot` is implemented but not in scope; perhaps you want to import it
[INFO] [stdout]     |
[INFO] [stdout] 103 +     use tower::util::ServiceExt;
[INFO] [stdout]     |
[INFO] [stdout] 
[INFO] [stdout] 
[INFO] [stdout] error[E0599]: no method named `oneshot` found for struct `Router` in the current scope
[INFO] [stdout]    --> src/lib.rs:173:25
[INFO] [stdout]     |
[INFO] [stdout] 173 |         let res = app().oneshot(with_header("sha256=01")).await.unwrap();
[INFO] [stdout]     |                         ^^^^^^^
[INFO] [stdout]     |
[INFO] [stdout]    ::: /opt/rustwide/cargo-home/registry/src/index.crates.io-6f17d22bba15001f/tower-0.5.1/src/util/mod.rs:85:8
[INFO] [stdout]     |
[INFO] [stdout] 85  |     fn oneshot(self, req: Request) -> Oneshot<Self, Request>
[INFO] [stdout]     |        ------- the method is available for `Router` here
[INFO] [stdout]     |
[INFO] [stdout]     = help: items from traits can only be used if the trait is in scope
[INFO] [stdout] help: there is a method `nest` with a similar name, but with different arguments
[INFO] [stdout]    --> /opt/rustwide/cargo-home/registry/src/index.crates.io-6f17d22bba15001f/axum-0.7.7/src/routing/mod.rs:190:5
[INFO] [stdout]     |
[INFO] [stdout] 190 |     pub fn nest(self, path: &str, router: Router<S>) -> Self {
[INFO] [stdout]     |     ^^^^^^^^^^^^^^^^^^^^^^^^^^^^^^^^^^^^^^^^^^^^^^^^^^^^^^^^
[INFO] [stdout] help: trait `ServiceExt` which provides `oneshot` is implemented but not in scope; perhaps you want to import it
[INFO] [stdout]     |
[INFO] [stdout] 103 +     use tower::util::ServiceExt;
[INFO] [stdout]     |
[INFO] [stdout] 
[INFO] [stdout] 
[INFO] [stdout] error[E0599]: no method named `oneshot` found for struct `Router` in the current scope
[INFO] [stdout]    --> src/lib.rs:188:25
[INFO] [stdout]     |
[INFO] [stdout] 188 |         let res = app().oneshot(req).await.unwrap();
[INFO] [stdout]     |                         ^^^^^^^
[INFO] [stdout]     |
[INFO] [stdout]    ::: /opt/rustwide/cargo-home/registry/src/index.crates.io-6f17d22bba15001f/tower-0.5.1/src/util/mod.rs:85:8
[INFO] [stdout]     |
[INFO] [stdout] 85  |     fn oneshot(self, req: Request) -> Oneshot<Self, Request>
[INFO] [stdout]     |        ------- the method is available for `Router` here
[INFO] [stdout]     |
[INFO] [stdout]     = help: items from traits can only be used if the trait is in scope
[INFO] [stdout] help: there is a method `nest` with a similar name, but with different arguments
[INFO] [stdout]    --> /opt/rustwide/cargo-home/registry/src/index.crates.io-6f17d22bba15001f/axum-0.7.7/src/routing/mod.rs:190:5
[INFO] [stdout]     |
[INFO] [stdout] 190 |     pub fn nest(self, path: &str, router: Router<S>) -> Self {
[INFO] [stdout]     |     ^^^^^^^^^^^^^^^^^^^^^^^^^^^^^^^^^^^^^^^^^^^^^^^^^^^^^^^^
[INFO] [stdout] help: trait `ServiceExt` which provides `oneshot` is implemented but not in scope; perhaps you want to import it
[INFO] [stdout]     |
[INFO] [stdout] 103 +     use tower::util::ServiceExt;
[INFO] [stdout]     |
[INFO] [stdout] 
[INFO] [stdout] 
[INFO] [stdout] Some errors have detailed explanations: E0432, E0599.
[INFO] [stdout] 
[INFO] [stdout] For more information about an error, try `rustc --explain E0432`.
[INFO] [stdout] 
[INFO] [stderr] error: could not compile `axum-github-webhook-extract` (lib test) due to 6 previous errors
[INFO] running `Command { std: "docker" "inspect" "5b5e0bf57c214670edec1f89879d39b1d83b40268aa1b479b7a45d140d15e6ea", kill_on_drop: false }`
[INFO] running `Command { std: "docker" "rm" "-f" "5b5e0bf57c214670edec1f89879d39b1d83b40268aa1b479b7a45d140d15e6ea", kill_on_drop: false }`
[INFO] [stdout] 5b5e0bf57c214670edec1f89879d39b1d83b40268aa1b479b7a45d140d15e6ea
