[INFO] fetching crate axum-flash 0.8.0...
[INFO] testing axum-flash-0.8.0 against nightly-2024-10-28 for randomize-layout
[INFO] extracting crate axum-flash 0.8.0 into /workspace/builds/worker-2-tc1/source
[INFO] validating manifest of crates.io crate axum-flash 0.8.0 on toolchain nightly-2024-10-28
[INFO] running `Command { std: CARGO_HOME="/workspace/cargo-home" RUSTUP_HOME="/workspace/rustup-home" "/workspace/cargo-home/bin/cargo" "+nightly-2024-10-28" "metadata" "--manifest-path" "Cargo.toml" "--no-deps", kill_on_drop: false }`
[INFO] started tweaking crates.io crate axum-flash 0.8.0
[INFO] finished tweaking crates.io crate axum-flash 0.8.0
[INFO] tweaked toml for crates.io crate axum-flash 0.8.0 written to /workspace/builds/worker-2-tc1/source/Cargo.toml
[INFO] running `Command { std: CARGO_HOME="/workspace/cargo-home" RUSTUP_HOME="/workspace/rustup-home" "/workspace/cargo-home/bin/cargo" "+nightly-2024-10-28" "generate-lockfile" "--manifest-path" "Cargo.toml", kill_on_drop: false }`
[INFO] [stderr]     Updating crates.io index
[INFO] [stderr]      Locking 100 packages to latest compatible versions
[INFO] [stderr]       Adding base64 v0.21.7 (available: v0.22.1)
[INFO] [stderr]       Adding tower v0.4.13 (available: v0.5.1)
[INFO] running `Command { std: CARGO_HOME="/workspace/cargo-home" RUSTUP_HOME="/workspace/rustup-home" "/workspace/cargo-home/bin/cargo" "+nightly-2024-10-28" "fetch" "--manifest-path" "Cargo.toml", kill_on_drop: false }`
[INFO] [stderr]  Downloading crates ...
[INFO] [stderr]   Downloaded serde_path_to_error v0.1.16
[INFO] [stderr]   Downloaded axum-extra v0.9.4
[INFO] [stderr]   Downloaded cookie v0.18.1
[INFO] [stderr]   Downloaded axum-macros v0.4.2
[INFO] [stderr]   Downloaded axum v0.7.7
[INFO] [stderr]   Downloaded tower v0.5.1
[INFO] running `Command { std: "docker" "create" "-v" "/var/lib/crater-agent-workspace/builds/worker-2-tc1/target:/opt/rustwide/target:rw,Z" "-v" "/var/lib/crater-agent-workspace/builds/worker-2-tc1/source:/opt/rustwide/workdir:ro,Z" "-v" "/var/lib/crater-agent-workspace/cargo-home:/opt/rustwide/cargo-home:ro,Z" "-v" "/var/lib/crater-agent-workspace/rustup-home:/opt/rustwide/rustup-home:ro,Z" "-e" "SOURCE_DIR=/opt/rustwide/workdir" "-e" "CARGO_TARGET_DIR=/opt/rustwide/target" "-e" "CARGO_HOME=/opt/rustwide/cargo-home" "-e" "RUSTUP_HOME=/opt/rustwide/rustup-home" "-w" "/opt/rustwide/workdir" "-m" "1610612736" "--user" "0:0" "--network" "none" "ghcr.io/rust-lang/crates-build-env/linux@sha256:4a844ea9eb2546a2d2c7022eacef16ef2e8229c7fbb2c7d4d55a9ceca922f72d" "/opt/rustwide/cargo-home/bin/cargo" "+nightly-2024-10-28" "metadata" "--no-deps" "--format-version=1", kill_on_drop: false }`
[INFO] [stdout] a69d6ed082b847ae487663a8dd85c5f2cf5a2789c39fe5ee4c8cbc30f2c18fe6
[INFO] running `Command { std: "docker" "start" "-a" "a69d6ed082b847ae487663a8dd85c5f2cf5a2789c39fe5ee4c8cbc30f2c18fe6", kill_on_drop: false }`
[INFO] running `Command { std: "docker" "inspect" "a69d6ed082b847ae487663a8dd85c5f2cf5a2789c39fe5ee4c8cbc30f2c18fe6", kill_on_drop: false }`
[INFO] running `Command { std: "docker" "rm" "-f" "a69d6ed082b847ae487663a8dd85c5f2cf5a2789c39fe5ee4c8cbc30f2c18fe6", kill_on_drop: false }`
[INFO] [stdout] a69d6ed082b847ae487663a8dd85c5f2cf5a2789c39fe5ee4c8cbc30f2c18fe6
[INFO] running `Command { std: "docker" "create" "-v" "/var/lib/crater-agent-workspace/builds/worker-2-tc1/target:/opt/rustwide/target:rw,Z" "-v" "/var/lib/crater-agent-workspace/builds/worker-2-tc1/source:/opt/rustwide/workdir:ro,Z" "-v" "/var/lib/crater-agent-workspace/cargo-home:/opt/rustwide/cargo-home:ro,Z" "-v" "/var/lib/crater-agent-workspace/rustup-home:/opt/rustwide/rustup-home:ro,Z" "-e" "SOURCE_DIR=/opt/rustwide/workdir" "-e" "CARGO_TARGET_DIR=/opt/rustwide/target" "-e" "CARGO_INCREMENTAL=0" "-e" "RUST_BACKTRACE=full" "-e" "RUSTFLAGS=--cap-lints=forbid" "-e" "RUSTDOCFLAGS=--cap-lints=forbid" "-e" "CARGO_HOME=/opt/rustwide/cargo-home" "-e" "RUSTUP_HOME=/opt/rustwide/rustup-home" "-w" "/opt/rustwide/workdir" "-m" "1610612736" "--user" "0:0" "--network" "none" "ghcr.io/rust-lang/crates-build-env/linux@sha256:4a844ea9eb2546a2d2c7022eacef16ef2e8229c7fbb2c7d4d55a9ceca922f72d" "/opt/rustwide/cargo-home/bin/cargo" "+nightly-2024-10-28" "build" "--frozen" "--message-format=json", kill_on_drop: false }`
[INFO] [stdout] 036d6158dbe27d17b28cb461258f1b6baa4dcde1c726c898c6f4c1998246854e
[INFO] running `Command { std: "docker" "start" "-a" "036d6158dbe27d17b28cb461258f1b6baa4dcde1c726c898c6f4c1998246854e", kill_on_drop: false }`
[INFO] [stderr]    Compiling proc-macro2 v1.0.89
[INFO] [stderr]    Compiling unicode-ident v1.0.13
[INFO] [stderr]    Compiling libc v0.2.161
[INFO] [stderr]    Compiling itoa v1.0.11
[INFO] [stderr]    Compiling version_check v0.9.5
[INFO] [stderr]    Compiling typenum v1.17.0
[INFO] [stderr]    Compiling pin-project-lite v0.2.15
[INFO] [stderr]    Compiling futures-core v0.3.31
[INFO] [stderr]    Compiling bytes v1.8.0
[INFO] [stderr]    Compiling fnv v1.0.7
[INFO] [stderr]    Compiling pin-utils v0.1.0
[INFO] [stderr]    Compiling futures-task v0.3.31
[INFO] [stderr]    Compiling cfg-if v1.0.0
[INFO] [stderr]    Compiling serde v1.0.214
[INFO] [stderr]    Compiling byteorder v1.5.0
[INFO] [stderr]    Compiling once_cell v1.20.2
[INFO] [stderr]    Compiling httparse v1.9.5
[INFO] [stderr]    Compiling rustversion v1.0.18
[INFO] [stderr]    Compiling percent-encoding v2.3.1
[INFO] [stderr]    Compiling subtle v2.6.1
[INFO] [stderr]    Compiling log v0.4.22
[INFO] [stderr]    Compiling futures-util v0.3.31
[INFO] [stderr]    Compiling tower-service v0.3.3
[INFO] [stderr]    Compiling futures-channel v0.3.31
[INFO] [stderr]    Compiling tower-layer v0.3.3
[INFO] [stderr]    Compiling tracing-core v0.1.32
[INFO] [stderr]    Compiling serde_json v1.0.132
[INFO] [stderr]    Compiling powerfmt v0.2.0
[INFO] [stderr]    Compiling httpdate v1.0.3
[INFO] [stderr]    Compiling smallvec v1.13.2
[INFO] [stderr]    Compiling ryu v1.0.18
[INFO] [stderr]    Compiling time-core v0.1.2
[INFO] [stderr]    Compiling num-conv v0.1.0
[INFO] [stderr]    Compiling deranged v0.3.11
[INFO] [stderr]    Compiling form_urlencoded v1.2.1
[INFO] [stderr]    Compiling sync_wrapper v0.1.2
[INFO] [stderr]    Compiling generic-array v0.14.7
[INFO] [stderr]    Compiling time-macros v0.2.18
[INFO] [stderr]    Compiling cookie v0.18.1
[INFO] [stderr]    Compiling http v1.1.0
[INFO] [stderr]    Compiling memchr v2.7.4
[INFO] [stderr]    Compiling tracing v0.1.40
[INFO] [stderr]    Compiling sync_wrapper v1.0.1
[INFO] [stderr]    Compiling cpufeatures v0.2.14
[INFO] [stderr]    Compiling mime v0.3.17
[INFO] [stderr]    Compiling matchit v0.7.3
[INFO] [stderr]    Compiling base64 v0.22.1
[INFO] [stderr]    Compiling quote v1.0.37
[INFO] [stderr]    Compiling base64 v0.21.7
[INFO] [stderr]    Compiling syn v2.0.86
[INFO] [stderr]    Compiling mio v1.0.2
[INFO] [stderr]    Compiling socket2 v0.5.7
[INFO] [stderr]    Compiling getrandom v0.2.15
[INFO] [stderr]    Compiling http-body v1.0.1
[INFO] [stderr]    Compiling rand_core v0.6.4
[INFO] [stderr]    Compiling time v0.3.36
[INFO] [stderr]    Compiling block-buffer v0.10.4
[INFO] [stderr]    Compiling crypto-common v0.1.6
[INFO] [stderr]    Compiling digest v0.10.7
[INFO] [stderr]    Compiling hmac v0.12.1
[INFO] [stderr]    Compiling sha2 v0.10.8
[INFO] [stderr]    Compiling http-body-util v0.1.2
[INFO] [stderr]    Compiling tokio-macros v2.4.0
[INFO] [stderr]    Compiling zerocopy-derive v0.7.35
[INFO] [stderr]    Compiling serde_derive v1.0.214
[INFO] [stderr]    Compiling async-trait v0.1.83
[INFO] [stderr]    Compiling axum-macros v0.4.2
[INFO] [stderr]    Compiling tokio v1.41.0
[INFO] [stderr]    Compiling axum-core v0.4.5
[INFO] [stderr]    Compiling zerocopy v0.7.35
[INFO] [stderr]    Compiling ppv-lite86 v0.2.20
[INFO] [stderr]    Compiling rand_chacha v0.3.1
[INFO] [stderr]    Compiling rand v0.8.5
[INFO] [stderr]    Compiling hyper v1.5.0
[INFO] [stderr]    Compiling tower v0.5.1
[INFO] [stderr]    Compiling hyper-util v0.1.10
[INFO] [stderr]    Compiling serde_urlencoded v0.7.1
[INFO] [stderr]    Compiling serde_path_to_error v0.1.16
[INFO] [stderr]    Compiling axum v0.7.7
[INFO] [stderr]    Compiling axum-extra v0.9.4
[INFO] [stderr]    Compiling axum-flash v0.8.0 (/opt/rustwide/workdir)
[INFO] [stderr]     Finished `dev` profile [unoptimized + debuginfo] target(s) in 19.41s
[INFO] running `Command { std: "docker" "inspect" "036d6158dbe27d17b28cb461258f1b6baa4dcde1c726c898c6f4c1998246854e", kill_on_drop: false }`
[INFO] running `Command { std: "docker" "rm" "-f" "036d6158dbe27d17b28cb461258f1b6baa4dcde1c726c898c6f4c1998246854e", kill_on_drop: false }`
[INFO] [stdout] 036d6158dbe27d17b28cb461258f1b6baa4dcde1c726c898c6f4c1998246854e
[INFO] running `Command { std: "docker" "create" "-v" "/var/lib/crater-agent-workspace/builds/worker-2-tc1/target:/opt/rustwide/target:rw,Z" "-v" "/var/lib/crater-agent-workspace/builds/worker-2-tc1/source:/opt/rustwide/workdir:ro,Z" "-v" "/var/lib/crater-agent-workspace/cargo-home:/opt/rustwide/cargo-home:ro,Z" "-v" "/var/lib/crater-agent-workspace/rustup-home:/opt/rustwide/rustup-home:ro,Z" "-e" "SOURCE_DIR=/opt/rustwide/workdir" "-e" "CARGO_TARGET_DIR=/opt/rustwide/target" "-e" "CARGO_INCREMENTAL=0" "-e" "RUST_BACKTRACE=full" "-e" "RUSTFLAGS=--cap-lints=forbid" "-e" "RUSTDOCFLAGS=--cap-lints=forbid" "-e" "CARGO_HOME=/opt/rustwide/cargo-home" "-e" "RUSTUP_HOME=/opt/rustwide/rustup-home" "-w" "/opt/rustwide/workdir" "-m" "1610612736" "--user" "0:0" "--network" "none" "ghcr.io/rust-lang/crates-build-env/linux@sha256:4a844ea9eb2546a2d2c7022eacef16ef2e8229c7fbb2c7d4d55a9ceca922f72d" "/opt/rustwide/cargo-home/bin/cargo" "+nightly-2024-10-28" "test" "--frozen" "--no-run" "--message-format=json", kill_on_drop: false }`
[INFO] [stdout] 668d0cddeec19449d0e350355e789f7678873fa6f368f619a953d7d31a86b073
[INFO] running `Command { std: "docker" "start" "-a" "668d0cddeec19449d0e350355e789f7678873fa6f368f619a953d7d31a86b073", kill_on_drop: false }`
[INFO] [stderr]    Compiling tower v0.4.13
[INFO] [stderr]    Compiling axum-flash v0.8.0 (/opt/rustwide/workdir)
[INFO] [stdout] error[E0432]: unresolved import `tower::ServiceExt`
[INFO] [stdout]    --> src/lib.rs:411:9
[INFO] [stdout]     |
[INFO] [stdout] 411 |     use tower::ServiceExt;
[INFO] [stdout]     |         ^^^^^^^^^^^^^^^^^ no `ServiceExt` in the root
[INFO] [stdout]     |
[INFO] [stdout] note: found an item that was configured out
[INFO] [stdout]    --> /opt/rustwide/cargo-home/registry/src/index.crates.io-6f17d22bba15001f/tower-0.4.13/src/lib.rs:223:34
[INFO] [stdout]     |
[INFO] [stdout] 223 | pub use self::util::{service_fn, ServiceExt};
[INFO] [stdout]     |                                  ^^^^^^^^^^
[INFO] [stdout] note: the item is gated behind the `util` feature
[INFO] [stdout]    --> /opt/rustwide/cargo-home/registry/src/index.crates.io-6f17d22bba15001f/tower-0.4.13/src/lib.rs:220:7
[INFO] [stdout]     |
[INFO] [stdout] 220 | #[cfg(feature = "util")]
[INFO] [stdout]     |       ^^^^^^^^^^^^^^^^
[INFO] [stdout] help: a similar name exists in the module
[INFO] [stdout]     |
[INFO] [stdout] 411 |     use tower::Service;
[INFO] [stdout]     |                ~~~~~~~
[INFO] [stdout] help: consider importing this trait instead
[INFO] [stdout]     |
[INFO] [stdout] 411 |     use axum::ServiceExt;
[INFO] [stdout]     |         ~~~~~~~~~~~~~~~~
[INFO] [stdout] 
[INFO] [stdout] 
[INFO] [stdout] error[E0599]: no method named `oneshot` found for struct `Router` in the current scope
[INFO] [stdout]    --> src/lib.rs:440:40
[INFO] [stdout]     |
[INFO] [stdout] 440 |         let mut response = app.clone().oneshot(request).await.unwrap();
[INFO] [stdout]     |                                        ^^^^^^^
[INFO] [stdout]     |
[INFO] [stdout]    ::: /opt/rustwide/cargo-home/registry/src/index.crates.io-6f17d22bba15001f/tower-0.5.1/src/util/mod.rs:85:8
[INFO] [stdout]     |
[INFO] [stdout] 85  |     fn oneshot(self, req: Request) -> Oneshot<Self, Request>
[INFO] [stdout]     |        ------- the method is available for `Router<_>` here
[INFO] [stdout]     |
[INFO] [stdout]     = help: items from traits can only be used if the trait is in scope
[INFO] [stdout] help: there is a method `nest` with a similar name, but with different arguments
[INFO] [stdout]    --> /opt/rustwide/cargo-home/registry/src/index.crates.io-6f17d22bba15001f/axum-0.7.7/src/routing/mod.rs:190:5
[INFO] [stdout]     |
[INFO] [stdout] 190 |     pub fn nest(self, path: &str, router: Router<S>) -> Self {
[INFO] [stdout]     |     ^^^^^^^^^^^^^^^^^^^^^^^^^^^^^^^^^^^^^^^^^^^^^^^^^^^^^^^^
[INFO] [stdout] help: trait `ServiceExt` which provides `oneshot` is implemented but not in scope; perhaps you want to import it
[INFO] [stdout]     |
[INFO] [stdout] 401 +     use tower::util::ServiceExt;
[INFO] [stdout]     |
[INFO] [stdout] 
[INFO] [stdout] 
[INFO] [stdout] error[E0599]: no method named `oneshot` found for struct `Router` in the current scope
[INFO] [stdout]    --> src/lib.rs:449:36
[INFO] [stdout]     |
[INFO] [stdout] 449 |         let response = app.clone().oneshot(request).await.unwrap();
[INFO] [stdout]     |                                    ^^^^^^^
[INFO] [stdout]     |
[INFO] [stdout]    ::: /opt/rustwide/cargo-home/registry/src/index.crates.io-6f17d22bba15001f/tower-0.5.1/src/util/mod.rs:85:8
[INFO] [stdout]     |
[INFO] [stdout] 85  |     fn oneshot(self, req: Request) -> Oneshot<Self, Request>
[INFO] [stdout]     |        ------- the method is available for `Router<_>` here
[INFO] [stdout]     |
[INFO] [stdout]     = help: items from traits can only be used if the trait is in scope
[INFO] [stdout] help: there is a method `nest` with a similar name, but with different arguments
[INFO] [stdout]    --> /opt/rustwide/cargo-home/registry/src/index.crates.io-6f17d22bba15001f/axum-0.7.7/src/routing/mod.rs:190:5
[INFO] [stdout]     |
[INFO] [stdout] 190 |     pub fn nest(self, path: &str, router: Router<S>) -> Self {
[INFO] [stdout]     |     ^^^^^^^^^^^^^^^^^^^^^^^^^^^^^^^^^^^^^^^^^^^^^^^^^^^^^^^^
[INFO] [stdout] help: trait `ServiceExt` which provides `oneshot` is implemented but not in scope; perhaps you want to import it
[INFO] [stdout]     |
[INFO] [stdout] 401 +     use tower::util::ServiceExt;
[INFO] [stdout]     |
[INFO] [stdout] 
[INFO] [stdout] 
[INFO] [stdout] Some errors have detailed explanations: E0432, E0599.
[INFO] [stdout] 
[INFO] [stdout] For more information about an error, try `rustc --explain E0432`.
[INFO] [stdout] 
[INFO] [stderr] error: could not compile `axum-flash` (lib test) due to 3 previous errors
[INFO] running `Command { std: "docker" "inspect" "668d0cddeec19449d0e350355e789f7678873fa6f368f619a953d7d31a86b073", kill_on_drop: false }`
[INFO] running `Command { std: "docker" "rm" "-f" "668d0cddeec19449d0e350355e789f7678873fa6f368f619a953d7d31a86b073", kill_on_drop: false }`
[INFO] [stdout] 668d0cddeec19449d0e350355e789f7678873fa6f368f619a953d7d31a86b073
