[INFO] fetching crate axum-content-negotiation 0.1.1...
[INFO] testing axum-content-negotiation-0.1.1 against nightly-2024-10-28+rustflags=-Zrandomize-layout for randomize-layout
[INFO] extracting crate axum-content-negotiation 0.1.1 into /workspace/builds/worker-1-tc2/source
[INFO] validating manifest of crates.io crate axum-content-negotiation 0.1.1 on toolchain nightly-2024-10-28
[INFO] running `Command { std: CARGO_HOME="/workspace/cargo-home" RUSTUP_HOME="/workspace/rustup-home" "/workspace/cargo-home/bin/cargo" "+nightly-2024-10-28" "metadata" "--manifest-path" "Cargo.toml" "--no-deps", kill_on_drop: false }`
[INFO] started tweaking crates.io crate axum-content-negotiation 0.1.1
[INFO] finished tweaking crates.io crate axum-content-negotiation 0.1.1
[INFO] tweaked toml for crates.io crate axum-content-negotiation 0.1.1 written to /workspace/builds/worker-1-tc2/source/Cargo.toml
[INFO] running `Command { std: CARGO_HOME="/workspace/cargo-home" RUSTUP_HOME="/workspace/rustup-home" "/workspace/cargo-home/bin/cargo" "+nightly-2024-10-28" "generate-lockfile" "--manifest-path" "Cargo.toml", kill_on_drop: false }`
[INFO] [stderr]     Updating crates.io index
[INFO] [stderr]      Locking 113 packages to latest compatible versions
[INFO] [stderr]       Adding simd-json v0.13.11 (available: v0.14.2)
[INFO] [stderr]       Adding tower v0.4.13 (available: v0.5.1)
[INFO] running `Command { std: CARGO_HOME="/workspace/cargo-home" RUSTUP_HOME="/workspace/rustup-home" "/workspace/cargo-home/bin/cargo" "+nightly-2024-10-28" "fetch" "--manifest-path" "Cargo.toml", kill_on_drop: false }`
[INFO] running `Command { std: "docker" "create" "-v" "/var/lib/crater-agent-workspace/builds/worker-1-tc2/target:/opt/rustwide/target:rw,Z" "-v" "/var/lib/crater-agent-workspace/builds/worker-1-tc2/source:/opt/rustwide/workdir:ro,Z" "-v" "/var/lib/crater-agent-workspace/cargo-home:/opt/rustwide/cargo-home:ro,Z" "-v" "/var/lib/crater-agent-workspace/rustup-home:/opt/rustwide/rustup-home:ro,Z" "-e" "SOURCE_DIR=/opt/rustwide/workdir" "-e" "CARGO_TARGET_DIR=/opt/rustwide/target" "-e" "CARGO_HOME=/opt/rustwide/cargo-home" "-e" "RUSTUP_HOME=/opt/rustwide/rustup-home" "-w" "/opt/rustwide/workdir" "-m" "1610612736" "--user" "0:0" "--network" "none" "ghcr.io/rust-lang/crates-build-env/linux@sha256:4a844ea9eb2546a2d2c7022eacef16ef2e8229c7fbb2c7d4d55a9ceca922f72d" "/opt/rustwide/cargo-home/bin/cargo" "+nightly-2024-10-28" "metadata" "--no-deps" "--format-version=1", kill_on_drop: false }`
[INFO] [stdout] a4afafdb21a1b00a79055d85b933dd78ada1f27c61baeadc5d9e82bf000dad59
[INFO] running `Command { std: "docker" "start" "-a" "a4afafdb21a1b00a79055d85b933dd78ada1f27c61baeadc5d9e82bf000dad59", kill_on_drop: false }`
[INFO] running `Command { std: "docker" "inspect" "a4afafdb21a1b00a79055d85b933dd78ada1f27c61baeadc5d9e82bf000dad59", kill_on_drop: false }`
[INFO] running `Command { std: "docker" "rm" "-f" "a4afafdb21a1b00a79055d85b933dd78ada1f27c61baeadc5d9e82bf000dad59", kill_on_drop: false }`
[INFO] [stdout] a4afafdb21a1b00a79055d85b933dd78ada1f27c61baeadc5d9e82bf000dad59
[INFO] running `Command { std: "docker" "create" "-v" "/var/lib/crater-agent-workspace/builds/worker-1-tc2/target:/opt/rustwide/target:rw,Z" "-v" "/var/lib/crater-agent-workspace/builds/worker-1-tc2/source:/opt/rustwide/workdir:ro,Z" "-v" "/var/lib/crater-agent-workspace/cargo-home:/opt/rustwide/cargo-home:ro,Z" "-v" "/var/lib/crater-agent-workspace/rustup-home:/opt/rustwide/rustup-home:ro,Z" "-e" "SOURCE_DIR=/opt/rustwide/workdir" "-e" "CARGO_TARGET_DIR=/opt/rustwide/target" "-e" "CARGO_INCREMENTAL=0" "-e" "RUST_BACKTRACE=full" "-e" "RUSTFLAGS=--cap-lints=forbid -Zrandomize-layout" "-e" "RUSTDOCFLAGS=--cap-lints=forbid" "-e" "CARGO_HOME=/opt/rustwide/cargo-home" "-e" "RUSTUP_HOME=/opt/rustwide/rustup-home" "-w" "/opt/rustwide/workdir" "-m" "1610612736" "--user" "0:0" "--network" "none" "ghcr.io/rust-lang/crates-build-env/linux@sha256:4a844ea9eb2546a2d2c7022eacef16ef2e8229c7fbb2c7d4d55a9ceca922f72d" "/opt/rustwide/cargo-home/bin/cargo" "+nightly-2024-10-28" "build" "--frozen" "--message-format=json", kill_on_drop: false }`
[INFO] [stdout] 35a0f659bb3ab3c0d174bea21712d491b3799496239a5c770a520ed0437e393d
[INFO] running `Command { std: "docker" "start" "-a" "35a0f659bb3ab3c0d174bea21712d491b3799496239a5c770a520ed0437e393d", kill_on_drop: false }`
[INFO] [stderr]    Compiling once_cell v1.20.2
[INFO] [stderr]    Compiling libc v0.2.161
[INFO] [stderr]    Compiling fnv v1.0.7
[INFO] [stderr]    Compiling version_check v0.9.5
[INFO] [stderr]    Compiling futures-task v0.3.31
[INFO] [stderr]    Compiling tower-service v0.3.3
[INFO] [stderr]    Compiling lexical-util v1.0.3
[INFO] [stderr]    Compiling httparse v1.9.5
[INFO] [stderr]    Compiling zerocopy v0.7.35
[INFO] [stderr]    Compiling log v0.4.22
[INFO] [stderr]    Compiling tower-layer v0.3.3
[INFO] [stderr]    Compiling allocator-api2 v0.2.18
[INFO] [stderr]    Compiling rustversion v1.0.18
[INFO] [stderr]    Compiling serde_json v1.0.132
[INFO] [stderr]    Compiling syn v2.0.86
[INFO] [stderr]    Compiling futures-channel v0.3.31
[INFO] [stderr]    Compiling http v1.1.0
[INFO] [stderr]    Compiling httpdate v1.0.3
[INFO] [stderr]    Compiling tracing-core v0.1.32
[INFO] [stderr]    Compiling futures-util v0.3.31
[INFO] [stderr]    Compiling smallvec v1.13.2
[INFO] [stderr]    Compiling percent-encoding v2.3.1
[INFO] [stderr]    Compiling typeid v1.0.2
[INFO] [stderr]    Compiling ref-cast v1.0.23
[INFO] [stderr]    Compiling form_urlencoded v1.2.1
[INFO] [stderr]    Compiling float-cmp v0.9.0
[INFO] [stderr]    Compiling ahash v0.8.11
[INFO] [stderr]    Compiling sync_wrapper v0.1.2
[INFO] [stderr]    Compiling mime v0.3.17
[INFO] [stderr]    Compiling sync_wrapper v1.0.1
[INFO] [stderr]    Compiling matchit v0.7.3
[INFO] [stderr]    Compiling simdutf8 v0.1.5
[INFO] [stderr]    Compiling hashbrown v0.14.5
[INFO] [stderr]    Compiling http-body v1.0.1
[INFO] [stderr]    Compiling lexical-parse-integer v1.0.2
[INFO] [stderr]    Compiling lexical-write-integer v1.0.2
[INFO] [stderr]    Compiling mio v1.0.2
[INFO] [stderr]    Compiling socket2 v0.5.7
[INFO] [stderr]    Compiling lexical-write-float v1.0.2
[INFO] [stderr]    Compiling lexical-parse-float v1.0.2
[INFO] [stderr]    Compiling lexical-core v1.0.2
[INFO] [stderr]    Compiling http-body-util v0.1.2
[INFO] [stderr]    Compiling serde_derive v1.0.214
[INFO] [stderr]    Compiling tokio-macros v2.4.0
[INFO] [stderr]    Compiling tracing-attributes v0.1.27
[INFO] [stderr]    Compiling async-trait v0.1.83
[INFO] [stderr]    Compiling ref-cast-impl v1.0.23
[INFO] [stderr]    Compiling tokio v1.41.0
[INFO] [stderr]    Compiling tracing v0.1.40
[INFO] [stderr]    Compiling axum-core v0.4.5
[INFO] [stderr]    Compiling tower v0.4.13
[INFO] [stderr]    Compiling serde v1.0.214
[INFO] [stderr]    Compiling hyper v1.5.0
[INFO] [stderr]    Compiling tower v0.5.1
[INFO] [stderr]    Compiling hyper-util v0.1.10
[INFO] [stderr]    Compiling halfbrown v0.2.5
[INFO] [stderr]    Compiling serde_path_to_error v0.1.16
[INFO] [stderr]    Compiling serde_urlencoded v0.7.1
[INFO] [stderr]    Compiling cbor4ii v0.3.3
[INFO] [stderr]    Compiling erased-serde v0.4.5
[INFO] [stderr]    Compiling value-trait v0.8.1
[INFO] [stderr]    Compiling axum v0.7.7
[INFO] [stderr]    Compiling simd-json v0.13.11
[INFO] [stderr]    Compiling axum-content-negotiation v0.1.1 (/opt/rustwide/workdir)
[INFO] [stderr]     Finished `dev` profile [unoptimized + debuginfo] target(s) in 37.92s
[INFO] running `Command { std: "docker" "inspect" "35a0f659bb3ab3c0d174bea21712d491b3799496239a5c770a520ed0437e393d", kill_on_drop: false }`
[INFO] running `Command { std: "docker" "rm" "-f" "35a0f659bb3ab3c0d174bea21712d491b3799496239a5c770a520ed0437e393d", kill_on_drop: false }`
[INFO] [stdout] 35a0f659bb3ab3c0d174bea21712d491b3799496239a5c770a520ed0437e393d
[INFO] running `Command { std: "docker" "create" "-v" "/var/lib/crater-agent-workspace/builds/worker-1-tc2/target:/opt/rustwide/target:rw,Z" "-v" "/var/lib/crater-agent-workspace/builds/worker-1-tc2/source:/opt/rustwide/workdir:ro,Z" "-v" "/var/lib/crater-agent-workspace/cargo-home:/opt/rustwide/cargo-home:ro,Z" "-v" "/var/lib/crater-agent-workspace/rustup-home:/opt/rustwide/rustup-home:ro,Z" "-e" "SOURCE_DIR=/opt/rustwide/workdir" "-e" "CARGO_TARGET_DIR=/opt/rustwide/target" "-e" "CARGO_INCREMENTAL=0" "-e" "RUST_BACKTRACE=full" "-e" "RUSTFLAGS=--cap-lints=forbid -Zrandomize-layout" "-e" "RUSTDOCFLAGS=--cap-lints=forbid" "-e" "CARGO_HOME=/opt/rustwide/cargo-home" "-e" "RUSTUP_HOME=/opt/rustwide/rustup-home" "-w" "/opt/rustwide/workdir" "-m" "1610612736" "--user" "0:0" "--network" "none" "ghcr.io/rust-lang/crates-build-env/linux@sha256:4a844ea9eb2546a2d2c7022eacef16ef2e8229c7fbb2c7d4d55a9ceca922f72d" "/opt/rustwide/cargo-home/bin/cargo" "+nightly-2024-10-28" "test" "--frozen" "--no-run" "--message-format=json", kill_on_drop: false }`
[INFO] [stdout] 6f413144c305b9c1ed8a9bf89e2ed3f1032d7532f48d190bc305a6e9e03c0abe
[INFO] running `Command { std: "docker" "start" "-a" "6f413144c305b9c1ed8a9bf89e2ed3f1032d7532f48d190bc305a6e9e03c0abe", kill_on_drop: false }`
[INFO] [stderr]    Compiling parking_lot_core v0.9.10
[INFO] [stderr]    Compiling signal-hook-registry v1.4.2
[INFO] [stderr]    Compiling axum-macros v0.4.2
[INFO] [stderr]    Compiling parking_lot v0.12.3
[INFO] [stderr]    Compiling tokio v1.41.0
[INFO] [stderr]    Compiling hyper v1.5.0
[INFO] [stderr]    Compiling tower v0.5.1
[INFO] [stderr]    Compiling hyper-util v0.1.10
[INFO] [stderr]    Compiling axum v0.7.7
[INFO] [stderr]    Compiling axum-content-negotiation v0.1.1 (/opt/rustwide/workdir)
[INFO] [stdout] error[E0432]: unresolved import `tower::ServiceExt`
[INFO] [stdout]    --> src/lib.rs:335:9
[INFO] [stdout]     |
[INFO] [stdout] 335 |     use tower::ServiceExt;
[INFO] [stdout]     |         ^^^^^^^^^^^^^^^^^ no `ServiceExt` in the root
[INFO] [stdout]     |
[INFO] [stdout] note: found an item that was configured out
[INFO] [stdout]    --> /opt/rustwide/cargo-home/registry/src/index.crates.io-6f17d22bba15001f/tower-0.4.13/src/lib.rs:223:34
[INFO] [stdout]     |
[INFO] [stdout] 223 | pub use self::util::{service_fn, ServiceExt};
[INFO] [stdout]     |                                  ^^^^^^^^^^
[INFO] [stdout] note: the item is gated behind the `util` feature
[INFO] [stdout]    --> /opt/rustwide/cargo-home/registry/src/index.crates.io-6f17d22bba15001f/tower-0.4.13/src/lib.rs:220:7
[INFO] [stdout]     |
[INFO] [stdout] 220 | #[cfg(feature = "util")]
[INFO] [stdout]     |       ^^^^^^^^^^^^^^^^
[INFO] [stdout] help: a similar name exists in the module
[INFO] [stdout]     |
[INFO] [stdout] 335 |     use tower::Service;
[INFO] [stdout]     |                ~~~~~~~
[INFO] [stdout] help: consider importing this trait instead
[INFO] [stdout]     |
[INFO] [stdout] 335 |     use axum::ServiceExt;
[INFO] [stdout]     |         ~~~~~~~~~~~~~~~~
[INFO] [stdout] 
[INFO] [stdout] 
[INFO] [stdout] warning: this function depends on never type fallback being `()`
[INFO] [stdout]    --> src/lib.rs:360:17
[INFO] [stdout]     |
[INFO] [stdout] 360 |                 async fn handler(_: Negotiate<Example>) -> impl IntoResponse {
[INFO] [stdout]     |                 ^^^^^^^^^^^^^^^^^^^^^^^^^^^^^^^^^^^^^^^^^^^^^^^^^^^^^^^^^^^^
[INFO] [stdout]     |
[INFO] [stdout]     = warning: this was previously accepted by the compiler but is being phased out; it will become a hard error in a future release!
[INFO] [stdout]     = note: for more information, see issue #123748 <https://github.com/rust-lang/rust/issues/123748>
[INFO] [stdout]     = help: specify the types explicitly
[INFO] [stdout] note: in edition 2024, the requirement `!: axum::response::IntoResponse` will fail
[INFO] [stdout]    --> src/lib.rs:360:78
[INFO] [stdout]     |
[INFO] [stdout] 360 |                   async fn handler(_: Negotiate<Example>) -> impl IntoResponse {
[INFO] [stdout]     |  ______________________________________________________________________________^
[INFO] [stdout] 361 | |                     unimplemented!("This should not be called")
[INFO] [stdout] 362 | |                 }
[INFO] [stdout]     | |_________________^
[INFO] [stdout]     = note: `#[warn(dependency_on_unit_never_type_fallback)]` on by default
[INFO] [stdout] 
[INFO] [stdout] 
[INFO] [stdout] warning: this function depends on never type fallback being `()`
[INFO] [stdout]    --> src/lib.rs:423:17
[INFO] [stdout]     |
[INFO] [stdout] 423 |                 async fn handler() -> impl IntoResponse {
[INFO] [stdout]     |                 ^^^^^^^^^^^^^^^^^^^^^^^^^^^^^^^^^^^^^^^
[INFO] [stdout]     |
[INFO] [stdout]     = warning: this was previously accepted by the compiler but is being phased out; it will become a hard error in a future release!
[INFO] [stdout]     = note: for more information, see issue #123748 <https://github.com/rust-lang/rust/issues/123748>
[INFO] [stdout]     = help: specify the types explicitly
[INFO] [stdout] note: in edition 2024, the requirement `!: axum::response::IntoResponse` will fail
[INFO] [stdout]    --> src/lib.rs:423:57
[INFO] [stdout]     |
[INFO] [stdout] 423 |                   async fn handler() -> impl IntoResponse {
[INFO] [stdout]     |  _________________________________________________________^
[INFO] [stdout] 424 | |                     unimplemented!("This should not be called")
[INFO] [stdout] 425 | |                 }
[INFO] [stdout]     | |_________________^
[INFO] [stdout] 
[INFO] [stdout] 
[INFO] [stdout] warning: this function depends on never type fallback being `()`
[INFO] [stdout]    --> src/lib.rs:520:17
[INFO] [stdout]     |
[INFO] [stdout] 520 |                 async fn handler(_: Negotiate<Example>) -> impl IntoResponse {
[INFO] [stdout]     |                 ^^^^^^^^^^^^^^^^^^^^^^^^^^^^^^^^^^^^^^^^^^^^^^^^^^^^^^^^^^^^
[INFO] [stdout]     |
[INFO] [stdout]     = warning: this was previously accepted by the compiler but is being phased out; it will become a hard error in a future release!
[INFO] [stdout]     = note: for more information, see issue #123748 <https://github.com/rust-lang/rust/issues/123748>
[INFO] [stdout]     = help: specify the types explicitly
[INFO] [stdout] note: in edition 2024, the requirement `!: axum::response::IntoResponse` will fail
[INFO] [stdout]    --> src/lib.rs:520:78
[INFO] [stdout]     |
[INFO] [stdout] 520 |                   async fn handler(_: Negotiate<Example>) -> impl IntoResponse {
[INFO] [stdout]     |  ______________________________________________________________________________^
[INFO] [stdout] 521 | |                     unimplemented!("This should not be called")
[INFO] [stdout] 522 | |                 }
[INFO] [stdout]     | |_________________^
[INFO] [stdout] 
[INFO] [stdout] 
[INFO] [stdout] error[E0599]: no method named `oneshot` found for struct `axum::Router` in the current scope
[INFO] [stdout]    --> src/lib.rs:369:22
[INFO] [stdout]     |
[INFO] [stdout] 368 |                   let response = app
[INFO] [stdout]     |  ________________________________-
[INFO] [stdout] 369 | |                     .oneshot(
[INFO] [stdout]     | |_____________________-^^^^^^^
[INFO] [stdout]     |
[INFO] [stdout]    ::: /opt/rustwide/cargo-home/registry/src/index.crates.io-6f17d22bba15001f/tower-0.5.1/src/util/mod.rs:85:8
[INFO] [stdout]     |
[INFO] [stdout] 85  |       fn oneshot(self, req: Request) -> Oneshot<Self, Request>
[INFO] [stdout]     |          ------- the method is available for `axum::Router<_>` here
[INFO] [stdout]     |
[INFO] [stdout]     = help: items from traits can only be used if the trait is in scope
[INFO] [stdout] help: there is a method `nest` with a similar name, but with different arguments
[INFO] [stdout]    --> /opt/rustwide/cargo-home/registry/src/index.crates.io-6f17d22bba15001f/axum-0.7.7/src/routing/mod.rs:190:5
[INFO] [stdout]     |
[INFO] [stdout] 190 |     pub fn nest(self, path: &str, router: Router<S>) -> Self {
[INFO] [stdout]     |     ^^^^^^^^^^^^^^^^^^^^^^^^^^^^^^^^^^^^^^^^^^^^^^^^^^^^^^^^
[INFO] [stdout] help: trait `ServiceExt` which provides `oneshot` is implemented but not in scope; perhaps you want to import it
[INFO] [stdout]     |
[INFO] [stdout] 355 +             use tower::util::ServiceExt;
[INFO] [stdout]     |
[INFO] [stdout] 
[INFO] [stdout] 
[INFO] [stdout] error[E0599]: no method named `oneshot` found for struct `axum::Router` in the current scope
[INFO] [stdout]    --> src/lib.rs:403:22
[INFO] [stdout]     |
[INFO] [stdout] 402 |                   let response = app
[INFO] [stdout]     |  ________________________________-
[INFO] [stdout] 403 | |                     .oneshot(
[INFO] [stdout]     | |_____________________-^^^^^^^
[INFO] [stdout]     |
[INFO] [stdout]    ::: /opt/rustwide/cargo-home/registry/src/index.crates.io-6f17d22bba15001f/tower-0.5.1/src/util/mod.rs:85:8
[INFO] [stdout]     |
[INFO] [stdout] 85  |       fn oneshot(self, req: Request) -> Oneshot<Self, Request>
[INFO] [stdout]     |          ------- the method is available for `axum::Router<_>` here
[INFO] [stdout]     |
[INFO] [stdout]     = help: items from traits can only be used if the trait is in scope
[INFO] [stdout] help: there is a method `nest` with a similar name, but with different arguments
[INFO] [stdout]    --> /opt/rustwide/cargo-home/registry/src/index.crates.io-6f17d22bba15001f/axum-0.7.7/src/routing/mod.rs:190:5
[INFO] [stdout]     |
[INFO] [stdout] 190 |     pub fn nest(self, path: &str, router: Router<S>) -> Self {
[INFO] [stdout]     |     ^^^^^^^^^^^^^^^^^^^^^^^^^^^^^^^^^^^^^^^^^^^^^^^^^^^^^^^^
[INFO] [stdout] help: trait `ServiceExt` which provides `oneshot` is implemented but not in scope; perhaps you want to import it
[INFO] [stdout]     |
[INFO] [stdout] 389 +             use tower::util::ServiceExt;
[INFO] [stdout]     |
[INFO] [stdout] 
[INFO] [stdout] 
[INFO] [stdout] error[E0599]: no method named `oneshot` found for struct `axum::Router` in the current scope
[INFO] [stdout]    --> src/lib.rs:432:22
[INFO] [stdout]     |
[INFO] [stdout] 431 |                   let response = app
[INFO] [stdout]     |  ________________________________-
[INFO] [stdout] 432 | |                     .oneshot(
[INFO] [stdout]     | |_____________________-^^^^^^^
[INFO] [stdout]     |
[INFO] [stdout]    ::: /opt/rustwide/cargo-home/registry/src/index.crates.io-6f17d22bba15001f/tower-0.5.1/src/util/mod.rs:85:8
[INFO] [stdout]     |
[INFO] [stdout] 85  |       fn oneshot(self, req: Request) -> Oneshot<Self, Request>
[INFO] [stdout]     |          ------- the method is available for `axum::Router<_>` here
[INFO] [stdout]     |
[INFO] [stdout]     = help: items from traits can only be used if the trait is in scope
[INFO] [stdout] help: there is a method `nest` with a similar name, but with different arguments
[INFO] [stdout]    --> /opt/rustwide/cargo-home/registry/src/index.crates.io-6f17d22bba15001f/axum-0.7.7/src/routing/mod.rs:190:5
[INFO] [stdout]     |
[INFO] [stdout] 190 |     pub fn nest(self, path: &str, router: Router<S>) -> Self {
[INFO] [stdout]     |     ^^^^^^^^^^^^^^^^^^^^^^^^^^^^^^^^^^^^^^^^^^^^^^^^^^^^^^^^
[INFO] [stdout] help: trait `ServiceExt` which provides `oneshot` is implemented but not in scope; perhaps you want to import it
[INFO] [stdout]     |
[INFO] [stdout] 389 +             use tower::util::ServiceExt;
[INFO] [stdout]     |
[INFO] [stdout] 
[INFO] [stdout] 
[INFO] [stdout] error[E0599]: no method named `oneshot` found for struct `axum::Router` in the current scope
[INFO] [stdout]    --> src/lib.rs:472:22
[INFO] [stdout]     |
[INFO] [stdout] 471 |                   let response = app
[INFO] [stdout]     |  ________________________________-
[INFO] [stdout] 472 | |                     .oneshot(
[INFO] [stdout]     | |_____________________-^^^^^^^
[INFO] [stdout]     |
[INFO] [stdout]    ::: /opt/rustwide/cargo-home/registry/src/index.crates.io-6f17d22bba15001f/tower-0.5.1/src/util/mod.rs:85:8
[INFO] [stdout]     |
[INFO] [stdout] 85  |       fn oneshot(self, req: Request) -> Oneshot<Self, Request>
[INFO] [stdout]     |          ------- the method is available for `axum::Router<_>` here
[INFO] [stdout]     |
[INFO] [stdout]     = help: items from traits can only be used if the trait is in scope
[INFO] [stdout] help: there is a method `nest` with a similar name, but with different arguments
[INFO] [stdout]    --> /opt/rustwide/cargo-home/registry/src/index.crates.io-6f17d22bba15001f/axum-0.7.7/src/routing/mod.rs:190:5
[INFO] [stdout]     |
[INFO] [stdout] 190 |     pub fn nest(self, path: &str, router: Router<S>) -> Self {
[INFO] [stdout]     |     ^^^^^^^^^^^^^^^^^^^^^^^^^^^^^^^^^^^^^^^^^^^^^^^^^^^^^^^^
[INFO] [stdout] help: trait `ServiceExt` which provides `oneshot` is implemented but not in scope; perhaps you want to import it
[INFO] [stdout]     |
[INFO] [stdout] 459 +             use tower::util::ServiceExt;
[INFO] [stdout]     |
[INFO] [stdout] 
[INFO] [stdout] 
[INFO] [stdout] error[E0599]: no method named `oneshot` found for struct `axum::Router` in the current scope
[INFO] [stdout]    --> src/lib.rs:499:22
[INFO] [stdout]     |
[INFO] [stdout] 498 |                   let response = app
[INFO] [stdout]     |  ________________________________-
[INFO] [stdout] 499 | |                     .oneshot(
[INFO] [stdout]     | |_____________________-^^^^^^^
[INFO] [stdout]     |
[INFO] [stdout]    ::: /opt/rustwide/cargo-home/registry/src/index.crates.io-6f17d22bba15001f/tower-0.5.1/src/util/mod.rs:85:8
[INFO] [stdout]     |
[INFO] [stdout] 85  |       fn oneshot(self, req: Request) -> Oneshot<Self, Request>
[INFO] [stdout]     |          ------- the method is available for `axum::Router<_>` here
[INFO] [stdout]     |
[INFO] [stdout]     = help: items from traits can only be used if the trait is in scope
[INFO] [stdout] help: there is a method `nest` with a similar name, but with different arguments
[INFO] [stdout]    --> /opt/rustwide/cargo-home/registry/src/index.crates.io-6f17d22bba15001f/axum-0.7.7/src/routing/mod.rs:190:5
[INFO] [stdout]     |
[INFO] [stdout] 190 |     pub fn nest(self, path: &str, router: Router<S>) -> Self {
[INFO] [stdout]     |     ^^^^^^^^^^^^^^^^^^^^^^^^^^^^^^^^^^^^^^^^^^^^^^^^^^^^^^^^
[INFO] [stdout] help: trait `ServiceExt` which provides `oneshot` is implemented but not in scope; perhaps you want to import it
[INFO] [stdout]     |
[INFO] [stdout] 459 +             use tower::util::ServiceExt;
[INFO] [stdout]     |
[INFO] [stdout] 
[INFO] [stdout] 
[INFO] [stdout] error[E0599]: no method named `oneshot` found for struct `axum::Router` in the current scope
[INFO] [stdout]    --> src/lib.rs:529:22
[INFO] [stdout]     |
[INFO] [stdout] 528 |                   let response = app
[INFO] [stdout]     |  ________________________________-
[INFO] [stdout] 529 | |                     .oneshot(
[INFO] [stdout]     | |_____________________-^^^^^^^
[INFO] [stdout]     |
[INFO] [stdout]    ::: /opt/rustwide/cargo-home/registry/src/index.crates.io-6f17d22bba15001f/tower-0.5.1/src/util/mod.rs:85:8
[INFO] [stdout]     |
[INFO] [stdout] 85  |       fn oneshot(self, req: Request) -> Oneshot<Self, Request>
[INFO] [stdout]     |          ------- the method is available for `axum::Router<_>` here
[INFO] [stdout]     |
[INFO] [stdout]     = help: items from traits can only be used if the trait is in scope
[INFO] [stdout] help: there is a method `nest` with a similar name, but with different arguments
[INFO] [stdout]    --> /opt/rustwide/cargo-home/registry/src/index.crates.io-6f17d22bba15001f/axum-0.7.7/src/routing/mod.rs:190:5
[INFO] [stdout]     |
[INFO] [stdout] 190 |     pub fn nest(self, path: &str, router: Router<S>) -> Self {
[INFO] [stdout]     |     ^^^^^^^^^^^^^^^^^^^^^^^^^^^^^^^^^^^^^^^^^^^^^^^^^^^^^^^^
[INFO] [stdout] help: trait `ServiceExt` which provides `oneshot` is implemented but not in scope; perhaps you want to import it
[INFO] [stdout]     |
[INFO] [stdout] 459 +             use tower::util::ServiceExt;
[INFO] [stdout]     |
[INFO] [stdout] 
[INFO] [stdout] 
[INFO] [stdout] error[E0599]: no method named `oneshot` found for struct `axum::Router` in the current scope
[INFO] [stdout]    --> src/lib.rs:565:22
[INFO] [stdout]     |
[INFO] [stdout] 564 |                   let response = app
[INFO] [stdout]     |  ________________________________-
[INFO] [stdout] 565 | |                     .oneshot(
[INFO] [stdout]     | |_____________________-^^^^^^^
[INFO] [stdout]     |
[INFO] [stdout]    ::: /opt/rustwide/cargo-home/registry/src/index.crates.io-6f17d22bba15001f/tower-0.5.1/src/util/mod.rs:85:8
[INFO] [stdout]     |
[INFO] [stdout] 85  |       fn oneshot(self, req: Request) -> Oneshot<Self, Request>
[INFO] [stdout]     |          ------- the method is available for `axum::Router<_>` here
[INFO] [stdout]     |
[INFO] [stdout]     = help: items from traits can only be used if the trait is in scope
[INFO] [stdout] help: there is a method `nest` with a similar name, but with different arguments
[INFO] [stdout]    --> /opt/rustwide/cargo-home/registry/src/index.crates.io-6f17d22bba15001f/axum-0.7.7/src/routing/mod.rs:190:5
[INFO] [stdout]     |
[INFO] [stdout] 190 |     pub fn nest(self, path: &str, router: Router<S>) -> Self {
[INFO] [stdout]     |     ^^^^^^^^^^^^^^^^^^^^^^^^^^^^^^^^^^^^^^^^^^^^^^^^^^^^^^^^
[INFO] [stdout] help: trait `ServiceExt` which provides `oneshot` is implemented but not in scope; perhaps you want to import it
[INFO] [stdout]     |
[INFO] [stdout] 549 +             use tower::util::ServiceExt;
[INFO] [stdout]     |
[INFO] [stdout] 
[INFO] [stdout] 
[INFO] [stdout] error[E0599]: no method named `oneshot` found for struct `axum::Router` in the current scope
[INFO] [stdout]    --> src/lib.rs:605:22
[INFO] [stdout]     |
[INFO] [stdout] 604 |                   let response = app
[INFO] [stdout]     |  ________________________________-
[INFO] [stdout] 605 | |                     .oneshot(
[INFO] [stdout]     | |_____________________-^^^^^^^
[INFO] [stdout]     |
[INFO] [stdout]    ::: /opt/rustwide/cargo-home/registry/src/index.crates.io-6f17d22bba15001f/tower-0.5.1/src/util/mod.rs:85:8
[INFO] [stdout]     |
[INFO] [stdout] 85  |       fn oneshot(self, req: Request) -> Oneshot<Self, Request>
[INFO] [stdout]     |          ------- the method is available for `axum::Router<_>` here
[INFO] [stdout]     |
[INFO] [stdout]     = help: items from traits can only be used if the trait is in scope
[INFO] [stdout] help: there is a method `nest` with a similar name, but with different arguments
[INFO] [stdout]    --> /opt/rustwide/cargo-home/registry/src/index.crates.io-6f17d22bba15001f/axum-0.7.7/src/routing/mod.rs:190:5
[INFO] [stdout]     |
[INFO] [stdout] 190 |     pub fn nest(self, path: &str, router: Router<S>) -> Self {
[INFO] [stdout]     |     ^^^^^^^^^^^^^^^^^^^^^^^^^^^^^^^^^^^^^^^^^^^^^^^^^^^^^^^^
[INFO] [stdout] help: trait `ServiceExt` which provides `oneshot` is implemented but not in scope; perhaps you want to import it
[INFO] [stdout]     |
[INFO] [stdout] 549 +             use tower::util::ServiceExt;
[INFO] [stdout]     |
[INFO] [stdout] 
[INFO] [stdout] 
[INFO] [stdout] error[E0599]: no method named `oneshot` found for struct `axum::Router` in the current scope
[INFO] [stdout]    --> src/lib.rs:643:22
[INFO] [stdout]     |
[INFO] [stdout] 642 |                   let response = app
[INFO] [stdout]     |  ________________________________-
[INFO] [stdout] 643 | |                     .oneshot(
[INFO] [stdout]     | |_____________________-^^^^^^^
[INFO] [stdout]     |
[INFO] [stdout]    ::: /opt/rustwide/cargo-home/registry/src/index.crates.io-6f17d22bba15001f/tower-0.5.1/src/util/mod.rs:85:8
[INFO] [stdout]     |
[INFO] [stdout] 85  |       fn oneshot(self, req: Request) -> Oneshot<Self, Request>
[INFO] [stdout]     |          ------- the method is available for `axum::Router<_>` here
[INFO] [stdout]     |
[INFO] [stdout]     = help: items from traits can only be used if the trait is in scope
[INFO] [stdout] help: there is a method `nest` with a similar name, but with different arguments
[INFO] [stdout]    --> /opt/rustwide/cargo-home/registry/src/index.crates.io-6f17d22bba15001f/axum-0.7.7/src/routing/mod.rs:190:5
[INFO] [stdout]     |
[INFO] [stdout] 190 |     pub fn nest(self, path: &str, router: Router<S>) -> Self {
[INFO] [stdout]     |     ^^^^^^^^^^^^^^^^^^^^^^^^^^^^^^^^^^^^^^^^^^^^^^^^^^^^^^^^
[INFO] [stdout] help: trait `ServiceExt` which provides `oneshot` is implemented but not in scope; perhaps you want to import it
[INFO] [stdout]     |
[INFO] [stdout] 549 +             use tower::util::ServiceExt;
[INFO] [stdout]     |
[INFO] [stdout] 
[INFO] [stdout] 
[INFO] [stdout] error[E0599]: no method named `oneshot` found for struct `axum::Router` in the current scope
[INFO] [stdout]    --> src/lib.rs:733:22
[INFO] [stdout]     |
[INFO] [stdout] 732 |                   let response = app
[INFO] [stdout]     |  ________________________________-
[INFO] [stdout] 733 | |                     .oneshot(
[INFO] [stdout]     | |_____________________-^^^^^^^
[INFO] [stdout]     |
[INFO] [stdout]    ::: /opt/rustwide/cargo-home/registry/src/index.crates.io-6f17d22bba15001f/tower-0.5.1/src/util/mod.rs:85:8
[INFO] [stdout]     |
[INFO] [stdout] 85  |       fn oneshot(self, req: Request) -> Oneshot<Self, Request>
[INFO] [stdout]     |          ------- the method is available for `axum::Router<_>` here
[INFO] [stdout]     |
[INFO] [stdout]     = help: items from traits can only be used if the trait is in scope
[INFO] [stdout] help: there is a method `nest` with a similar name, but with different arguments
[INFO] [stdout]    --> /opt/rustwide/cargo-home/registry/src/index.crates.io-6f17d22bba15001f/axum-0.7.7/src/routing/mod.rs:190:5
[INFO] [stdout]     |
[INFO] [stdout] 190 |     pub fn nest(self, path: &str, router: Router<S>) -> Self {
[INFO] [stdout]     |     ^^^^^^^^^^^^^^^^^^^^^^^^^^^^^^^^^^^^^^^^^^^^^^^^^^^^^^^^
[INFO] [stdout] help: trait `ServiceExt` which provides `oneshot` is implemented but not in scope; perhaps you want to import it
[INFO] [stdout]     |
[INFO] [stdout] 673 +             use tower::util::ServiceExt;
[INFO] [stdout]     |
[INFO] [stdout] 
[INFO] [stdout] 
[INFO] [stdout] error[E0599]: no method named `oneshot` found for struct `axum::Router` in the current scope
[INFO] [stdout]    --> src/lib.rs:769:22
[INFO] [stdout]     |
[INFO] [stdout] 768 |                   let response = app
[INFO] [stdout]     |  ________________________________-
[INFO] [stdout] 769 | |                     .oneshot(
[INFO] [stdout]     | |_____________________-^^^^^^^
[INFO] [stdout]     |
[INFO] [stdout]    ::: /opt/rustwide/cargo-home/registry/src/index.crates.io-6f17d22bba15001f/tower-0.5.1/src/util/mod.rs:85:8
[INFO] [stdout]     |
[INFO] [stdout] 85  |       fn oneshot(self, req: Request) -> Oneshot<Self, Request>
[INFO] [stdout]     |          ------- the method is available for `axum::Router<_>` here
[INFO] [stdout]     |
[INFO] [stdout]     = help: items from traits can only be used if the trait is in scope
[INFO] [stdout] help: there is a method `nest` with a similar name, but with different arguments
[INFO] [stdout]    --> /opt/rustwide/cargo-home/registry/src/index.crates.io-6f17d22bba15001f/axum-0.7.7/src/routing/mod.rs:190:5
[INFO] [stdout]     |
[INFO] [stdout] 190 |     pub fn nest(self, path: &str, router: Router<S>) -> Self {
[INFO] [stdout]     |     ^^^^^^^^^^^^^^^^^^^^^^^^^^^^^^^^^^^^^^^^^^^^^^^^^^^^^^^^
[INFO] [stdout] help: trait `ServiceExt` which provides `oneshot` is implemented but not in scope; perhaps you want to import it
[INFO] [stdout]     |
[INFO] [stdout] 753 +             use tower::util::ServiceExt;
[INFO] [stdout]     |
[INFO] [stdout] 
[INFO] [stdout] 
[INFO] [stdout] error[E0599]: no method named `oneshot` found for struct `axum::Router` in the current scope
[INFO] [stdout]    --> src/lib.rs:820:22
[INFO] [stdout]     |
[INFO] [stdout] 819 |                   let response = app
[INFO] [stdout]     |  ________________________________-
[INFO] [stdout] 820 | |                     .oneshot(
[INFO] [stdout]     | |_____________________-^^^^^^^
[INFO] [stdout]     |
[INFO] [stdout]    ::: /opt/rustwide/cargo-home/registry/src/index.crates.io-6f17d22bba15001f/tower-0.5.1/src/util/mod.rs:85:8
[INFO] [stdout]     |
[INFO] [stdout] 85  |       fn oneshot(self, req: Request) -> Oneshot<Self, Request>
[INFO] [stdout]     |          ------- the method is available for `axum::Router<_>` here
[INFO] [stdout]     |
[INFO] [stdout]     = help: items from traits can only be used if the trait is in scope
[INFO] [stdout] help: there is a method `nest` with a similar name, but with different arguments
[INFO] [stdout]    --> /opt/rustwide/cargo-home/registry/src/index.crates.io-6f17d22bba15001f/axum-0.7.7/src/routing/mod.rs:190:5
[INFO] [stdout]     |
[INFO] [stdout] 190 |     pub fn nest(self, path: &str, router: Router<S>) -> Self {
[INFO] [stdout]     |     ^^^^^^^^^^^^^^^^^^^^^^^^^^^^^^^^^^^^^^^^^^^^^^^^^^^^^^^^
[INFO] [stdout] help: trait `ServiceExt` which provides `oneshot` is implemented but not in scope; perhaps you want to import it
[INFO] [stdout]     |
[INFO] [stdout] 753 +             use tower::util::ServiceExt;
[INFO] [stdout]     |
[INFO] [stdout] 
[INFO] [stdout] 
[INFO] [stdout] Some errors have detailed explanations: E0432, E0599.
[INFO] [stdout] 
[INFO] [stdout] For more information about an error, try `rustc --explain E0432`.
[INFO] [stdout] 
[INFO] [stderr] error: could not compile `axum-content-negotiation` (lib test) due to 13 previous errors; 3 warnings emitted
[INFO] running `Command { std: "docker" "inspect" "6f413144c305b9c1ed8a9bf89e2ed3f1032d7532f48d190bc305a6e9e03c0abe", kill_on_drop: false }`
[INFO] running `Command { std: "docker" "rm" "-f" "6f413144c305b9c1ed8a9bf89e2ed3f1032d7532f48d190bc305a6e9e03c0abe", kill_on_drop: false }`
[INFO] [stdout] 6f413144c305b9c1ed8a9bf89e2ed3f1032d7532f48d190bc305a6e9e03c0abe
