[INFO] fetching crate ax_aql 0.1.0...
[INFO] testing ax_aql-0.1.0 against nightly-2024-10-28 for randomize-layout
[INFO] extracting crate ax_aql 0.1.0 into /workspace/builds/worker-1-tc1/source
[INFO] validating manifest of crates.io crate ax_aql 0.1.0 on toolchain nightly-2024-10-28
[INFO] running `Command { std: CARGO_HOME="/workspace/cargo-home" RUSTUP_HOME="/workspace/rustup-home" "/workspace/cargo-home/bin/cargo" "+nightly-2024-10-28" "metadata" "--manifest-path" "Cargo.toml" "--no-deps", kill_on_drop: false }`
[INFO] started tweaking crates.io crate ax_aql 0.1.0
[INFO] finished tweaking crates.io crate ax_aql 0.1.0
[INFO] tweaked toml for crates.io crate ax_aql 0.1.0 written to /workspace/builds/worker-1-tc1/source/Cargo.toml
[INFO] running `Command { std: CARGO_HOME="/workspace/cargo-home" RUSTUP_HOME="/workspace/rustup-home" "/workspace/cargo-home/bin/cargo" "+nightly-2024-10-28" "generate-lockfile" "--manifest-path" "Cargo.toml", kill_on_drop: false }`
[INFO] [stderr]     Updating crates.io index
[INFO] [stderr]      Locking 145 packages to latest compatible versions
[INFO] [stderr]       Adding derive_more v0.99.18 (available: v1.0.0)
[INFO] [stderr]       Adding proc-macro-crate v1.1.3 (available: v1.3.1)
[INFO] running `Command { std: CARGO_HOME="/workspace/cargo-home" RUSTUP_HOME="/workspace/rustup-home" "/workspace/cargo-home/bin/cargo" "+nightly-2024-10-28" "fetch" "--manifest-path" "Cargo.toml", kill_on_drop: false }`
[INFO] [stderr]  Downloading crates ...
[INFO] [stderr]   Downloaded proc-macro-crate v1.1.3
[INFO] [stderr]   Downloaded multihash-derive v0.8.1
[INFO] [stderr]   Downloaded libipld v0.14.0
[INFO] [stderr]   Downloaded quickcheck v1.0.3
[INFO] [stderr]   Downloaded unsigned-varint v0.7.2
[INFO] [stderr]   Downloaded libipld-macro v0.14.0
[INFO] [stderr]   Downloaded ax_macros v0.1.0
[INFO] [stderr]   Downloaded serde-transcode v1.1.1
[INFO] [stderr]   Downloaded ax_types v0.1.0
[INFO] [stderr]   Downloaded intern-arc v0.5.1
[INFO] [stderr]   Downloaded cached v0.30.0
[INFO] [stderr]   Downloaded sized-chunks v0.6.5
[INFO] [stderr]   Downloaded cbor-data v0.8.17
[INFO] [stderr]   Downloaded generic-array v1.1.0
[INFO] [stderr]   Downloaded im v15.1.0
[INFO] [stderr]   Downloaded loom v0.4.1
[INFO] [stderr]   Downloaded iso8601-timestamp v0.2.17
[INFO] [stderr]   Downloaded libipld-cbor-derive v0.14.0
[INFO] [stderr]   Downloaded generator v0.6.25
[INFO] [stderr]   Downloaded multihash v0.16.3
[INFO] [stderr]   Downloaded libipld-cbor v0.14.0
[INFO] [stderr]   Downloaded cid v0.8.6
[INFO] [stderr]   Downloaded libipld-core v0.14.0
[INFO] running `Command { std: "docker" "create" "-v" "/var/lib/crater-agent-workspace/builds/worker-1-tc1/target:/opt/rustwide/target:rw,Z" "-v" "/var/lib/crater-agent-workspace/builds/worker-1-tc1/source:/opt/rustwide/workdir:ro,Z" "-v" "/var/lib/crater-agent-workspace/cargo-home:/opt/rustwide/cargo-home:ro,Z" "-v" "/var/lib/crater-agent-workspace/rustup-home:/opt/rustwide/rustup-home:ro,Z" "-e" "SOURCE_DIR=/opt/rustwide/workdir" "-e" "CARGO_TARGET_DIR=/opt/rustwide/target" "-e" "CARGO_HOME=/opt/rustwide/cargo-home" "-e" "RUSTUP_HOME=/opt/rustwide/rustup-home" "-w" "/opt/rustwide/workdir" "-m" "1610612736" "--user" "0:0" "--network" "none" "ghcr.io/rust-lang/crates-build-env/linux@sha256:4a844ea9eb2546a2d2c7022eacef16ef2e8229c7fbb2c7d4d55a9ceca922f72d" "/opt/rustwide/cargo-home/bin/cargo" "+nightly-2024-10-28" "metadata" "--no-deps" "--format-version=1", kill_on_drop: false }`
[INFO] [stdout] f7a1be81eb426154677a09c2f79ff98a34926a09d453b32f7a930d510107a990
[INFO] running `Command { std: "docker" "start" "-a" "f7a1be81eb426154677a09c2f79ff98a34926a09d453b32f7a930d510107a990", kill_on_drop: false }`
[INFO] running `Command { std: "docker" "inspect" "f7a1be81eb426154677a09c2f79ff98a34926a09d453b32f7a930d510107a990", kill_on_drop: false }`
[INFO] running `Command { std: "docker" "rm" "-f" "f7a1be81eb426154677a09c2f79ff98a34926a09d453b32f7a930d510107a990", kill_on_drop: false }`
[INFO] [stdout] f7a1be81eb426154677a09c2f79ff98a34926a09d453b32f7a930d510107a990
[INFO] running `Command { std: "docker" "create" "-v" "/var/lib/crater-agent-workspace/builds/worker-1-tc1/target:/opt/rustwide/target:rw,Z" "-v" "/var/lib/crater-agent-workspace/builds/worker-1-tc1/source:/opt/rustwide/workdir:ro,Z" "-v" "/var/lib/crater-agent-workspace/cargo-home:/opt/rustwide/cargo-home:ro,Z" "-v" "/var/lib/crater-agent-workspace/rustup-home:/opt/rustwide/rustup-home:ro,Z" "-e" "SOURCE_DIR=/opt/rustwide/workdir" "-e" "CARGO_TARGET_DIR=/opt/rustwide/target" "-e" "CARGO_INCREMENTAL=0" "-e" "RUST_BACKTRACE=full" "-e" "RUSTFLAGS=--cap-lints=forbid" "-e" "RUSTDOCFLAGS=--cap-lints=forbid" "-e" "CARGO_HOME=/opt/rustwide/cargo-home" "-e" "RUSTUP_HOME=/opt/rustwide/rustup-home" "-w" "/opt/rustwide/workdir" "-m" "1610612736" "--user" "0:0" "--network" "none" "ghcr.io/rust-lang/crates-build-env/linux@sha256:4a844ea9eb2546a2d2c7022eacef16ef2e8229c7fbb2c7d4d55a9ceca922f72d" "/opt/rustwide/cargo-home/bin/cargo" "+nightly-2024-10-28" "build" "--frozen" "--message-format=json", kill_on_drop: false }`
[INFO] [stdout] 762cf66b905ddd9c3ce35e0208b54ccc8937fe928e57c30bd2573f2229592402
[INFO] running `Command { std: "docker" "start" "-a" "762cf66b905ddd9c3ce35e0208b54ccc8937fe928e57c30bd2573f2229592402", kill_on_drop: false }`
[INFO] [stderr]    Compiling proc-macro2 v1.0.89
[INFO] [stderr]    Compiling unicode-ident v1.0.13
[INFO] [stderr]    Compiling version_check v0.9.5
[INFO] [stderr]    Compiling syn v1.0.109
[INFO] [stderr]    Compiling thiserror v1.0.66
[INFO] [stderr]    Compiling serde v1.0.214
[INFO] [stderr]    Compiling libc v0.2.161
[INFO] [stderr]    Compiling memchr v2.7.4
[INFO] [stderr]    Compiling autocfg v1.4.0
[INFO] [stderr]    Compiling smallvec v1.13.2
[INFO] [stderr]    Compiling cfg-if v1.0.0
[INFO] [stderr]    Compiling parking_lot_core v0.9.10
[INFO] [stderr]    Compiling unicode-xid v0.2.6
[INFO] [stderr]    Compiling data-encoding v2.6.0
[INFO] [stderr]    Compiling typenum v1.17.0
[INFO] [stderr]    Compiling base-x v0.2.11
[INFO] [stderr]    Compiling anyhow v1.0.92
[INFO] [stderr]    Compiling unsigned-varint v0.7.2
[INFO] [stderr]    Compiling scopeguard v1.2.0
[INFO] [stderr]    Compiling parking_lot_core v0.8.6
[INFO] [stderr]    Compiling instant v0.1.13
[INFO] [stderr]    Compiling proc-macro-error-attr v1.0.4
[INFO] [stderr]    Compiling proc-macro-error v1.0.4
[INFO] [stderr]    Compiling time-core v0.1.2
[INFO] [stderr]    Compiling ucd-trie v0.1.7
[INFO] [stderr]    Compiling num-conv v0.1.0
[INFO] [stderr]    Compiling powerfmt v0.2.0
[INFO] [stderr]    Compiling core2 v0.4.0
[INFO] [stderr]    Compiling im v15.1.0
[INFO] [stderr]    Compiling tinyvec_macros v0.1.1
[INFO] [stderr]    Compiling time-macros v0.2.18
[INFO] [stderr]    Compiling deranged v0.3.11
[INFO] [stderr]    Compiling lock_api v0.4.12
[INFO] [stderr]    Compiling num-traits v0.2.19
[INFO] [stderr]    Compiling rand_core v0.6.4
[INFO] [stderr]    Compiling hashbrown v0.11.2
[INFO] [stderr]    Compiling byteorder v1.5.0
[INFO] [stderr]    Compiling half v1.8.3
[INFO] [stderr]    Compiling quote v1.0.37
[INFO] [stderr]    Compiling syn v2.0.86
[INFO] [stderr]    Compiling once_cell v1.20.2
[INFO] [stderr]    Compiling serde_json v1.0.132
[INFO] [stderr]    Compiling rand_xoshiro v0.6.0
[INFO] [stderr]    Compiling tinyvec v1.8.0
[INFO] [stderr]    Compiling fnv v1.0.7
[INFO] [stderr]    Compiling itoa v1.0.11
[INFO] [stderr]    Compiling base64 v0.13.1
[INFO] [stderr]    Compiling parking_lot v0.11.2
[INFO] [stderr]    Compiling convert_case v0.4.0
[INFO] [stderr]    Compiling ryu v1.0.18
[INFO] [stderr]    Compiling time v0.3.36
[INFO] [stderr]    Compiling parking_lot v0.12.3
[INFO] [stderr]    Compiling iana-time-zone v0.1.61
[INFO] [stderr]    Compiling log v0.4.22
[INFO] [stderr]    Compiling cbor-data v0.8.17
[INFO] [stderr]    Compiling pin-project-lite v0.2.15
[INFO] [stderr]    Compiling lazy_static v1.5.0
[INFO] [stderr]    Compiling cached v0.30.0
[INFO] [stderr]    Compiling tracing-core v0.1.32
[INFO] [stderr]    Compiling intern-arc v0.5.1
[INFO] [stderr]    Compiling unicode-normalization v0.1.24
[INFO] [stderr]    Compiling bitmaps v2.1.0
[INFO] [stderr]    Compiling generic-array v1.1.0
[INFO] [stderr]    Compiling chrono v0.4.38
[INFO] [stderr]    Compiling synstructure v0.12.6
[INFO] [stderr]    Compiling sized-chunks v0.6.5
[INFO] [stderr]    Compiling data-encoding-macro-internal v0.1.13
[INFO] [stderr]    Compiling data-encoding-macro v0.1.15
[INFO] [stderr]    Compiling multibase v0.9.1
[INFO] [stderr]    Compiling toml v0.5.11
[INFO] [stderr]    Compiling thiserror-impl v1.0.66
[INFO] [stderr]    Compiling serde_derive v1.0.214
[INFO] [stderr]    Compiling async-trait v0.1.83
[INFO] [stderr]    Compiling ax_macros v0.1.0
[INFO] [stderr]    Compiling derive_more v0.99.18
[INFO] [stderr]    Compiling tracing-attributes v0.1.27
[INFO] [stderr]    Compiling tracing v0.1.40
[INFO] [stderr]    Compiling proc-macro-crate v1.1.3
[INFO] [stderr]    Compiling pest v2.7.14
[INFO] [stderr]    Compiling multihash-derive v0.8.1
[INFO] [stderr]    Compiling libipld-cbor-derive v0.14.0
[INFO] [stderr]    Compiling multihash v0.16.3
[INFO] [stderr]    Compiling pest_meta v2.7.14
[INFO] [stderr]    Compiling pest_generator v2.7.14
[INFO] [stderr]    Compiling pest_derive v2.7.14
[INFO] [stderr]    Compiling cid v0.8.6
[INFO] [stderr]    Compiling serde_cbor v0.11.2
[INFO] [stderr]    Compiling serde-transcode v1.1.1
[INFO] [stderr]    Compiling iso8601-timestamp v0.2.17
[INFO] [stderr]    Compiling libipld-core v0.14.0
[INFO] [stderr]    Compiling libipld-cbor v0.14.0
[INFO] [stderr]    Compiling libipld-macro v0.14.0
[INFO] [stderr]    Compiling libipld v0.14.0
[INFO] [stderr]    Compiling ax_types v0.1.0
[INFO] [stderr]    Compiling ax_aql v0.1.0 (/opt/rustwide/workdir)
[INFO] [stderr]     Finished `dev` profile [unoptimized + debuginfo] target(s) in 37.20s
[INFO] running `Command { std: "docker" "inspect" "762cf66b905ddd9c3ce35e0208b54ccc8937fe928e57c30bd2573f2229592402", kill_on_drop: false }`
[INFO] running `Command { std: "docker" "rm" "-f" "762cf66b905ddd9c3ce35e0208b54ccc8937fe928e57c30bd2573f2229592402", kill_on_drop: false }`
[INFO] [stdout] 762cf66b905ddd9c3ce35e0208b54ccc8937fe928e57c30bd2573f2229592402
[INFO] running `Command { std: "docker" "create" "-v" "/var/lib/crater-agent-workspace/builds/worker-1-tc1/target:/opt/rustwide/target:rw,Z" "-v" "/var/lib/crater-agent-workspace/builds/worker-1-tc1/source:/opt/rustwide/workdir:ro,Z" "-v" "/var/lib/crater-agent-workspace/cargo-home:/opt/rustwide/cargo-home:ro,Z" "-v" "/var/lib/crater-agent-workspace/rustup-home:/opt/rustwide/rustup-home:ro,Z" "-e" "SOURCE_DIR=/opt/rustwide/workdir" "-e" "CARGO_TARGET_DIR=/opt/rustwide/target" "-e" "CARGO_INCREMENTAL=0" "-e" "RUST_BACKTRACE=full" "-e" "RUSTFLAGS=--cap-lints=forbid" "-e" "RUSTDOCFLAGS=--cap-lints=forbid" "-e" "CARGO_HOME=/opt/rustwide/cargo-home" "-e" "RUSTUP_HOME=/opt/rustwide/rustup-home" "-w" "/opt/rustwide/workdir" "-m" "1610612736" "--user" "0:0" "--network" "none" "ghcr.io/rust-lang/crates-build-env/linux@sha256:4a844ea9eb2546a2d2c7022eacef16ef2e8229c7fbb2c7d4d55a9ceca922f72d" "/opt/rustwide/cargo-home/bin/cargo" "+nightly-2024-10-28" "test" "--frozen" "--no-run" "--message-format=json", kill_on_drop: false }`
[INFO] [stdout] b3d85d8d0d14d97b415961f1451d5c0c0ee4c1dc2ab62787ae8d82aca3df7b1d
[INFO] running `Command { std: "docker" "start" "-a" "b3d85d8d0d14d97b415961f1451d5c0c0ee4c1dc2ab62787ae8d82aca3df7b1d", kill_on_drop: false }`
[INFO] [stderr]    Compiling log v0.4.22
[INFO] [stderr]    Compiling getrandom v0.2.15
[INFO] [stderr]    Compiling aho-corasick v1.1.3
[INFO] [stderr]    Compiling regex-syntax v0.8.5
[INFO] [stderr]    Compiling rand_core v0.6.4
[INFO] [stderr]    Compiling libipld v0.14.0
[INFO] [stderr]    Compiling rand_xoshiro v0.6.0
[INFO] [stderr]    Compiling rand v0.8.5
[INFO] [stderr]    Compiling im v15.1.0
[INFO] [stderr]    Compiling regex-automata v0.4.8
[INFO] [stderr]    Compiling ax_types v0.1.0
[INFO] [stderr]    Compiling regex v1.11.1
[INFO] [stderr]    Compiling ax_aql v0.1.0 (/opt/rustwide/workdir)
[INFO] [stderr]    Compiling env_logger v0.8.4
[INFO] [stderr]    Compiling quickcheck v1.0.3
[INFO] [stdout] error[E0277]: the trait bound `ax_types::Timestamp: Arbitrary` is not satisfied
[INFO] [stdout]    --> src/language/mod.rs:512:38
[INFO] [stdout]     |
[INFO] [stdout] 512 |                       let ret = $T::$n(Arbitrary::arbitrary(g) $(,<$t>::arbitrary(g))*);
[INFO] [stdout]     |                                        ^^^^^^^^^^^^^^^^^^^^^^^ the trait `Arbitrary` is not implemented for `ax_types::Timestamp`
[INFO] [stdout] ...
[INFO] [stdout] 718 | /             arb!(SimpleExpr: g =>
[INFO] [stdout] 719 | |                 Variable Number String Bool KeyLiteral KeyVar TimeLiteral TimeVar Tags App,
[INFO] [stdout] 720 | |                 Indexing Object Array Cases BinOp Not FuncCall Interpolation,
[INFO] [stdout] 721 | |                 AggrOp{ Context::Simple { now: Timestamp::now() } },
[INFO] [stdout] 722 | |                 Null,
[INFO] [stdout] 723 | |                 SubQuery
[INFO] [stdout] 724 | |             )
[INFO] [stdout]     | |_____________- in this macro invocation
[INFO] [stdout]     |
[INFO] [stdout]     = help: the following other types implement trait `Arbitrary`:
[INFO] [stdout]               ()
[INFO] [stdout]               (A, B)
[INFO] [stdout]               (A, B, C)
[INFO] [stdout]               (A, B, C, D)
[INFO] [stdout]               (A, B, C, D, E)
[INFO] [stdout]               (A, B, C, D, E, F)
[INFO] [stdout]               (A, B, C, D, E, F, G)
[INFO] [stdout]               (A, B, C, D, E, F, G, H)
[INFO] [stdout]             and 74 others
[INFO] [stdout]     = note: this error originates in the macro `arb` (in Nightly builds, run with -Z macro-backtrace for more info)
[INFO] [stdout] 
[INFO] [stdout] 
[INFO] [stdout] error[E0599]: no method named `shrink` found for reference `&ax_types::Timestamp` in the current scope
[INFO] [stdout]    --> src/language/mod.rs:565:32
[INFO] [stdout]     |
[INFO] [stdout] 565 |                       Box::new(x.shrink().map(move |x| $T::$n(x $(,$add.clone())*)))
[INFO] [stdout]     |                                  ^^^^^^ method not found in `&Timestamp`
[INFO] [stdout] ...
[INFO] [stdout] 727 | /             shrink!(SimpleExpr: self => Variable Number String Bool KeyLiteral KeyVar TimeLiteral TimeVar Tags App,
[INFO] [stdout] 728 | |                 Indexing(x, (*x.head).clone())
[INFO] [stdout] 729 | |                 Interpolation(x,)
[INFO] [stdout] 730 | |                 Object(x, x.props.first().map(|p| p.1.clone()).unwrap_or(SimpleExpr::Null))
[INFO] [stdout] ...   |
[INFO] [stdout] 737 | |                 SubQuery(x,)
[INFO] [stdout] 738 | |                 , Null)
[INFO] [stdout]     | |_______________________- in this macro invocation
[INFO] [stdout]     |
[INFO] [stdout]     = note: this error originates in the macro `shrink` (in Nightly builds, run with -Z macro-backtrace for more info)
[INFO] [stdout] 
[INFO] [stdout] 
[INFO] [stdout] error[E0277]: the trait bound `ax_types::Tag: Arbitrary` is not satisfied
[INFO] [stdout]    --> src/language/mod.rs:512:38
[INFO] [stdout]     |
[INFO] [stdout] 512 |                     let ret = $T::$n(Arbitrary::arbitrary(g) $(,<$t>::arbitrary(g))*);
[INFO] [stdout]     |                                      ^^^^^^^^^^^^^^^^^^^^^^^ the trait `Arbitrary` is not implemented for `ax_types::Tag`
[INFO] [stdout] ...
[INFO] [stdout] 758 |             arb!(TagAtom: g => Tag FromTime(bool) ToTime(bool) FromLamport(bool) ToLamport(bool) AppId, Interpolation, , AllEvents IsLocal)
[INFO] [stdout]     |             ------------------------------------------------------------------------------------------------------------------------------- in this macro invocation
[INFO] [stdout]     |
[INFO] [stdout]     = help: the following other types implement trait `Arbitrary`:
[INFO] [stdout]               ()
[INFO] [stdout]               (A, B)
[INFO] [stdout]               (A, B, C)
[INFO] [stdout]               (A, B, C, D)
[INFO] [stdout]               (A, B, C, D, E)
[INFO] [stdout]               (A, B, C, D, E, F)
[INFO] [stdout]               (A, B, C, D, E, F, G)
[INFO] [stdout]               (A, B, C, D, E, F, G, H)
[INFO] [stdout]             and 74 others
[INFO] [stdout]     = note: this error originates in the macro `arb` (in Nightly builds, run with -Z macro-backtrace for more info)
[INFO] [stdout] 
[INFO] [stdout] 
[INFO] [stdout] error[E0277]: the trait bound `ax_types::Timestamp: Arbitrary` is not satisfied
[INFO] [stdout]    --> src/language/mod.rs:512:38
[INFO] [stdout]     |
[INFO] [stdout] 512 |                     let ret = $T::$n(Arbitrary::arbitrary(g) $(,<$t>::arbitrary(g))*);
[INFO] [stdout]     |                                      ^^^^^^^^^^^^^^^^^^^^^^^ the trait `Arbitrary` is not implemented for `ax_types::Timestamp`
[INFO] [stdout] ...
[INFO] [stdout] 758 |             arb!(TagAtom: g => Tag FromTime(bool) ToTime(bool) FromLamport(bool) ToLamport(bool) AppId, Interpolation, , AllEvents IsLocal)
[INFO] [stdout]     |             ------------------------------------------------------------------------------------------------------------------------------- in this macro invocation
[INFO] [stdout]     |
[INFO] [stdout]     = help: the following other types implement trait `Arbitrary`:
[INFO] [stdout]               ()
[INFO] [stdout]               (A, B)
[INFO] [stdout]               (A, B, C)
[INFO] [stdout]               (A, B, C, D)
[INFO] [stdout]               (A, B, C, D, E)
[INFO] [stdout]               (A, B, C, D, E, F)
[INFO] [stdout]               (A, B, C, D, E, F, G)
[INFO] [stdout]               (A, B, C, D, E, F, G, H)
[INFO] [stdout]             and 74 others
[INFO] [stdout]     = note: this error originates in the macro `arb` (in Nightly builds, run with -Z macro-backtrace for more info)
[INFO] [stdout] 
[INFO] [stdout] 
[INFO] [stdout] error[E0277]: the trait bound `ax_types::AppId: Arbitrary` is not satisfied
[INFO] [stdout]    --> src/language/mod.rs:512:38
[INFO] [stdout]     |
[INFO] [stdout] 512 |                     let ret = $T::$n(Arbitrary::arbitrary(g) $(,<$t>::arbitrary(g))*);
[INFO] [stdout]     |                                      ^^^^^^^^^^^^^^^^^^^^^^^ the trait `Arbitrary` is not implemented for `ax_types::AppId`
[INFO] [stdout] ...
[INFO] [stdout] 758 |             arb!(TagAtom: g => Tag FromTime(bool) ToTime(bool) FromLamport(bool) ToLamport(bool) AppId, Interpolation, , AllEvents IsLocal)
[INFO] [stdout]     |             ------------------------------------------------------------------------------------------------------------------------------- in this macro invocation
[INFO] [stdout]     |
[INFO] [stdout]     = help: the following other types implement trait `Arbitrary`:
[INFO] [stdout]               ()
[INFO] [stdout]               (A, B)
[INFO] [stdout]               (A, B, C)
[INFO] [stdout]               (A, B, C, D)
[INFO] [stdout]               (A, B, C, D, E)
[INFO] [stdout]               (A, B, C, D, E, F)
[INFO] [stdout]               (A, B, C, D, E, F, G)
[INFO] [stdout]               (A, B, C, D, E, F, G, H)
[INFO] [stdout]             and 74 others
[INFO] [stdout]     = note: this error originates in the macro `arb` (in Nightly builds, run with -Z macro-backtrace for more info)
[INFO] [stdout] 
[INFO] [stdout] 
[INFO] [stdout] error[E0599]: no method named `shrink` found for reference `&ax_types::Tag` in the current scope
[INFO] [stdout]    --> src/language/mod.rs:565:32
[INFO] [stdout]     |
[INFO] [stdout] 565 |                     Box::new(x.shrink().map(move |x| $T::$n(x $(,$add.clone())*)))
[INFO] [stdout]     |                                ^^^^^^ method not found in `&Tag`
[INFO] [stdout] ...
[INFO] [stdout] 761 |             shrink!(TagAtom: self => Tag FromTime(i) ToTime(i) FromLamport(i) ToLamport(i) AppId, Interpolation(x,), AllEvents IsLocal)
[INFO] [stdout]     |             --------------------------------------------------------------------------------------------------------------------------- in this macro invocation
[INFO] [stdout]     |
[INFO] [stdout]     = note: this error originates in the macro `shrink` (in Nightly builds, run with -Z macro-backtrace for more info)
[INFO] [stdout] 
[INFO] [stdout] 
[INFO] [stdout] error[E0599]: no method named `shrink` found for reference `&ax_types::Timestamp` in the current scope
[INFO] [stdout]    --> src/language/mod.rs:565:32
[INFO] [stdout]     |
[INFO] [stdout] 565 |                     Box::new(x.shrink().map(move |x| $T::$n(x $(,$add.clone())*)))
[INFO] [stdout]     |                                ^^^^^^ method not found in `&Timestamp`
[INFO] [stdout] ...
[INFO] [stdout] 761 |             shrink!(TagAtom: self => Tag FromTime(i) ToTime(i) FromLamport(i) ToLamport(i) AppId, Interpolation(x,), AllEvents IsLocal)
[INFO] [stdout]     |             --------------------------------------------------------------------------------------------------------------------------- in this macro invocation
[INFO] [stdout]     |
[INFO] [stdout]     = note: this error originates in the macro `shrink` (in Nightly builds, run with -Z macro-backtrace for more info)
[INFO] [stdout] 
[INFO] [stdout] 
[INFO] [stdout] error[E0599]: no method named `shrink` found for reference `&ax_types::AppId` in the current scope
[INFO] [stdout]    --> src/language/mod.rs:565:32
[INFO] [stdout]     |
[INFO] [stdout] 565 |                     Box::new(x.shrink().map(move |x| $T::$n(x $(,$add.clone())*)))
[INFO] [stdout]     |                                ^^^^^^ method not found in `&AppId`
[INFO] [stdout] ...
[INFO] [stdout] 761 |             shrink!(TagAtom: self => Tag FromTime(i) ToTime(i) FromLamport(i) ToLamport(i) AppId, Interpolation(x,), AllEvents IsLocal)
[INFO] [stdout]     |             --------------------------------------------------------------------------------------------------------------------------- in this macro invocation
[INFO] [stdout]     |
[INFO] [stdout]     = note: this error originates in the macro `shrink` (in Nightly builds, run with -Z macro-backtrace for more info)
[INFO] [stdout] 
[INFO] [stdout] 
[INFO] [stdout] error[E0277]: the trait bound `ax_types::service::Order: Arbitrary` is not satisfied
[INFO] [stdout]    --> src/language/mod.rs:797:28
[INFO] [stdout]     |
[INFO] [stdout] 797 |                     order: Arbitrary::arbitrary(g),
[INFO] [stdout]     |                            ^^^^^^^^^^^^^^^^^^^^^^^ the trait `Arbitrary` is not implemented for `ax_types::service::Order`, which is required by `std::option::Option<ax_types::service::Order>: Arbitrary`
[INFO] [stdout]     |
[INFO] [stdout]     = help: the following other types implement trait `Arbitrary`:
[INFO] [stdout]               ()
[INFO] [stdout]               (A, B)
[INFO] [stdout]               (A, B, C)
[INFO] [stdout]               (A, B, C, D)
[INFO] [stdout]               (A, B, C, D, E)
[INFO] [stdout]               (A, B, C, D, E, F)
[INFO] [stdout]               (A, B, C, D, E, F, G)
[INFO] [stdout]               (A, B, C, D, E, F, G, H)
[INFO] [stdout]             and 74 others
[INFO] [stdout]     = note: required for `std::option::Option<ax_types::service::Order>` to implement `Arbitrary`
[INFO] [stdout] 
[INFO] [stdout] 
[INFO] [stdout] error[E0277]: the trait bound `LamportTimestamp: Arbitrary` is not satisfied
[INFO] [stdout]    --> src/language/mod.rs:864:26
[INFO] [stdout]     |
[INFO] [stdout] 864 |                 lamport: Arbitrary::arbitrary(g),
[INFO] [stdout]     |                          ^^^^^^^^^^^^^^^^^^^^^^^ the trait `Arbitrary` is not implemented for `LamportTimestamp`
[INFO] [stdout]     |
[INFO] [stdout]     = help: the following other types implement trait `Arbitrary`:
[INFO] [stdout]               ()
[INFO] [stdout]               (A, B)
[INFO] [stdout]               (A, B, C)
[INFO] [stdout]               (A, B, C, D)
[INFO] [stdout]               (A, B, C, D, E)
[INFO] [stdout]               (A, B, C, D, E, F)
[INFO] [stdout]               (A, B, C, D, E, F, G)
[INFO] [stdout]               (A, B, C, D, E, F, G, H)
[INFO] [stdout]             and 74 others
[INFO] [stdout] 
[INFO] [stdout] 
[INFO] [stdout] error[E0277]: the trait bound `StreamId: Arbitrary` is not satisfied
[INFO] [stdout]    --> src/language/mod.rs:865:25
[INFO] [stdout]     |
[INFO] [stdout] 865 |                 stream: Arbitrary::arbitrary(g),
[INFO] [stdout]     |                         ^^^^^^^^^^^^^^^^^^^^^^^ the trait `Arbitrary` is not implemented for `StreamId`
[INFO] [stdout]     |
[INFO] [stdout]     = help: the following other types implement trait `Arbitrary`:
[INFO] [stdout]               ()
[INFO] [stdout]               (A, B)
[INFO] [stdout]               (A, B, C)
[INFO] [stdout]               (A, B, C, D)
[INFO] [stdout]               (A, B, C, D, E)
[INFO] [stdout]               (A, B, C, D, E, F)
[INFO] [stdout]               (A, B, C, D, E, F, G)
[INFO] [stdout]               (A, B, C, D, E, F, G, H)
[INFO] [stdout]             and 74 others
[INFO] [stdout] 
[INFO] [stdout] 
[INFO] [stdout] Some errors have detailed explanations: E0277, E0599.
[INFO] [stdout] 
[INFO] [stdout] For more information about an error, try `rustc --explain E0277`.
[INFO] [stdout] 
[INFO] [stderr] error: could not compile `ax_aql` (lib test) due to 11 previous errors
[INFO] running `Command { std: "docker" "inspect" "b3d85d8d0d14d97b415961f1451d5c0c0ee4c1dc2ab62787ae8d82aca3df7b1d", kill_on_drop: false }`
[INFO] running `Command { std: "docker" "rm" "-f" "b3d85d8d0d14d97b415961f1451d5c0c0ee4c1dc2ab62787ae8d82aca3df7b1d", kill_on_drop: false }`
[INFO] [stdout] b3d85d8d0d14d97b415961f1451d5c0c0ee4c1dc2ab62787ae8d82aca3df7b1d
