[INFO] fetching crate autophagy-macro 0.1.1...
[INFO] testing autophagy-macro-0.1.1 against nightly-2024-10-28 for randomize-layout
[INFO] extracting crate autophagy-macro 0.1.1 into /workspace/builds/worker-7-tc1/source
[INFO] validating manifest of crates.io crate autophagy-macro 0.1.1 on toolchain nightly-2024-10-28
[INFO] running `Command { std: CARGO_HOME="/workspace/cargo-home" RUSTUP_HOME="/workspace/rustup-home" "/workspace/cargo-home/bin/cargo" "+nightly-2024-10-28" "metadata" "--manifest-path" "Cargo.toml" "--no-deps", kill_on_drop: false }`
[INFO] started tweaking crates.io crate autophagy-macro 0.1.1
[INFO] finished tweaking crates.io crate autophagy-macro 0.1.1
[INFO] tweaked toml for crates.io crate autophagy-macro 0.1.1 written to /workspace/builds/worker-7-tc1/source/Cargo.toml
[INFO] running `Command { std: CARGO_HOME="/workspace/cargo-home" RUSTUP_HOME="/workspace/rustup-home" "/workspace/cargo-home/bin/cargo" "+nightly-2024-10-28" "generate-lockfile" "--manifest-path" "Cargo.toml", kill_on_drop: false }`
[INFO] [stderr]     Updating crates.io index
[INFO] [stderr]      Locking 4 packages to latest compatible versions
[INFO] running `Command { std: CARGO_HOME="/workspace/cargo-home" RUSTUP_HOME="/workspace/rustup-home" "/workspace/cargo-home/bin/cargo" "+nightly-2024-10-28" "fetch" "--manifest-path" "Cargo.toml", kill_on_drop: false }`
[INFO] running `Command { std: "docker" "create" "-v" "/var/lib/crater-agent-workspace/builds/worker-7-tc1/target:/opt/rustwide/target:rw,Z" "-v" "/var/lib/crater-agent-workspace/builds/worker-7-tc1/source:/opt/rustwide/workdir:ro,Z" "-v" "/var/lib/crater-agent-workspace/cargo-home:/opt/rustwide/cargo-home:ro,Z" "-v" "/var/lib/crater-agent-workspace/rustup-home:/opt/rustwide/rustup-home:ro,Z" "-e" "SOURCE_DIR=/opt/rustwide/workdir" "-e" "CARGO_TARGET_DIR=/opt/rustwide/target" "-e" "CARGO_HOME=/opt/rustwide/cargo-home" "-e" "RUSTUP_HOME=/opt/rustwide/rustup-home" "-w" "/opt/rustwide/workdir" "-m" "1610612736" "--user" "0:0" "--network" "none" "ghcr.io/rust-lang/crates-build-env/linux@sha256:4a844ea9eb2546a2d2c7022eacef16ef2e8229c7fbb2c7d4d55a9ceca922f72d" "/opt/rustwide/cargo-home/bin/cargo" "+nightly-2024-10-28" "metadata" "--no-deps" "--format-version=1", kill_on_drop: false }`
[INFO] [stdout] f1f2f061878e48206be7103fc0f4076d25a5f4beef3c0d61de89951e23ee08c8
[INFO] running `Command { std: "docker" "start" "-a" "f1f2f061878e48206be7103fc0f4076d25a5f4beef3c0d61de89951e23ee08c8", kill_on_drop: false }`
[INFO] running `Command { std: "docker" "inspect" "f1f2f061878e48206be7103fc0f4076d25a5f4beef3c0d61de89951e23ee08c8", kill_on_drop: false }`
[INFO] running `Command { std: "docker" "rm" "-f" "f1f2f061878e48206be7103fc0f4076d25a5f4beef3c0d61de89951e23ee08c8", kill_on_drop: false }`
[INFO] [stdout] f1f2f061878e48206be7103fc0f4076d25a5f4beef3c0d61de89951e23ee08c8
[INFO] running `Command { std: "docker" "create" "-v" "/var/lib/crater-agent-workspace/builds/worker-7-tc1/target:/opt/rustwide/target:rw,Z" "-v" "/var/lib/crater-agent-workspace/builds/worker-7-tc1/source:/opt/rustwide/workdir:ro,Z" "-v" "/var/lib/crater-agent-workspace/cargo-home:/opt/rustwide/cargo-home:ro,Z" "-v" "/var/lib/crater-agent-workspace/rustup-home:/opt/rustwide/rustup-home:ro,Z" "-e" "SOURCE_DIR=/opt/rustwide/workdir" "-e" "CARGO_TARGET_DIR=/opt/rustwide/target" "-e" "CARGO_INCREMENTAL=0" "-e" "RUST_BACKTRACE=full" "-e" "RUSTFLAGS=--cap-lints=forbid" "-e" "RUSTDOCFLAGS=--cap-lints=forbid" "-e" "CARGO_HOME=/opt/rustwide/cargo-home" "-e" "RUSTUP_HOME=/opt/rustwide/rustup-home" "-w" "/opt/rustwide/workdir" "-m" "1610612736" "--user" "0:0" "--network" "none" "ghcr.io/rust-lang/crates-build-env/linux@sha256:4a844ea9eb2546a2d2c7022eacef16ef2e8229c7fbb2c7d4d55a9ceca922f72d" "/opt/rustwide/cargo-home/bin/cargo" "+nightly-2024-10-28" "build" "--frozen" "--message-format=json", kill_on_drop: false }`
[INFO] [stdout] b612d5f5bcd6b404f11f6bdffe8f4a692da24b4fe6412a449e9793b0eda79283
[INFO] running `Command { std: "docker" "start" "-a" "b612d5f5bcd6b404f11f6bdffe8f4a692da24b4fe6412a449e9793b0eda79283", kill_on_drop: false }`
[INFO] [stderr]    Compiling autophagy-macro v0.1.1 (/opt/rustwide/workdir)
[INFO] [stderr]     Finished `dev` profile [unoptimized + debuginfo] target(s) in 0.53s
[INFO] running `Command { std: "docker" "inspect" "b612d5f5bcd6b404f11f6bdffe8f4a692da24b4fe6412a449e9793b0eda79283", kill_on_drop: false }`
[INFO] running `Command { std: "docker" "rm" "-f" "b612d5f5bcd6b404f11f6bdffe8f4a692da24b4fe6412a449e9793b0eda79283", kill_on_drop: false }`
[INFO] [stdout] b612d5f5bcd6b404f11f6bdffe8f4a692da24b4fe6412a449e9793b0eda79283
[INFO] running `Command { std: "docker" "create" "-v" "/var/lib/crater-agent-workspace/builds/worker-7-tc1/target:/opt/rustwide/target:rw,Z" "-v" "/var/lib/crater-agent-workspace/builds/worker-7-tc1/source:/opt/rustwide/workdir:ro,Z" "-v" "/var/lib/crater-agent-workspace/cargo-home:/opt/rustwide/cargo-home:ro,Z" "-v" "/var/lib/crater-agent-workspace/rustup-home:/opt/rustwide/rustup-home:ro,Z" "-e" "SOURCE_DIR=/opt/rustwide/workdir" "-e" "CARGO_TARGET_DIR=/opt/rustwide/target" "-e" "CARGO_INCREMENTAL=0" "-e" "RUST_BACKTRACE=full" "-e" "RUSTFLAGS=--cap-lints=forbid" "-e" "RUSTDOCFLAGS=--cap-lints=forbid" "-e" "CARGO_HOME=/opt/rustwide/cargo-home" "-e" "RUSTUP_HOME=/opt/rustwide/rustup-home" "-w" "/opt/rustwide/workdir" "-m" "1610612736" "--user" "0:0" "--network" "none" "ghcr.io/rust-lang/crates-build-env/linux@sha256:4a844ea9eb2546a2d2c7022eacef16ef2e8229c7fbb2c7d4d55a9ceca922f72d" "/opt/rustwide/cargo-home/bin/cargo" "+nightly-2024-10-28" "test" "--frozen" "--no-run" "--message-format=json", kill_on_drop: false }`
[INFO] [stdout] f8967b77019a769d9e92a4c951d6a390888d7166a166bcaec52fbdefb82cd81e
[INFO] running `Command { std: "docker" "start" "-a" "f8967b77019a769d9e92a4c951d6a390888d7166a166bcaec52fbdefb82cd81e", kill_on_drop: false }`
[INFO] [stderr]    Compiling proc-macro2 v1.0.89
[INFO] [stderr]    Compiling unicode-ident v1.0.13
[INFO] [stderr]    Compiling quote v1.0.37
[INFO] [stderr]    Compiling syn v2.0.86
[INFO] [stderr]    Compiling autophagy-macro v0.1.1 (/opt/rustwide/workdir)
[INFO] [stdout] error[E0433]: failed to resolve: use of undeclared crate or module `autophagy`
[INFO] [stdout]  --> tests/structure.rs:3:1
[INFO] [stdout]   |
[INFO] [stdout] 3 | #[quote]
[INFO] [stdout]   | ^^^^^^^^ use of undeclared crate or module `autophagy`
[INFO] [stdout]   |
[INFO] [stdout]   = note: this error originates in the attribute macro `quote` (in Nightly builds, run with -Z macro-backtrace for more info)
[INFO] [stdout] help: consider importing this struct
[INFO] [stdout]   |
[INFO] [stdout] 1 + use syn::token::Struct;
[INFO] [stdout]   |
[INFO] [stdout] 
[INFO] [stdout] 
[INFO] [stdout] error[E0433]: failed to resolve: use of undeclared crate or module `autophagy`
[INFO] [stdout]  --> tests/structure.rs:3:1
[INFO] [stdout]   |
[INFO] [stdout] 3 | #[quote]
[INFO] [stdout]   | ^^^^^^^^ use of undeclared crate or module `autophagy`
[INFO] [stdout]   |
[INFO] [stdout]   = note: this error originates in the attribute macro `quote` (in Nightly builds, run with -Z macro-backtrace for more info)
[INFO] [stdout] 
[INFO] [stdout] 
[INFO] [stdout] For more information about this error, try `rustc --explain E0433`.
[INFO] [stdout] 
[INFO] [stderr] error: could not compile `autophagy-macro` (test "structure") due to 2 previous errors
[INFO] [stderr] warning: build failed, waiting for other jobs to finish...
[INFO] [stdout] error[E0433]: failed to resolve: use of undeclared crate or module `autophagy`
[INFO] [stdout]  --> tests/function.rs:3:1
[INFO] [stdout]   |
[INFO] [stdout] 3 | #[quote]
[INFO] [stdout]   | ^^^^^^^^ use of undeclared crate or module `autophagy`
[INFO] [stdout]   |
[INFO] [stdout]   = note: this error originates in the attribute macro `quote` (in Nightly builds, run with -Z macro-backtrace for more info)
[INFO] [stdout] help: consider importing one of these items
[INFO] [stdout]   |
[INFO] [stdout] 1 + use std::ops::Fn;
[INFO] [stdout]   |
[INFO] [stdout] 1 + use syn::token::Fn;
[INFO] [stdout]   |
[INFO] [stdout] 
[INFO] [stdout] 
[INFO] [stdout] error[E0433]: failed to resolve: use of undeclared crate or module `autophagy`
[INFO] [stdout]  --> tests/function.rs:6:1
[INFO] [stdout]   |
[INFO] [stdout] 6 | #[quote]
[INFO] [stdout]   | ^^^^^^^^ use of undeclared crate or module `autophagy`
[INFO] [stdout]   |
[INFO] [stdout]   = note: this error originates in the attribute macro `quote` (in Nightly builds, run with -Z macro-backtrace for more info)
[INFO] [stdout] help: consider importing one of these items
[INFO] [stdout]   |
[INFO] [stdout] 1 + use std::ops::Fn;
[INFO] [stdout]   |
[INFO] [stdout] 1 + use syn::token::Fn;
[INFO] [stdout]   |
[INFO] [stdout] 
[INFO] [stdout] 
[INFO] [stdout] error[E0433]: failed to resolve: use of undeclared crate or module `autophagy`
[INFO] [stdout]  --> tests/function.rs:3:1
[INFO] [stdout]   |
[INFO] [stdout] 3 | #[quote]
[INFO] [stdout]   | ^^^^^^^^ use of undeclared crate or module `autophagy`
[INFO] [stdout]   |
[INFO] [stdout]   = note: this error originates in the attribute macro `quote` (in Nightly builds, run with -Z macro-backtrace for more info)
[INFO] [stdout] 
[INFO] [stdout] 
[INFO] [stdout] error[E0433]: failed to resolve: use of undeclared crate or module `autophagy`
[INFO] [stdout]  --> tests/function.rs:6:1
[INFO] [stdout]   |
[INFO] [stdout] 6 | #[quote]
[INFO] [stdout]   | ^^^^^^^^ use of undeclared crate or module `autophagy`
[INFO] [stdout]   |
[INFO] [stdout]   = note: this error originates in the attribute macro `quote` (in Nightly builds, run with -Z macro-backtrace for more info)
[INFO] [stdout] 
[INFO] [stdout] 
[INFO] [stdout] For more information about this error, try `rustc --explain E0433`.
[INFO] [stdout] 
[INFO] [stderr] error: could not compile `autophagy-macro` (test "function") due to 4 previous errors
[INFO] running `Command { std: "docker" "inspect" "f8967b77019a769d9e92a4c951d6a390888d7166a166bcaec52fbdefb82cd81e", kill_on_drop: false }`
[INFO] running `Command { std: "docker" "rm" "-f" "f8967b77019a769d9e92a4c951d6a390888d7166a166bcaec52fbdefb82cd81e", kill_on_drop: false }`
[INFO] [stdout] f8967b77019a769d9e92a4c951d6a390888d7166a166bcaec52fbdefb82cd81e
