[INFO] fetching crate autogpt 0.0.1...
[INFO] testing autogpt-0.0.1 against nightly-2024-10-28+rustflags=-Zrandomize-layout for randomize-layout
[INFO] extracting crate autogpt 0.0.1 into /workspace/builds/worker-7-tc2/source
[INFO] validating manifest of crates.io crate autogpt 0.0.1 on toolchain nightly-2024-10-28
[INFO] running `Command { std: CARGO_HOME="/workspace/cargo-home" RUSTUP_HOME="/workspace/rustup-home" "/workspace/cargo-home/bin/cargo" "+nightly-2024-10-28" "metadata" "--manifest-path" "Cargo.toml" "--no-deps", kill_on_drop: false }`
[INFO] started tweaking crates.io crate autogpt 0.0.1
[INFO] finished tweaking crates.io crate autogpt 0.0.1
[INFO] tweaked toml for crates.io crate autogpt 0.0.1 written to /workspace/builds/worker-7-tc2/source/Cargo.toml
[INFO] crate crates.io crate autogpt 0.0.1 already has a lockfile, it will not be regenerated
[INFO] running `Command { std: CARGO_HOME="/workspace/cargo-home" RUSTUP_HOME="/workspace/rustup-home" "/workspace/cargo-home/bin/cargo" "+nightly-2024-10-28" "fetch" "--manifest-path" "Cargo.toml", kill_on_drop: false }`
[INFO] running `Command { std: "docker" "create" "-v" "/var/lib/crater-agent-workspace/builds/worker-7-tc2/target:/opt/rustwide/target:rw,Z" "-v" "/var/lib/crater-agent-workspace/builds/worker-7-tc2/source:/opt/rustwide/workdir:ro,Z" "-v" "/var/lib/crater-agent-workspace/cargo-home:/opt/rustwide/cargo-home:ro,Z" "-v" "/var/lib/crater-agent-workspace/rustup-home:/opt/rustwide/rustup-home:ro,Z" "-e" "SOURCE_DIR=/opt/rustwide/workdir" "-e" "CARGO_TARGET_DIR=/opt/rustwide/target" "-e" "CARGO_HOME=/opt/rustwide/cargo-home" "-e" "RUSTUP_HOME=/opt/rustwide/rustup-home" "-w" "/opt/rustwide/workdir" "-m" "1610612736" "--user" "0:0" "--network" "none" "ghcr.io/rust-lang/crates-build-env/linux@sha256:4a844ea9eb2546a2d2c7022eacef16ef2e8229c7fbb2c7d4d55a9ceca922f72d" "/opt/rustwide/cargo-home/bin/cargo" "+nightly-2024-10-28" "metadata" "--no-deps" "--format-version=1", kill_on_drop: false }`
[INFO] [stdout] c0dc6a11976c82bf7a9034d2132301d4a659b24021fc80a7749a5b6de14f241f
[INFO] running `Command { std: "docker" "start" "-a" "c0dc6a11976c82bf7a9034d2132301d4a659b24021fc80a7749a5b6de14f241f", kill_on_drop: false }`
[INFO] running `Command { std: "docker" "inspect" "c0dc6a11976c82bf7a9034d2132301d4a659b24021fc80a7749a5b6de14f241f", kill_on_drop: false }`
[INFO] running `Command { std: "docker" "rm" "-f" "c0dc6a11976c82bf7a9034d2132301d4a659b24021fc80a7749a5b6de14f241f", kill_on_drop: false }`
[INFO] [stdout] c0dc6a11976c82bf7a9034d2132301d4a659b24021fc80a7749a5b6de14f241f
[INFO] running `Command { std: "docker" "create" "-v" "/var/lib/crater-agent-workspace/builds/worker-7-tc2/target:/opt/rustwide/target:rw,Z" "-v" "/var/lib/crater-agent-workspace/builds/worker-7-tc2/source:/opt/rustwide/workdir:ro,Z" "-v" "/var/lib/crater-agent-workspace/cargo-home:/opt/rustwide/cargo-home:ro,Z" "-v" "/var/lib/crater-agent-workspace/rustup-home:/opt/rustwide/rustup-home:ro,Z" "-e" "SOURCE_DIR=/opt/rustwide/workdir" "-e" "CARGO_TARGET_DIR=/opt/rustwide/target" "-e" "CARGO_INCREMENTAL=0" "-e" "RUST_BACKTRACE=full" "-e" "RUSTFLAGS=--cap-lints=forbid -Zrandomize-layout" "-e" "RUSTDOCFLAGS=--cap-lints=forbid" "-e" "CARGO_HOME=/opt/rustwide/cargo-home" "-e" "RUSTUP_HOME=/opt/rustwide/rustup-home" "-w" "/opt/rustwide/workdir" "-m" "1610612736" "--user" "0:0" "--network" "none" "ghcr.io/rust-lang/crates-build-env/linux@sha256:4a844ea9eb2546a2d2c7022eacef16ef2e8229c7fbb2c7d4d55a9ceca922f72d" "/opt/rustwide/cargo-home/bin/cargo" "+nightly-2024-10-28" "build" "--frozen" "--message-format=json", kill_on_drop: false }`
[INFO] [stdout] ee9f97daaa98317c2a418d4517849a3454ecfcf6ccdc62367caa878d4f523ce9
[INFO] running `Command { std: "docker" "start" "-a" "ee9f97daaa98317c2a418d4517849a3454ecfcf6ccdc62367caa878d4f523ce9", kill_on_drop: false }`
[INFO] [stderr]    Compiling proc-macro2 v1.0.79
[INFO] [stderr]    Compiling unicode-ident v1.0.12
[INFO] [stderr]    Compiling libc v0.2.153
[INFO] [stderr]    Compiling autocfg v1.2.0
[INFO] [stderr]    Compiling bytes v1.6.0
[INFO] [stderr]    Compiling cfg-if v1.0.0
[INFO] [stderr]    Compiling pin-project-lite v0.2.14
[INFO] [stderr]    Compiling itoa v1.0.11
[INFO] [stderr]    Compiling parking_lot_core v0.9.9
[INFO] [stderr]    Compiling once_cell v1.19.0
[INFO] [stderr]    Compiling scopeguard v1.2.0
[INFO] [stderr]    Compiling log v0.4.21
[INFO] [stderr]    Compiling smallvec v1.13.2
[INFO] [stderr]    Compiling futures-core v0.3.30
[INFO] [stderr]    Compiling fnv v1.0.7
[INFO] [stderr]    Compiling tracing-core v0.1.32
[INFO] [stderr]    Compiling pkg-config v0.3.30
[INFO] [stderr]    Compiling vcpkg v0.2.15
[INFO] [stderr]    Compiling cc v1.0.90
[INFO] [stderr]    Compiling lock_api v0.4.11
[INFO] [stderr]    Compiling quote v1.0.35
[INFO] [stderr]    Compiling syn v2.0.57
[INFO] [stderr]    Compiling signal-hook-registry v1.4.1
[INFO] [stderr]    Compiling mio v0.8.11
[INFO] [stderr]    Compiling num_cpus v1.16.0
[INFO] [stderr]    Compiling parking_lot v0.12.1
[INFO] [stderr]    Compiling socket2 v0.5.6
[INFO] [stderr]    Compiling slab v0.4.9
[INFO] [stderr]    Compiling pin-utils v0.1.0
[INFO] [stderr]    Compiling futures-task v0.3.30
[INFO] [stderr]    Compiling equivalent v1.0.1
[INFO] [stderr]    Compiling hashbrown v0.14.3
[INFO] [stderr]    Compiling futures-sink v0.3.30
[INFO] [stderr]    Compiling httparse v1.8.0
[INFO] [stderr]    Compiling foreign-types-shared v0.1.1
[INFO] [stderr]    Compiling try-lock v0.2.5
[INFO] [stderr]    Compiling openssl v0.10.64
[INFO] [stderr]    Compiling want v0.3.1
[INFO] [stderr]    Compiling foreign-types v0.3.2
[INFO] [stderr]    Compiling futures-channel v0.3.30
[INFO] [stderr]    Compiling tinyvec_macros v0.1.1
[INFO] [stderr]    Compiling openssl-sys v0.9.102
[INFO] [stderr]    Compiling tower-service v0.3.2
[INFO] [stderr]    Compiling native-tls v0.2.11
[INFO] [stderr]    Compiling bitflags v2.5.0
[INFO] [stderr]    Compiling tinyvec v1.6.0
[INFO] [stderr]    Compiling http v1.1.0
[INFO] [stderr]    Compiling percent-encoding v2.3.1
[INFO] [stderr]    Compiling openssl-probe v0.1.5
[INFO] [stderr]    Compiling serde v1.0.197
[INFO] [stderr]    Compiling form_urlencoded v1.2.1
[INFO] [stderr]    Compiling http v0.2.12
[INFO] [stderr]    Compiling indexmap v2.2.6
[INFO] [stderr]    Compiling unicode-bidi v0.3.15
[INFO] [stderr]    Compiling ryu v1.0.17
[INFO] [stderr]    Compiling unicode-normalization v0.1.23
[INFO] [stderr]    Compiling serde_json v1.0.115
[INFO] [stderr]    Compiling tower-layer v0.3.2
[INFO] [stderr]    Compiling http-body v1.0.0
[INFO] [stderr]    Compiling http-body v0.4.6
[INFO] [stderr]    Compiling httpdate v1.0.3
[INFO] [stderr]    Compiling base64 v0.21.7
[INFO] [stderr]    Compiling encoding_rs v0.8.33
[INFO] [stderr]    Compiling idna v0.5.0
[INFO] [stderr]    Compiling sync_wrapper v0.1.2
[INFO] [stderr]    Compiling ipnet v2.9.0
[INFO] [stderr]    Compiling mime v0.3.17
[INFO] [stderr]    Compiling rustls-pemfile v1.0.4
[INFO] [stderr]    Compiling http-body-util v0.1.1
[INFO] [stderr]    Compiling anyhow v1.0.81
[INFO] [stderr]    Compiling base64 v0.22.0
[INFO] [stderr]    Compiling url v2.5.0
[INFO] [stderr]    Compiling lazy_static v1.4.0
[INFO] [stderr]    Compiling home v0.5.9
[INFO] [stderr]    Compiling colored v2.1.0
[INFO] [stderr]    Compiling webbrowser v0.8.13
[INFO] [stderr]    Compiling tokio-macros v2.2.0
[INFO] [stderr]    Compiling tracing-attributes v0.1.27
[INFO] [stderr]    Compiling futures-macro v0.3.30
[INFO] [stderr]    Compiling openssl-macros v0.1.1
[INFO] [stderr]    Compiling serde_derive v1.0.197
[INFO] [stderr]    Compiling pin-project-internal v1.1.5
[INFO] [stderr]    Compiling tokio v1.37.0
[INFO] [stderr]    Compiling futures-util v0.3.30
[INFO] [stderr]    Compiling pin-project v1.1.5
[INFO] [stderr]    Compiling tracing v0.1.40
[INFO] [stderr]    Compiling tokio-util v0.7.10
[INFO] [stderr]    Compiling tokio-native-tls v0.3.1
[INFO] [stderr]    Compiling tower v0.4.13
[INFO] [stderr]    Compiling serde_urlencoded v0.7.1
[INFO] [stderr]    Compiling h2 v0.4.3
[INFO] [stderr]    Compiling h2 v0.3.25
[INFO] [stderr]    Compiling hyper v1.2.0
[INFO] [stderr]    Compiling hyper v0.14.28
[INFO] [stderr]    Compiling hyper-util v0.1.3
[INFO] [stderr]    Compiling hyper-tls v0.6.0
[INFO] [stderr]    Compiling reqwest v0.12.2
[INFO] [stderr]    Compiling hyper-tls v0.5.0
[INFO] [stderr]    Compiling reqwest v0.11.27
[INFO] [stderr]    Compiling gems v0.0.7
[INFO] [stderr]    Compiling autogpt v0.0.1 (/opt/rustwide/workdir)
[INFO] [stdout] warning: constant `WEB_DESIGNER_PROMPT` is never used
[INFO] [stdout]  --> src/prompts/designer.rs:1:18
[INFO] [stdout]   |
[INFO] [stdout] 1 | pub(crate) const WEB_DESIGNER_PROMPT: &str = r#"
[INFO] [stdout]   |                  ^^^^^^^^^^^^^^^^^^^
[INFO] [stdout]   |
[INFO] [stdout]   = note: `#[warn(dead_code)]` on by default
[INFO] [stdout] 
[INFO] [stdout] 
[INFO] [stdout] warning: constant `IMGGET_PROMPT` is never used
[INFO] [stdout]   --> src/prompts/designer.rs:16:18
[INFO] [stdout]    |
[INFO] [stdout] 16 | pub(crate) const IMGGET_PROMPT: &str = r#"
[INFO] [stdout]    |                  ^^^^^^^^^^^^^
[INFO] [stdout] 
[INFO] [stdout] 
[INFO] [stderr]     Finished `dev` profile [unoptimized + debuginfo] target(s) in 23.99s
[INFO] running `Command { std: "docker" "inspect" "ee9f97daaa98317c2a418d4517849a3454ecfcf6ccdc62367caa878d4f523ce9", kill_on_drop: false }`
[INFO] running `Command { std: "docker" "rm" "-f" "ee9f97daaa98317c2a418d4517849a3454ecfcf6ccdc62367caa878d4f523ce9", kill_on_drop: false }`
[INFO] [stdout] ee9f97daaa98317c2a418d4517849a3454ecfcf6ccdc62367caa878d4f523ce9
[INFO] running `Command { std: "docker" "create" "-v" "/var/lib/crater-agent-workspace/builds/worker-7-tc2/target:/opt/rustwide/target:rw,Z" "-v" "/var/lib/crater-agent-workspace/builds/worker-7-tc2/source:/opt/rustwide/workdir:ro,Z" "-v" "/var/lib/crater-agent-workspace/cargo-home:/opt/rustwide/cargo-home:ro,Z" "-v" "/var/lib/crater-agent-workspace/rustup-home:/opt/rustwide/rustup-home:ro,Z" "-e" "SOURCE_DIR=/opt/rustwide/workdir" "-e" "CARGO_TARGET_DIR=/opt/rustwide/target" "-e" "CARGO_INCREMENTAL=0" "-e" "RUST_BACKTRACE=full" "-e" "RUSTFLAGS=--cap-lints=forbid -Zrandomize-layout" "-e" "RUSTDOCFLAGS=--cap-lints=forbid" "-e" "CARGO_HOME=/opt/rustwide/cargo-home" "-e" "RUSTUP_HOME=/opt/rustwide/rustup-home" "-w" "/opt/rustwide/workdir" "-m" "1610612736" "--user" "0:0" "--network" "none" "ghcr.io/rust-lang/crates-build-env/linux@sha256:4a844ea9eb2546a2d2c7022eacef16ef2e8229c7fbb2c7d4d55a9ceca922f72d" "/opt/rustwide/cargo-home/bin/cargo" "+nightly-2024-10-28" "test" "--frozen" "--no-run" "--message-format=json", kill_on_drop: false }`
[INFO] [stdout] 5746e6aba25358f85c174323e23011fad7d9721bd6deb33bc430a95a012be26f
[INFO] running `Command { std: "docker" "start" "-a" "5746e6aba25358f85c174323e23011fad7d9721bd6deb33bc430a95a012be26f", kill_on_drop: false }`
[INFO] [stderr]    Compiling autogpt v0.0.1 (/opt/rustwide/workdir)
[INFO] [stdout] warning: constant `WEB_DESIGNER_PROMPT` is never used
[INFO] [stdout]  --> src/prompts/designer.rs:1:18
[INFO] [stdout]   |
[INFO] [stdout] 1 | pub(crate) const WEB_DESIGNER_PROMPT: &str = r#"
[INFO] [stdout]   |                  ^^^^^^^^^^^^^^^^^^^
[INFO] [stdout]   |
[INFO] [stdout]   = note: `#[warn(dead_code)]` on by default
[INFO] [stdout] 
[INFO] [stdout] 
[INFO] [stdout] warning: constant `IMGGET_PROMPT` is never used
[INFO] [stdout]   --> src/prompts/designer.rs:16:18
[INFO] [stdout]    |
[INFO] [stdout] 16 | pub(crate) const IMGGET_PROMPT: &str = r#"
[INFO] [stdout]    |                  ^^^^^^^^^^^^^
[INFO] [stdout] 
[INFO] [stdout] 
[INFO] [stdout] error[E0433]: failed to resolve: use of undeclared crate or module `tracing_subscriber`
[INFO] [stdout]  --> tests/mailer.rs:6:5
[INFO] [stdout]   |
[INFO] [stdout] 6 | use tracing_subscriber::{filter, fmt, prelude::*, reload};
[INFO] [stdout]   |     ^^^^^^^^^^^^^^^^^^ use of undeclared crate or module `tracing_subscriber`
[INFO] [stdout] 
[INFO] [stdout] 
[INFO] [stdout] error[E0432]: unresolved import `tracing_subscriber`
[INFO] [stdout]  --> tests/mailer.rs:6:5
[INFO] [stdout]   |
[INFO] [stdout] 6 | use tracing_subscriber::{filter, fmt, prelude::*, reload};
[INFO] [stdout]   |     ^^^^^^^^^^^^^^^^^^ use of undeclared crate or module `tracing_subscriber`
[INFO] [stdout] 
[INFO] [stdout] 
[INFO] [stdout] warning: unused import: `autogpt::common::utils::Scope`
[INFO] [stdout]  --> tests/mailer.rs:3:5
[INFO] [stdout]   |
[INFO] [stdout] 3 | use autogpt::common::utils::Scope;
[INFO] [stdout]   |     ^^^^^^^^^^^^^^^^^^^^^^^^^^^^^
[INFO] [stdout]   |
[INFO] [stdout]   = note: `#[warn(unused_imports)]` on by default
[INFO] [stdout] 
[INFO] [stdout] 
[INFO] [stdout] warning: unused import: `autogpt::common::utils::Tasks`
[INFO] [stdout]  --> tests/mailer.rs:4:5
[INFO] [stdout]   |
[INFO] [stdout] 4 | use autogpt::common::utils::Tasks;
[INFO] [stdout]   |     ^^^^^^^^^^^^^^^^^^^^^^^^^^^^^
[INFO] [stdout] 
[INFO] [stdout] 
[INFO] [stdout] warning: unused import: `autogpt::traits::functions::Functions`
[INFO] [stdout]  --> tests/mailer.rs:5:5
[INFO] [stdout]   |
[INFO] [stdout] 5 | use autogpt::traits::functions::Functions;
[INFO] [stdout]   |     ^^^^^^^^^^^^^^^^^^^^^^^^^^^^^^^^^^^^^
[INFO] [stdout] 
[INFO] [stdout] 
[INFO] [stdout] error[E0433]: failed to resolve: use of undeclared crate or module `tracing_subscriber`
[INFO] [stdout]  --> tests/manager.rs:3:5
[INFO] [stdout]   |
[INFO] [stdout] 3 | use tracing_subscriber::{filter, fmt, prelude::*, reload};
[INFO] [stdout]   |     ^^^^^^^^^^^^^^^^^^ use of undeclared crate or module `tracing_subscriber`
[INFO] [stdout] 
[INFO] [stdout] 
[INFO] [stdout] error[E0432]: unresolved import `tracing_subscriber`
[INFO] [stdout]  --> tests/manager.rs:3:5
[INFO] [stdout]   |
[INFO] [stdout] 3 | use tracing_subscriber::{filter, fmt, prelude::*, reload};
[INFO] [stdout]   |     ^^^^^^^^^^^^^^^^^^ use of undeclared crate or module `tracing_subscriber`
[INFO] [stdout] 
[INFO] [stdout] 
[INFO] [stdout] Some errors have detailed explanations: E0432, E0433.
[INFO] [stdout] 
[INFO] [stdout] For more information about an error, try `rustc --explain E0432`.
[INFO] [stdout] 
[INFO] [stdout] error[E0433]: failed to resolve: use of undeclared crate or module `tracing_subscriber`
[INFO] [stdout]  --> tests/functions.rs:9:5
[INFO] [stdout]   |
[INFO] [stdout] 9 | use tracing_subscriber::{filter, fmt, prelude::*, reload};
[INFO] [stdout]   |     ^^^^^^^^^^^^^^^^^^ use of undeclared crate or module `tracing_subscriber`
[INFO] [stdout] 
[INFO] [stdout] 
[INFO] [stdout] error[E0432]: unresolved import `tracing_subscriber`
[INFO] [stdout]  --> tests/functions.rs:9:5
[INFO] [stdout]   |
[INFO] [stdout] 9 | use tracing_subscriber::{filter, fmt, prelude::*, reload};
[INFO] [stdout]   |     ^^^^^^^^^^^^^^^^^^ use of undeclared crate or module `tracing_subscriber`
[INFO] [stdout] 
[INFO] [stdout] 
[INFO] [stderr] error: could not compile `autogpt` (test "mailer") due to 2 previous errors; 3 warnings emitted
[INFO] [stderr] warning: build failed, waiting for other jobs to finish...
[INFO] [stdout] error[E0433]: failed to resolve: use of undeclared crate or module `tracing_subscriber`
[INFO] [stdout]  --> tests/architect.rs:5:5
[INFO] [stdout]   |
[INFO] [stdout] 5 | use tracing_subscriber::{filter, fmt, prelude::*, reload};
[INFO] [stdout]   |     ^^^^^^^^^^^^^^^^^^ use of undeclared crate or module `tracing_subscriber`
[INFO] [stdout] 
[INFO] [stdout] 
[INFO] [stdout] error[E0432]: unresolved import `tracing_subscriber`
[INFO] [stdout]  --> tests/architect.rs:5:5
[INFO] [stdout]   |
[INFO] [stdout] 5 | use tracing_subscriber::{filter, fmt, prelude::*, reload};
[INFO] [stdout]   |     ^^^^^^^^^^^^^^^^^^ use of undeclared crate or module `tracing_subscriber`
[INFO] [stdout] 
[INFO] [stdout] 
[INFO] [stdout] error[E0433]: failed to resolve: use of undeclared crate or module `tracing_subscriber`
[INFO] [stdout]  --> tests/designer.rs:9:5
[INFO] [stdout]   |
[INFO] [stdout] 9 | use tracing_subscriber::{filter, fmt, prelude::*, reload};
[INFO] [stdout]   |     ^^^^^^^^^^^^^^^^^^ use of undeclared crate or module `tracing_subscriber`
[INFO] [stdout] 
[INFO] [stdout] 
[INFO] [stdout] error[E0432]: unresolved import `tracing_subscriber`
[INFO] [stdout]  --> tests/designer.rs:9:5
[INFO] [stdout]   |
[INFO] [stdout] 9 | use tracing_subscriber::{filter, fmt, prelude::*, reload};
[INFO] [stdout]   |     ^^^^^^^^^^^^^^^^^^ use of undeclared crate or module `tracing_subscriber`
[INFO] [stdout] 
[INFO] [stdout] 
[INFO] [stdout] Some errors have detailed explanations: E0432, E0433.
[INFO] [stdout] 
[INFO] [stdout] For more information about an error, try `rustc --explain E0432`.
[INFO] [stdout] 
[INFO] [stdout] error[E0433]: failed to resolve: use of undeclared crate or module `tracing_subscriber`
[INFO] [stdout]  --> tests/manager.rs:9:5
[INFO] [stdout]   |
[INFO] [stdout] 9 |     tracing_subscriber::registry()
[INFO] [stdout]   |     ^^^^^^^^^^^^^^^^^^ use of undeclared crate or module `tracing_subscriber`
[INFO] [stdout] 
[INFO] [stdout] 
[INFO] [stderr] error: could not compile `autogpt` (test "designer") due to 2 previous errors
[INFO] [stdout] Some errors have detailed explanations: E0432, E0433.
[INFO] [stdout] 
[INFO] [stdout] For more information about an error, try `rustc --explain E0432`.
[INFO] [stdout] 
[INFO] [stderr] error: could not compile `autogpt` (test "manager") due to 3 previous errors
[INFO] [stdout] error[E0433]: failed to resolve: use of undeclared crate or module `tracing_subscriber`
[INFO] [stdout]   --> tests/architect.rs:11:5
[INFO] [stdout]    |
[INFO] [stdout] 11 |     tracing_subscriber::registry()
[INFO] [stdout]    |     ^^^^^^^^^^^^^^^^^^ use of undeclared crate or module `tracing_subscriber`
[INFO] [stdout] 
[INFO] [stdout] 
[INFO] [stdout] error[E0433]: failed to resolve: use of undeclared crate or module `tracing_subscriber`
[INFO] [stdout]   --> tests/functions.rs:39:5
[INFO] [stdout]    |
[INFO] [stdout] 39 |     tracing_subscriber::registry()
[INFO] [stdout]    |     ^^^^^^^^^^^^^^^^^^ use of undeclared crate or module `tracing_subscriber`
[INFO] [stdout] 
[INFO] [stdout] 
[INFO] [stdout] Some errors have detailed explanations: E0432, E0433.
[INFO] [stdout] 
[INFO] [stdout] For more information about an error, try `rustc --explain E0432`.
[INFO] [stdout] 
[INFO] [stdout] Some errors have detailed explanations: E0432, E0433.
[INFO] [stdout] 
[INFO] [stdout] For more information about an error, try `rustc --explain E0432`.
[INFO] [stdout] 
[INFO] [stderr] error: could not compile `autogpt` (test "functions") due to 3 previous errors
[INFO] [stderr] error: could not compile `autogpt` (test "architect") due to 3 previous errors
[INFO] [stdout] warning: constant `WEB_DESIGNER_PROMPT` is never used
[INFO] [stdout]  --> src/prompts/designer.rs:1:18
[INFO] [stdout]   |
[INFO] [stdout] 1 | pub(crate) const WEB_DESIGNER_PROMPT: &str = r#"
[INFO] [stdout]   |                  ^^^^^^^^^^^^^^^^^^^
[INFO] [stdout]   |
[INFO] [stdout]   = note: `#[warn(dead_code)]` on by default
[INFO] [stdout] 
[INFO] [stdout] 
[INFO] [stdout] warning: constant `IMGGET_PROMPT` is never used
[INFO] [stdout]   --> src/prompts/designer.rs:16:18
[INFO] [stdout]    |
[INFO] [stdout] 16 | pub(crate) const IMGGET_PROMPT: &str = r#"
[INFO] [stdout]    |                  ^^^^^^^^^^^^^
[INFO] [stdout] 
[INFO] [stdout] 
[INFO] running `Command { std: "docker" "inspect" "5746e6aba25358f85c174323e23011fad7d9721bd6deb33bc430a95a012be26f", kill_on_drop: false }`
[INFO] running `Command { std: "docker" "rm" "-f" "5746e6aba25358f85c174323e23011fad7d9721bd6deb33bc430a95a012be26f", kill_on_drop: false }`
[INFO] [stdout] 5746e6aba25358f85c174323e23011fad7d9721bd6deb33bc430a95a012be26f
