[INFO] fetching crate auto-delegate 0.1.3...
[INFO] testing auto-delegate-0.1.3 against nightly-2024-10-28 for randomize-layout
[INFO] extracting crate auto-delegate 0.1.3 into /workspace/builds/worker-4-tc1/source
[INFO] validating manifest of crates.io crate auto-delegate 0.1.3 on toolchain nightly-2024-10-28
[INFO] running `Command { std: CARGO_HOME="/workspace/cargo-home" RUSTUP_HOME="/workspace/rustup-home" "/workspace/cargo-home/bin/cargo" "+nightly-2024-10-28" "metadata" "--manifest-path" "Cargo.toml" "--no-deps", kill_on_drop: false }`
[INFO] removed /workspace/builds/worker-4-tc1/source/rust-toolchain.toml
[INFO] started tweaking crates.io crate auto-delegate 0.1.3
[INFO] removed 0 missing examples
[INFO] removed 0 missing tests
[INFO] finished tweaking crates.io crate auto-delegate 0.1.3
[INFO] tweaked toml for crates.io crate auto-delegate 0.1.3 written to /workspace/builds/worker-4-tc1/source/Cargo.toml
[INFO] crate crates.io crate auto-delegate 0.1.3 already has a lockfile, it will not be regenerated
[INFO] running `Command { std: CARGO_HOME="/workspace/cargo-home" RUSTUP_HOME="/workspace/rustup-home" "/workspace/cargo-home/bin/cargo" "+nightly-2024-10-28" "fetch" "--manifest-path" "Cargo.toml", kill_on_drop: false }`
[INFO] [stderr]     Updating crates.io index
[INFO] [stderr]  Downloading crates ...
[INFO] [stderr]   Downloaded toml_datetime v0.6.6
[INFO] [stderr]   Downloaded wasm-bindgen-shared v0.2.92
[INFO] [stderr]   Downloaded is-terminal v0.4.12
[INFO] [stderr]   Downloaded winapi-util v0.1.8
[INFO] [stderr]   Downloaded serde_spanned v0.6.6
[INFO] [stderr]   Downloaded clap_lex v0.7.1
[INFO] [stderr]   Downloaded anstyle v1.0.7
[INFO] [stderr]   Downloaded async-trait v0.1.80
[INFO] [stderr]   Downloaded toml v0.8.14
[INFO] [stderr]   Downloaded clap v4.5.8
[INFO] [stderr]   Downloaded js-sys v0.3.69
[INFO] [stderr]   Downloaded winnow v0.6.13
[INFO] [stderr]   Downloaded toml_edit v0.22.14
[INFO] [stderr]   Downloaded cc v1.0.102
[INFO] [stderr]   Downloaded clap_builder v4.5.8
[INFO] [stderr]   Downloaded wasm-bindgen v0.2.92
[INFO] [stderr]   Downloaded trybuild v1.0.96
[INFO] [stderr]   Downloaded regex v1.10.5
[INFO] [stderr]   Downloaded wasm-bindgen-backend v0.2.92
[INFO] [stderr]   Downloaded redox_syscall v0.5.2
[INFO] [stderr]   Downloaded wasm-bindgen-macro v0.2.92
[INFO] [stderr]   Downloaded object v0.36.1
[INFO] [stderr]   Downloaded tokio-macros v2.3.0
[INFO] [stderr]   Downloaded wasm-bindgen-macro-support v0.2.92
[INFO] [stderr]   Downloaded tokio v1.38.0
[INFO] [stderr]   Downloaded web-sys v0.3.69
[INFO] [stderr]   Downloaded auto-delegate-impl v0.1.2
[INFO] running `Command { std: "docker" "create" "-v" "/var/lib/crater-agent-workspace/builds/worker-4-tc1/target:/opt/rustwide/target:rw,Z" "-v" "/var/lib/crater-agent-workspace/builds/worker-4-tc1/source:/opt/rustwide/workdir:ro,Z" "-v" "/var/lib/crater-agent-workspace/cargo-home:/opt/rustwide/cargo-home:ro,Z" "-v" "/var/lib/crater-agent-workspace/rustup-home:/opt/rustwide/rustup-home:ro,Z" "-e" "SOURCE_DIR=/opt/rustwide/workdir" "-e" "CARGO_TARGET_DIR=/opt/rustwide/target" "-e" "CARGO_HOME=/opt/rustwide/cargo-home" "-e" "RUSTUP_HOME=/opt/rustwide/rustup-home" "-w" "/opt/rustwide/workdir" "-m" "1610612736" "--user" "0:0" "--network" "none" "ghcr.io/rust-lang/crates-build-env/linux@sha256:4a844ea9eb2546a2d2c7022eacef16ef2e8229c7fbb2c7d4d55a9ceca922f72d" "/opt/rustwide/cargo-home/bin/cargo" "+nightly-2024-10-28" "metadata" "--no-deps" "--format-version=1", kill_on_drop: false }`
[INFO] [stdout] 9f9515f3cea52b1ef776c1ca865f9bf42de0319d08153319ad4c60522f2ecddf
[INFO] running `Command { std: "docker" "start" "-a" "9f9515f3cea52b1ef776c1ca865f9bf42de0319d08153319ad4c60522f2ecddf", kill_on_drop: false }`
[INFO] running `Command { std: "docker" "inspect" "9f9515f3cea52b1ef776c1ca865f9bf42de0319d08153319ad4c60522f2ecddf", kill_on_drop: false }`
[INFO] running `Command { std: "docker" "rm" "-f" "9f9515f3cea52b1ef776c1ca865f9bf42de0319d08153319ad4c60522f2ecddf", kill_on_drop: false }`
[INFO] [stdout] 9f9515f3cea52b1ef776c1ca865f9bf42de0319d08153319ad4c60522f2ecddf
[INFO] running `Command { std: "docker" "create" "-v" "/var/lib/crater-agent-workspace/builds/worker-4-tc1/target:/opt/rustwide/target:rw,Z" "-v" "/var/lib/crater-agent-workspace/builds/worker-4-tc1/source:/opt/rustwide/workdir:ro,Z" "-v" "/var/lib/crater-agent-workspace/cargo-home:/opt/rustwide/cargo-home:ro,Z" "-v" "/var/lib/crater-agent-workspace/rustup-home:/opt/rustwide/rustup-home:ro,Z" "-e" "SOURCE_DIR=/opt/rustwide/workdir" "-e" "CARGO_TARGET_DIR=/opt/rustwide/target" "-e" "CARGO_INCREMENTAL=0" "-e" "RUST_BACKTRACE=full" "-e" "RUSTFLAGS=--cap-lints=forbid" "-e" "RUSTDOCFLAGS=--cap-lints=forbid" "-e" "CARGO_HOME=/opt/rustwide/cargo-home" "-e" "RUSTUP_HOME=/opt/rustwide/rustup-home" "-w" "/opt/rustwide/workdir" "-m" "1610612736" "--user" "0:0" "--network" "none" "ghcr.io/rust-lang/crates-build-env/linux@sha256:4a844ea9eb2546a2d2c7022eacef16ef2e8229c7fbb2c7d4d55a9ceca922f72d" "/opt/rustwide/cargo-home/bin/cargo" "+nightly-2024-10-28" "build" "--frozen" "--message-format=json", kill_on_drop: false }`
[INFO] [stdout] 794cfdc7326bdd0b06a6de6a5e550409d08bbe342a63f232f385850389123a63
[INFO] running `Command { std: "docker" "start" "-a" "794cfdc7326bdd0b06a6de6a5e550409d08bbe342a63f232f385850389123a63", kill_on_drop: false }`
[INFO] [stderr]    Compiling syn v2.0.68
[INFO] [stderr]    Compiling auto-delegate-impl v0.1.2
[INFO] [stderr]    Compiling auto-delegate v0.1.3 (/opt/rustwide/workdir)
[INFO] [stderr]     Finished `dev` profile [unoptimized + debuginfo] target(s) in 3.15s
[INFO] running `Command { std: "docker" "inspect" "794cfdc7326bdd0b06a6de6a5e550409d08bbe342a63f232f385850389123a63", kill_on_drop: false }`
[INFO] running `Command { std: "docker" "rm" "-f" "794cfdc7326bdd0b06a6de6a5e550409d08bbe342a63f232f385850389123a63", kill_on_drop: false }`
[INFO] [stdout] 794cfdc7326bdd0b06a6de6a5e550409d08bbe342a63f232f385850389123a63
[INFO] running `Command { std: "docker" "create" "-v" "/var/lib/crater-agent-workspace/builds/worker-4-tc1/target:/opt/rustwide/target:rw,Z" "-v" "/var/lib/crater-agent-workspace/builds/worker-4-tc1/source:/opt/rustwide/workdir:ro,Z" "-v" "/var/lib/crater-agent-workspace/cargo-home:/opt/rustwide/cargo-home:ro,Z" "-v" "/var/lib/crater-agent-workspace/rustup-home:/opt/rustwide/rustup-home:ro,Z" "-e" "SOURCE_DIR=/opt/rustwide/workdir" "-e" "CARGO_TARGET_DIR=/opt/rustwide/target" "-e" "CARGO_INCREMENTAL=0" "-e" "RUST_BACKTRACE=full" "-e" "RUSTFLAGS=--cap-lints=forbid" "-e" "RUSTDOCFLAGS=--cap-lints=forbid" "-e" "CARGO_HOME=/opt/rustwide/cargo-home" "-e" "RUSTUP_HOME=/opt/rustwide/rustup-home" "-w" "/opt/rustwide/workdir" "-m" "1610612736" "--user" "0:0" "--network" "none" "ghcr.io/rust-lang/crates-build-env/linux@sha256:4a844ea9eb2546a2d2c7022eacef16ef2e8229c7fbb2c7d4d55a9ceca922f72d" "/opt/rustwide/cargo-home/bin/cargo" "+nightly-2024-10-28" "test" "--frozen" "--no-run" "--message-format=json", kill_on_drop: false }`
[INFO] [stdout] 8fca9c7cf18343abccdbb1cd7b71ee33565c3dbf721ec5c84878cc4b897c97c3
[INFO] running `Command { std: "docker" "start" "-a" "8fca9c7cf18343abccdbb1cd7b71ee33565c3dbf721ec5c84878cc4b897c97c3", kill_on_drop: false }`
[INFO] [stderr]    Compiling libc v0.2.155
[INFO] [stderr]    Compiling num-traits v0.2.19
[INFO] [stderr]    Compiling lock_api v0.4.12
[INFO] [stderr]    Compiling anstyle v1.0.7
[INFO] [stderr]    Compiling half v2.4.1
[INFO] [stderr]    Compiling indexmap v2.2.6
[INFO] [stderr]    Compiling ciborium-io v0.2.2
[INFO] [stderr]    Compiling clap_lex v0.7.1
[INFO] [stderr]    Compiling plotters-backend v0.3.6
[INFO] [stderr]    Compiling regex-syntax v0.8.4
[INFO] [stderr]    Compiling syn v2.0.68
[INFO] [stderr]    Compiling winnow v0.6.13
[INFO] [stderr]    Compiling same-file v1.0.6
[INFO] [stderr]    Compiling trybuild v1.0.96
[INFO] [stderr]    Compiling cast v0.3.0
[INFO] [stderr]    Compiling rayon v1.10.0
[INFO] [stderr]    Compiling bytes v1.6.0
[INFO] [stderr]    Compiling walkdir v2.5.0
[INFO] [stderr]    Compiling clap_builder v4.5.8
[INFO] [stderr]    Compiling plotters-svg v0.3.6
[INFO] [stderr]    Compiling criterion-plot v0.5.0
[INFO] [stderr]    Compiling ciborium-ll v0.2.2
[INFO] [stderr]    Compiling glob v0.3.1
[INFO] [stderr]    Compiling termcolor v1.4.1
[INFO] [stderr]    Compiling oorandom v11.1.3
[INFO] [stderr]    Compiling pin-project-lite v0.2.14
[INFO] [stderr]    Compiling anes v0.1.6
[INFO] [stderr]    Compiling parking_lot_core v0.9.10
[INFO] [stderr]    Compiling is-terminal v0.4.12
[INFO] [stderr]    Compiling mio v0.8.11
[INFO] [stderr]    Compiling num_cpus v1.16.0
[INFO] [stderr]    Compiling socket2 v0.5.7
[INFO] [stderr]    Compiling signal-hook-registry v1.4.2
[INFO] [stderr]    Compiling plotters v0.3.6
[INFO] [stderr]    Compiling parking_lot v0.12.3
[INFO] [stderr]    Compiling regex-automata v0.4.7
[INFO] [stderr]    Compiling clap v4.5.8
[INFO] [stderr]    Compiling regex v1.10.5
[INFO] [stderr]    Compiling serde_derive v1.0.203
[INFO] [stderr]    Compiling tokio-macros v2.3.0
[INFO] [stderr]    Compiling auto-delegate-impl v0.1.2
[INFO] [stderr]    Compiling async-trait v0.1.80
[INFO] [stderr]    Compiling tokio v1.38.0
[INFO] [stderr]    Compiling auto-delegate v0.1.3 (/opt/rustwide/workdir)
[INFO] [stderr]    Compiling serde v1.0.203
[INFO] [stderr]    Compiling toml_datetime v0.6.6
[INFO] [stderr]    Compiling serde_json v1.0.118
[INFO] [stderr]    Compiling serde_spanned v0.6.6
[INFO] [stderr]    Compiling ciborium v0.2.2
[INFO] [stderr]    Compiling toml_edit v0.22.14
[INFO] [stderr]    Compiling tinytemplate v1.2.1
[INFO] [stderr]    Compiling criterion v0.5.1
[INFO] [stderr]    Compiling toml v0.8.14
[INFO] [stdout] error[E0046]: not all trait items implemented, missing: `Num`
[INFO] [stdout]  --> tests/associated_type/test01_associated_type.rs:6:1
[INFO] [stdout]   |
[INFO] [stdout] 6 | #[delegate]
[INFO] [stdout]   | ^^^^^^^^^^^ missing `Num` in implementation
[INFO] [stdout] 7 | trait Calc{
[INFO] [stdout] 8 |     type Num: Add;
[INFO] [stdout]   |     ------------- `Num` from trait
[INFO] [stdout]   |
[INFO] [stdout]   = note: this error originates in the attribute macro `delegate` (in Nightly builds, run with -Z macro-backtrace for more info)
[INFO] [stdout] 
[INFO] [stdout] 
[INFO] [stdout] error[E0046]: not all trait items implemented, missing: `Num`
[INFO] [stdout]   --> tests/associated_type/test01_associated_type.rs:13:1
[INFO] [stdout]    |
[INFO] [stdout] 13 | #[delegate]
[INFO] [stdout]    | ^^^^^^^^^^^ missing `Num` in implementation
[INFO] [stdout] 14 | trait NoBound{
[INFO] [stdout] 15 |     type Num;
[INFO] [stdout]    |     -------- `Num` from trait
[INFO] [stdout]    |
[INFO] [stdout]    = note: this error originates in the attribute macro `delegate` (in Nightly builds, run with -Z macro-backtrace for more info)
[INFO] [stdout] 
[INFO] [stdout] 
[INFO] [stdout] error[E0046]: not all trait items implemented, missing: `Out`
[INFO] [stdout]  --> tests/associated_type/test02_associated_types_with_generics.rs:6:1
[INFO] [stdout]   |
[INFO] [stdout] 6 | #[delegate]
[INFO] [stdout]   | ^^^^^^^^^^^ missing `Out` in implementation
[INFO] [stdout] 7 | trait Calc<Num: Add>{
[INFO] [stdout] 8 |     type Out;
[INFO] [stdout]   |     -------- `Out` from trait
[INFO] [stdout]   |
[INFO] [stdout]   = note: this error originates in the attribute macro `delegate` (in Nightly builds, run with -Z macro-backtrace for more info)
[INFO] [stdout] 
[INFO] [stdout] 
[INFO] [stdout] error[E0046]: not all trait items implemented, missing: `Out`
[INFO] [stdout]  --> tests/associated_type/test03_associated_types_with_lifetimes.rs:6:1
[INFO] [stdout]   |
[INFO] [stdout] 6 | #[delegate]
[INFO] [stdout]   | ^^^^^^^^^^^ missing `Out` in implementation
[INFO] [stdout] 7 | trait Calc<'a, Num: Add>{
[INFO] [stdout] 8 |     type Out;
[INFO] [stdout]   |     -------- `Out` from trait
[INFO] [stdout]   |
[INFO] [stdout]   = note: this error originates in the attribute macro `delegate` (in Nightly builds, run with -Z macro-backtrace for more info)
[INFO] [stdout] 
[INFO] [stdout] 
[INFO] [stdout] For more information about this error, try `rustc --explain E0046`.
[INFO] [stdout] 
[INFO] [stderr] error: could not compile `auto-delegate` (test "associated_type") due to 4 previous errors
[INFO] [stderr] warning: build failed, waiting for other jobs to finish...
[INFO] running `Command { std: "docker" "inspect" "8fca9c7cf18343abccdbb1cd7b71ee33565c3dbf721ec5c84878cc4b897c97c3", kill_on_drop: false }`
[INFO] running `Command { std: "docker" "rm" "-f" "8fca9c7cf18343abccdbb1cd7b71ee33565c3dbf721ec5c84878cc4b897c97c3", kill_on_drop: false }`
[INFO] [stdout] 8fca9c7cf18343abccdbb1cd7b71ee33565c3dbf721ec5c84878cc4b897c97c3
