[INFO] fetching crate autd3 29.0.0-rc.2...
[INFO] testing autd3-29.0.0-rc.2 against nightly-2024-10-28 for randomize-layout
[INFO] extracting crate autd3 29.0.0-rc.2 into /workspace/builds/worker-6-tc1/source
[INFO] validating manifest of crates.io crate autd3 29.0.0-rc.2 on toolchain nightly-2024-10-28
[INFO] running `Command { std: CARGO_HOME="/workspace/cargo-home" RUSTUP_HOME="/workspace/rustup-home" "/workspace/cargo-home/bin/cargo" "+nightly-2024-10-28" "metadata" "--manifest-path" "Cargo.toml" "--no-deps", kill_on_drop: false }`
[INFO] started tweaking crates.io crate autd3 29.0.0-rc.2
[INFO] removed 0 missing tests
[INFO] finished tweaking crates.io crate autd3 29.0.0-rc.2
[INFO] tweaked toml for crates.io crate autd3 29.0.0-rc.2 written to /workspace/builds/worker-6-tc1/source/Cargo.toml
[INFO] running `Command { std: CARGO_HOME="/workspace/cargo-home" RUSTUP_HOME="/workspace/rustup-home" "/workspace/cargo-home/bin/cargo" "+nightly-2024-10-28" "generate-lockfile" "--manifest-path" "Cargo.toml", kill_on_drop: false }`
[INFO] [stderr]     Updating crates.io index
[INFO] [stderr]      Locking 134 packages to latest compatible versions
[INFO] running `Command { std: CARGO_HOME="/workspace/cargo-home" RUSTUP_HOME="/workspace/rustup-home" "/workspace/cargo-home/bin/cargo" "+nightly-2024-10-28" "fetch" "--manifest-path" "Cargo.toml", kill_on_drop: false }`
[INFO] [stderr]  Downloading crates ...
[INFO] [stderr]   Downloaded rstest v0.23.0
[INFO] [stderr]   Downloaded autd3-derive v29.0.0-rc.4
[INFO] [stderr]   Downloaded bitfield-struct v0.9.2
[INFO] [stderr]   Downloaded nalgebra-macros v0.2.2
[INFO] [stderr]   Downloaded rstest_macros v0.23.0
[INFO] [stderr]   Downloaded autd3-driver v29.0.0-rc.4
[INFO] [stderr]   Downloaded seq-macro v0.3.5
[INFO] [stderr]   Downloaded derive-new v0.7.0
[INFO] [stderr]   Downloaded spin_sleep v1.2.1
[INFO] [stderr]   Downloaded autd3-firmware-emulator v29.0.0-rc.4
[INFO] [stderr]   Downloaded bit-vec v0.8.0
[INFO] [stderr]   Downloaded zerocopy-derive v0.8.8
[INFO] [stderr]   Downloaded zerocopy v0.8.8
[INFO] [stderr]   Downloaded bvh v0.10.0
[INFO] running `Command { std: "docker" "create" "-v" "/var/lib/crater-agent-workspace/builds/worker-6-tc1/target:/opt/rustwide/target:rw,Z" "-v" "/var/lib/crater-agent-workspace/builds/worker-6-tc1/source:/opt/rustwide/workdir:ro,Z" "-v" "/var/lib/crater-agent-workspace/cargo-home:/opt/rustwide/cargo-home:ro,Z" "-v" "/var/lib/crater-agent-workspace/rustup-home:/opt/rustwide/rustup-home:ro,Z" "-e" "SOURCE_DIR=/opt/rustwide/workdir" "-e" "CARGO_TARGET_DIR=/opt/rustwide/target" "-e" "CARGO_HOME=/opt/rustwide/cargo-home" "-e" "RUSTUP_HOME=/opt/rustwide/rustup-home" "-w" "/opt/rustwide/workdir" "-m" "1610612736" "--user" "0:0" "--network" "none" "ghcr.io/rust-lang/crates-build-env/linux@sha256:4a844ea9eb2546a2d2c7022eacef16ef2e8229c7fbb2c7d4d55a9ceca922f72d" "/opt/rustwide/cargo-home/bin/cargo" "+nightly-2024-10-28" "metadata" "--no-deps" "--format-version=1", kill_on_drop: false }`
[INFO] [stdout] fd49ce4edbe3b2d7c1f287cf4e8cc9a1a446586554d75dd17180b40020f113b7
[INFO] running `Command { std: "docker" "start" "-a" "fd49ce4edbe3b2d7c1f287cf4e8cc9a1a446586554d75dd17180b40020f113b7", kill_on_drop: false }`
[INFO] running `Command { std: "docker" "inspect" "fd49ce4edbe3b2d7c1f287cf4e8cc9a1a446586554d75dd17180b40020f113b7", kill_on_drop: false }`
[INFO] running `Command { std: "docker" "rm" "-f" "fd49ce4edbe3b2d7c1f287cf4e8cc9a1a446586554d75dd17180b40020f113b7", kill_on_drop: false }`
[INFO] [stdout] fd49ce4edbe3b2d7c1f287cf4e8cc9a1a446586554d75dd17180b40020f113b7
[INFO] running `Command { std: "docker" "create" "-v" "/var/lib/crater-agent-workspace/builds/worker-6-tc1/target:/opt/rustwide/target:rw,Z" "-v" "/var/lib/crater-agent-workspace/builds/worker-6-tc1/source:/opt/rustwide/workdir:ro,Z" "-v" "/var/lib/crater-agent-workspace/cargo-home:/opt/rustwide/cargo-home:ro,Z" "-v" "/var/lib/crater-agent-workspace/rustup-home:/opt/rustwide/rustup-home:ro,Z" "-e" "SOURCE_DIR=/opt/rustwide/workdir" "-e" "CARGO_TARGET_DIR=/opt/rustwide/target" "-e" "CARGO_INCREMENTAL=0" "-e" "RUST_BACKTRACE=full" "-e" "RUSTFLAGS=--cap-lints=forbid" "-e" "RUSTDOCFLAGS=--cap-lints=forbid" "-e" "CARGO_HOME=/opt/rustwide/cargo-home" "-e" "RUSTUP_HOME=/opt/rustwide/rustup-home" "-w" "/opt/rustwide/workdir" "-m" "1610612736" "--user" "0:0" "--network" "none" "ghcr.io/rust-lang/crates-build-env/linux@sha256:4a844ea9eb2546a2d2c7022eacef16ef2e8229c7fbb2c7d4d55a9ceca922f72d" "/opt/rustwide/cargo-home/bin/cargo" "+nightly-2024-10-28" "build" "--frozen" "--message-format=json", kill_on_drop: false }`
[INFO] [stdout] 89e5028e7ddfc161ed8bcde4536181c776b586c62f3defbe74b57ed56071602a
[INFO] running `Command { std: "docker" "start" "-a" "89e5028e7ddfc161ed8bcde4536181c776b586c62f3defbe74b57ed56071602a", kill_on_drop: false }`
[INFO] [stderr]    Compiling num-traits v0.2.19
[INFO] [stderr]    Compiling bytemuck v1.19.0
[INFO] [stderr]    Compiling matrixmultiply v0.3.9
[INFO] [stderr]    Compiling syn v2.0.86
[INFO] [stderr]    Compiling regex-syntax v0.8.5
[INFO] [stderr]    Compiling zerocopy v0.8.8
[INFO] [stderr]    Compiling time-macros v0.2.18
[INFO] [stderr]    Compiling itertools v0.13.0
[INFO] [stderr]    Compiling safe_arch v0.7.2
[INFO] [stderr]    Compiling minimal-lexical v0.2.1
[INFO] [stderr]    Compiling time v0.3.36
[INFO] [stderr]    Compiling seq-macro v0.3.5
[INFO] [stderr]    Compiling wide v0.7.28
[INFO] [stderr]    Compiling bit-vec v0.8.0
[INFO] [stderr]    Compiling nom v7.1.3
[INFO] [stderr]    Compiling derivative v2.2.0
[INFO] [stderr]    Compiling num-integer v0.1.46
[INFO] [stderr]    Compiling num-bigint v0.4.6
[INFO] [stderr]    Compiling approx v0.5.1
[INFO] [stderr]    Compiling num-iter v0.1.45
[INFO] [stderr]    Compiling tokio v1.41.0
[INFO] [stderr]    Compiling spin_sleep v1.2.1
[INFO] [stderr]    Compiling num-rational v0.4.2
[INFO] [stderr]    Compiling regex-automata v0.4.8
[INFO] [stderr]    Compiling tynm v0.1.10
[INFO] [stderr]    Compiling serde_derive v1.0.214
[INFO] [stderr]    Compiling zerocopy-derive v0.7.35
[INFO] [stderr]    Compiling nalgebra-macros v0.2.2
[INFO] [stderr]    Compiling zerocopy-derive v0.8.8
[INFO] [stderr]    Compiling derive_more-impl v1.0.0
[INFO] [stderr]    Compiling thiserror-impl v1.0.66
[INFO] [stderr]    Compiling tracing-attributes v0.1.27
[INFO] [stderr]    Compiling regex v1.11.1
[INFO] [stderr]    Compiling derive-new v0.7.0
[INFO] [stderr]    Compiling zerocopy v0.7.35
[INFO] [stderr]    Compiling thiserror v1.0.66
[INFO] [stderr]    Compiling bitfield-struct v0.9.2
[INFO] [stderr]    Compiling tracing v0.1.40
[INFO] [stderr]    Compiling ppv-lite86 v0.2.20
[INFO] [stderr]    Compiling autd3-derive v29.0.0-rc.4
[INFO] [stderr]    Compiling derive_more v1.0.0
[INFO] [stderr]    Compiling rand_chacha v0.3.1
[INFO] [stderr]    Compiling rand v0.8.5
[INFO] [stderr]    Compiling serde v1.0.214
[INFO] [stderr]    Compiling num-complex v0.4.6
[INFO] [stderr]    Compiling simba v0.9.0
[INFO] [stderr]    Compiling num v0.4.3
[INFO] [stderr]    Compiling nalgebra v0.33.2
[INFO] [stderr]    Compiling bvh v0.10.0
[INFO] [stderr]    Compiling autd3-driver v29.0.0-rc.4
[INFO] [stderr]    Compiling autd3-firmware-emulator v29.0.0-rc.4
[INFO] [stderr]    Compiling autd3 v29.0.0-rc.2 (/opt/rustwide/workdir)
[INFO] [stdout] error[E0433]: failed to resolve: could not find `time` in `tokio`
[INFO] [stdout]    --> src/controller/timer/sleep.rs:48:16
[INFO] [stdout]     |
[INFO] [stdout] 48  |         tokio::time::sleep_until(deadline).await;
[INFO] [stdout]     |                ^^^^ could not find `time` in `tokio`
[INFO] [stdout]     |
[INFO] [stdout] note: found an item that was configured out
[INFO] [stdout]    --> /opt/rustwide/cargo-home/registry/src/index.crates.io-6f17d22bba15001f/tokio-1.41.0/src/lib.rs:555:13
[INFO] [stdout]     |
[INFO] [stdout] 555 |     pub mod time;
[INFO] [stdout]     |             ^^^^
[INFO] [stdout] note: the item is gated behind the `time` feature
[INFO] [stdout]    --> /opt/rustwide/cargo-home/registry/src/index.crates.io-6f17d22bba15001f/tokio-1.41.0/src/lib.rs:554:1
[INFO] [stdout]     |
[INFO] [stdout] 554 | / cfg_time! {
[INFO] [stdout] 555 | |     pub mod time;
[INFO] [stdout] 556 | | }
[INFO] [stdout]     | |_^
[INFO] [stdout]     = note: this error originates in the macro `cfg_time` (in Nightly builds, run with -Z macro-backtrace for more info)
[INFO] [stdout] 
[INFO] [stdout] 
[INFO] [stdout] error[E0433]: failed to resolve: could not find `time` in `tokio`
[INFO] [stdout]    --> src/controller/timer/instant.rs:23:25
[INFO] [stdout]     |
[INFO] [stdout] 23  | impl Instant for tokio::time::Instant {
[INFO] [stdout]     |                         ^^^^ could not find `time` in `tokio`
[INFO] [stdout]     |
[INFO] [stdout] note: found an item that was configured out
[INFO] [stdout]    --> /opt/rustwide/cargo-home/registry/src/index.crates.io-6f17d22bba15001f/tokio-1.41.0/src/lib.rs:555:13
[INFO] [stdout]     |
[INFO] [stdout] 555 |     pub mod time;
[INFO] [stdout]     |             ^^^^
[INFO] [stdout] note: the item is gated behind the `time` feature
[INFO] [stdout]    --> /opt/rustwide/cargo-home/registry/src/index.crates.io-6f17d22bba15001f/tokio-1.41.0/src/lib.rs:554:1
[INFO] [stdout]     |
[INFO] [stdout] 554 | / cfg_time! {
[INFO] [stdout] 555 | |     pub mod time;
[INFO] [stdout] 556 | | }
[INFO] [stdout]     | |_^
[INFO] [stdout]     = note: this error originates in the macro `cfg_time` (in Nightly builds, run with -Z macro-backtrace for more info)
[INFO] [stdout] help: consider importing this module
[INFO] [stdout]     |
[INFO] [stdout] 1   + use std::time;
[INFO] [stdout]     |
[INFO] [stdout] help: if you import `time`, refer to it directly
[INFO] [stdout]     |
[INFO] [stdout] 23  - impl Instant for tokio::time::Instant {
[INFO] [stdout] 23  + impl Instant for time::Instant {
[INFO] [stdout]     |
[INFO] [stdout] 
[INFO] [stdout] 
[INFO] [stdout] error[E0433]: failed to resolve: could not find `time` in `tokio`
[INFO] [stdout]    --> src/controller/timer/sleep.rs:44:27
[INFO] [stdout]     |
[INFO] [stdout] 44  |     type Instant = tokio::time::Instant;
[INFO] [stdout]     |                           ^^^^ could not find `time` in `tokio`
[INFO] [stdout]     |
[INFO] [stdout] note: found an item that was configured out
[INFO] [stdout]    --> /opt/rustwide/cargo-home/registry/src/index.crates.io-6f17d22bba15001f/tokio-1.41.0/src/lib.rs:555:13
[INFO] [stdout]     |
[INFO] [stdout] 555 |     pub mod time;
[INFO] [stdout]     |             ^^^^
[INFO] [stdout] note: the item is gated behind the `time` feature
[INFO] [stdout]    --> /opt/rustwide/cargo-home/registry/src/index.crates.io-6f17d22bba15001f/tokio-1.41.0/src/lib.rs:554:1
[INFO] [stdout]     |
[INFO] [stdout] 554 | / cfg_time! {
[INFO] [stdout] 555 | |     pub mod time;
[INFO] [stdout] 556 | | }
[INFO] [stdout]     | |_^
[INFO] [stdout]     = note: this error originates in the macro `cfg_time` (in Nightly builds, run with -Z macro-backtrace for more info)
[INFO] [stdout] help: consider importing this module
[INFO] [stdout]     |
[INFO] [stdout] 1   + use std::time;
[INFO] [stdout]     |
[INFO] [stdout] help: if you import `time`, refer to it directly
[INFO] [stdout]     |
[INFO] [stdout] 44  -     type Instant = tokio::time::Instant;
[INFO] [stdout] 44  +     type Instant = time::Instant;
[INFO] [stdout]     |
[INFO] [stdout] 
[INFO] [stdout] 
[INFO] [stdout] error[E0061]: this function takes 2 arguments but 1 argument was supplied
[INFO] [stdout]   --> src/controller/builder.rs:72:24
[INFO] [stdout]    |
[INFO] [stdout] 72 |         let geometry = Geometry::new(self.devices);
[INFO] [stdout]    |                        ^^^^^^^^^^^^^-------------- argument #2 of type `usize` is missing
[INFO] [stdout]    |
[INFO] [stdout] note: associated function defined here
[INFO] [stdout]   --> /opt/rustwide/cargo-home/registry/src/index.crates.io-6f17d22bba15001f/autd3-driver-29.0.0-rc.4/src/geometry/mod.rs:23:40
[INFO] [stdout]    |
[INFO] [stdout] 23 | #[derive(Deref, Builder, IntoIterator, new)]
[INFO] [stdout]    |                                        ^^^
[INFO] [stdout]    = note: this error originates in the derive macro `new` (in Nightly builds, run with -Z macro-backtrace for more info)
[INFO] [stdout] help: provide the argument
[INFO] [stdout]    |
[INFO] [stdout] 72 |         let geometry = Geometry::new(self.devices, /* usize */);
[INFO] [stdout]    |                                     ~~~~~~~~~~~~~~~~~~~~~~~~~~~
[INFO] [stdout] 
[INFO] [stdout] 
[INFO] [stdout] Some errors have detailed explanations: E0061, E0433.
[INFO] [stdout] 
[INFO] [stdout] For more information about an error, try `rustc --explain E0061`.
[INFO] [stdout] 
[INFO] [stderr] error: could not compile `autd3` (lib) due to 4 previous errors
[INFO] running `Command { std: "docker" "inspect" "89e5028e7ddfc161ed8bcde4536181c776b586c62f3defbe74b57ed56071602a", kill_on_drop: false }`
[INFO] running `Command { std: "docker" "rm" "-f" "89e5028e7ddfc161ed8bcde4536181c776b586c62f3defbe74b57ed56071602a", kill_on_drop: false }`
[INFO] [stdout] 89e5028e7ddfc161ed8bcde4536181c776b586c62f3defbe74b57ed56071602a
