[INFO] fetching crate aurora-engine-precompiles 1.1.0...
[INFO] testing aurora-engine-precompiles-1.1.0 against nightly-2024-10-28 for randomize-layout
[INFO] extracting crate aurora-engine-precompiles 1.1.0 into /workspace/builds/worker-0-tc1/source
[INFO] validating manifest of crates.io crate aurora-engine-precompiles 1.1.0 on toolchain nightly-2024-10-28
[INFO] running `Command { std: CARGO_HOME="/workspace/cargo-home" RUSTUP_HOME="/workspace/rustup-home" "/workspace/cargo-home/bin/cargo" "+nightly-2024-10-28" "metadata" "--manifest-path" "Cargo.toml" "--no-deps", kill_on_drop: false }`
[INFO] started tweaking crates.io crate aurora-engine-precompiles 1.1.0
[INFO] finished tweaking crates.io crate aurora-engine-precompiles 1.1.0
[INFO] tweaked toml for crates.io crate aurora-engine-precompiles 1.1.0 written to /workspace/builds/worker-0-tc1/source/Cargo.toml
[INFO] running `Command { std: CARGO_HOME="/workspace/cargo-home" RUSTUP_HOME="/workspace/rustup-home" "/workspace/cargo-home/bin/cargo" "+nightly-2024-10-28" "generate-lockfile" "--manifest-path" "Cargo.toml", kill_on_drop: false }`
[INFO] [stderr]     Updating crates.io index
[INFO] [stderr]     Blocking waiting for file lock on package cache
[INFO] [stderr]      Locking 131 packages to latest compatible versions
[INFO] [stderr]       Adding evm v0.39.1 (available: v0.41.1)
[INFO] running `Command { std: CARGO_HOME="/workspace/cargo-home" RUSTUP_HOME="/workspace/rustup-home" "/workspace/cargo-home/bin/cargo" "+nightly-2024-10-28" "fetch" "--manifest-path" "Cargo.toml", kill_on_drop: false }`
[INFO] [stderr]     Blocking waiting for file lock on package cache
[INFO] [stderr]  Downloading crates ...
[INFO] [stderr]   Downloaded libsecp256k1-gen-genmult v0.3.0
[INFO] [stderr]   Downloaded libsecp256k1-gen-ecmult v0.3.0
[INFO] [stderr]   Downloaded hash256-std-hasher v0.15.2
[INFO] [stderr]   Downloaded impl-rlp v0.3.0
[INFO] [stderr]   Downloaded ethbloom v0.13.0
[INFO] [stderr]   Downloaded ethereum-types v0.14.1
[INFO] [stderr]   Downloaded hash-db v0.15.2
[INFO] [stderr]   Downloaded triehash v0.8.4
[INFO] [stderr]   Downloaded aurora-engine-modexp v1.1.0
[INFO] [stderr]   Downloaded aurora-engine-sdk v1.1.0
[INFO] [stderr]   Downloaded aurora-engine-types v1.1.0
[INFO] [stderr]   Downloaded impl-serde v0.4.0
[INFO] [stderr]   Downloaded libsecp256k1 v0.7.1
[INFO] [stderr]   Downloaded bs58 v0.5.1
[INFO] [stderr]   Downloaded ethabi v18.0.0
[INFO] [stderr]   Downloaded evm-gasometer v0.39.0
[INFO] [stderr]   Downloaded environmental v1.1.4
[INFO] [stderr]   Downloaded evm-runtime v0.39.0
[INFO] [stderr]   Downloaded scale-info-derive v2.11.5
[INFO] [stderr]   Downloaded scale-info v2.11.5
[INFO] [stderr]   Downloaded ethereum v0.14.0
[INFO] [stderr]   Downloaded evm-core v0.39.0
[INFO] [stderr]   Downloaded evm v0.39.1
[INFO] [stderr]   Downloaded ripemd v0.1.3
[INFO] [stderr]   Downloaded rlp-derive v0.1.0
[INFO] [stderr]   Downloaded zeropool-bn v0.5.11
[INFO] [stderr]   Downloaded libsecp256k1-core v0.3.0
[INFO] running `Command { std: "docker" "create" "-v" "/var/lib/crater-agent-workspace/builds/worker-0-tc1/target:/opt/rustwide/target:rw,Z" "-v" "/var/lib/crater-agent-workspace/builds/worker-0-tc1/source:/opt/rustwide/workdir:ro,Z" "-v" "/var/lib/crater-agent-workspace/cargo-home:/opt/rustwide/cargo-home:ro,Z" "-v" "/var/lib/crater-agent-workspace/rustup-home:/opt/rustwide/rustup-home:ro,Z" "-e" "SOURCE_DIR=/opt/rustwide/workdir" "-e" "CARGO_TARGET_DIR=/opt/rustwide/target" "-e" "CARGO_HOME=/opt/rustwide/cargo-home" "-e" "RUSTUP_HOME=/opt/rustwide/rustup-home" "-w" "/opt/rustwide/workdir" "-m" "1610612736" "--user" "0:0" "--network" "none" "ghcr.io/rust-lang/crates-build-env/linux@sha256:4a844ea9eb2546a2d2c7022eacef16ef2e8229c7fbb2c7d4d55a9ceca922f72d" "/opt/rustwide/cargo-home/bin/cargo" "+nightly-2024-10-28" "metadata" "--no-deps" "--format-version=1", kill_on_drop: false }`
[INFO] [stdout] 99b5b350cc86c63f11b607129835536e28110ea9981414226406703c73842beb
[INFO] running `Command { std: "docker" "start" "-a" "99b5b350cc86c63f11b607129835536e28110ea9981414226406703c73842beb", kill_on_drop: false }`
[INFO] running `Command { std: "docker" "inspect" "99b5b350cc86c63f11b607129835536e28110ea9981414226406703c73842beb", kill_on_drop: false }`
[INFO] running `Command { std: "docker" "rm" "-f" "99b5b350cc86c63f11b607129835536e28110ea9981414226406703c73842beb", kill_on_drop: false }`
[INFO] [stdout] 99b5b350cc86c63f11b607129835536e28110ea9981414226406703c73842beb
[INFO] running `Command { std: "docker" "create" "-v" "/var/lib/crater-agent-workspace/builds/worker-0-tc1/target:/opt/rustwide/target:rw,Z" "-v" "/var/lib/crater-agent-workspace/builds/worker-0-tc1/source:/opt/rustwide/workdir:ro,Z" "-v" "/var/lib/crater-agent-workspace/cargo-home:/opt/rustwide/cargo-home:ro,Z" "-v" "/var/lib/crater-agent-workspace/rustup-home:/opt/rustwide/rustup-home:ro,Z" "-e" "SOURCE_DIR=/opt/rustwide/workdir" "-e" "CARGO_TARGET_DIR=/opt/rustwide/target" "-e" "CARGO_INCREMENTAL=0" "-e" "RUST_BACKTRACE=full" "-e" "RUSTFLAGS=--cap-lints=forbid" "-e" "RUSTDOCFLAGS=--cap-lints=forbid" "-e" "CARGO_HOME=/opt/rustwide/cargo-home" "-e" "RUSTUP_HOME=/opt/rustwide/rustup-home" "-w" "/opt/rustwide/workdir" "-m" "1610612736" "--user" "0:0" "--network" "none" "ghcr.io/rust-lang/crates-build-env/linux@sha256:4a844ea9eb2546a2d2c7022eacef16ef2e8229c7fbb2c7d4d55a9ceca922f72d" "/opt/rustwide/cargo-home/bin/cargo" "+nightly-2024-10-28" "build" "--frozen" "--message-format=json", kill_on_drop: false }`
[INFO] [stdout] 85aad7e1d0db15945bbe811aaf701400be344bb8d4395cc4e431ad78688084c4
[INFO] running `Command { std: "docker" "start" "-a" "85aad7e1d0db15945bbe811aaf701400be344bb8d4395cc4e431ad78688084c4", kill_on_drop: false }`
[INFO] [stderr]    Compiling toml_datetime v0.6.8
[INFO] [stderr]    Compiling winnow v0.6.20
[INFO] [stderr]    Compiling byteorder v1.5.0
[INFO] [stderr]    Compiling crunchy v0.2.2
[INFO] [stderr]    Compiling rustc-hex v2.1.0
[INFO] [stderr]    Compiling byte-slice-cast v1.2.2
[INFO] [stderr]    Compiling generic-array v0.14.7
[INFO] [stderr]    Compiling arrayvec v0.7.6
[INFO] [stderr]    Compiling bytes v1.8.0
[INFO] [stderr]    Compiling hex v0.4.3
[INFO] [stderr]    Compiling subtle v2.6.1
[INFO] [stderr]    Compiling syn v2.0.86
[INFO] [stderr]    Compiling syn v1.0.109
[INFO] [stderr]    Compiling getrandom v0.2.15
[INFO] [stderr]    Compiling num-traits v0.2.19
[INFO] [stderr]    Compiling rand_core v0.6.4
[INFO] [stderr]    Compiling proc-macro-error-attr v1.0.4
[INFO] [stderr]    Compiling proc-macro-error v1.0.4
[INFO] [stderr]    Compiling tiny-keccak v2.0.2
[INFO] [stderr]    Compiling uint v0.9.5
[INFO] [stderr]    Compiling keccak v0.1.5
[INFO] [stderr]    Compiling serde v1.0.214
[INFO] [stderr]    Compiling cfg_aliases v0.2.1
[INFO] [stderr]    Compiling once_cell v1.20.2
[INFO] [stderr]    Compiling borsh v1.5.1
[INFO] [stderr]    Compiling serde_json v1.0.132
[INFO] [stderr]    Compiling ahash v0.7.8
[INFO] [stderr]    Compiling environmental v1.1.4
[INFO] [stderr]    Compiling hash-db v0.15.2
[INFO] [stderr]    Compiling hash256-std-hasher v0.15.2
[INFO] [stderr]    Compiling opaque-debug v0.3.1
[INFO] [stderr]    Compiling spin v0.9.8
[INFO] [stderr]    Compiling base64 v0.21.7
[INFO] [stderr]    Compiling base64 v0.13.1
[INFO] [stderr]    Compiling arrayref v0.3.9
[INFO] [stderr]    Compiling hashbrown v0.11.2
[INFO] [stderr]    Compiling lazy_static v1.5.0
[INFO] [stderr]    Compiling digest v0.9.0
[INFO] [stderr]    Compiling libsecp256k1-core v0.3.0
[INFO] [stderr]    Compiling crypto-common v0.1.6
[INFO] [stderr]    Compiling block-buffer v0.10.4
[INFO] [stderr]    Compiling crypto-mac v0.8.0
[INFO] [stderr]    Compiling block-buffer v0.9.0
[INFO] [stderr]    Compiling digest v0.10.7
[INFO] [stderr]    Compiling hmac v0.8.1
[INFO] [stderr]    Compiling sha2 v0.9.9
[INFO] [stderr]    Compiling hmac-drbg v0.3.0
[INFO] [stderr]    Compiling sha3 v0.10.8
[INFO] [stderr]    Compiling sha2 v0.10.8
[INFO] [stderr]    Compiling ripemd v0.1.3
[INFO] [stderr]    Compiling num-integer v0.1.46
[INFO] [stderr]    Compiling num-complex v0.4.6
[INFO] [stderr]    Compiling num-bigint v0.4.6
[INFO] [stderr]    Compiling num-iter v0.1.45
[INFO] [stderr]    Compiling bs58 v0.5.1
[INFO] [stderr]    Compiling libsecp256k1-gen-genmult v0.3.0
[INFO] [stderr]    Compiling libsecp256k1-gen-ecmult v0.3.0
[INFO] [stderr]    Compiling libsecp256k1 v0.7.1
[INFO] [stderr]    Compiling toml_edit v0.22.22
[INFO] [stderr]    Compiling num-rational v0.4.2
[INFO] [stderr]    Compiling num v0.4.3
[INFO] [stderr]    Compiling aurora-engine-modexp v1.1.0
[INFO] [stderr]    Compiling toml v0.5.11
[INFO] [stderr]    Compiling borsh-schema-derive-internal v0.9.3
[INFO] [stderr]    Compiling borsh-derive-internal v0.9.3
[INFO] [stderr]    Compiling proc-macro-crate v0.1.5
[INFO] [stderr]    Compiling rlp-derive v0.1.0
[INFO] [stderr]    Compiling impl-trait-for-tuples v0.2.2
[INFO] [stderr]    Compiling proc-macro-crate v3.2.0
[INFO] [stderr]    Compiling borsh-derive v0.9.3
[INFO] [stderr]    Compiling rlp v0.5.2
[INFO] [stderr]    Compiling parity-scale-codec-derive v3.6.12
[INFO] [stderr]    Compiling borsh v0.9.3
[INFO] [stderr]    Compiling impl-rlp v0.3.0
[INFO] [stderr]    Compiling triehash v0.8.4
[INFO] [stderr]    Compiling zerocopy-derive v0.7.35
[INFO] [stderr]    Compiling serde_derive v1.0.214
[INFO] [stderr]    Compiling derive_more-impl v1.0.0
[INFO] [stderr]    Compiling scale-info-derive v2.11.5
[INFO] [stderr]    Compiling syn_derive v0.1.8
[INFO] [stderr]    Compiling auto_impl v1.2.0
[INFO] [stderr]    Compiling thiserror-impl v1.0.66
[INFO] [stderr]    Compiling borsh-derive v1.5.1
[INFO] [stderr]    Compiling zerocopy v0.7.35
[INFO] [stderr]    Compiling thiserror v1.0.66
[INFO] [stderr]    Compiling derive_more v1.0.0
[INFO] [stderr]    Compiling ppv-lite86 v0.2.20
[INFO] [stderr]    Compiling rand_chacha v0.3.1
[INFO] [stderr]    Compiling rand v0.8.5
[INFO] [stderr]    Compiling fixed-hash v0.8.0
[INFO] [stderr]    Compiling zeropool-bn v0.5.11
[INFO] [stderr]    Compiling parity-scale-codec v3.6.12
[INFO] [stderr]    Compiling impl-serde v0.4.0
[INFO] [stderr]    Compiling impl-codec v0.6.0
[INFO] [stderr]    Compiling scale-info v2.11.5
[INFO] [stderr]    Compiling primitive-types v0.12.2
[INFO] [stderr]    Compiling ethbloom v0.13.0
[INFO] [stderr]    Compiling evm-core v0.39.0
[INFO] [stderr]    Compiling ethereum-types v0.14.1
[INFO] [stderr]    Compiling aurora-engine-types v1.1.0
[INFO] [stderr]    Compiling evm-runtime v0.39.0
[INFO] [stderr]    Compiling ethereum v0.14.0
[INFO] [stderr]    Compiling ethabi v18.0.0
[INFO] [stderr]    Compiling evm-gasometer v0.39.0
[INFO] [stderr]    Compiling evm v0.39.1
[INFO] [stderr]    Compiling aurora-engine-sdk v1.1.0
[INFO] [stderr]    Compiling aurora-engine-precompiles v1.1.0 (/opt/rustwide/workdir)
[INFO] [stderr]     Finished `dev` profile [unoptimized + debuginfo] target(s) in 25.82s
[INFO] running `Command { std: "docker" "inspect" "85aad7e1d0db15945bbe811aaf701400be344bb8d4395cc4e431ad78688084c4", kill_on_drop: false }`
[INFO] running `Command { std: "docker" "rm" "-f" "85aad7e1d0db15945bbe811aaf701400be344bb8d4395cc4e431ad78688084c4", kill_on_drop: false }`
[INFO] [stdout] 85aad7e1d0db15945bbe811aaf701400be344bb8d4395cc4e431ad78688084c4
[INFO] running `Command { std: "docker" "create" "-v" "/var/lib/crater-agent-workspace/builds/worker-0-tc1/target:/opt/rustwide/target:rw,Z" "-v" "/var/lib/crater-agent-workspace/builds/worker-0-tc1/source:/opt/rustwide/workdir:ro,Z" "-v" "/var/lib/crater-agent-workspace/cargo-home:/opt/rustwide/cargo-home:ro,Z" "-v" "/var/lib/crater-agent-workspace/rustup-home:/opt/rustwide/rustup-home:ro,Z" "-e" "SOURCE_DIR=/opt/rustwide/workdir" "-e" "CARGO_TARGET_DIR=/opt/rustwide/target" "-e" "CARGO_INCREMENTAL=0" "-e" "RUST_BACKTRACE=full" "-e" "RUSTFLAGS=--cap-lints=forbid" "-e" "RUSTDOCFLAGS=--cap-lints=forbid" "-e" "CARGO_HOME=/opt/rustwide/cargo-home" "-e" "RUSTUP_HOME=/opt/rustwide/rustup-home" "-w" "/opt/rustwide/workdir" "-m" "1610612736" "--user" "0:0" "--network" "none" "ghcr.io/rust-lang/crates-build-env/linux@sha256:4a844ea9eb2546a2d2c7022eacef16ef2e8229c7fbb2c7d4d55a9ceca922f72d" "/opt/rustwide/cargo-home/bin/cargo" "+nightly-2024-10-28" "test" "--frozen" "--no-run" "--message-format=json", kill_on_drop: false }`
[INFO] [stdout] eb4ebedcb9acc062c0a8a880a2c74c9091c6390c05c3d6bb8df4914184ecb82c
[INFO] running `Command { std: "docker" "start" "-a" "eb4ebedcb9acc062c0a8a880a2c74c9091c6390c05c3d6bb8df4914184ecb82c", kill_on_drop: false }`
[INFO] [stderr]    Compiling rand v0.8.5
[INFO] [stderr]    Compiling fixed-hash v0.8.0
[INFO] [stderr]    Compiling libsecp256k1 v0.7.1
[INFO] [stderr]    Compiling zeropool-bn v0.5.11
[INFO] [stderr]    Compiling primitive-types v0.12.2
[INFO] [stderr]    Compiling ethbloom v0.13.0
[INFO] [stderr]    Compiling ethereum-types v0.14.1
[INFO] [stderr]    Compiling evm-core v0.39.0
[INFO] [stderr]    Compiling aurora-engine-types v1.1.0
[INFO] [stderr]    Compiling evm-runtime v0.39.0
[INFO] [stderr]    Compiling ethereum v0.14.0
[INFO] [stderr]    Compiling ethabi v18.0.0
[INFO] [stderr]    Compiling evm-gasometer v0.39.0
[INFO] [stderr]    Compiling evm v0.39.1
[INFO] [stderr]    Compiling aurora-engine-sdk v1.1.0
[INFO] [stderr]    Compiling aurora-engine-precompiles v1.1.0 (/opt/rustwide/workdir)
[INFO] [stdout] error[E0433]: failed to resolve: use of undeclared crate or module `aurora_engine_test_doubles`
[INFO] [stdout]    --> src/lib.rs:478:13
[INFO] [stdout]     |
[INFO] [stdout] 478 |         use aurora_engine_test_doubles::io::StoragePointer;
[INFO] [stdout]     |             ^^^^^^^^^^^^^^^^^^^^^^^^^^ use of undeclared crate or module `aurora_engine_test_doubles`
[INFO] [stdout] 
[INFO] [stdout] 
[INFO] [stdout] error[E0407]: method `record_external_cost` is not a member of trait `PrecompileHandle`
[INFO] [stdout]    --> src/lib.rs:531:13
[INFO] [stdout]     |
[INFO] [stdout] 531 | /             fn record_external_cost(
[INFO] [stdout] 532 | |                 &mut self,
[INFO] [stdout] 533 | |                 _ref_time: Option<u64>,
[INFO] [stdout] 534 | |                 _proof_size: Option<u64>,
[INFO] [stdout] ...   |
[INFO] [stdout] 537 | |                 unimplemented!()
[INFO] [stdout] 538 | |             }
[INFO] [stdout]     | |_____________^ not a member of trait `PrecompileHandle`
[INFO] [stdout] 
[INFO] [stdout] 
[INFO] [stdout] error[E0407]: method `refund_external_cost` is not a member of trait `PrecompileHandle`
[INFO] [stdout]    --> src/lib.rs:540:13
[INFO] [stdout]     |
[INFO] [stdout] 540 | /             fn refund_external_cost(&mut self, _ref_time: Option<u64>, _proof_size: Option<u64>) {
[INFO] [stdout] 541 | |                 unimplemented!()
[INFO] [stdout] 542 | |             }
[INFO] [stdout]     | |_____________^ not a member of trait `PrecompileHandle`
[INFO] [stdout] 
[INFO] [stdout] 
[INFO] [stdout] Some errors have detailed explanations: E0407, E0433.
[INFO] [stdout] 
[INFO] [stdout] For more information about an error, try `rustc --explain E0407`.
[INFO] [stdout] 
[INFO] [stderr] error: could not compile `aurora-engine-precompiles` (lib test) due to 3 previous errors
[INFO] running `Command { std: "docker" "inspect" "eb4ebedcb9acc062c0a8a880a2c74c9091c6390c05c3d6bb8df4914184ecb82c", kill_on_drop: false }`
[INFO] running `Command { std: "docker" "rm" "-f" "eb4ebedcb9acc062c0a8a880a2c74c9091c6390c05c3d6bb8df4914184ecb82c", kill_on_drop: false }`
[INFO] [stdout] eb4ebedcb9acc062c0a8a880a2c74c9091c6390c05c3d6bb8df4914184ecb82c
