[INFO] fetching crate augurs-ets 0.5.3...
[INFO] testing augurs-ets-0.5.3 against nightly-2024-10-28 for randomize-layout
[INFO] extracting crate augurs-ets 0.5.3 into /workspace/builds/worker-1-tc1/source
[INFO] validating manifest of crates.io crate augurs-ets 0.5.3 on toolchain nightly-2024-10-28
[INFO] running `Command { std: CARGO_HOME="/workspace/cargo-home" RUSTUP_HOME="/workspace/rustup-home" "/workspace/cargo-home/bin/cargo" "+nightly-2024-10-28" "metadata" "--manifest-path" "Cargo.toml" "--no-deps", kill_on_drop: false }`
[INFO] started tweaking crates.io crate augurs-ets 0.5.3
[INFO] finished tweaking crates.io crate augurs-ets 0.5.3
[INFO] tweaked toml for crates.io crate augurs-ets 0.5.3 written to /workspace/builds/worker-1-tc1/source/Cargo.toml
[INFO] running `Command { std: CARGO_HOME="/workspace/cargo-home" RUSTUP_HOME="/workspace/rustup-home" "/workspace/cargo-home/bin/cargo" "+nightly-2024-10-28" "generate-lockfile" "--manifest-path" "Cargo.toml", kill_on_drop: false }`
[INFO] [stderr]     Updating crates.io index
[INFO] [stderr]     Blocking waiting for file lock on package cache
[INFO] [stderr]      Locking 167 packages to latest compatible versions
[INFO] running `Command { std: CARGO_HOME="/workspace/cargo-home" RUSTUP_HOME="/workspace/rustup-home" "/workspace/cargo-home/bin/cargo" "+nightly-2024-10-28" "fetch" "--manifest-path" "Cargo.toml", kill_on_drop: false }`
[INFO] [stderr]     Blocking waiting for file lock on package cache
[INFO] [stderr]  Downloading crates ...
[INFO] [stderr]   Downloaded debugid v0.8.0
[INFO] [stderr]   Downloaded memmap2 v0.9.5
[INFO] [stderr]   Downloaded rand_distr v0.4.3
[INFO] [stderr]   Downloaded distrs v0.2.2
[INFO] [stderr]   Downloaded nalgebra-macros v0.2.2
[INFO] [stderr]   Downloaded symbolic-common v12.12.0
[INFO] [stderr]   Downloaded stlrs v0.3.1
[INFO] [stderr]   Downloaded roots v0.0.8
[INFO] [stderr]   Downloaded lstsq v0.6.0
[INFO] [stderr]   Downloaded anstyle v1.0.9
[INFO] [stderr]   Downloaded augurs-core v0.5.4
[INFO] [stderr]   Downloaded iai v0.1.1
[INFO] [stderr]   Downloaded clap v4.5.20
[INFO] [stderr]   Downloaded prost-build v0.12.6
[INFO] [stderr]   Downloaded cpp_demangle v0.4.4
[INFO] [stderr]   Downloaded pprof v0.13.0
[INFO] [stderr]   Downloaded criterion v0.5.1
[INFO] [stderr]   Downloaded clap_lex v0.7.2
[INFO] [stderr]   Downloaded augurs-mstl v0.5.4
[INFO] [stderr]   Downloaded symbolic-demangle v12.12.0
[INFO] [stderr]   Downloaded clap_builder v4.5.20
[INFO] [stderr]   Downloaded multimap v0.10.0
[INFO] [stderr]   Downloaded fixedbitset v0.4.2
[INFO] [stderr]   Downloaded findshlibs v0.10.2
[INFO] [stderr]   Downloaded petgraph v0.6.5
[INFO] running `Command { std: "docker" "create" "-v" "/var/lib/crater-agent-workspace/builds/worker-1-tc1/target:/opt/rustwide/target:rw,Z" "-v" "/var/lib/crater-agent-workspace/builds/worker-1-tc1/source:/opt/rustwide/workdir:ro,Z" "-v" "/var/lib/crater-agent-workspace/cargo-home:/opt/rustwide/cargo-home:ro,Z" "-v" "/var/lib/crater-agent-workspace/rustup-home:/opt/rustwide/rustup-home:ro,Z" "-e" "SOURCE_DIR=/opt/rustwide/workdir" "-e" "CARGO_TARGET_DIR=/opt/rustwide/target" "-e" "CARGO_HOME=/opt/rustwide/cargo-home" "-e" "RUSTUP_HOME=/opt/rustwide/rustup-home" "-w" "/opt/rustwide/workdir" "-m" "1610612736" "--user" "0:0" "--network" "none" "ghcr.io/rust-lang/crates-build-env/linux@sha256:4a844ea9eb2546a2d2c7022eacef16ef2e8229c7fbb2c7d4d55a9ceca922f72d" "/opt/rustwide/cargo-home/bin/cargo" "+nightly-2024-10-28" "metadata" "--no-deps" "--format-version=1", kill_on_drop: false }`
[INFO] [stdout] 2903fc9786e8fd39ecafed727a2c08b14b4692cf8902567bda593fe8932859af
[INFO] running `Command { std: "docker" "start" "-a" "2903fc9786e8fd39ecafed727a2c08b14b4692cf8902567bda593fe8932859af", kill_on_drop: false }`
[INFO] running `Command { std: "docker" "inspect" "2903fc9786e8fd39ecafed727a2c08b14b4692cf8902567bda593fe8932859af", kill_on_drop: false }`
[INFO] running `Command { std: "docker" "rm" "-f" "2903fc9786e8fd39ecafed727a2c08b14b4692cf8902567bda593fe8932859af", kill_on_drop: false }`
[INFO] [stdout] 2903fc9786e8fd39ecafed727a2c08b14b4692cf8902567bda593fe8932859af
[INFO] running `Command { std: "docker" "create" "-v" "/var/lib/crater-agent-workspace/builds/worker-1-tc1/target:/opt/rustwide/target:rw,Z" "-v" "/var/lib/crater-agent-workspace/builds/worker-1-tc1/source:/opt/rustwide/workdir:ro,Z" "-v" "/var/lib/crater-agent-workspace/cargo-home:/opt/rustwide/cargo-home:ro,Z" "-v" "/var/lib/crater-agent-workspace/rustup-home:/opt/rustwide/rustup-home:ro,Z" "-e" "SOURCE_DIR=/opt/rustwide/workdir" "-e" "CARGO_TARGET_DIR=/opt/rustwide/target" "-e" "CARGO_INCREMENTAL=0" "-e" "RUST_BACKTRACE=full" "-e" "RUSTFLAGS=--cap-lints=forbid" "-e" "RUSTDOCFLAGS=--cap-lints=forbid" "-e" "CARGO_HOME=/opt/rustwide/cargo-home" "-e" "RUSTUP_HOME=/opt/rustwide/rustup-home" "-w" "/opt/rustwide/workdir" "-m" "1610612736" "--user" "0:0" "--network" "none" "ghcr.io/rust-lang/crates-build-env/linux@sha256:4a844ea9eb2546a2d2c7022eacef16ef2e8229c7fbb2c7d4d55a9ceca922f72d" "/opt/rustwide/cargo-home/bin/cargo" "+nightly-2024-10-28" "build" "--frozen" "--message-format=json", kill_on_drop: false }`
[INFO] [stdout] 6de25ed703b3ceeb720c55ceb3d0c416eab81bc0e38869893a325dd464c8e063
[INFO] running `Command { std: "docker" "start" "-a" "6de25ed703b3ceeb720c55ceb3d0c416eab81bc0e38869893a325dd464c8e063", kill_on_drop: false }`
[INFO] [stderr]    Compiling libm v0.2.11
[INFO] [stderr]    Compiling libc v0.2.161
[INFO] [stderr]    Compiling paste v1.0.15
[INFO] [stderr]    Compiling bytemuck v1.19.0
[INFO] [stderr]    Compiling num-traits v0.2.19
[INFO] [stderr]    Compiling matrixmultiply v0.3.9
[INFO] [stderr]    Compiling zerocopy-derive v0.7.35
[INFO] [stderr]    Compiling rawpointer v0.2.1
[INFO] [stderr]    Compiling nalgebra-macros v0.2.2
[INFO] [stderr]    Compiling safe_arch v0.7.2
[INFO] [stderr]    Compiling tracing-attributes v0.1.27
[INFO] [stderr]    Compiling wide v0.7.28
[INFO] [stderr]    Compiling either v1.13.0
[INFO] [stderr]    Compiling augurs-core v0.5.4
[INFO] [stderr]    Compiling getrandom v0.2.15
[INFO] [stderr]    Compiling itertools v0.13.0
[INFO] [stderr]    Compiling roots v0.0.8
[INFO] [stderr]    Compiling zerocopy v0.7.35
[INFO] [stderr]    Compiling rand_core v0.6.4
[INFO] [stderr]    Compiling distrs v0.2.2
[INFO] [stderr]    Compiling tracing v0.1.40
[INFO] [stderr]    Compiling ppv-lite86 v0.2.20
[INFO] [stderr]    Compiling num-integer v0.1.46
[INFO] [stderr]    Compiling approx v0.5.1
[INFO] [stderr]    Compiling num-complex v0.4.6
[INFO] [stderr]    Compiling num-rational v0.4.2
[INFO] [stderr]    Compiling rand_chacha v0.3.1
[INFO] [stderr]    Compiling rand v0.8.5
[INFO] [stderr]    Compiling simba v0.9.0
[INFO] [stderr]    Compiling rand_distr v0.4.3
[INFO] [stderr]    Compiling nalgebra v0.33.2
[INFO] [stderr]    Compiling lstsq v0.6.0
[INFO] [stderr]    Compiling augurs-ets v0.5.3 (/opt/rustwide/workdir)
[INFO] [stderr]     Finished `dev` profile [unoptimized + debuginfo] target(s) in 16.45s
[INFO] running `Command { std: "docker" "inspect" "6de25ed703b3ceeb720c55ceb3d0c416eab81bc0e38869893a325dd464c8e063", kill_on_drop: false }`
[INFO] running `Command { std: "docker" "rm" "-f" "6de25ed703b3ceeb720c55ceb3d0c416eab81bc0e38869893a325dd464c8e063", kill_on_drop: false }`
[INFO] [stdout] 6de25ed703b3ceeb720c55ceb3d0c416eab81bc0e38869893a325dd464c8e063
[INFO] running `Command { std: "docker" "create" "-v" "/var/lib/crater-agent-workspace/builds/worker-1-tc1/target:/opt/rustwide/target:rw,Z" "-v" "/var/lib/crater-agent-workspace/builds/worker-1-tc1/source:/opt/rustwide/workdir:ro,Z" "-v" "/var/lib/crater-agent-workspace/cargo-home:/opt/rustwide/cargo-home:ro,Z" "-v" "/var/lib/crater-agent-workspace/rustup-home:/opt/rustwide/rustup-home:ro,Z" "-e" "SOURCE_DIR=/opt/rustwide/workdir" "-e" "CARGO_TARGET_DIR=/opt/rustwide/target" "-e" "CARGO_INCREMENTAL=0" "-e" "RUST_BACKTRACE=full" "-e" "RUSTFLAGS=--cap-lints=forbid" "-e" "RUSTDOCFLAGS=--cap-lints=forbid" "-e" "CARGO_HOME=/opt/rustwide/cargo-home" "-e" "RUSTUP_HOME=/opt/rustwide/rustup-home" "-w" "/opt/rustwide/workdir" "-m" "1610612736" "--user" "0:0" "--network" "none" "ghcr.io/rust-lang/crates-build-env/linux@sha256:4a844ea9eb2546a2d2c7022eacef16ef2e8229c7fbb2c7d4d55a9ceca922f72d" "/opt/rustwide/cargo-home/bin/cargo" "+nightly-2024-10-28" "test" "--frozen" "--no-run" "--message-format=json", kill_on_drop: false }`
[INFO] [stdout] 0f47940b6d66959940f21593d9d3e9b4396430f02ee60d448273d2d00fdff68e
[INFO] running `Command { std: "docker" "start" "-a" "0f47940b6d66959940f21593d9d3e9b4396430f02ee60d448273d2d00fdff68e", kill_on_drop: false }`
[INFO] [stderr]    Compiling libc v0.2.161
[INFO] [stderr]    Compiling version_check v0.9.5
[INFO] [stderr]    Compiling num-traits v0.2.19
[INFO] [stderr]    Compiling anyhow v1.0.92
[INFO] [stderr]    Compiling either v1.13.0
[INFO] [stderr]    Compiling crossbeam-utils v0.8.20
[INFO] [stderr]    Compiling bytes v1.8.0
[INFO] [stderr]    Compiling rustix v0.38.38
[INFO] [stderr]    Compiling itertools v0.12.1
[INFO] [stderr]    Compiling generic-array v0.14.7
[INFO] [stderr]    Compiling regex-syntax v0.8.5
[INFO] [stderr]    Compiling hashbrown v0.15.0
[INFO] [stderr]    Compiling prettyplease v0.2.25
[INFO] [stderr]    Compiling bitflags v2.6.0
[INFO] [stderr]    Compiling linux-raw-sys v0.4.14
[INFO] [stderr]    Compiling equivalent v1.0.1
[INFO] [stderr]    Compiling crossbeam-epoch v0.9.18
[INFO] [stderr]    Compiling fastrand v2.1.1
[INFO] [stderr]    Compiling indexmap v2.6.0
[INFO] [stderr]    Compiling fixedbitset v0.4.2
[INFO] [stderr]    Compiling block-buffer v0.10.4
[INFO] [stderr]    Compiling crypto-common v0.1.6
[INFO] [stderr]    Compiling rayon-core v1.12.1
[INFO] [stderr]    Compiling digest v0.10.7
[INFO] [stderr]    Compiling crossbeam-deque v0.8.5
[INFO] [stderr]    Compiling prost-derive v0.12.6
[INFO] [stderr]    Compiling num-complex v0.4.6
[INFO] [stderr]    Compiling num-integer v0.1.46
[INFO] [stderr]    Compiling getrandom v0.2.15
[INFO] [stderr]    Compiling regex-automata v0.4.8
[INFO] [stderr]    Compiling rand_core v0.6.4
[INFO] [stderr]    Compiling petgraph v0.6.5
[INFO] [stderr]    Compiling approx v0.5.1
[INFO] [stderr]    Compiling half v2.4.1
[INFO] [stderr]    Compiling cpufeatures v0.2.14
[INFO] [stderr]    Compiling multimap v0.10.0
[INFO] [stderr]    Compiling anstyle v1.0.9
[INFO] [stderr]    Compiling plotters-backend v0.3.7
[INFO] [stderr]    Compiling uuid v1.11.0
[INFO] [stderr]    Compiling ciborium-io v0.2.2
[INFO] [stderr]    Compiling cpp_demangle v0.4.4
[INFO] [stderr]    Compiling clap_lex v0.7.2
[INFO] [stderr]    Compiling heck v0.5.0
[INFO] [stderr]    Compiling clap_builder v4.5.20
[INFO] [stderr]    Compiling debugid v0.8.0
[INFO] [stderr]    Compiling ciborium-ll v0.2.2
[INFO] [stderr]    Compiling tempfile v3.13.0
[INFO] [stderr]    Compiling regex v1.11.1
[INFO] [stderr]    Compiling plotters-svg v0.3.7
[INFO] [stderr]    Compiling prost v0.12.6
[INFO] [stderr]    Compiling sha2 v0.10.8
[INFO] [stderr]    Compiling simba v0.9.0
[INFO] [stderr]    Compiling prost-types v0.12.6
[INFO] [stderr]    Compiling rand_chacha v0.3.1
[INFO] [stderr]    Compiling num-rational v0.4.2
[INFO] [stderr]    Compiling memmap2 v0.9.5
[INFO] [stderr]    Compiling findshlibs v0.10.2
[INFO] [stderr]    Compiling itertools v0.10.5
[INFO] [stderr]    Compiling same-file v1.0.6
[INFO] [stderr]    Compiling rustc-demangle v0.1.24
[INFO] [stderr]    Compiling prost-build v0.12.6
[INFO] [stderr]    Compiling adler2 v2.0.0
[INFO] [stderr]    Compiling stable_deref_trait v1.2.0
[INFO] [stderr]    Compiling symbolic-demangle v12.12.0
[INFO] [stderr]    Compiling gimli v0.31.1
[INFO] [stderr]    Compiling smallvec v1.13.2
[INFO] [stderr]    Compiling cast v0.3.0
[INFO] [stderr]    Compiling parking_lot_core v0.9.10
[INFO] [stderr]    Compiling criterion-plot v0.5.0
[INFO] [stderr]    Compiling symbolic-common v12.12.0
[INFO] [stderr]    Compiling miniz_oxide v0.8.0
[INFO] [stderr]    Compiling rayon v1.10.0
[INFO] [stderr]    Compiling walkdir v2.5.0
[INFO] [stderr]    Compiling pprof v0.13.0
[INFO] [stderr]    Compiling clap v4.5.20
[INFO] [stderr]    Compiling rand v0.8.5
[INFO] [stderr]    Compiling tinytemplate v1.2.1
[INFO] [stderr]    Compiling plotters v0.3.7
[INFO] [stderr]    Compiling ciborium v0.2.2
[INFO] [stderr]    Compiling is-terminal v0.4.13
[INFO] [stderr]    Compiling object v0.36.5
[INFO] [stderr]    Compiling oorandom v11.1.4
[INFO] [stderr]    Compiling bitflags v1.3.2
[INFO] [stderr]    Compiling anes v0.1.6
[INFO] [stderr]    Compiling nix v0.26.4
[INFO] [stderr]    Compiling addr2line v0.24.2
[INFO] [stderr]    Compiling rand_distr v0.4.3
[INFO] [stderr]    Compiling parking_lot v0.12.3
[INFO] [stderr]    Compiling iai v0.1.1
[INFO] [stderr]    Compiling nalgebra v0.33.2
[INFO] [stderr]    Compiling criterion v0.5.1
[INFO] [stderr]    Compiling backtrace v0.3.74
[INFO] [stderr]    Compiling lstsq v0.6.0
[INFO] [stderr]    Compiling augurs-ets v0.5.3 (/opt/rustwide/workdir)
[INFO] [stdout] error[E0433]: failed to resolve: use of undeclared crate or module `augurs_testing`
[INFO] [stdout]    --> src/auto.rs:584:9
[INFO] [stdout]     |
[INFO] [stdout] 584 |     use augurs_testing::{assert_within_pct, data::AIR_PASSENGERS};
[INFO] [stdout]     |         ^^^^^^^^^^^^^^ use of undeclared crate or module `augurs_testing`
[INFO] [stdout] 
[INFO] [stdout] 
[INFO] [stdout] error[E0432]: unresolved import `augurs_testing`
[INFO] [stdout]    --> src/auto.rs:584:9
[INFO] [stdout]     |
[INFO] [stdout] 584 |     use augurs_testing::{assert_within_pct, data::AIR_PASSENGERS};
[INFO] [stdout]     |         ^^^^^^^^^^^^^^ use of undeclared crate or module `augurs_testing`
[INFO] [stdout] 
[INFO] [stdout] 
[INFO] [stdout] error[E0433]: failed to resolve: use of undeclared crate or module `augurs_testing`
[INFO] [stdout]    --> src/ets.rs:530:9
[INFO] [stdout]     |
[INFO] [stdout] 530 |     use augurs_testing::{assert_approx_eq, data::AIR_PASSENGERS as AP};
[INFO] [stdout]     |         ^^^^^^^^^^^^^^ use of undeclared crate or module `augurs_testing`
[INFO] [stdout] 
[INFO] [stdout] 
[INFO] [stdout] error[E0432]: unresolved import `augurs_testing`
[INFO] [stdout]    --> src/ets.rs:530:9
[INFO] [stdout]     |
[INFO] [stdout] 530 |     use augurs_testing::{assert_approx_eq, data::AIR_PASSENGERS as AP};
[INFO] [stdout]     |         ^^^^^^^^^^^^^^ use of undeclared crate or module `augurs_testing`
[INFO] [stdout] 
[INFO] [stdout] 
[INFO] [stdout] error[E0433]: failed to resolve: use of undeclared crate or module `augurs_testing`
[INFO] [stdout]     --> src/model.rs:1537:9
[INFO] [stdout]      |
[INFO] [stdout] 1537 |     use augurs_testing::{assert_approx_eq, assert_within_pct, data::AIR_PASSENGERS as AP};
[INFO] [stdout]      |         ^^^^^^^^^^^^^^ use of undeclared crate or module `augurs_testing`
[INFO] [stdout] 
[INFO] [stdout] 
[INFO] [stdout] error[E0432]: unresolved import `augurs_testing`
[INFO] [stdout]     --> src/model.rs:1537:9
[INFO] [stdout]      |
[INFO] [stdout] 1537 |     use augurs_testing::{assert_approx_eq, assert_within_pct, data::AIR_PASSENGERS as AP};
[INFO] [stdout]      |         ^^^^^^^^^^^^^^ use of undeclared crate or module `augurs_testing`
[INFO] [stdout] 
[INFO] [stdout] 
[INFO] [stdout] error[E0432]: unresolved import `augurs_testing`
[INFO] [stdout]   --> src/stat.rs:36:9
[INFO] [stdout]    |
[INFO] [stdout] 36 |     use augurs_testing::assert_approx_eq;
[INFO] [stdout]    |         ^^^^^^^^^^^^^^ use of undeclared crate or module `augurs_testing`
[INFO] [stdout] 
[INFO] [stdout] 
[INFO] [stdout] Some errors have detailed explanations: E0432, E0433.
[INFO] [stdout] 
[INFO] [stdout] For more information about an error, try `rustc --explain E0432`.
[INFO] [stdout] 
[INFO] [stderr] error: could not compile `augurs-ets` (lib test) due to 7 previous errors
[INFO] [stderr] warning: build failed, waiting for other jobs to finish...
[INFO] running `Command { std: "docker" "inspect" "0f47940b6d66959940f21593d9d3e9b4396430f02ee60d448273d2d00fdff68e", kill_on_drop: false }`
[INFO] running `Command { std: "docker" "rm" "-f" "0f47940b6d66959940f21593d9d3e9b4396430f02ee60d448273d2d00fdff68e", kill_on_drop: false }`
[INFO] [stdout] 0f47940b6d66959940f21593d9d3e9b4396430f02ee60d448273d2d00fdff68e
