[INFO] fetching crate auditor 0.6.2...
[INFO] testing auditor-0.6.2 against nightly-2024-10-28+rustflags=-Zrandomize-layout for randomize-layout
[INFO] extracting crate auditor 0.6.2 into /workspace/builds/worker-0-tc2/source
[INFO] validating manifest of crates.io crate auditor 0.6.2 on toolchain nightly-2024-10-28
[INFO] running `Command { std: CARGO_HOME="/workspace/cargo-home" RUSTUP_HOME="/workspace/rustup-home" "/workspace/cargo-home/bin/cargo" "+nightly-2024-10-28" "metadata" "--manifest-path" "Cargo.toml" "--no-deps", kill_on_drop: false }`
[INFO] started tweaking crates.io crate auditor 0.6.2
[INFO] removed 0 missing tests
[INFO] finished tweaking crates.io crate auditor 0.6.2
[INFO] tweaked toml for crates.io crate auditor 0.6.2 written to /workspace/builds/worker-0-tc2/source/Cargo.toml
[INFO] crate crates.io crate auditor 0.6.2 already has a lockfile, it will not be regenerated
[INFO] running `Command { std: CARGO_HOME="/workspace/cargo-home" RUSTUP_HOME="/workspace/rustup-home" "/workspace/cargo-home/bin/cargo" "+nightly-2024-10-28" "fetch" "--manifest-path" "Cargo.toml", kill_on_drop: false }`
[INFO] running `Command { std: "docker" "create" "-v" "/var/lib/crater-agent-workspace/builds/worker-0-tc2/target:/opt/rustwide/target:rw,Z" "-v" "/var/lib/crater-agent-workspace/builds/worker-0-tc2/source:/opt/rustwide/workdir:ro,Z" "-v" "/var/lib/crater-agent-workspace/cargo-home:/opt/rustwide/cargo-home:ro,Z" "-v" "/var/lib/crater-agent-workspace/rustup-home:/opt/rustwide/rustup-home:ro,Z" "-e" "SOURCE_DIR=/opt/rustwide/workdir" "-e" "CARGO_TARGET_DIR=/opt/rustwide/target" "-e" "CARGO_HOME=/opt/rustwide/cargo-home" "-e" "RUSTUP_HOME=/opt/rustwide/rustup-home" "-w" "/opt/rustwide/workdir" "-m" "1610612736" "--user" "0:0" "--network" "none" "ghcr.io/rust-lang/crates-build-env/linux@sha256:4a844ea9eb2546a2d2c7022eacef16ef2e8229c7fbb2c7d4d55a9ceca922f72d" "/opt/rustwide/cargo-home/bin/cargo" "+nightly-2024-10-28" "metadata" "--no-deps" "--format-version=1", kill_on_drop: false }`
[INFO] [stdout] d0414974d16d2fa839eb01af6c0a18b0a0ab6dfee341901660519369ca50ffe7
[INFO] running `Command { std: "docker" "start" "-a" "d0414974d16d2fa839eb01af6c0a18b0a0ab6dfee341901660519369ca50ffe7", kill_on_drop: false }`
[INFO] running `Command { std: "docker" "inspect" "d0414974d16d2fa839eb01af6c0a18b0a0ab6dfee341901660519369ca50ffe7", kill_on_drop: false }`
[INFO] running `Command { std: "docker" "rm" "-f" "d0414974d16d2fa839eb01af6c0a18b0a0ab6dfee341901660519369ca50ffe7", kill_on_drop: false }`
[INFO] [stdout] d0414974d16d2fa839eb01af6c0a18b0a0ab6dfee341901660519369ca50ffe7
[INFO] running `Command { std: "docker" "create" "-v" "/var/lib/crater-agent-workspace/builds/worker-0-tc2/target:/opt/rustwide/target:rw,Z" "-v" "/var/lib/crater-agent-workspace/builds/worker-0-tc2/source:/opt/rustwide/workdir:ro,Z" "-v" "/var/lib/crater-agent-workspace/cargo-home:/opt/rustwide/cargo-home:ro,Z" "-v" "/var/lib/crater-agent-workspace/rustup-home:/opt/rustwide/rustup-home:ro,Z" "-e" "SOURCE_DIR=/opt/rustwide/workdir" "-e" "CARGO_TARGET_DIR=/opt/rustwide/target" "-e" "CARGO_INCREMENTAL=0" "-e" "RUST_BACKTRACE=full" "-e" "RUSTFLAGS=--cap-lints=forbid -Zrandomize-layout" "-e" "RUSTDOCFLAGS=--cap-lints=forbid" "-e" "CARGO_HOME=/opt/rustwide/cargo-home" "-e" "RUSTUP_HOME=/opt/rustwide/rustup-home" "-w" "/opt/rustwide/workdir" "-m" "1610612736" "--user" "0:0" "--network" "none" "ghcr.io/rust-lang/crates-build-env/linux@sha256:4a844ea9eb2546a2d2c7022eacef16ef2e8229c7fbb2c7d4d55a9ceca922f72d" "/opt/rustwide/cargo-home/bin/cargo" "+nightly-2024-10-28" "build" "--frozen" "--message-format=json", kill_on_drop: false }`
[INFO] [stdout] d8b5915b949aa3de619576440e19c8c48a5e39fba00c7718fa431655c4869af2
[INFO] running `Command { std: "docker" "start" "-a" "d8b5915b949aa3de619576440e19c8c48a5e39fba00c7718fa431655c4869af2", kill_on_drop: false }`
[INFO] [stderr]    Compiling libc v0.2.155
[INFO] [stderr]    Compiling bytes v1.6.1
[INFO] [stderr]    Compiling syn v2.0.72
[INFO] [stderr]    Compiling serde v1.0.204
[INFO] [stderr]    Compiling tracing-core v0.1.32
[INFO] [stderr]    Compiling zerocopy v0.7.35
[INFO] [stderr]    Compiling allocator-api2 v0.2.18
[INFO] [stderr]    Compiling num-traits v0.2.19
[INFO] [stderr]    Compiling digest v0.10.7
[INFO] [stderr]    Compiling serde_json v1.0.121
[INFO] [stderr]    Compiling unicode-normalization v0.1.23
[INFO] [stderr]    Compiling unicode-bidi v0.3.15
[INFO] [stderr]    Compiling httparse v1.9.4
[INFO] [stderr]    Compiling aho-corasick v1.1.3
[INFO] [stderr]    Compiling idna v0.5.0
[INFO] [stderr]    Compiling regex-syntax v0.8.4
[INFO] [stderr]    Compiling http v0.2.12
[INFO] [stderr]    Compiling url v2.5.2
[INFO] [stderr]    Compiling local-waker v0.1.4
[INFO] [stderr]    Compiling zstd-safe v7.2.0
[INFO] [stderr]    Compiling http v1.1.0
[INFO] [stderr]    Compiling getrandom v0.2.15
[INFO] [stderr]    Compiling jobserver v0.1.32
[INFO] [stderr]    Compiling parking_lot_core v0.9.10
[INFO] [stderr]    Compiling cc v1.1.7
[INFO] [stderr]    Compiling parking_lot v0.12.3
[INFO] [stderr]    Compiling signal-hook-registry v1.4.2
[INFO] [stderr]    Compiling socket2 v0.5.7
[INFO] [stderr]    Compiling mio v1.0.1
[INFO] [stderr]    Compiling ahash v0.8.11
[INFO] [stderr]    Compiling hashbrown v0.14.5
[INFO] [stderr]    Compiling rand_core v0.6.4
[INFO] [stderr]    Compiling regex-automata v0.4.7
[INFO] [stderr]    Compiling rand_chacha v0.3.1
[INFO] [stderr]    Compiling bytestring v1.3.1
[INFO] [stderr]    Compiling rustls v0.21.12
[INFO] [stderr]    Compiling miniz_oxide v0.7.4
[INFO] [stderr]    Compiling uuid v1.10.0
[INFO] [stderr]    Compiling indexmap v2.2.6
[INFO] [stderr]    Compiling ring v0.17.8
[INFO] [stderr]    Compiling rand v0.8.5
[INFO] [stderr]    Compiling zstd-sys v2.0.12+zstd.1.5.6
[INFO] [stderr]    Compiling ahash v0.7.8
[INFO] [stderr]    Compiling time v0.3.36
[INFO] [stderr]    Compiling actix-utils v3.0.1
[INFO] [stderr]    Compiling actix-service v2.0.2
[INFO] [stderr]    Compiling cookie v0.16.2
[INFO] [stderr]    Compiling protobuf v2.28.0
[INFO] [stderr]    Compiling rustix v0.38.34
[INFO] [stderr]    Compiling regex v1.10.5
[INFO] [stderr]    Compiling regex-lite v0.1.6
[INFO] [stderr]    Compiling sqlformat v0.2.4
[INFO] [stderr]    Compiling crc v3.2.1
[INFO] [stderr]    Compiling serde_derive v1.0.204
[INFO] [stderr]    Compiling futures-macro v0.3.30
[INFO] [stderr]    Compiling tokio-macros v2.4.0
[INFO] [stderr]    Compiling futures-util v0.3.30
[INFO] [stderr]    Compiling tokio v1.39.2
[INFO] [stderr]    Compiling tracing-attributes v0.1.27
[INFO] [stderr]    Compiling thiserror-impl v1.0.63
[INFO] [stderr]    Compiling tracing v0.1.40
[INFO] [stderr]    Compiling async-trait v0.1.81
[INFO] [stderr]    Compiling thiserror v1.0.63
[INFO] [stderr]    Compiling pin-project-internal v1.1.5
[INFO] [stderr]    Compiling pest v2.7.11
[INFO] [stderr]    Compiling futures-executor v0.3.30
[INFO] [stderr]    Compiling rustls-webpki v0.101.7
[INFO] [stderr]    Compiling sct v0.7.1
[INFO] [stderr]    Compiling derive_more v0.99.18
[INFO] [stderr]    Compiling pin-project v1.1.5
[INFO] [stderr]    Compiling flate2 v1.0.30
[INFO] [stderr]    Compiling tokio-util v0.7.11
[INFO] [stderr]    Compiling actix-rt v2.10.0
[INFO] [stderr]    Compiling tokio-stream v0.1.15
[INFO] [stderr]    Compiling actix-codec v0.5.2
[INFO] [stderr]    Compiling h2 v0.3.26
[INFO] [stderr]    Compiling brotli v6.0.0
[INFO] [stderr]    Compiling chrono v0.4.38
[INFO] [stderr]    Compiling either v1.13.0
[INFO] [stderr]    Compiling actix-router v0.5.3
[INFO] [stderr]    Compiling serde_urlencoded v0.7.1
[INFO] [stderr]    Compiling crossbeam-queue v0.3.11
[INFO] [stderr]    Compiling hashbrown v0.12.3
[INFO] [stderr]    Compiling hashlink v0.8.4
[INFO] [stderr]    Compiling futures-intrusive v0.5.0
[INFO] [stderr]    Compiling http-body v1.0.1
[INFO] [stderr]    Compiling mio v0.8.11
[INFO] [stderr]    Compiling local-channel v0.1.5
[INFO] [stderr]    Compiling ordered-float v4.2.1
[INFO] [stderr]    Compiling atoi v2.0.0
[INFO] [stderr]    Compiling sha1 v0.10.6
[INFO] [stderr]    Compiling sha2 v0.10.8
[INFO] [stderr]    Compiling hmac v0.12.1
[INFO] [stderr]    Compiling urlencoding v2.1.3
[INFO] [stderr]    Compiling unicode-properties v0.1.1
[INFO] [stderr]    Compiling glob v0.3.1
[INFO] [stderr]    Compiling prometheus v0.13.4
[INFO] [stderr]    Compiling rustls v0.23.12
[INFO] [stderr]    Compiling byteorder v1.5.0
[INFO] [stderr]    Compiling language-tags v0.3.2
[INFO] [stderr]    Compiling linux-raw-sys v0.4.14
[INFO] [stderr]    Compiling h2 v0.4.5
[INFO] [stderr]    Compiling sqlx-core v0.7.4
[INFO] [stderr]    Compiling actix-server v2.4.0
[INFO] [stderr]    Compiling darling_core v0.20.10
[INFO] [stderr]    Compiling stringprep v0.1.5
[INFO] [stderr]    Compiling hkdf v0.12.4
[INFO] [stderr]    Compiling actix-web-codegen v4.3.0
[INFO] [stderr]    Compiling pest_meta v2.7.11
[INFO] [stderr]    Compiling zstd v0.13.2
[INFO] [stderr]    Compiling actix-http v3.8.0
[INFO] [stderr]    Compiling rustls-webpki v0.102.6
[INFO] [stderr]    Compiling actix-macros v0.2.4
[INFO] [stderr]    Compiling md-5 v0.10.6
[INFO] [stderr]    Compiling fastrand v2.1.0
[INFO] [stderr]    Compiling whoami v1.5.1
[INFO] [stderr]    Compiling heck v0.4.1
[INFO] [stderr]    Compiling sqlx-postgres v0.7.4
[INFO] [stderr]    Compiling tempfile v3.10.1
[INFO] [stderr]    Compiling hyper v1.4.1
[INFO] [stderr]    Compiling tower v0.4.13
[INFO] [stderr]    Compiling darling_macro v0.20.10
[INFO] [stderr]    Compiling pest_generator v2.7.11
[INFO] [stderr]    Compiling syn v1.0.109
[INFO] [stderr]    Compiling actix-web v4.8.0
[INFO] [stderr]    Compiling opentelemetry v0.22.0
[INFO] [stderr]    Compiling dlv-list v0.3.0
[INFO] [stderr]    Compiling ordered-multimap v0.4.3
[INFO] [stderr]    Compiling tokio-rustls v0.26.0
[INFO] [stderr]    Compiling opentelemetry_sdk v0.22.1
[INFO] [stderr]    Compiling sqlx-macros-core v0.7.4
[INFO] [stderr]    Compiling pest_derive v2.7.11
[INFO] [stderr]    Compiling hyper-util v0.1.6
[INFO] [stderr]    Compiling darling v0.20.10
[INFO] [stderr]    Compiling matchers v0.1.0
[INFO] [stderr]    Compiling opentelemetry v0.23.0
[INFO] [stderr]    Compiling webpki-roots v0.26.3
[INFO] [stderr]    Compiling tracing-log v0.2.0
[INFO] [stderr]    Compiling thread_local v1.1.8
[INFO] [stderr]    Compiling ron v0.7.1
[INFO] [stderr]    Compiling tracing-subscriber v0.3.18
[INFO] [stderr]    Compiling hyper-rustls v0.27.2
[INFO] [stderr]    Compiling opentelemetry_sdk v0.23.0
[INFO] [stderr]    Compiling opentelemetry-prometheus v0.15.0
[INFO] [stderr]    Compiling serde_with_macros v3.9.0
[INFO] [stderr]    Compiling sqlx-macros v0.7.4
[INFO] [stderr]    Compiling json5 v0.4.1
[INFO] [stderr]    Compiling rust-ini v0.18.0
[INFO] [stderr]    Compiling indexmap v1.9.3
[INFO] [stderr]    Compiling http-body-util v0.1.2
[INFO] [stderr]    Compiling toml v0.5.11
[INFO] [stderr]    Compiling futures v0.3.30
[INFO] [stderr]    Compiling gethostname v0.2.3
[INFO] [stderr]    Compiling tracing-log v0.1.4
[INFO] [stderr]    Compiling auditor v0.6.2 (/opt/rustwide/workdir)
[INFO] [stderr]    Compiling opentelemetry-semantic-conventions v0.14.0
[INFO] [stderr]    Compiling sync_wrapper v1.0.1
[INFO] [stderr]    Compiling mutually_exclusive_features v0.0.3
[INFO] [stderr]    Compiling reqwest v0.12.5
[INFO] [stderr]    Compiling tracing-actix-web v0.7.11
[INFO] [stderr]    Compiling sqlx v0.7.4
[INFO] [stderr]    Compiling tracing-bunyan-formatter v0.3.9
[INFO] [stderr]    Compiling config v0.13.4
[INFO] [stderr]    Compiling actix-web-opentelemetry v0.17.0
[INFO] [stderr]    Compiling fake v2.9.2
[INFO] [stderr]    Compiling serde_qs v0.13.0
[INFO] [stderr]    Compiling opentelemetry_api v0.20.0
[INFO] [stderr]    Compiling serde_with v3.9.0
[INFO] [stderr]    Compiling opentelemetry-prometheus v0.16.0
[INFO] [stderr]    Compiling secrecy v0.8.0
[INFO] [stderr]    Compiling itertools v0.13.0
[INFO] [stderr]    Compiling serde-aux v4.5.0
[INFO] [stdout] error: error communicating with database: Cannot assign requested address (os error 99)
[INFO] [stdout]   --> src/metrics/database.rs:99:19
[INFO] [stdout]    |
[INFO] [stdout] 99 |         let num = sqlx::query_scalar!(r#"SELECT count(*) as "count!" FROM auditor_accounting;"#)
[INFO] [stdout]    |                   ^^^^^^^^^^^^^^^^^^^^^^^^^^^^^^^^^^^^^^^^^^^^^^^^^^^^^^^^^^^^^^^^^^^^^^^^^^^^^^
[INFO] [stdout]    |
[INFO] [stdout]    = note: this error originates in the macro `$crate::sqlx_macros::expand_query` which comes from the expansion of the macro `sqlx::query_scalar` (in Nightly builds, run with -Z macro-backtrace for more info)
[INFO] [stdout] 
[INFO] [stdout] 
[INFO] [stdout] error: error communicating with database: Cannot assign requested address (os error 99)
[INFO] [stdout]    --> src/metrics/database.rs:109:46
[INFO] [stdout]     |
[INFO] [stdout] 109 |           let per_site: HashMap<String, i64> = sqlx::query_as!(
[INFO] [stdout]     |  ______________________________________________^
[INFO] [stdout] 110 | |             AggregatedColumns,
[INFO] [stdout] 111 | |             r#"
[INFO] [stdout] 112 | |             SELECT jsonb_array_elements_text(meta->'site_id') AS "name!", COUNT(*) AS "num!"
[INFO] [stdout] ...   |
[INFO] [stdout] 115 | |             "#
[INFO] [stdout] 116 | |         )
[INFO] [stdout]     | |_________^
[INFO] [stdout]     |
[INFO] [stdout]     = note: this error originates in the macro `$crate::sqlx_macros::expand_query` which comes from the expansion of the macro `sqlx::query_as` (in Nightly builds, run with -Z macro-backtrace for more info)
[INFO] [stdout] 
[INFO] [stdout] 
[INFO] [stdout] error: error communicating with database: Cannot assign requested address (os error 99)
[INFO] [stdout]    --> src/metrics/database.rs:133:47
[INFO] [stdout]     |
[INFO] [stdout] 133 |           let per_group: HashMap<String, i64> = sqlx::query_as!(
[INFO] [stdout]     |  _______________________________________________^
[INFO] [stdout] 134 | |             AggregatedColumns,
[INFO] [stdout] 135 | |             r#"
[INFO] [stdout] 136 | |             SELECT jsonb_array_elements_text(meta->'group_id') AS "name!", COUNT(*) AS "num!"
[INFO] [stdout] ...   |
[INFO] [stdout] 139 | |             "#
[INFO] [stdout] 140 | |         )
[INFO] [stdout]     | |_________^
[INFO] [stdout]     |
[INFO] [stdout]     = note: this error originates in the macro `$crate::sqlx_macros::expand_query` which comes from the expansion of the macro `sqlx::query_as` (in Nightly builds, run with -Z macro-backtrace for more info)
[INFO] [stdout] 
[INFO] [stdout] 
[INFO] [stdout] error: error communicating with database: Cannot assign requested address (os error 99)
[INFO] [stdout]    --> src/metrics/database.rs:154:46
[INFO] [stdout]     |
[INFO] [stdout] 154 |           let per_user: HashMap<String, i64> = sqlx::query_as!(
[INFO] [stdout]     |  ______________________________________________^
[INFO] [stdout] 155 | |             AggregatedColumns,
[INFO] [stdout] 156 | |             r#"
[INFO] [stdout] 157 | |             SELECT jsonb_array_elements_text(meta->'user_id') AS "name!", COUNT(*) AS "num!"
[INFO] [stdout] ...   |
[INFO] [stdout] 160 | |             "#
[INFO] [stdout] 161 | |         )
[INFO] [stdout]     | |_________^
[INFO] [stdout]     |
[INFO] [stdout]     = note: this error originates in the macro `$crate::sqlx_macros::expand_query` which comes from the expansion of the macro `sqlx::query_as` (in Nightly builds, run with -Z macro-backtrace for more info)
[INFO] [stdout] 
[INFO] [stdout] 
[INFO] [stdout] error: error communicating with database: Cannot assign requested address (os error 99)
[INFO] [stdout]    --> src/routes/add.rs:93:5
[INFO] [stdout]     |
[INFO] [stdout] 93  | /     sqlx::query_unchecked!(
[INFO] [stdout] 94  | |         r#"
[INFO] [stdout] 95  | |         INSERT INTO auditor_accounting (
[INFO] [stdout] 96  | |             record_id, start_time, stop_time, meta, components, runtime, updated_at
[INFO] [stdout] ...   |
[INFO] [stdout] 107 | |         Utc::now()
[INFO] [stdout] 108 | |     )
[INFO] [stdout]     | |_____^
[INFO] [stdout]     |
[INFO] [stdout]     = note: this error originates in the macro `$crate::sqlx_macros::expand_query` which comes from the expansion of the macro `sqlx::query_unchecked` (in Nightly builds, run with -Z macro-backtrace for more info)
[INFO] [stdout] 
[INFO] [stdout] 
[INFO] [stdout] error: error communicating with database: Cannot assign requested address (os error 99)
[INFO] [stdout]    --> src/routes/add.rs:169:5
[INFO] [stdout]     |
[INFO] [stdout] 169 | /     sqlx::query_unchecked!(
[INFO] [stdout] 170 | |         r#"
[INFO] [stdout] 171 | |         INSERT INTO auditor_accounting (
[INFO] [stdout] 172 | |             record_id, start_time, stop_time, meta, components, runtime, updated_at
[INFO] [stdout] ...   |
[INFO] [stdout] 183 | |         &updated_at_vec[..],
[INFO] [stdout] 184 | |     )
[INFO] [stdout]     | |_____^
[INFO] [stdout]     |
[INFO] [stdout]     = note: this error originates in the macro `$crate::sqlx_macros::expand_query` which comes from the expansion of the macro `sqlx::query_unchecked` (in Nightly builds, run with -Z macro-backtrace for more info)
[INFO] [stdout] 
[INFO] [stdout] 
[INFO] [stdout] error: error communicating with database: Cannot assign requested address (os error 99)
[INFO] [stdout]    --> src/routes/advanced_record_filters.rs:294:12
[INFO] [stdout]     |
[INFO] [stdout] 294 |           Ok(sqlx::query_as!(
[INFO] [stdout]     |  ____________^
[INFO] [stdout] 295 | |             RecordDatabase,
[INFO] [stdout] 296 | |             r#"SELECT record_id,
[INFO] [stdout] 297 | |                   meta,
[INFO] [stdout] ...   |
[INFO] [stdout] 305 | |             &record_id,
[INFO] [stdout] 306 | |         )
[INFO] [stdout]     | |_________^
[INFO] [stdout]     |
[INFO] [stdout]     = note: this error originates in the macro `$crate::sqlx_macros::expand_query` which comes from the expansion of the macro `sqlx::query_as` (in Nightly builds, run with -Z macro-backtrace for more info)
[INFO] [stdout] 
[INFO] [stdout] 
[INFO] [stdout] error: error communicating with database: Cannot assign requested address (os error 99)
[INFO] [stdout]   --> src/routes/get.rs:22:5
[INFO] [stdout]    |
[INFO] [stdout] 22 | /     sqlx::query_as!(
[INFO] [stdout] 23 | |         RecordDatabase,
[INFO] [stdout] 24 | |         r#"SELECT record_id,
[INFO] [stdout] 25 | |                   meta,
[INFO] [stdout] ...  |
[INFO] [stdout] 32 | |         "#
[INFO] [stdout] 33 | |     )
[INFO] [stdout]    | |_____^
[INFO] [stdout]    |
[INFO] [stdout]    = note: this error originates in the macro `$crate::sqlx_macros::expand_query` which comes from the expansion of the macro `sqlx::query_as` (in Nightly builds, run with -Z macro-backtrace for more info)
[INFO] [stdout] 
[INFO] [stdout] 
[INFO] [stdout] error: error communicating with database: Cannot assign requested address (os error 99)
[INFO] [stdout]   --> src/routes/update.rs:52:22
[INFO] [stdout]    |
[INFO] [stdout] 52 |       let start_time = sqlx::query!(
[INFO] [stdout]    |  ______________________^
[INFO] [stdout] 53 | |         r#"
[INFO] [stdout] 54 | |         SELECT start_time
[INFO] [stdout] 55 | |         FROM auditor_accounting
[INFO] [stdout] ...  |
[INFO] [stdout] 58 | |         record.record_id.as_ref(),
[INFO] [stdout] 59 | |     )
[INFO] [stdout]    | |_____^
[INFO] [stdout]    |
[INFO] [stdout]    = note: this error originates in the macro `$crate::sqlx_macros::expand_query` which comes from the expansion of the macro `sqlx::query` (in Nightly builds, run with -Z macro-backtrace for more info)
[INFO] [stdout] 
[INFO] [stdout] 
[INFO] [stdout] error: error communicating with database: Cannot assign requested address (os error 99)
[INFO] [stdout]   --> src/routes/update.rs:70:5
[INFO] [stdout]    |
[INFO] [stdout] 70 | /     sqlx::query_unchecked!(
[INFO] [stdout] 71 | |         r#"
[INFO] [stdout] 72 | |         UPDATE auditor_accounting
[INFO] [stdout] 73 | |         SET stop_time = $2,
[INFO] [stdout] ...  |
[INFO] [stdout] 82 | |         Utc::now()
[INFO] [stdout] 83 | |     )
[INFO] [stdout]    | |_____^
[INFO] [stdout]    |
[INFO] [stdout]    = note: this error originates in the macro `$crate::sqlx_macros::expand_query` which comes from the expansion of the macro `sqlx::query_unchecked` (in Nightly builds, run with -Z macro-backtrace for more info)
[INFO] [stdout] 
[INFO] [stdout] 
[INFO] [stdout] warning: unused import: `RecordDatabase`
[INFO] [stdout]  --> src/routes/advanced_record_filters.rs:8:29
[INFO] [stdout]   |
[INFO] [stdout] 8 | use crate::domain::{Record, RecordDatabase, ValidAmount, ValidName};
[INFO] [stdout]   |                             ^^^^^^^^^^^^^^
[INFO] [stdout]   |
[INFO] [stdout]   = note: `#[warn(unused_imports)]` on by default
[INFO] [stdout] 
[INFO] [stdout] 
[INFO] [stdout] warning: unused import: `RecordDatabase`
[INFO] [stdout]  --> src/routes/get.rs:8:29
[INFO] [stdout]   |
[INFO] [stdout] 8 | use crate::domain::{Record, RecordDatabase};
[INFO] [stdout]   |                             ^^^^^^^^^^^^^^
[INFO] [stdout] 
[INFO] [stdout] 
[INFO] [stdout] warning: unused import: `chrono::Utc`
[INFO] [stdout]   --> src/routes/update.rs:10:5
[INFO] [stdout]    |
[INFO] [stdout] 10 | use chrono::Utc;
[INFO] [stdout]    |     ^^^^^^^^^^^
[INFO] [stdout] 
[INFO] [stdout] 
[INFO] [stderr] error: could not compile `auditor` (lib) due to 10 previous errors; 3 warnings emitted
[INFO] running `Command { std: "docker" "inspect" "d8b5915b949aa3de619576440e19c8c48a5e39fba00c7718fa431655c4869af2", kill_on_drop: false }`
[INFO] running `Command { std: "docker" "rm" "-f" "d8b5915b949aa3de619576440e19c8c48a5e39fba00c7718fa431655c4869af2", kill_on_drop: false }`
[INFO] [stdout] d8b5915b949aa3de619576440e19c8c48a5e39fba00c7718fa431655c4869af2
