[INFO] fetching crate atm0s-custom-str0m 0.1.1...
[INFO] testing atm0s-custom-str0m-0.1.1 against nightly-2024-10-28 for randomize-layout
[INFO] extracting crate atm0s-custom-str0m 0.1.1 into /workspace/builds/worker-6-tc1/source
[INFO] validating manifest of crates.io crate atm0s-custom-str0m 0.1.1 on toolchain nightly-2024-10-28
[INFO] running `Command { std: CARGO_HOME="/workspace/cargo-home" RUSTUP_HOME="/workspace/rustup-home" "/workspace/cargo-home/bin/cargo" "+nightly-2024-10-28" "metadata" "--manifest-path" "Cargo.toml" "--no-deps", kill_on_drop: false }`
[INFO] started tweaking crates.io crate atm0s-custom-str0m 0.1.1
[INFO] finished tweaking crates.io crate atm0s-custom-str0m 0.1.1
[INFO] tweaked toml for crates.io crate atm0s-custom-str0m 0.1.1 written to /workspace/builds/worker-6-tc1/source/Cargo.toml
[INFO] crate crates.io crate atm0s-custom-str0m 0.1.1 already has a lockfile, it will not be regenerated
[INFO] running `Command { std: CARGO_HOME="/workspace/cargo-home" RUSTUP_HOME="/workspace/rustup-home" "/workspace/cargo-home/bin/cargo" "+nightly-2024-10-28" "fetch" "--manifest-path" "Cargo.toml", kill_on_drop: false }`
[INFO] [stderr]     Updating crates.io index
[INFO] [stderr]  Downloading crates ...
[INFO] [stderr]   Downloaded bytesize v1.3.0
[INFO] [stderr]   Downloaded multipart v0.18.0
[INFO] [stderr]   Downloaded sha1-asm v0.5.2
[INFO] [stderr]   Downloaded byteorder_slice v3.0.0
[INFO] [stderr]   Downloaded chunked_transfer v1.4.1
[INFO] [stderr]   Downloaded systemstat v0.2.3
[INFO] [stderr]   Downloaded derive-into-owned v0.2.0
[INFO] [stderr]   Downloaded pcap-file v2.0.0
[INFO] [stderr]   Downloaded buf_redux v0.8.4
[INFO] [stderr]   Downloaded twoway v0.1.8
[INFO] [stderr]   Downloaded rouille v3.6.2
[INFO] [stderr]   Downloaded deflate v1.0.0
[INFO] [stderr]   Downloaded sctp-proto v0.1.7
[INFO] [stderr]   Downloaded tiny_http v0.12.0
[INFO] [stderr]   Downloaded gzip-header v1.0.0
[INFO] [stderr]   Downloaded filetime v0.2.22
[INFO] [stderr]   Downloaded errno v0.3.7
[INFO] [stderr]   Downloaded rustix v0.38.24
[INFO] running `Command { std: "docker" "create" "-v" "/var/lib/crater-agent-workspace/builds/worker-6-tc1/target:/opt/rustwide/target:rw,Z" "-v" "/var/lib/crater-agent-workspace/builds/worker-6-tc1/source:/opt/rustwide/workdir:ro,Z" "-v" "/var/lib/crater-agent-workspace/cargo-home:/opt/rustwide/cargo-home:ro,Z" "-v" "/var/lib/crater-agent-workspace/rustup-home:/opt/rustwide/rustup-home:ro,Z" "-e" "SOURCE_DIR=/opt/rustwide/workdir" "-e" "CARGO_TARGET_DIR=/opt/rustwide/target" "-e" "CARGO_HOME=/opt/rustwide/cargo-home" "-e" "RUSTUP_HOME=/opt/rustwide/rustup-home" "-w" "/opt/rustwide/workdir" "-m" "1610612736" "--user" "0:0" "--network" "none" "ghcr.io/rust-lang/crates-build-env/linux@sha256:4a844ea9eb2546a2d2c7022eacef16ef2e8229c7fbb2c7d4d55a9ceca922f72d" "/opt/rustwide/cargo-home/bin/cargo" "+nightly-2024-10-28" "metadata" "--no-deps" "--format-version=1", kill_on_drop: false }`
[INFO] [stdout] f6b9f045d55c15f594bdf485ec6393c43807463ad79072193d0c023f73b82ffc
[INFO] running `Command { std: "docker" "start" "-a" "f6b9f045d55c15f594bdf485ec6393c43807463ad79072193d0c023f73b82ffc", kill_on_drop: false }`
[INFO] running `Command { std: "docker" "inspect" "f6b9f045d55c15f594bdf485ec6393c43807463ad79072193d0c023f73b82ffc", kill_on_drop: false }`
[INFO] running `Command { std: "docker" "rm" "-f" "f6b9f045d55c15f594bdf485ec6393c43807463ad79072193d0c023f73b82ffc", kill_on_drop: false }`
[INFO] [stdout] f6b9f045d55c15f594bdf485ec6393c43807463ad79072193d0c023f73b82ffc
[INFO] running `Command { std: "docker" "create" "-v" "/var/lib/crater-agent-workspace/builds/worker-6-tc1/target:/opt/rustwide/target:rw,Z" "-v" "/var/lib/crater-agent-workspace/builds/worker-6-tc1/source:/opt/rustwide/workdir:ro,Z" "-v" "/var/lib/crater-agent-workspace/cargo-home:/opt/rustwide/cargo-home:ro,Z" "-v" "/var/lib/crater-agent-workspace/rustup-home:/opt/rustwide/rustup-home:ro,Z" "-e" "SOURCE_DIR=/opt/rustwide/workdir" "-e" "CARGO_TARGET_DIR=/opt/rustwide/target" "-e" "CARGO_INCREMENTAL=0" "-e" "RUST_BACKTRACE=full" "-e" "RUSTFLAGS=--cap-lints=forbid" "-e" "RUSTDOCFLAGS=--cap-lints=forbid" "-e" "CARGO_HOME=/opt/rustwide/cargo-home" "-e" "RUSTUP_HOME=/opt/rustwide/rustup-home" "-w" "/opt/rustwide/workdir" "-m" "1610612736" "--user" "0:0" "--network" "none" "ghcr.io/rust-lang/crates-build-env/linux@sha256:4a844ea9eb2546a2d2c7022eacef16ef2e8229c7fbb2c7d4d55a9ceca922f72d" "/opt/rustwide/cargo-home/bin/cargo" "+nightly-2024-10-28" "build" "--frozen" "--message-format=json", kill_on_drop: false }`
[INFO] [stdout] e4853fe0764180ac70e7da7703d38672656af3fbfe0f42d75fe59ac125f87569
[INFO] running `Command { std: "docker" "start" "-a" "e4853fe0764180ac70e7da7703d38672656af3fbfe0f42d75fe59ac125f87569", kill_on_drop: false }`
[INFO] [stderr]    Compiling libc v0.2.150
[INFO] [stderr]    Compiling subtle v2.5.0
[INFO] [stderr]    Compiling crc-catalog v2.4.0
[INFO] [stderr]    Compiling serde v1.0.192
[INFO] [stderr]    Compiling openssl v0.10.59
[INFO] [stderr]    Compiling bitflags v2.4.1
[INFO] [stderr]    Compiling memchr v2.6.4
[INFO] [stderr]    Compiling cpufeatures v0.2.11
[INFO] [stderr]    Compiling syn v2.0.39
[INFO] [stderr]    Compiling generic-array v0.14.7
[INFO] [stderr]    Compiling log v0.4.20
[INFO] [stderr]    Compiling fastrand v2.0.1
[INFO] [stderr]    Compiling crc v3.0.1
[INFO] [stderr]    Compiling combine v4.6.6
[INFO] [stderr]    Compiling block-buffer v0.10.4
[INFO] [stderr]    Compiling crypto-common v0.1.6
[INFO] [stderr]    Compiling digest v0.10.7
[INFO] [stderr]    Compiling getrandom v0.2.11
[INFO] [stderr]    Compiling cc v1.0.83
[INFO] [stderr]    Compiling hmac v0.12.1
[INFO] [stderr]    Compiling rand_core v0.6.4
[INFO] [stderr]    Compiling rand_chacha v0.3.1
[INFO] [stderr]    Compiling rand v0.8.5
[INFO] [stderr]    Compiling openssl-src v300.1.6+3.1.4
[INFO] [stderr]    Compiling openssl-sys v0.9.95
[INFO] [stderr]    Compiling sha1-asm v0.5.2
[INFO] [stderr]    Compiling sha-1 v0.10.1
[INFO] [stderr]    Compiling thiserror-impl v1.0.50
[INFO] [stderr]    Compiling tracing-attributes v0.1.27
[INFO] [stderr]    Compiling openssl-macros v0.1.1
[INFO] [stderr]    Compiling serde_derive v1.0.192
[INFO] [stderr]    Compiling thiserror v1.0.50
[INFO] [stderr]    Compiling sctp-proto v0.1.7
[INFO] [stderr]    Compiling tracing v0.1.40
[INFO] [stderr]    Compiling atm0s-custom-str0m v0.1.1 (/opt/rustwide/workdir)
[INFO] [stdout] warning: elided lifetime has a name
[INFO] [stdout]     --> src/change/sdp.rs:1433:40
[INFO] [stdout]      |
[INFO] [stdout] 1428 |     pub fn as_new_medias<'a, 'b: 'a>(
[INFO] [stdout]      |                          -- lifetime `'a` declared here
[INFO] [stdout] ...
[INFO] [stdout] 1433 |     ) -> impl Iterator<Item = Media> + '_ {
[INFO] [stdout]      |                                        ^^ this elided lifetime gets resolved as `'a`
[INFO] [stdout]      |
[INFO] [stdout]      = note: `#[warn(elided_named_lifetimes)]` on by default
[INFO] [stdout] 
[INFO] [stdout] 
[INFO] [stdout] warning: unexpected `cfg` condition value: `ice-agent`
[INFO] [stdout]     --> src/lib.rs:1716:20
[INFO] [stdout]      |
[INFO] [stdout] 1716 |     #[cfg_attr(not(feature = "ice-agent"), doc(hidden))]
[INFO] [stdout]      |                    ^^^^^^^^^^^^^^^^^^^^^
[INFO] [stdout]      |
[INFO] [stdout]      = note: expected values for `feature` are: `_internal_dont_use_log_stats`, `_internal_test_exports`, `default`, and `openssl`
[INFO] [stdout]      = help: consider adding `ice-agent` as a feature in `Cargo.toml`
[INFO] [stdout]      = note: see <https://doc.rust-lang.org/nightly/rustc/check-cfg/cargo-specifics.html> for more information about checking conditional configuration
[INFO] [stdout]      = note: `#[warn(unexpected_cfgs)]` on by default
[INFO] [stdout] 
[INFO] [stdout] 
[INFO] [stdout] warning: field `0` is never read
[INFO] [stdout]    --> src/rtp/rtcp/twcc.rs:549:14
[INFO] [stdout]     |
[INFO] [stdout] 549 |     Received(usize, PacketStatus, i16),
[INFO] [stdout]     |     -------- ^^^^^
[INFO] [stdout]     |     |
[INFO] [stdout]     |     field in this variant
[INFO] [stdout]     |
[INFO] [stdout]     = note: `ChunkInterim` has derived impls for the traits `Clone` and `Debug`, but these are intentionally ignored during dead code analysis
[INFO] [stdout]     = note: `#[warn(dead_code)]` on by default
[INFO] [stdout] help: consider changing the field to be of unit type to suppress this warning while preserving the field numbering, or remove the field
[INFO] [stdout]     |
[INFO] [stdout] 549 |     Received((), PacketStatus, i16),
[INFO] [stdout]     |              ~~
[INFO] [stdout] 
[INFO] [stdout] 
[INFO] [stdout] warning: associated function `from_unix_duration` is never used
[INFO] [stdout]   --> src/util/time_tricks.rs:66:8
[INFO] [stdout]    |
[INFO] [stdout] 57 | pub trait InstantExt {
[INFO] [stdout]    |           ---------- associated function in this trait
[INFO] [stdout] ...
[INFO] [stdout] 66 |     fn from_unix_duration(d: Duration) -> Self;
[INFO] [stdout]    |        ^^^^^^^^^^^^^^^^^^
[INFO] [stdout] 
[INFO] [stdout] 
[INFO] [stderr]     Finished `dev` profile [unoptimized + debuginfo] target(s) in 45.79s
[INFO] running `Command { std: "docker" "inspect" "e4853fe0764180ac70e7da7703d38672656af3fbfe0f42d75fe59ac125f87569", kill_on_drop: false }`
[INFO] running `Command { std: "docker" "rm" "-f" "e4853fe0764180ac70e7da7703d38672656af3fbfe0f42d75fe59ac125f87569", kill_on_drop: false }`
[INFO] [stdout] e4853fe0764180ac70e7da7703d38672656af3fbfe0f42d75fe59ac125f87569
[INFO] running `Command { std: "docker" "create" "-v" "/var/lib/crater-agent-workspace/builds/worker-6-tc1/target:/opt/rustwide/target:rw,Z" "-v" "/var/lib/crater-agent-workspace/builds/worker-6-tc1/source:/opt/rustwide/workdir:ro,Z" "-v" "/var/lib/crater-agent-workspace/cargo-home:/opt/rustwide/cargo-home:ro,Z" "-v" "/var/lib/crater-agent-workspace/rustup-home:/opt/rustwide/rustup-home:ro,Z" "-e" "SOURCE_DIR=/opt/rustwide/workdir" "-e" "CARGO_TARGET_DIR=/opt/rustwide/target" "-e" "CARGO_INCREMENTAL=0" "-e" "RUST_BACKTRACE=full" "-e" "RUSTFLAGS=--cap-lints=forbid" "-e" "RUSTDOCFLAGS=--cap-lints=forbid" "-e" "CARGO_HOME=/opt/rustwide/cargo-home" "-e" "RUSTUP_HOME=/opt/rustwide/rustup-home" "-w" "/opt/rustwide/workdir" "-m" "1610612736" "--user" "0:0" "--network" "none" "ghcr.io/rust-lang/crates-build-env/linux@sha256:4a844ea9eb2546a2d2c7022eacef16ef2e8229c7fbb2c7d4d55a9ceca922f72d" "/opt/rustwide/cargo-home/bin/cargo" "+nightly-2024-10-28" "test" "--frozen" "--no-run" "--message-format=json", kill_on_drop: false }`
[INFO] [stdout] 8021733a66dce2ffc84d53b9a418fbb0a492864ba5d2b99e0b1d2c97417b6afe
[INFO] running `Command { std: "docker" "start" "-a" "8021733a66dce2ffc84d53b9a418fbb0a492864ba5d2b99e0b1d2c97417b6afe", kill_on_drop: false }`
[INFO] [stderr]    Compiling memchr v2.6.4
[INFO] [stderr]    Compiling rustix v0.38.24
[INFO] [stderr]    Compiling crc32fast v1.3.2
[INFO] [stderr]    Compiling num-traits v0.2.17
[INFO] [stderr]    Compiling tracing-core v0.1.32
[INFO] [stderr]    Compiling linux-raw-sys v0.4.11
[INFO] [stderr]    Compiling mime_guess v2.0.4
[INFO] [stderr]    Compiling syn v1.0.109
[INFO] [stderr]    Compiling regex-syntax v0.8.2
[INFO] [stderr]    Compiling regex-syntax v0.6.29
[INFO] [stderr]    Compiling openssl v0.10.59
[INFO] [stderr]    Compiling safemem v0.3.3
[INFO] [stderr]    Compiling num_threads v0.1.6
[INFO] [stderr]    Compiling brotli-decompressor v2.5.1
[INFO] [stderr]    Compiling num_cpus v1.16.0
[INFO] [stderr]    Compiling zeroize v1.7.0
[INFO] [stderr]    Compiling time v0.3.23
[INFO] [stderr]    Compiling overload v0.1.1
[INFO] [stderr]    Compiling quick-error v1.2.3
[INFO] [stderr]    Compiling iana-time-zone v0.1.58
[INFO] [stderr]    Compiling chunked_transfer v1.4.1
[INFO] [stderr]    Compiling ascii v1.1.0
[INFO] [stderr]    Compiling gzip-header v1.0.0
[INFO] [stderr]    Compiling tracing v0.1.40
[INFO] [stderr]    Compiling tracing-log v0.2.0
[INFO] [stderr]    Compiling deflate v1.0.0
[INFO] [stderr]    Compiling twoway v0.1.8
[INFO] [stderr]    Compiling buf_redux v0.8.4
[INFO] [stderr]    Compiling combine v4.6.6
[INFO] [stderr]    Compiling nom v7.1.3
[INFO] [stderr]    Compiling serde_json v1.0.108
[INFO] [stderr]    Compiling nu-ansi-term v0.46.0
[INFO] [stderr]    Compiling threadpool v1.8.1
[INFO] [stderr]    Compiling brotli v3.4.0
[INFO] [stderr]    Compiling sctp-proto v0.1.7
[INFO] [stderr]    Compiling filetime v0.2.22
[INFO] [stderr]    Compiling byteorder_slice v3.0.0
[INFO] [stderr]    Compiling chrono v0.4.31
[INFO] [stderr]    Compiling thread_local v1.1.7
[INFO] [stderr]    Compiling bytesize v1.3.0
[INFO] [stderr]    Compiling sha1_smol v1.0.0
[INFO] [stderr]    Compiling smallvec v1.11.2
[INFO] [stderr]    Compiling regex-automata v0.4.3
[INFO] [stderr]    Compiling regex-automata v0.1.10
[INFO] [stderr]    Compiling tempfile v3.8.1
[INFO] [stderr]    Compiling multipart v0.18.0
[INFO] [stderr]    Compiling derive-into-owned v0.2.0
[INFO] [stderr]    Compiling systemstat v0.2.3
[INFO] [stderr]    Compiling matchers v0.1.0
[INFO] [stderr]    Compiling pcap-file v2.0.0
[INFO] [stderr]    Compiling regex v1.10.2
[INFO] [stderr]    Compiling tiny_http v0.12.0
[INFO] [stderr]    Compiling tracing-subscriber v0.3.18
[INFO] [stderr]    Compiling rouille v3.6.2
[INFO] [stderr]    Compiling atm0s-custom-str0m v0.1.1 (/opt/rustwide/workdir)
[INFO] [stdout] warning: elided lifetime has a name
[INFO] [stdout]     --> src/change/sdp.rs:1433:40
[INFO] [stdout]      |
[INFO] [stdout] 1428 |     pub fn as_new_medias<'a, 'b: 'a>(
[INFO] [stdout]      |                          -- lifetime `'a` declared here
[INFO] [stdout] ...
[INFO] [stdout] 1433 |     ) -> impl Iterator<Item = Media> + '_ {
[INFO] [stdout]      |                                        ^^ this elided lifetime gets resolved as `'a`
[INFO] [stdout]      |
[INFO] [stdout]      = note: `#[warn(elided_named_lifetimes)]` on by default
[INFO] [stdout] 
[INFO] [stdout] 
[INFO] [stdout] warning: unexpected `cfg` condition value: `ice-agent`
[INFO] [stdout]     --> src/lib.rs:1716:20
[INFO] [stdout]      |
[INFO] [stdout] 1716 |     #[cfg_attr(not(feature = "ice-agent"), doc(hidden))]
[INFO] [stdout]      |                    ^^^^^^^^^^^^^^^^^^^^^
[INFO] [stdout]      |
[INFO] [stdout]      = note: expected values for `feature` are: `_internal_dont_use_log_stats`, `_internal_test_exports`, `default`, and `openssl`
[INFO] [stdout]      = help: consider adding `ice-agent` as a feature in `Cargo.toml`
[INFO] [stdout]      = note: see <https://doc.rust-lang.org/nightly/rustc/check-cfg/cargo-specifics.html> for more information about checking conditional configuration
[INFO] [stdout]      = note: `#[warn(unexpected_cfgs)]` on by default
[INFO] [stdout] 
[INFO] [stdout] 
[INFO] [stdout] warning: elided lifetime has a name
[INFO] [stdout]     --> src/change/sdp.rs:1433:40
[INFO] [stdout]      |
[INFO] [stdout] 1428 |     pub fn as_new_medias<'a, 'b: 'a>(
[INFO] [stdout]      |                          -- lifetime `'a` declared here
[INFO] [stdout] ...
[INFO] [stdout] 1433 |     ) -> impl Iterator<Item = Media> + '_ {
[INFO] [stdout]      |                                        ^^ this elided lifetime gets resolved as `'a`
[INFO] [stdout]      |
[INFO] [stdout]      = note: `#[warn(elided_named_lifetimes)]` on by default
[INFO] [stdout] 
[INFO] [stdout] 
[INFO] [stdout] warning: unexpected `cfg` condition value: `ice-agent`
[INFO] [stdout]     --> src/lib.rs:1716:20
[INFO] [stdout]      |
[INFO] [stdout] 1716 |     #[cfg_attr(not(feature = "ice-agent"), doc(hidden))]
[INFO] [stdout]      |                    ^^^^^^^^^^^^^^^^^^^^^
[INFO] [stdout]      |
[INFO] [stdout]      = note: expected values for `feature` are: `_internal_dont_use_log_stats`, `_internal_test_exports`, `default`, and `openssl`
[INFO] [stdout]      = help: consider adding `ice-agent` as a feature in `Cargo.toml`
[INFO] [stdout]      = note: see <https://doc.rust-lang.org/nightly/rustc/check-cfg/cargo-specifics.html> for more information about checking conditional configuration
[INFO] [stdout]      = note: `#[warn(unexpected_cfgs)]` on by default
[INFO] [stdout] 
[INFO] [stdout] 
[INFO] [stdout] warning: field `0` is never read
[INFO] [stdout]    --> src/rtp/rtcp/twcc.rs:549:14
[INFO] [stdout]     |
[INFO] [stdout] 549 |     Received(usize, PacketStatus, i16),
[INFO] [stdout]     |     -------- ^^^^^
[INFO] [stdout]     |     |
[INFO] [stdout]     |     field in this variant
[INFO] [stdout]     |
[INFO] [stdout]     = note: `ChunkInterim` has derived impls for the traits `Clone` and `Debug`, but these are intentionally ignored during dead code analysis
[INFO] [stdout]     = note: `#[warn(dead_code)]` on by default
[INFO] [stdout] help: consider changing the field to be of unit type to suppress this warning while preserving the field numbering, or remove the field
[INFO] [stdout]     |
[INFO] [stdout] 549 |     Received((), PacketStatus, i16),
[INFO] [stdout]     |              ~~
[INFO] [stdout] 
[INFO] [stdout] 
[INFO] [stdout] warning: associated function `from_unix_duration` is never used
[INFO] [stdout]   --> src/util/time_tricks.rs:66:8
[INFO] [stdout]    |
[INFO] [stdout] 57 | pub trait InstantExt {
[INFO] [stdout]    |           ---------- associated function in this trait
[INFO] [stdout] ...
[INFO] [stdout] 66 |     fn from_unix_duration(d: Duration) -> Self;
[INFO] [stdout]    |        ^^^^^^^^^^^^^^^^^^
[INFO] [stdout] 
[INFO] [stdout] 
[INFO] [stdout] warning: field `0` is never read
[INFO] [stdout]    --> src/rtp/rtcp/twcc.rs:549:14
[INFO] [stdout]     |
[INFO] [stdout] 549 |     Received(usize, PacketStatus, i16),
[INFO] [stdout]     |     -------- ^^^^^
[INFO] [stdout]     |     |
[INFO] [stdout]     |     field in this variant
[INFO] [stdout]     |
[INFO] [stdout]     = note: `ChunkInterim` has derived impls for the traits `Clone` and `Debug`, but these are intentionally ignored during dead code analysis
[INFO] [stdout]     = note: `#[warn(dead_code)]` on by default
[INFO] [stdout] help: consider changing the field to be of unit type to suppress this warning while preserving the field numbering, or remove the field
[INFO] [stdout]     |
[INFO] [stdout] 549 |     Received((), PacketStatus, i16),
[INFO] [stdout]     |              ~~
[INFO] [stdout] 
[INFO] [stdout] 
[INFO] [stdout] warning: associated function `from_unix_duration` is never used
[INFO] [stdout]   --> src/util/time_tricks.rs:66:8
[INFO] [stdout]    |
[INFO] [stdout] 57 | pub trait InstantExt {
[INFO] [stdout]    |           ---------- associated function in this trait
[INFO] [stdout] ...
[INFO] [stdout] 66 |     fn from_unix_duration(d: Duration) -> Self;
[INFO] [stdout]    |        ^^^^^^^^^^^^^^^^^^
[INFO] [stdout] 
[INFO] [stdout] 
[INFO] [stdout] error[E0599]: no associated item named `_parse` found for struct `RtpHeader` in the current scope
[INFO] [stdout]    --> tests/common.rs:314:33
[INFO] [stdout]     |
[INFO] [stdout] 314 |         let header = RtpHeader::_parse(rtp_data, &exts).unwrap();
[INFO] [stdout]     |                                 ^^^^^^ associated item not found in `RtpHeader`
[INFO] [stdout] 
[INFO] [stdout] 
[INFO] [stdout] error[E0599]: no associated item named `_parse` found for struct `RtpHeader` in the current scope
[INFO] [stdout]    --> tests/common.rs:314:33
[INFO] [stdout]     |
[INFO] [stdout] 314 |         let header = RtpHeader::_parse(rtp_data, &exts).unwrap();
[INFO] [stdout]     |                                 ^^^^^^ associated item not found in `RtpHeader`
[INFO] [stdout] 
[INFO] [stdout] 
[INFO] [stdout] error[E0599]: no associated item named `_parse` found for struct `RtpHeader` in the current scope
[INFO] [stdout]    --> tests/common.rs:314:33
[INFO] [stdout]     |
[INFO] [stdout] 314 |         let header = RtpHeader::_parse(rtp_data, &exts).unwrap();
[INFO] [stdout]     |                                 ^^^^^^ associated item not found in `RtpHeader`
[INFO] [stdout] 
[INFO] [stdout] 
[INFO] [stdout] error[E0599]: no associated item named `_parse` found for struct `RtpHeader` in the current scope
[INFO] [stdout]    --> tests/common.rs:314:33
[INFO] [stdout]     |
[INFO] [stdout] 314 |         let header = RtpHeader::_parse(rtp_data, &exts).unwrap();
[INFO] [stdout]     |                                 ^^^^^^ associated item not found in `RtpHeader`
[INFO] [stdout] 
[INFO] [stdout] 
[INFO] [stdout] error[E0599]: no associated item named `_parse` found for struct `RtpHeader` in the current scope
[INFO] [stdout]    --> tests/common.rs:314:33
[INFO] [stdout]     |
[INFO] [stdout] 314 |         let header = RtpHeader::_parse(rtp_data, &exts).unwrap();
[INFO] [stdout]     |                                 ^^^^^^ associated item not found in `RtpHeader`
[INFO] [stdout] 
[INFO] [stdout] 
[INFO] [stdout] error[E0599]: no associated item named `_parse` found for struct `RtpHeader` in the current scope
[INFO] [stdout]    --> tests/common.rs:314:33
[INFO] [stdout]     |
[INFO] [stdout] 314 |         let header = RtpHeader::_parse(rtp_data, &exts).unwrap();
[INFO] [stdout]     |                                 ^^^^^^ associated item not found in `RtpHeader`
[INFO] [stdout] 
[INFO] [stdout] 
[INFO] [stdout] error[E0599]: no associated item named `_parse` found for struct `RtpHeader` in the current scope
[INFO] [stdout]    --> tests/common.rs:314:33
[INFO] [stdout]     |
[INFO] [stdout] 314 |         let header = RtpHeader::_parse(rtp_data, &exts).unwrap();
[INFO] [stdout]     |                                 ^^^^^^ associated item not found in `RtpHeader`
[INFO] [stdout] 
[INFO] [stdout] 
[INFO] [stdout] error[E0599]: no associated item named `_parse` found for struct `RtpHeader` in the current scope
[INFO] [stdout]    --> tests/common.rs:314:33
[INFO] [stdout]     |
[INFO] [stdout] 314 |         let header = RtpHeader::_parse(rtp_data, &exts).unwrap();
[INFO] [stdout]     |                                 ^^^^^^ associated item not found in `RtpHeader`
[INFO] [stdout] 
[INFO] [stdout] 
[INFO] [stdout] error[E0599]: no associated item named `_parse` found for struct `RtpHeader` in the current scope
[INFO] [stdout]    --> tests/common.rs:314:33
[INFO] [stdout]     |
[INFO] [stdout] 314 |         let header = RtpHeader::_parse(rtp_data, &exts).unwrap();
[INFO] [stdout]     |                                 ^^^^^^ associated item not found in `RtpHeader`
[INFO] [stdout] 
[INFO] [stdout] 
[INFO] [stdout] error[E0599]: no associated item named `_parse` found for struct `RtpHeader` in the current scope
[INFO] [stdout]    --> tests/common.rs:314:33
[INFO] [stdout]     |
[INFO] [stdout] 314 |         let header = RtpHeader::_parse(rtp_data, &exts).unwrap();
[INFO] [stdout]     |                                 ^^^^^^ associated item not found in `RtpHeader`
[INFO] [stdout] 
[INFO] [stdout] 
[INFO] [stdout] error[E0599]: no method named `_local_ice_creds` found for struct `TestRtc` in the current scope
[INFO] [stdout]   --> tests/ice-restart.rs:46:21
[INFO] [stdout]    |
[INFO] [stdout] 46 |     let l_creds = l._local_ice_creds();
[INFO] [stdout]    |                     ^^^^^^^^^^^^^^^^ method not found in `TestRtc`
[INFO] [stdout]    |
[INFO] [stdout]   ::: tests/common.rs:21:1
[INFO] [stdout]    |
[INFO] [stdout] 21 | pub struct TestRtc {
[INFO] [stdout]    | ------------------ method `_local_ice_creds` not found for this struct
[INFO] [stdout] 
[INFO] [stdout] 
[INFO] [stdout] error[E0599]: no associated item named `_parse` found for struct `RtpHeader` in the current scope
[INFO] [stdout]    --> tests/common.rs:314:33
[INFO] [stdout]     |
[INFO] [stdout] 314 |         let header = RtpHeader::_parse(rtp_data, &exts).unwrap();
[INFO] [stdout]     |                                 ^^^^^^ associated item not found in `RtpHeader`
[INFO] [stdout] 
[INFO] [stdout] 
[INFO] [stdout] error[E0599]: no method named `_local_ice_creds` found for struct `TestRtc` in the current scope
[INFO] [stdout]   --> tests/ice-restart.rs:47:21
[INFO] [stdout]    |
[INFO] [stdout] 47 |     let r_creds = r._local_ice_creds();
[INFO] [stdout]    |                     ^^^^^^^^^^^^^^^^ method not found in `TestRtc`
[INFO] [stdout]    |
[INFO] [stdout]   ::: tests/common.rs:21:1
[INFO] [stdout]    |
[INFO] [stdout] 21 | pub struct TestRtc {
[INFO] [stdout]    | ------------------ method `_local_ice_creds` not found for this struct
[INFO] [stdout] 
[INFO] [stdout] 
[INFO] [stdout] error[E0599]: no associated item named `_parse` found for struct `RtpHeader` in the current scope
[INFO] [stdout]    --> tests/common.rs:314:33
[INFO] [stdout]     |
[INFO] [stdout] 314 |         let header = RtpHeader::_parse(rtp_data, &exts).unwrap();
[INFO] [stdout]     |                                 ^^^^^^ associated item not found in `RtpHeader`
[INFO] [stdout] 
[INFO] [stdout] 
[INFO] [stdout] For more information about this error, try `rustc --explain E0599`.
[INFO] [stdout] 
[INFO] [stdout] error[E0599]: no associated item named `_parse` found for struct `RtpHeader` in the current scope
[INFO] [stdout]    --> tests/common.rs:314:33
[INFO] [stdout]     |
[INFO] [stdout] 314 |         let header = RtpHeader::_parse(rtp_data, &exts).unwrap();
[INFO] [stdout]     |                                 ^^^^^^ associated item not found in `RtpHeader`
[INFO] [stdout] 
[INFO] [stdout] 
[INFO] [stdout] error[E0599]: no method named `_local_ice_creds` found for struct `TestRtc` in the current scope
[INFO] [stdout]   --> tests/ice-restart.rs:79:11
[INFO] [stdout]    |
[INFO] [stdout] 79 |         r._local_ice_creds(),
[INFO] [stdout]    |           ^^^^^^^^^^^^^^^^ method not found in `TestRtc`
[INFO] [stdout]    |
[INFO] [stdout]   ::: tests/common.rs:21:1
[INFO] [stdout]    |
[INFO] [stdout] 21 | pub struct TestRtc {
[INFO] [stdout]    | ------------------ method `_local_ice_creds` not found for this struct
[INFO] [stdout] 
[INFO] [stdout] 
[INFO] [stderr] error: could not compile `atm0s-custom-str0m` (test "common") due to 1 previous error
[INFO] [stderr] warning: build failed, waiting for other jobs to finish...
[INFO] [stdout] For more information about this error, try `rustc --explain E0599`.
[INFO] [stdout] 
[INFO] [stdout] For more information about this error, try `rustc --explain E0599`.
[INFO] [stdout] 
[INFO] [stdout] For more information about this error, try `rustc --explain E0599`.
[INFO] [stdout] 
[INFO] [stdout] For more information about this error, try `rustc --explain E0599`.
[INFO] [stdout] 
[INFO] [stdout] For more information about this error, try `rustc --explain E0599`.
[INFO] [stdout] 
[INFO] [stdout] error[E0599]: no method named `_is_locked` found for struct `PayloadParams` in the current scope
[INFO] [stdout]   --> tests/sdp-negotiation.rs:33:33
[INFO] [stdout]    |
[INFO] [stdout] 33 |     assert!(l.codec_config()[0]._is_locked());
[INFO] [stdout]    |                                 ^^^^^^^^^^ method not found in `PayloadParams`
[INFO] [stdout] 
[INFO] [stdout] 
[INFO] [stdout] error[E0599]: no method named `_local_ice_creds` found for struct `TestRtc` in the current scope
[INFO] [stdout]   --> tests/ice-restart.rs:84:11
[INFO] [stdout]    |
[INFO] [stdout] 84 |         l._local_ice_creds(),
[INFO] [stdout]    |           ^^^^^^^^^^^^^^^^ method not found in `TestRtc`
[INFO] [stdout]    |
[INFO] [stdout]   ::: tests/common.rs:21:1
[INFO] [stdout]    |
[INFO] [stdout] 21 | pub struct TestRtc {
[INFO] [stdout]    | ------------------ method `_local_ice_creds` not found for this struct
[INFO] [stdout] 
[INFO] [stdout] 
[INFO] [stdout] For more information about this error, try `rustc --explain E0599`.
[INFO] [stdout] 
[INFO] [stdout] For more information about this error, try `rustc --explain E0599`.
[INFO] [stdout] 
[INFO] [stderr] error: could not compile `atm0s-custom-str0m` (test "unidirectional-r-create-media") due to 1 previous error
[INFO] [stderr] error: could not compile `atm0s-custom-str0m` (test "data-channel-direct") due to 1 previous error
[INFO] [stderr] error: could not compile `atm0s-custom-str0m` (test "flappy-ice-state") due to 1 previous error
[INFO] [stderr] error: could not compile `atm0s-custom-str0m` (test "rtx-cache-0") due to 1 previous error
[INFO] [stdout] For more information about this error, try `rustc --explain E0599`.
[INFO] [stdout] 
[INFO] [stderr] error: could not compile `atm0s-custom-str0m` (test "repeated") due to 1 previous error
[INFO] [stdout] error[E0599]: no method named `_is_locked` found for struct `PayloadParams` in the current scope
[INFO] [stdout]   --> tests/sdp-negotiation.rs:37:33
[INFO] [stdout]    |
[INFO] [stdout] 37 |     assert!(r.codec_config()[0]._is_locked());
[INFO] [stdout]    |                                 ^^^^^^^^^^ method not found in `PayloadParams`
[INFO] [stdout] 
[INFO] [stdout] 
[INFO] [stderr] error: could not compile `atm0s-custom-str0m` (test "twcc") due to 1 previous error
[INFO] [stderr] error: could not compile `atm0s-custom-str0m` (test "data-channel") due to 1 previous error
[INFO] [stderr] error: could not compile `atm0s-custom-str0m` (test "rtp-direct-ssrc") due to 1 previous error
[INFO] [stdout] error[E0599]: no method named `_mids` found for struct `TestRtc` in the current scope
[INFO] [stdout]   --> tests/sdp-negotiation.rs:53:17
[INFO] [stdout]    |
[INFO] [stdout] 53 |     let mid = l._mids()[0];
[INFO] [stdout]    |                 ^^^^^ method not found in `TestRtc`
[INFO] [stdout]    |
[INFO] [stdout]   ::: tests/common.rs:21:1
[INFO] [stdout]    |
[INFO] [stdout] 21 | pub struct TestRtc {
[INFO] [stdout]    | ------------------ method `_mids` not found for this struct
[INFO] [stdout] 
[INFO] [stdout] 
[INFO] [stdout] error[E0599]: no method named `_is_locked` found for reference `&PayloadParams` in the current scope
[INFO] [stdout]   --> tests/sdp-negotiation.rs:57:47
[INFO] [stdout]    |
[INFO] [stdout] 57 |     assert!(l.codec_config().iter().all(|p| p._is_locked()));
[INFO] [stdout]    |                                               ^^^^^^^^^^ method not found in `&PayloadParams`
[INFO] [stdout] 
[INFO] [stdout] 
[INFO] [stdout] For more information about this error, try `rustc --explain E0599`.
[INFO] [stdout] 
[INFO] [stdout] For more information about this error, try `rustc --explain E0599`.
[INFO] [stdout] 
[INFO] [stdout] error[E0599]: no method named `_is_locked` found for reference `&PayloadParams` in the current scope
[INFO] [stdout]   --> tests/sdp-negotiation.rs:66:47
[INFO] [stdout]    |
[INFO] [stdout] 66 |     assert!(r.codec_config().iter().all(|p| p._is_locked()));
[INFO] [stdout]    |                                               ^^^^^^^^^^ method not found in `&PayloadParams`
[INFO] [stdout] 
[INFO] [stdout] 
[INFO] [stderr] error: could not compile `atm0s-custom-str0m` (test "ice-restart") due to 5 previous errors
[INFO] [stderr] error: could not compile `atm0s-custom-str0m` (test "rtp-direct-mid") due to 1 previous error
[INFO] [stdout] error[E0599]: no method named `_mids` found for struct `TestRtc` in the current scope
[INFO] [stdout]   --> tests/sdp-negotiation.rs:87:17
[INFO] [stdout]    |
[INFO] [stdout] 87 |     let mid = l._mids()[0];
[INFO] [stdout]    |                 ^^^^^ method not found in `TestRtc`
[INFO] [stdout]    |
[INFO] [stdout]   ::: tests/common.rs:21:1
[INFO] [stdout]    |
[INFO] [stdout] 21 | pub struct TestRtc {
[INFO] [stdout]    | ------------------ method `_mids` not found for this struct
[INFO] [stdout] 
[INFO] [stdout] 
[INFO] [stdout] error[E0599]: no method named `_is_locked` found for reference `&PayloadParams` in the current scope
[INFO] [stdout]   --> tests/sdp-negotiation.rs:94:24
[INFO] [stdout]    |
[INFO] [stdout] 94 |             .map(|p| p._is_locked())
[INFO] [stdout]    |                        ^^^^^^^^^^ method not found in `&PayloadParams`
[INFO] [stdout] 
[INFO] [stdout] 
[INFO] [stdout] For more information about this error, try `rustc --explain E0599`.
[INFO] [stdout] 
[INFO] [stdout] error[E0599]: no method named `_is_locked` found for reference `&PayloadParams` in the current scope
[INFO] [stdout]    --> tests/sdp-negotiation.rs:107:47
[INFO] [stdout]     |
[INFO] [stdout] 107 |     assert!(r.codec_config().iter().all(|p| p._is_locked()));
[INFO] [stdout]     |                                               ^^^^^^^^^^ method not found in `&PayloadParams`
[INFO] [stdout] 
[INFO] [stdout] 
[INFO] [stderr] error: could not compile `atm0s-custom-str0m` (test "nack") due to 1 previous error
[INFO] [stdout] error[E0599]: no method named `_mids` found for struct `TestRtc` in the current scope
[INFO] [stdout]    --> tests/sdp-negotiation.rs:128:17
[INFO] [stdout]     |
[INFO] [stdout] 128 |     let mid = l._mids()[0];
[INFO] [stdout]     |                 ^^^^^ method not found in `TestRtc`
[INFO] [stdout]     |
[INFO] [stdout]    ::: tests/common.rs:21:1
[INFO] [stdout]     |
[INFO] [stdout] 21  | pub struct TestRtc {
[INFO] [stdout]     | ------------------ method `_mids` not found for this struct
[INFO] [stdout] 
[INFO] [stdout] 
[INFO] [stdout] error[E0599]: no method named `_is_locked` found for struct `PayloadParams` in the current scope
[INFO] [stdout]    --> tests/sdp-negotiation.rs:132:34
[INFO] [stdout]     |
[INFO] [stdout] 132 |     assert!(!l.codec_config()[0]._is_locked());
[INFO] [stdout]     |                                  ^^^^^^^^^^ method not found in `PayloadParams`
[INFO] [stdout] 
[INFO] [stdout] 
[INFO] [stdout] error[E0599]: no method named `_is_locked` found for struct `PayloadParams` in the current scope
[INFO] [stdout]    --> tests/sdp-negotiation.rs:138:34
[INFO] [stdout]     |
[INFO] [stdout] 138 |     assert!(!r.codec_config()[0]._is_locked());
[INFO] [stdout]     |                                  ^^^^^^^^^^ method not found in `PayloadParams`
[INFO] [stdout] 
[INFO] [stdout] 
[INFO] [stdout] error[E0599]: no method named `_exts` found for struct `TestRtc` in the current scope
[INFO] [stdout]    --> tests/sdp-negotiation.rs:229:25
[INFO] [stdout]     |
[INFO] [stdout] 229 |     let v_l: Vec<_> = l._exts().iter_video().collect();
[INFO] [stdout]     |                         ^^^^^ method not found in `TestRtc`
[INFO] [stdout]     |
[INFO] [stdout]    ::: tests/common.rs:21:1
[INFO] [stdout]     |
[INFO] [stdout] 21  | pub struct TestRtc {
[INFO] [stdout]     | ------------------ method `_exts` not found for this struct
[INFO] [stdout] 
[INFO] [stdout] 
[INFO] [stdout] error[E0599]: no method named `_exts` found for struct `TestRtc` in the current scope
[INFO] [stdout]    --> tests/sdp-negotiation.rs:230:25
[INFO] [stdout]     |
[INFO] [stdout] 230 |     let v_r: Vec<_> = r._exts().iter_video().collect();
[INFO] [stdout]     |                         ^^^^^ method not found in `TestRtc`
[INFO] [stdout]     |
[INFO] [stdout]    ::: tests/common.rs:21:1
[INFO] [stdout]     |
[INFO] [stdout] 21  | pub struct TestRtc {
[INFO] [stdout]     | ------------------ method `_exts` not found for this struct
[INFO] [stdout] 
[INFO] [stdout] 
[INFO] [stdout] error[E0599]: no method named `_exts` found for struct `TestRtc` in the current scope
[INFO] [stdout]    --> tests/sdp-negotiation.rs:231:25
[INFO] [stdout]     |
[INFO] [stdout] 231 |     let a_l: Vec<_> = l._exts().iter_audio().collect();
[INFO] [stdout]     |                         ^^^^^ method not found in `TestRtc`
[INFO] [stdout]     |
[INFO] [stdout]    ::: tests/common.rs:21:1
[INFO] [stdout]     |
[INFO] [stdout] 21  | pub struct TestRtc {
[INFO] [stdout]     | ------------------ method `_exts` not found for this struct
[INFO] [stdout] 
[INFO] [stdout] 
[INFO] [stdout] error[E0599]: no method named `_exts` found for struct `TestRtc` in the current scope
[INFO] [stdout]    --> tests/sdp-negotiation.rs:232:25
[INFO] [stdout]     |
[INFO] [stdout] 232 |     let a_r: Vec<_> = r._exts().iter_audio().collect();
[INFO] [stdout]     |                         ^^^^^ method not found in `TestRtc`
[INFO] [stdout]     |
[INFO] [stdout]    ::: tests/common.rs:21:1
[INFO] [stdout]     |
[INFO] [stdout] 21  | pub struct TestRtc {
[INFO] [stdout]     | ------------------ method `_exts` not found for this struct
[INFO] [stdout] 
[INFO] [stdout] 
[INFO] [stdout] error[E0599]: no method named `_exts` found for struct `TestRtc` in the current scope
[INFO] [stdout]    --> tests/sdp-negotiation.rs:285:11
[INFO] [stdout]     |
[INFO] [stdout] 285 |         l._exts().iter_video().collect::<Vec<_>>(),
[INFO] [stdout]     |           ^^^^^ method not found in `TestRtc`
[INFO] [stdout]     |
[INFO] [stdout]    ::: tests/common.rs:21:1
[INFO] [stdout]     |
[INFO] [stdout] 21  | pub struct TestRtc {
[INFO] [stdout]     | ------------------ method `_exts` not found for this struct
[INFO] [stdout] 
[INFO] [stdout] 
[INFO] [stdout] error[E0599]: no method named `_exts` found for struct `TestRtc` in the current scope
[INFO] [stdout]    --> tests/sdp-negotiation.rs:289:11
[INFO] [stdout]     |
[INFO] [stdout] 289 |         r._exts().iter_video().collect::<Vec<_>>(),
[INFO] [stdout]     |           ^^^^^ method not found in `TestRtc`
[INFO] [stdout]     |
[INFO] [stdout]    ::: tests/common.rs:21:1
[INFO] [stdout]     |
[INFO] [stdout] 21  | pub struct TestRtc {
[INFO] [stdout]     | ------------------ method `_exts` not found for this struct
[INFO] [stdout] 
[INFO] [stdout] 
[INFO] [stdout] error[E0599]: no method named `_mids` found for struct `TestRtc` in the current scope
[INFO] [stdout]    --> tests/sdp-negotiation.rs:293:17
[INFO] [stdout]     |
[INFO] [stdout] 293 |     let mid = l._mids()[0];
[INFO] [stdout]     |                 ^^^^^ method not found in `TestRtc`
[INFO] [stdout]     |
[INFO] [stdout]    ::: tests/common.rs:21:1
[INFO] [stdout]     |
[INFO] [stdout] 21  | pub struct TestRtc {
[INFO] [stdout]     | ------------------ method `_mids` not found for this struct
[INFO] [stdout] 
[INFO] [stdout] 
[INFO] [stdout] error[E0599]: no method named `_mids` found for struct `TestRtc` in the current scope
[INFO] [stdout]    --> tests/sdp-negotiation.rs:327:17
[INFO] [stdout]     |
[INFO] [stdout] 327 |     let mid = r._mids()[0];
[INFO] [stdout]     |                 ^^^^^ method not found in `TestRtc`
[INFO] [stdout]     |
[INFO] [stdout]    ::: tests/common.rs:21:1
[INFO] [stdout]     |
[INFO] [stdout] 21  | pub struct TestRtc {
[INFO] [stdout]     | ------------------ method `_mids` not found for this struct
[INFO] [stdout] 
[INFO] [stdout] 
[INFO] [stdout] error[E0599]: no method named `_mids` found for struct `TestRtc` in the current scope
[INFO] [stdout]    --> tests/sdp-negotiation.rs:360:17
[INFO] [stdout]     |
[INFO] [stdout] 360 |     let mid = r._mids()[0];
[INFO] [stdout]     |                 ^^^^^ method not found in `TestRtc`
[INFO] [stdout]     |
[INFO] [stdout]    ::: tests/common.rs:21:1
[INFO] [stdout]     |
[INFO] [stdout] 21  | pub struct TestRtc {
[INFO] [stdout]     | ------------------ method `_mids` not found for this struct
[INFO] [stdout] 
[INFO] [stdout] 
[INFO] [stdout] For more information about this error, try `rustc --explain E0599`.
[INFO] [stdout] 
[INFO] [stderr] error: could not compile `atm0s-custom-str0m` (test "sdp-negotiation") due to 21 previous errors
[INFO] running `Command { std: "docker" "inspect" "8021733a66dce2ffc84d53b9a418fbb0a492864ba5d2b99e0b1d2c97417b6afe", kill_on_drop: false }`
[INFO] running `Command { std: "docker" "rm" "-f" "8021733a66dce2ffc84d53b9a418fbb0a492864ba5d2b99e0b1d2c97417b6afe", kill_on_drop: false }`
[INFO] [stdout] 8021733a66dce2ffc84d53b9a418fbb0a492864ba5d2b99e0b1d2c97417b6afe
