[INFO] fetching crate asyncs 0.3.0...
[INFO] testing asyncs-0.3.0 against nightly-2024-10-28+rustflags=-Zrandomize-layout for randomize-layout
[INFO] extracting crate asyncs 0.3.0 into /workspace/builds/worker-1-tc2/source
[INFO] validating manifest of crates.io crate asyncs 0.3.0 on toolchain nightly-2024-10-28
[INFO] running `Command { std: CARGO_HOME="/workspace/cargo-home" RUSTUP_HOME="/workspace/rustup-home" "/workspace/cargo-home/bin/cargo" "+nightly-2024-10-28" "metadata" "--manifest-path" "Cargo.toml" "--no-deps", kill_on_drop: false }`
[INFO] started tweaking crates.io crate asyncs 0.3.0
[INFO] finished tweaking crates.io crate asyncs 0.3.0
[INFO] tweaked toml for crates.io crate asyncs 0.3.0 written to /workspace/builds/worker-1-tc2/source/Cargo.toml
[INFO] running `Command { std: CARGO_HOME="/workspace/cargo-home" RUSTUP_HOME="/workspace/rustup-home" "/workspace/cargo-home/bin/cargo" "+nightly-2024-10-28" "generate-lockfile" "--manifest-path" "Cargo.toml", kill_on_drop: false }`
[INFO] [stderr]     Updating crates.io index
[INFO] [stderr]     Blocking waiting for file lock on package cache
[INFO] [stderr]      Locking 83 packages to latest compatible versions
[INFO] running `Command { std: CARGO_HOME="/workspace/cargo-home" RUSTUP_HOME="/workspace/rustup-home" "/workspace/cargo-home/bin/cargo" "+nightly-2024-10-28" "fetch" "--manifest-path" "Cargo.toml", kill_on_drop: false }`
[INFO] running `Command { std: "docker" "create" "-v" "/var/lib/crater-agent-workspace/builds/worker-1-tc2/target:/opt/rustwide/target:rw,Z" "-v" "/var/lib/crater-agent-workspace/builds/worker-1-tc2/source:/opt/rustwide/workdir:ro,Z" "-v" "/var/lib/crater-agent-workspace/cargo-home:/opt/rustwide/cargo-home:ro,Z" "-v" "/var/lib/crater-agent-workspace/rustup-home:/opt/rustwide/rustup-home:ro,Z" "-e" "SOURCE_DIR=/opt/rustwide/workdir" "-e" "CARGO_TARGET_DIR=/opt/rustwide/target" "-e" "CARGO_HOME=/opt/rustwide/cargo-home" "-e" "RUSTUP_HOME=/opt/rustwide/rustup-home" "-w" "/opt/rustwide/workdir" "-m" "1610612736" "--user" "0:0" "--network" "none" "ghcr.io/rust-lang/crates-build-env/linux@sha256:4a844ea9eb2546a2d2c7022eacef16ef2e8229c7fbb2c7d4d55a9ceca922f72d" "/opt/rustwide/cargo-home/bin/cargo" "+nightly-2024-10-28" "metadata" "--no-deps" "--format-version=1", kill_on_drop: false }`
[INFO] [stdout] 18f4ff9b707be6869ede64021ca8544a8f69b8ea7afcff60abfede8cdd50046e
[INFO] running `Command { std: "docker" "start" "-a" "18f4ff9b707be6869ede64021ca8544a8f69b8ea7afcff60abfede8cdd50046e", kill_on_drop: false }`
[INFO] running `Command { std: "docker" "inspect" "18f4ff9b707be6869ede64021ca8544a8f69b8ea7afcff60abfede8cdd50046e", kill_on_drop: false }`
[INFO] running `Command { std: "docker" "rm" "-f" "18f4ff9b707be6869ede64021ca8544a8f69b8ea7afcff60abfede8cdd50046e", kill_on_drop: false }`
[INFO] [stdout] 18f4ff9b707be6869ede64021ca8544a8f69b8ea7afcff60abfede8cdd50046e
[INFO] running `Command { std: "docker" "create" "-v" "/var/lib/crater-agent-workspace/builds/worker-1-tc2/target:/opt/rustwide/target:rw,Z" "-v" "/var/lib/crater-agent-workspace/builds/worker-1-tc2/source:/opt/rustwide/workdir:ro,Z" "-v" "/var/lib/crater-agent-workspace/cargo-home:/opt/rustwide/cargo-home:ro,Z" "-v" "/var/lib/crater-agent-workspace/rustup-home:/opt/rustwide/rustup-home:ro,Z" "-e" "SOURCE_DIR=/opt/rustwide/workdir" "-e" "CARGO_TARGET_DIR=/opt/rustwide/target" "-e" "CARGO_INCREMENTAL=0" "-e" "RUST_BACKTRACE=full" "-e" "RUSTFLAGS=--cap-lints=forbid -Zrandomize-layout" "-e" "RUSTDOCFLAGS=--cap-lints=forbid" "-e" "CARGO_HOME=/opt/rustwide/cargo-home" "-e" "RUSTUP_HOME=/opt/rustwide/rustup-home" "-w" "/opt/rustwide/workdir" "-m" "1610612736" "--user" "0:0" "--network" "none" "ghcr.io/rust-lang/crates-build-env/linux@sha256:4a844ea9eb2546a2d2c7022eacef16ef2e8229c7fbb2c7d4d55a9ceca922f72d" "/opt/rustwide/cargo-home/bin/cargo" "+nightly-2024-10-28" "build" "--frozen" "--message-format=json", kill_on_drop: false }`
[INFO] [stdout] a216c50f793ebc146084f3fb52a670ce2fcf9a7617f4ab253260b5681099fbbc
[INFO] running `Command { std: "docker" "start" "-a" "a216c50f793ebc146084f3fb52a670ce2fcf9a7617f4ab253260b5681099fbbc", kill_on_drop: false }`
[INFO] [stderr]    Compiling spawns-core v1.1.1
[INFO] [stderr]    Compiling async-select v0.2.0
[INFO] [stderr]    Compiling asyncs-sync v0.3.0
[INFO] [stderr]    Compiling asyncs v0.3.0 (/opt/rustwide/workdir)
[INFO] [stderr]     Finished `dev` profile [unoptimized + debuginfo] target(s) in 0.39s
[INFO] running `Command { std: "docker" "inspect" "a216c50f793ebc146084f3fb52a670ce2fcf9a7617f4ab253260b5681099fbbc", kill_on_drop: false }`
[INFO] running `Command { std: "docker" "rm" "-f" "a216c50f793ebc146084f3fb52a670ce2fcf9a7617f4ab253260b5681099fbbc", kill_on_drop: false }`
[INFO] [stdout] a216c50f793ebc146084f3fb52a670ce2fcf9a7617f4ab253260b5681099fbbc
[INFO] running `Command { std: "docker" "create" "-v" "/var/lib/crater-agent-workspace/builds/worker-1-tc2/target:/opt/rustwide/target:rw,Z" "-v" "/var/lib/crater-agent-workspace/builds/worker-1-tc2/source:/opt/rustwide/workdir:ro,Z" "-v" "/var/lib/crater-agent-workspace/cargo-home:/opt/rustwide/cargo-home:ro,Z" "-v" "/var/lib/crater-agent-workspace/rustup-home:/opt/rustwide/rustup-home:ro,Z" "-e" "SOURCE_DIR=/opt/rustwide/workdir" "-e" "CARGO_TARGET_DIR=/opt/rustwide/target" "-e" "CARGO_INCREMENTAL=0" "-e" "RUST_BACKTRACE=full" "-e" "RUSTFLAGS=--cap-lints=forbid -Zrandomize-layout" "-e" "RUSTDOCFLAGS=--cap-lints=forbid" "-e" "CARGO_HOME=/opt/rustwide/cargo-home" "-e" "RUSTUP_HOME=/opt/rustwide/rustup-home" "-w" "/opt/rustwide/workdir" "-m" "1610612736" "--user" "0:0" "--network" "none" "ghcr.io/rust-lang/crates-build-env/linux@sha256:4a844ea9eb2546a2d2c7022eacef16ef2e8229c7fbb2c7d4d55a9ceca922f72d" "/opt/rustwide/cargo-home/bin/cargo" "+nightly-2024-10-28" "test" "--frozen" "--no-run" "--message-format=json", kill_on_drop: false }`
[INFO] [stdout] f668fa3106fbd12e97aea2b2ddab64d5d89f375ae3cf3997db9b879bd7231cd9
[INFO] running `Command { std: "docker" "start" "-a" "f668fa3106fbd12e97aea2b2ddab64d5d89f375ae3cf3997db9b879bd7231cd9", kill_on_drop: false }`
[INFO] [stderr]    Compiling cfg-if v1.0.0
[INFO] [stderr]    Compiling syn v2.0.86
[INFO] [stderr]    Compiling test-case-core v3.3.1
[INFO] [stderr]    Compiling test-case-macros v3.3.1
[INFO] [stderr]    Compiling test-case v3.3.1
[INFO] [stderr]    Compiling asyncs v0.3.0 (/opt/rustwide/workdir)
[INFO] [stdout] error[E0433]: failed to resolve: could not find `test` in the crate root
[INFO] [stdout]   --> src/task.rs:43:14
[INFO] [stdout]    |
[INFO] [stdout] 43 |     #[crate::test(crate = "crate")]
[INFO] [stdout]    |              ^^^^ could not find `test` in the crate root
[INFO] [stdout]    |
[INFO] [stdout] note: found an item that was configured out
[INFO] [stdout]   --> src/lib.rs:29:22
[INFO] [stdout]    |
[INFO] [stdout] 29 | pub use asyncs_test::test;
[INFO] [stdout]    |                      ^^^^
[INFO] [stdout] note: the item is gated behind the `test` feature
[INFO] [stdout]   --> src/lib.rs:28:7
[INFO] [stdout]    |
[INFO] [stdout] 28 | #[cfg(feature = "test")]
[INFO] [stdout]    |       ^^^^^^^^^^^^^^^^
[INFO] [stdout] 
[INFO] [stdout] 
[INFO] [stdout] error[E0433]: failed to resolve: could not find `test` in the crate root
[INFO] [stdout]   --> src/lib.rs:39:14
[INFO] [stdout]    |
[INFO] [stdout] 39 |     #[crate::test(crate = "crate")]
[INFO] [stdout]    |              ^^^^ could not find `test` in the crate root
[INFO] [stdout]    |
[INFO] [stdout] note: found an item that was configured out
[INFO] [stdout]   --> src/lib.rs:29:22
[INFO] [stdout]    |
[INFO] [stdout] 29 | pub use asyncs_test::test;
[INFO] [stdout]    |                      ^^^^
[INFO] [stdout] note: the item is gated behind the `test` feature
[INFO] [stdout]   --> src/lib.rs:28:7
[INFO] [stdout]    |
[INFO] [stdout] 28 | #[cfg(feature = "test")]
[INFO] [stdout]    |       ^^^^^^^^^^^^^^^^
[INFO] [stdout] 
[INFO] [stdout] 
[INFO] [stdout] error[E0433]: failed to resolve: could not find `test` in the crate root
[INFO] [stdout]   --> src/lib.rs:48:14
[INFO] [stdout]    |
[INFO] [stdout] 48 |     #[crate::test(crate = "crate")]
[INFO] [stdout]    |              ^^^^ could not find `test` in the crate root
[INFO] [stdout]    |
[INFO] [stdout] note: found an item that was configured out
[INFO] [stdout]   --> src/lib.rs:29:22
[INFO] [stdout]    |
[INFO] [stdout] 29 | pub use asyncs_test::test;
[INFO] [stdout]    |                      ^^^^
[INFO] [stdout] note: the item is gated behind the `test` feature
[INFO] [stdout]   --> src/lib.rs:28:7
[INFO] [stdout]    |
[INFO] [stdout] 28 | #[cfg(feature = "test")]
[INFO] [stdout]    |       ^^^^^^^^^^^^^^^^
[INFO] [stdout] 
[INFO] [stdout] 
[INFO] [stdout] error[E0433]: failed to resolve: could not find `test` in the crate root
[INFO] [stdout]   --> src/lib.rs:57:14
[INFO] [stdout]    |
[INFO] [stdout] 57 |     #[crate::test(crate = "crate")]
[INFO] [stdout]    |              ^^^^ could not find `test` in the crate root
[INFO] [stdout]    |
[INFO] [stdout] note: found an item that was configured out
[INFO] [stdout]   --> src/lib.rs:29:22
[INFO] [stdout]    |
[INFO] [stdout] 29 | pub use asyncs_test::test;
[INFO] [stdout]    |                      ^^^^
[INFO] [stdout] note: the item is gated behind the `test` feature
[INFO] [stdout]   --> src/lib.rs:28:7
[INFO] [stdout]    |
[INFO] [stdout] 28 | #[cfg(feature = "test")]
[INFO] [stdout]    |       ^^^^^^^^^^^^^^^^
[INFO] [stdout] 
[INFO] [stdout] 
[INFO] [stdout] error[E0433]: failed to resolve: could not find `test` in the crate root
[INFO] [stdout]   --> src/lib.rs:81:14
[INFO] [stdout]    |
[INFO] [stdout] 81 |     #[crate::test(crate = "crate", send = false)]
[INFO] [stdout]    |              ^^^^ could not find `test` in the crate root
[INFO] [stdout]    |
[INFO] [stdout] note: found an item that was configured out
[INFO] [stdout]   --> src/lib.rs:29:22
[INFO] [stdout]    |
[INFO] [stdout] 29 | pub use asyncs_test::test;
[INFO] [stdout]    |                      ^^^^
[INFO] [stdout] note: the item is gated behind the `test` feature
[INFO] [stdout]   --> src/lib.rs:28:7
[INFO] [stdout]    |
[INFO] [stdout] 28 | #[cfg(feature = "test")]
[INFO] [stdout]    |       ^^^^^^^^^^^^^^^^
[INFO] [stdout] 
[INFO] [stdout] 
[INFO] [stdout] For more information about this error, try `rustc --explain E0433`.
[INFO] [stdout] 
[INFO] [stderr] error: could not compile `asyncs` (lib test) due to 5 previous errors
[INFO] running `Command { std: "docker" "inspect" "f668fa3106fbd12e97aea2b2ddab64d5d89f375ae3cf3997db9b879bd7231cd9", kill_on_drop: false }`
[INFO] running `Command { std: "docker" "rm" "-f" "f668fa3106fbd12e97aea2b2ddab64d5d89f375ae3cf3997db9b879bd7231cd9", kill_on_drop: false }`
[INFO] [stdout] f668fa3106fbd12e97aea2b2ddab64d5d89f375ae3cf3997db9b879bd7231cd9
