[INFO] fetching crate async_uws 0.0.26...
[INFO] testing async_uws-0.0.26 against nightly-2024-10-28 for randomize-layout
[INFO] extracting crate async_uws 0.0.26 into /workspace/builds/worker-2-tc1/source
[INFO] validating manifest of crates.io crate async_uws 0.0.26 on toolchain nightly-2024-10-28
[INFO] running `Command { std: CARGO_HOME="/workspace/cargo-home" RUSTUP_HOME="/workspace/rustup-home" "/workspace/cargo-home/bin/cargo" "+nightly-2024-10-28" "metadata" "--manifest-path" "Cargo.toml" "--no-deps", kill_on_drop: false }`
[INFO] started tweaking crates.io crate async_uws 0.0.26
[INFO] finished tweaking crates.io crate async_uws 0.0.26
[INFO] tweaked toml for crates.io crate async_uws 0.0.26 written to /workspace/builds/worker-2-tc1/source/Cargo.toml
[INFO] crate crates.io crate async_uws 0.0.26 already has a lockfile, it will not be regenerated
[INFO] running `Command { std: CARGO_HOME="/workspace/cargo-home" RUSTUP_HOME="/workspace/rustup-home" "/workspace/cargo-home/bin/cargo" "+nightly-2024-10-28" "fetch" "--manifest-path" "Cargo.toml", kill_on_drop: false }`
[INFO] [stderr]     Updating crates.io index
[INFO] [stderr]  Downloading crates ...
[INFO] [stderr]   Downloaded which v4.4.0
[INFO] [stderr]   Downloaded shlex v1.1.0
[INFO] [stderr]   Downloaded either v1.8.1
[INFO] [stderr]   Downloaded proc-macro2 v1.0.69
[INFO] [stderr]   Downloaded uwebsockets_rs v0.0.11
[INFO] [stderr]   Downloaded parking_lot_core v0.9.7
[INFO] [stderr]   Downloaded prettyplease v0.2.15
[INFO] [stderr]   Downloaded cc v1.0.86
[INFO] [stderr]   Downloaded bytes v1.4.0
[INFO] [stderr]   Downloaded clang-sys v1.6.1
[INFO] [stderr]   Downloaded syn v2.0.38
[INFO] [stderr]   Downloaded bindgen v0.68.1
[INFO] [stderr]   Downloaded regex v1.8.1
[INFO] [stderr]   Downloaded libuwebsockets-sys v0.0.9
[INFO] [stderr]   Downloaded regex-syntax v0.7.1
[INFO] running `Command { std: "docker" "create" "-v" "/var/lib/crater-agent-workspace/builds/worker-2-tc1/target:/opt/rustwide/target:rw,Z" "-v" "/var/lib/crater-agent-workspace/builds/worker-2-tc1/source:/opt/rustwide/workdir:ro,Z" "-v" "/var/lib/crater-agent-workspace/cargo-home:/opt/rustwide/cargo-home:ro,Z" "-v" "/var/lib/crater-agent-workspace/rustup-home:/opt/rustwide/rustup-home:ro,Z" "-e" "SOURCE_DIR=/opt/rustwide/workdir" "-e" "CARGO_TARGET_DIR=/opt/rustwide/target" "-e" "CARGO_HOME=/opt/rustwide/cargo-home" "-e" "RUSTUP_HOME=/opt/rustwide/rustup-home" "-w" "/opt/rustwide/workdir" "-m" "1610612736" "--user" "0:0" "--network" "none" "ghcr.io/rust-lang/crates-build-env/linux@sha256:4a844ea9eb2546a2d2c7022eacef16ef2e8229c7fbb2c7d4d55a9ceca922f72d" "/opt/rustwide/cargo-home/bin/cargo" "+nightly-2024-10-28" "metadata" "--no-deps" "--format-version=1", kill_on_drop: false }`
[INFO] [stdout] d1b7b47e61521bfe9f63d5b65c69ef493ee5946bd6a4389852148fae64bf11a2
[INFO] running `Command { std: "docker" "start" "-a" "d1b7b47e61521bfe9f63d5b65c69ef493ee5946bd6a4389852148fae64bf11a2", kill_on_drop: false }`
[INFO] running `Command { std: "docker" "inspect" "d1b7b47e61521bfe9f63d5b65c69ef493ee5946bd6a4389852148fae64bf11a2", kill_on_drop: false }`
[INFO] running `Command { std: "docker" "rm" "-f" "d1b7b47e61521bfe9f63d5b65c69ef493ee5946bd6a4389852148fae64bf11a2", kill_on_drop: false }`
[INFO] [stdout] d1b7b47e61521bfe9f63d5b65c69ef493ee5946bd6a4389852148fae64bf11a2
[INFO] running `Command { std: "docker" "create" "-v" "/var/lib/crater-agent-workspace/builds/worker-2-tc1/target:/opt/rustwide/target:rw,Z" "-v" "/var/lib/crater-agent-workspace/builds/worker-2-tc1/source:/opt/rustwide/workdir:ro,Z" "-v" "/var/lib/crater-agent-workspace/cargo-home:/opt/rustwide/cargo-home:ro,Z" "-v" "/var/lib/crater-agent-workspace/rustup-home:/opt/rustwide/rustup-home:ro,Z" "-e" "SOURCE_DIR=/opt/rustwide/workdir" "-e" "CARGO_TARGET_DIR=/opt/rustwide/target" "-e" "CARGO_INCREMENTAL=0" "-e" "RUST_BACKTRACE=full" "-e" "RUSTFLAGS=--cap-lints=forbid" "-e" "RUSTDOCFLAGS=--cap-lints=forbid" "-e" "CARGO_HOME=/opt/rustwide/cargo-home" "-e" "RUSTUP_HOME=/opt/rustwide/rustup-home" "-w" "/opt/rustwide/workdir" "-m" "1610612736" "--user" "0:0" "--network" "none" "ghcr.io/rust-lang/crates-build-env/linux@sha256:4a844ea9eb2546a2d2c7022eacef16ef2e8229c7fbb2c7d4d55a9ceca922f72d" "/opt/rustwide/cargo-home/bin/cargo" "+nightly-2024-10-28" "build" "--frozen" "--message-format=json", kill_on_drop: false }`
[INFO] [stdout] c952f3cc6dad36a8dd3fe88c252c1f23860f52ba5e8e6918875e28bdb988c632
[INFO] running `Command { std: "docker" "start" "-a" "c952f3cc6dad36a8dd3fe88c252c1f23860f52ba5e8e6918875e28bdb988c632", kill_on_drop: false }`
[INFO] [stderr]    Compiling libc v0.2.153
[INFO] [stderr]    Compiling proc-macro2 v1.0.69
[INFO] [stderr]    Compiling unicode-ident v1.0.8
[INFO] [stderr]    Compiling memchr v2.5.0
[INFO] [stderr]    Compiling glob v0.3.1
[INFO] [stderr]    Compiling prettyplease v0.2.15
[INFO] [stderr]    Compiling minimal-lexical v0.2.1
[INFO] [stderr]    Compiling libloading v0.7.4
[INFO] [stderr]    Compiling regex-syntax v0.7.1
[INFO] [stderr]    Compiling either v1.8.1
[INFO] [stderr]    Compiling bindgen v0.68.1
[INFO] [stderr]    Compiling bitflags v2.4.1
[INFO] [stderr]    Compiling lazy_static v1.4.0
[INFO] [stderr]    Compiling rustc-hash v1.1.0
[INFO] [stderr]    Compiling peeking_take_while v0.1.2
[INFO] [stderr]    Compiling lazycell v1.3.0
[INFO] [stderr]    Compiling shlex v1.1.0
[INFO] [stderr]    Compiling log v0.4.20
[INFO] [stderr]    Compiling clang-sys v1.6.1
[INFO] [stderr]    Compiling lock_api v0.4.9
[INFO] [stderr]    Compiling parking_lot_core v0.9.7
[INFO] [stderr]    Compiling smallvec v1.10.0
[INFO] [stderr]    Compiling nom v7.1.3
[INFO] [stderr]    Compiling quote v1.0.33
[INFO] [stderr]    Compiling scopeguard v1.1.0
[INFO] [stderr]    Compiling bytes v1.4.0
[INFO] [stderr]    Compiling pin-project-lite v0.2.13
[INFO] [stderr]    Compiling syn v2.0.38
[INFO] [stderr]    Compiling which v4.4.0
[INFO] [stderr]    Compiling mio v0.8.10
[INFO] [stderr]    Compiling parking_lot v0.12.1
[INFO] [stderr]    Compiling signal-hook-registry v1.4.1
[INFO] [stderr]    Compiling num_cpus v1.15.0
[INFO] [stderr]    Compiling socket2 v0.5.5
[INFO] [stderr]    Compiling regex v1.8.1
[INFO] [stderr]    Compiling cexpr v0.6.0
[INFO] [stderr]    Compiling tokio-macros v2.2.0
[INFO] [stderr]    Compiling tokio v1.36.0
[INFO] [stderr]    Compiling libuwebsockets-sys v0.0.9
[INFO] [stderr] error: failed to run custom build command for `libuwebsockets-sys v0.0.9`
[INFO] [stderr] note: To improve backtraces for build dependencies, set the CARGO_PROFILE_DEV_BUILD_OVERRIDE_DEBUG=true environment variable to enable debug information generation.
[INFO] [stderr] 
[INFO] [stderr] Caused by:
[INFO] [stderr]   process didn't exit successfully: `/opt/rustwide/target/debug/build/libuwebsockets-sys-02b1054114b000e8/build-script-build` (exit status: 101)
[INFO] [stderr]   --- stdout
[INFO] [stderr]   cargo:rerun-if-env-changed=TARGET
[INFO] [stderr]   cargo:rerun-if-env-changed=BINDGEN_EXTRA_CLANG_ARGS_x86_64-unknown-linux-gnu
[INFO] [stderr]   cargo:rerun-if-env-changed=BINDGEN_EXTRA_CLANG_ARGS_x86_64_unknown_linux_gnu
[INFO] [stderr]   cargo:rerun-if-env-changed=BINDGEN_EXTRA_CLANG_ARGS
[INFO] [stderr]   cargo:rerun-if-changed=/usr/lib/llvm-14/lib/clang/14.0.0/include/stddef.h
[INFO] [stderr]   cargo:rerun-if-changed=/usr/lib/llvm-14/lib/clang/14.0.0/include/__stddef_max_align_t.h
[INFO] [stderr]   cargo:rerun-if-changed=/usr/lib/llvm-14/lib/clang/14.0.0/include/stdbool.h
[INFO] [stderr]   cargo:rerun-if-changed=/usr/lib/llvm-14/lib/clang/14.0.0/include/stdint.h
[INFO] [stderr]   cargo:rerun-if-changed=/usr/include/stdint.h
[INFO] [stderr]   cargo:rerun-if-changed=/usr/include/x86_64-linux-gnu/bits/libc-header-start.h
[INFO] [stderr]   cargo:rerun-if-changed=/usr/include/features.h
[INFO] [stderr]   cargo:rerun-if-changed=/usr/include/features-time64.h
[INFO] [stderr]   cargo:rerun-if-changed=/usr/include/x86_64-linux-gnu/bits/wordsize.h
[INFO] [stderr]   cargo:rerun-if-changed=/usr/include/x86_64-linux-gnu/bits/timesize.h
[INFO] [stderr]   cargo:rerun-if-changed=/usr/include/x86_64-linux-gnu/bits/wordsize.h
[INFO] [stderr]   cargo:rerun-if-changed=/usr/include/stdc-predef.h
[INFO] [stderr]   cargo:rerun-if-changed=/usr/include/x86_64-linux-gnu/sys/cdefs.h
[INFO] [stderr]   cargo:rerun-if-changed=/usr/include/x86_64-linux-gnu/bits/wordsize.h
[INFO] [stderr]   cargo:rerun-if-changed=/usr/include/x86_64-linux-gnu/bits/long-double.h
[INFO] [stderr]   cargo:rerun-if-changed=/usr/include/x86_64-linux-gnu/gnu/stubs.h
[INFO] [stderr]   cargo:rerun-if-changed=/usr/include/x86_64-linux-gnu/gnu/stubs-64.h
[INFO] [stderr]   cargo:rerun-if-changed=/usr/include/x86_64-linux-gnu/bits/types.h
[INFO] [stderr]   cargo:rerun-if-changed=/usr/include/features.h
[INFO] [stderr]   cargo:rerun-if-changed=/usr/include/x86_64-linux-gnu/bits/wordsize.h
[INFO] [stderr]   cargo:rerun-if-changed=/usr/include/x86_64-linux-gnu/bits/timesize.h
[INFO] [stderr]   cargo:rerun-if-changed=/usr/include/x86_64-linux-gnu/bits/wordsize.h
[INFO] [stderr]   cargo:rerun-if-changed=/usr/include/x86_64-linux-gnu/bits/typesizes.h
[INFO] [stderr]   cargo:rerun-if-changed=/usr/include/x86_64-linux-gnu/bits/time64.h
[INFO] [stderr]   cargo:rerun-if-changed=/usr/include/x86_64-linux-gnu/bits/wchar.h
[INFO] [stderr]   cargo:rerun-if-changed=/usr/include/x86_64-linux-gnu/bits/wordsize.h
[INFO] [stderr]   cargo:rerun-if-changed=/usr/include/x86_64-linux-gnu/bits/stdint-intn.h
[INFO] [stderr]   cargo:rerun-if-changed=/usr/include/x86_64-linux-gnu/bits/types.h
[INFO] [stderr]   cargo:rerun-if-changed=/usr/include/x86_64-linux-gnu/bits/stdint-uintn.h
[INFO] [stderr]   cargo:rerun-if-changed=/usr/include/x86_64-linux-gnu/bits/types.h
[INFO] [stderr]   cargo:rerun-if-changed=/opt/rustwide/cargo-home/registry/src/index.crates.io-6f17d22bba15001f/libuwebsockets-sys-0.0.9/uWebSockets/uSockets/src/libusockets.h
[INFO] [stderr]   make clean
[INFO] [stderr]   make[1]: Entering directory '/opt/rustwide/cargo-home/registry/src/index.crates.io-6f17d22bba15001f/libuwebsockets-sys-0.0.9/uWebSockets/capi'
[INFO] [stderr]   rm -f *.o HelloWorld HelloWorldAsync ServerName UpgradeSync UpgradeAsync EchoServer Broadcast BroadcastEchoServer RustHelloWorld libuwebsockets.a libuwebsockets.so
[INFO] [stderr]   make[1]: Leaving directory '/opt/rustwide/cargo-home/registry/src/index.crates.io-6f17d22bba15001f/libuwebsockets-sys-0.0.9/uWebSockets/capi'
[INFO] [stderr]   cd ../uSockets && cc -pthread -DUWS_WITH_PROXY -DLIBUS_USE_OPENSSL -DLIBUS_USE_LIBUV -std=c11 -Isrc -flto -fPIC -O3 -c src/*.c src/eventing/*.c src/crypto/*.c
[INFO] [stderr] 
[INFO] [stderr]   --- stderr
[INFO] [stderr]   error: 'rustfmt' is not installed for the toolchain 'nightly-2024-10-28-x86_64-unknown-linux-gnu'.
[INFO] [stderr]   To install, run `rustup component add --toolchain nightly-2024-10-28-x86_64-unknown-linux-gnu rustfmt`
[INFO] [stderr]   Failed to run rustfmt: Internal rustfmt error (non-fatal, continuing)
[INFO] [stderr]   In file included from src/internal/internal.h:41,
[INFO] [stderr]                    from src/bsd.c:23:
[INFO] [stderr]   src/internal/eventing/libuv.h:23:10: fatal error: uv.h: No such file or directory
[INFO] [stderr]      23 | #include <uv.h>
[INFO] [stderr]         |          ^~~~~~
[INFO] [stderr]   compilation terminated.
[INFO] [stderr]   In file included from src/internal/internal.h:41,
[INFO] [stderr]                    from src/context.c:21:
[INFO] [stderr]   src/internal/eventing/libuv.h:23:10: fatal error: uv.h: No such file or directory
[INFO] [stderr]      23 | #include <uv.h>
[INFO] [stderr]         |          ^~~~~~
[INFO] [stderr]   compilation terminated.
[INFO] [stderr]   In file included from src/internal/internal.h:41,
[INFO] [stderr]                    from src/loop.c:21:
[INFO] [stderr]   src/internal/eventing/libuv.h:23:10: fatal error: uv.h: No such file or directory
[INFO] [stderr]      23 | #include <uv.h>
[INFO] [stderr]         |          ^~~~~~
[INFO] [stderr]   compilation terminated.
[INFO] [stderr]   Assembler messages:
[INFO] [stderr]   Fatal error: can't create quic.o: Read-only file system
[INFO] [stderr]   In file included from src/internal/internal.h:41,
[INFO] [stderr]                    from src/socket.c:21:
[INFO] [stderr]   src/internal/eventing/libuv.h:23:10: fatal error: uv.h: No such file or directory
[INFO] [stderr]      23 | #include <uv.h>
[INFO] [stderr]         |          ^~~~~~
[INFO] [stderr]   compilation terminated.
[INFO] [stderr]   In file included from src/internal/internal.h:41,
[INFO] [stderr]                    from src/udp.c:21:
[INFO] [stderr]   src/internal/eventing/libuv.h:23:10: fatal error: uv.h: No such file or directory
[INFO] [stderr]      23 | #include <uv.h>
[INFO] [stderr]         |          ^~~~~~
[INFO] [stderr]   compilation terminated.
[INFO] [stderr]   In file included from src/internal/internal.h:41,
[INFO] [stderr]                    from src/eventing/epoll_kqueue.c:19:
[INFO] [stderr]   src/internal/eventing/libuv.h:23:10: fatal error: uv.h: No such file or directory
[INFO] [stderr]      23 | #include <uv.h>
[INFO] [stderr]         |          ^~~~~~
[INFO] [stderr]   compilation terminated.
[INFO] [stderr]   In file included from src/internal/internal.h:41,
[INFO] [stderr]                    from src/eventing/gcd.c:19:
[INFO] [stderr]   src/internal/eventing/libuv.h:23:10: fatal error: uv.h: No such file or directory
[INFO] [stderr]      23 | #include <uv.h>
[INFO] [stderr]         |          ^~~~~~
[INFO] [stderr]   compilation terminated.
[INFO] [stderr]   In file included from src/internal/internal.h:41,
[INFO] [stderr]                    from src/eventing/libuv.c:19:
[INFO] [stderr]   src/internal/eventing/libuv.h:23:10: fatal error: uv.h: No such file or directory
[INFO] [stderr]      23 | #include <uv.h>
[INFO] [stderr]         |          ^~~~~~
[INFO] [stderr]   compilation terminated.
[INFO] [stderr]   In file included from src/internal/internal.h:41,
[INFO] [stderr]                    from src/crypto/openssl.c:28:
[INFO] [stderr]   src/internal/eventing/libuv.h:23:10: fatal error: uv.h: No such file or directory
[INFO] [stderr]      23 | #include <uv.h>
[INFO] [stderr]         |          ^~~~~~
[INFO] [stderr]   compilation terminated.
[INFO] [stderr]   make: *** [Makefile:11: capi] Error 1
[INFO] [stderr]   thread 'main' panicked at /opt/rustwide/cargo-home/registry/src/index.crates.io-6f17d22bba15001f/libuwebsockets-sys-0.0.9/build.rs:48:7:
[INFO] [stderr]   Can't build UWS CAPI!
[INFO] [stderr]   stack backtrace:
[INFO] [stderr]      0:     0x58866087ed9a - std::backtrace_rs::backtrace::libunwind::trace::h207520d6e9873551
[INFO] [stderr]                                  at /rustc/df4ca44d3fbc9301ee17f30f4d474e6ae4b05252/library/std/src/../../backtrace/src/backtrace/libunwind.rs:116:5
[INFO] [stderr]      1:     0x58866087ed9a - std::backtrace_rs::backtrace::trace_unsynchronized::h2ed7433f370e3eca
[INFO] [stderr]                                  at /rustc/df4ca44d3fbc9301ee17f30f4d474e6ae4b05252/library/std/src/../../backtrace/src/backtrace/mod.rs:66:5
[INFO] [stderr]      2:     0x58866087ed9a - std::sys::backtrace::_print_fmt::h916fac51166b18d7
[INFO] [stderr]                                  at /rustc/df4ca44d3fbc9301ee17f30f4d474e6ae4b05252/library/std/src/sys/backtrace.rs:66:9
[INFO] [stderr]      3:     0x58866087ed9a - <std::sys::backtrace::BacktraceLock::print::DisplayBacktrace as core::fmt::Display>::fmt::ha0a4c9b8ce3802e6
[INFO] [stderr]                                  at /rustc/df4ca44d3fbc9301ee17f30f4d474e6ae4b05252/library/std/src/sys/backtrace.rs:39:26
[INFO] [stderr]      4:     0x5886608a7103 - core::fmt::rt::Argument::fmt::h4cfc8587d52b3eb5
[INFO] [stderr]                                  at /rustc/df4ca44d3fbc9301ee17f30f4d474e6ae4b05252/library/core/src/fmt/rt.rs:177:76
[INFO] [stderr]      5:     0x5886608a7103 - core::fmt::write::h522cc39e5b36ae9f
[INFO] [stderr]                                  at /rustc/df4ca44d3fbc9301ee17f30f4d474e6ae4b05252/library/core/src/fmt/mod.rs:1190:21
[INFO] [stderr]      6:     0x58866087b893 - std::io::Write::write_fmt::hf1c1dcc8cc1287f0
[INFO] [stderr]                                  at /rustc/df4ca44d3fbc9301ee17f30f4d474e6ae4b05252/library/std/src/io/mod.rs:1839:15
[INFO] [stderr]      7:     0x58866087ebe2 - std::sys::backtrace::BacktraceLock::print::h4b9e00b29e9c0942
[INFO] [stderr]                                  at /rustc/df4ca44d3fbc9301ee17f30f4d474e6ae4b05252/library/std/src/sys/backtrace.rs:42:9
[INFO] [stderr]      8:     0x58866087fbac - std::panicking::default_hook::{{closure}}::hb59b88280d0324d9
[INFO] [stderr]                                  at /rustc/df4ca44d3fbc9301ee17f30f4d474e6ae4b05252/library/std/src/panicking.rs:268:22
[INFO] [stderr]      9:     0x58866087f9f2 - std::panicking::default_hook::he1dd496665be4a29
[INFO] [stderr]                                  at /rustc/df4ca44d3fbc9301ee17f30f4d474e6ae4b05252/library/std/src/panicking.rs:295:9
[INFO] [stderr]     10:     0x5886608801e7 - std::panicking::rust_panic_with_hook::h2ff17fe8f26dfcf8
[INFO] [stderr]                                  at /rustc/df4ca44d3fbc9301ee17f30f4d474e6ae4b05252/library/std/src/panicking.rs:801:13
[INFO] [stderr]     11:     0x588660880046 - std::panicking::begin_panic_handler::{{closure}}::h4fad77951c07e101
[INFO] [stderr]                                  at /rustc/df4ca44d3fbc9301ee17f30f4d474e6ae4b05252/library/std/src/panicking.rs:667:13
[INFO] [stderr]     12:     0x58866087f279 - std::sys::backtrace::__rust_end_short_backtrace::hb1a25b3da5d0ea08
[INFO] [stderr]                                  at /rustc/df4ca44d3fbc9301ee17f30f4d474e6ae4b05252/library/std/src/sys/backtrace.rs:170:18
[INFO] [stderr]     13:     0x58866087fd0c - rust_begin_unwind
[INFO] [stderr]                                  at /rustc/df4ca44d3fbc9301ee17f30f4d474e6ae4b05252/library/std/src/panicking.rs:665:5
[INFO] [stderr]     14:     0x5886608a5450 - core::panicking::panic_fmt::ha9db07b529f9b256
[INFO] [stderr]                                  at /rustc/df4ca44d3fbc9301ee17f30f4d474e6ae4b05252/library/core/src/panicking.rs:75:14
[INFO] [stderr]     15:     0x588660390621 - build_script_build::main::hb678d7788a89f2a1
[INFO] [stderr]     16:     0x58866038d433 - core::ops::function::FnOnce::call_once::h3520083312a0e5d1
[INFO] [stderr]     17:     0x58866038cb76 - std::sys::backtrace::__rust_begin_short_backtrace::hca52d182280812ac
[INFO] [stderr]     18:     0x58866038cab9 - std::rt::lang_start::{{closure}}::ha056acb11541d848
[INFO] [stderr]     19:     0x588660877397 - core::ops::function::impls::<impl core::ops::function::FnOnce<A> for &F>::call_once::hd87d66b906e0ccaf
[INFO] [stderr]                                  at /rustc/df4ca44d3fbc9301ee17f30f4d474e6ae4b05252/library/core/src/ops/function.rs:284:13
[INFO] [stderr]     20:     0x588660877397 - std::panicking::try::do_call::hae3703de71fc9e3a
[INFO] [stderr]                                  at /rustc/df4ca44d3fbc9301ee17f30f4d474e6ae4b05252/library/std/src/panicking.rs:557:40
[INFO] [stderr]     21:     0x588660877397 - std::panicking::try::h1178330e9a2b2645
[INFO] [stderr]                                  at /rustc/df4ca44d3fbc9301ee17f30f4d474e6ae4b05252/library/std/src/panicking.rs:520:19
[INFO] [stderr]     22:     0x588660877397 - std::panic::catch_unwind::h0acf49d2305d32ad
[INFO] [stderr]                                  at /rustc/df4ca44d3fbc9301ee17f30f4d474e6ae4b05252/library/std/src/panic.rs:358:14
[INFO] [stderr]     23:     0x588660877397 - std::rt::lang_start_internal::{{closure}}::h2d95182d798177be
[INFO] [stderr]                                  at /rustc/df4ca44d3fbc9301ee17f30f4d474e6ae4b05252/library/std/src/rt.rs:174:48
[INFO] [stderr]     24:     0x588660877397 - std::panicking::try::do_call::hb506f5bfe11fd30c
[INFO] [stderr]                                  at /rustc/df4ca44d3fbc9301ee17f30f4d474e6ae4b05252/library/std/src/panicking.rs:557:40
[INFO] [stderr]     25:     0x588660877397 - std::panicking::try::h54d825c46bd0fa95
[INFO] [stderr]                                  at /rustc/df4ca44d3fbc9301ee17f30f4d474e6ae4b05252/library/std/src/panicking.rs:520:19
[INFO] [stderr]     26:     0x588660877397 - std::panic::catch_unwind::hffbb0ad20c4e9fac
[INFO] [stderr]                                  at /rustc/df4ca44d3fbc9301ee17f30f4d474e6ae4b05252/library/std/src/panic.rs:358:14
[INFO] [stderr]     27:     0x588660877397 - std::rt::lang_start_internal::h52c291ef1962c925
[INFO] [stderr]                                  at /rustc/df4ca44d3fbc9301ee17f30f4d474e6ae4b05252/library/std/src/rt.rs:174:20
[INFO] [stderr]     28:     0x58866038ca97 - std::rt::lang_start::h56a594354be21ed4
[INFO] [stderr]     29:     0x588660392ad5 - main
[INFO] [stderr]     30:     0x70637269ad90 - <unknown>
[INFO] [stderr]     31:     0x70637269ae40 - __libc_start_main
[INFO] [stderr]     32:     0x58866038c295 - _start
[INFO] [stderr]     33:                0x0 - <unknown>
[INFO] running `Command { std: "docker" "inspect" "c952f3cc6dad36a8dd3fe88c252c1f23860f52ba5e8e6918875e28bdb988c632", kill_on_drop: false }`
[INFO] running `Command { std: "docker" "rm" "-f" "c952f3cc6dad36a8dd3fe88c252c1f23860f52ba5e8e6918875e28bdb988c632", kill_on_drop: false }`
[INFO] [stdout] c952f3cc6dad36a8dd3fe88c252c1f23860f52ba5e8e6918875e28bdb988c632
