[INFO] fetching crate async-stripe-tsar 0.0.1...
[INFO] testing async-stripe-tsar-0.0.1 against nightly-2024-10-28 for randomize-layout
[INFO] extracting crate async-stripe-tsar 0.0.1 into /workspace/builds/worker-3-tc1/source
[INFO] validating manifest of crates.io crate async-stripe-tsar 0.0.1 on toolchain nightly-2024-10-28
[INFO] running `Command { std: CARGO_HOME="/workspace/cargo-home" RUSTUP_HOME="/workspace/rustup-home" "/workspace/cargo-home/bin/cargo" "+nightly-2024-10-28" "metadata" "--manifest-path" "Cargo.toml" "--no-deps", kill_on_drop: false }`
[INFO] started tweaking crates.io crate async-stripe-tsar 0.0.1
[INFO] removed 0 missing examples
[INFO] finished tweaking crates.io crate async-stripe-tsar 0.0.1
[INFO] tweaked toml for crates.io crate async-stripe-tsar 0.0.1 written to /workspace/builds/worker-3-tc1/source/Cargo.toml
[INFO] crate crates.io crate async-stripe-tsar 0.0.1 already has a lockfile, it will not be regenerated
[INFO] running `Command { std: CARGO_HOME="/workspace/cargo-home" RUSTUP_HOME="/workspace/rustup-home" "/workspace/cargo-home/bin/cargo" "+nightly-2024-10-28" "fetch" "--manifest-path" "Cargo.toml", kill_on_drop: false }`
[INFO] [stderr]     Updating crates.io index
[INFO] [stderr]  Downloading crates ...
[INFO] [stderr]   Downloaded async-stream-impl v0.3.3
[INFO] [stderr]   Downloaded value-bag v1.0.0-alpha.9
[INFO] [stderr]   Downloaded tokio-stream v0.1.9
[INFO] [stderr]   Downloaded async-stream v0.3.3
[INFO] [stderr]   Downloaded num_threads v0.1.6
[INFO] [stderr]   Downloaded bytes v1.2.1
[INFO] [stderr]   Downloaded actix-macros v0.2.3
[INFO] [stderr]   Downloaded actix-service v2.0.2
[INFO] [stderr]   Downloaded siphasher v0.3.10
[INFO] [stderr]   Downloaded ena v0.14.0
[INFO] [stderr]   Downloaded paste v1.0.8
[INFO] [stderr]   Downloaded firestorm v0.5.1
[INFO] [stderr]   Downloaded actix-web-codegen v4.0.1
[INFO] [stderr]   Downloaded actix-router v0.5.0
[INFO] [stderr]   Downloaded semver v1.0.13
[INFO] [stderr]   Downloaded miniz_oxide v0.5.3
[INFO] [stderr]   Downloaded language-tags v0.3.2
[INFO] [stderr]   Downloaded aes-gcm v0.8.0
[INFO] [stderr]   Downloaded chrono v0.4.19
[INFO] [stderr]   Downloaded actix-http v3.0.4
[INFO] [stderr]   Downloaded petgraph v0.6.2
[INFO] [stderr]   Downloaded actix-web v4.1.0
[INFO] [stderr]   Downloaded async-std v1.10.0
[INFO] [stderr]   Downloaded brotli-decompressor v2.3.2
[INFO] [stderr]   Downloaded lalrpop v0.19.8
[INFO] [stderr]   Downloaded regex v1.6.0
[INFO] [stderr]   Downloaded openssl v0.10.41
[INFO] [stderr]   Downloaded isahc v1.7.2
[INFO] [stderr]   Downloaded hyper v0.14.20
[INFO] [stderr]   Downloaded isahc v0.9.14
[INFO] [stderr]   Downloaded unicode-normalization v0.1.21
[INFO] [stderr]   Downloaded flate2 v1.0.24
[INFO] [stderr]   Downloaded aes-soft v0.6.4
[INFO] [stderr]   Downloaded time v0.3.9
[INFO] [stderr]   Downloaded zstd v0.10.2+zstd.1.5.2
[INFO] [stderr]   Downloaded tokio-util v0.7.3
[INFO] [stderr]   Downloaded curl v0.4.44
[INFO] [stderr]   Downloaded tracing v0.1.29
[INFO] [stderr]   Downloaded aes v0.6.0
[INFO] [stderr]   Downloaded tokio v1.20.1
[INFO] [stderr]   Downloaded derive_more v0.99.17
[INFO] [stderr]   Downloaded sha-1 v0.10.0
[INFO] [stderr]   Downloaded actix-server v2.0.0
[INFO] [stderr]   Downloaded axum v0.4.8
[INFO] [stderr]   Downloaded httpmock v0.6.6
[INFO] [stderr]   Downloaded openssl-sys v0.9.75
[INFO] [stderr]   Downloaded flume v0.9.2
[INFO] [stderr]   Downloaded aesni v0.10.0
[INFO] [stderr]   Downloaded surf v2.3.2
[INFO] [stderr]   Downloaded web-sys v0.3.59
[INFO] [stderr]   Downloaded bytestring v1.1.0
[INFO] [stderr]   Downloaded axum-core v0.1.2
[INFO] [stderr]   Downloaded zstd-sys v1.6.3+zstd.1.5.2
[INFO] [stderr]   Downloaded actix-codec v0.5.0
[INFO] [stderr]   Downloaded alloc-no-stdlib v2.0.3
[INFO] [stderr]   Downloaded zstd-safe v4.1.6+zstd.1.5.2
[INFO] [stderr]   Downloaded hyper-rustls v0.22.1
[INFO] [stderr]   Downloaded indexmap v1.8.2
[INFO] [stderr]   Downloaded tracing-core v0.1.21
[INFO] [stderr]   Downloaded anyhow v1.0.59
[INFO] [stderr]   Downloaded async-task v4.3.0
[INFO] [stderr]   Downloaded crossbeam-utils v0.8.11
[INFO] [stderr]   Downloaded convert_case v0.4.0
[INFO] [stderr]   Downloaded matchit v0.4.6
[INFO] [stderr]   Downloaded actix-rt v2.7.0
[INFO] [stderr]   Downloaded lalrpop-util v0.19.8
[INFO] [stderr]   Downloaded serde_qs v0.9.2
[INFO] [stderr]   Downloaded futures-macro v0.3.21
[INFO] [stderr]   Downloaded async-trait v0.1.57
[INFO] [stderr]   Downloaded bytes v0.5.6
[INFO] [stderr]   Downloaded spinning_top v0.2.4
[INFO] [stderr]   Downloaded http-client v6.5.3
[INFO] [stderr]   Downloaded async-attributes v1.1.2
[INFO] [stderr]   Downloaded async-global-executor v2.0.4
[INFO] [stderr]   Downloaded http-types v2.12.0
[INFO] [stderr]   Downloaded jobserver v0.1.24
[INFO] [stderr]   Downloaded kv-log-macro v1.0.7
[INFO] [stderr]   Downloaded aead v0.3.2
[INFO] [stderr]   Downloaded cipher v0.2.5
[INFO] [stderr]   Downloaded polyval v0.4.5
[INFO] [stderr]   Downloaded hkdf v0.10.0
[INFO] [stderr]   Downloaded cookie v0.14.4
[INFO] [stderr]   Downloaded infer v0.2.3
[INFO] [stderr]   Downloaded serde_qs v0.8.5
[INFO] [stderr]   Downloaded serde_derive v1.0.142
[INFO] [stderr]   Downloaded time-macros v0.2.4
[INFO] [stderr]   Downloaded alloc-stdlib v0.2.1
[INFO] [stderr]   Downloaded local-channel v0.1.3
[INFO] [stderr]   Downloaded actix-utils v3.0.0
[INFO] [stderr]   Downloaded brotli v3.3.4
[INFO] [stderr]   Downloaded cookie v0.16.0
[INFO] [stderr]   Downloaded tower-http v0.2.5
[INFO] [stderr]   Downloaded pico-args v0.4.2
[INFO] [stderr]   Downloaded string_cache v0.8.4
[INFO] [stderr]   Downloaded serde_regex v1.1.0
[INFO] [stderr]   Downloaded similar v2.2.0
[INFO] [stderr]   Downloaded ct-logs v0.8.0
[INFO] [stderr]   Downloaded block-buffer v0.10.2
[INFO] [stderr]   Downloaded sha2 v0.10.2
[INFO] [stderr]   Downloaded tracing-attributes v0.1.22
[INFO] [stderr]   Downloaded tracing-futures v0.2.5
[INFO] [stderr]   Downloaded wasm-bindgen-futures v0.4.32
[INFO] [stderr]   Downloaded ghash v0.3.1
[INFO] [stderr]   Downloaded crypto-mac v0.10.1
[INFO] [stderr]   Downloaded cpufeatures v0.2.2
[INFO] [stderr]   Downloaded const_fn v0.4.9
[INFO] [stderr]   Downloaded thiserror v1.0.32
[INFO] [stderr]   Downloaded http-range-header v0.3.0
[INFO] [stderr]   Downloaded tower-layer v0.3.1
[INFO] [stderr]   Downloaded async-object-pool v0.1.4
[INFO] [stderr]   Downloaded castaway v0.1.2
[INFO] [stderr]   Downloaded digest v0.10.3
[INFO] [stderr]   Downloaded smart-default v0.6.0
[INFO] [stderr]   Downloaded smol_str v0.1.23
[INFO] [stderr]   Downloaded sluice v0.5.5
[INFO] [stderr]   Downloaded concurrent-queue v1.2.4
[INFO] [stderr]   Downloaded cpuid-bool v0.2.0
[INFO] [stderr]   Downloaded hmac v0.10.1
[INFO] [stderr]   Downloaded sha1_smol v1.0.0
[INFO] [stderr]   Downloaded thiserror-impl v1.0.32
[INFO] [stderr]   Downloaded ctor v0.1.23
[INFO] [stderr]   Downloaded rustls-native-certs v0.5.0
[INFO] [stderr]   Downloaded universal-hash v0.4.1
[INFO] [stderr]   Downloaded local-waker v0.1.3
[INFO] [stderr]   Downloaded unicode-xid v0.2.3
[INFO] [stderr]   Downloaded async-mutex v1.4.0
[INFO] [stderr]   Downloaded ctr v0.6.0
[INFO] [stderr]   Downloaded tokio-test v0.4.2
[INFO] [stderr]   Downloaded sync_wrapper v0.1.1
[INFO] [stderr]   Downloaded basic-cookies v0.1.4
[INFO] [stderr]   Downloaded levenshtein v1.0.5
[INFO] [stderr]   Downloaded gloo-timers v0.2.4
[INFO] [stderr]   Downloaded curl-sys v0.4.56+curl-7.83.1
[INFO] [stderr]   Downloaded libz-sys v1.1.8
[INFO] [stderr]   Downloaded libnghttp2-sys v0.1.7+1.45.0
[INFO] running `Command { std: "docker" "create" "-v" "/var/lib/crater-agent-workspace/builds/worker-3-tc1/target:/opt/rustwide/target:rw,Z" "-v" "/var/lib/crater-agent-workspace/builds/worker-3-tc1/source:/opt/rustwide/workdir:ro,Z" "-v" "/var/lib/crater-agent-workspace/cargo-home:/opt/rustwide/cargo-home:ro,Z" "-v" "/var/lib/crater-agent-workspace/rustup-home:/opt/rustwide/rustup-home:ro,Z" "-e" "SOURCE_DIR=/opt/rustwide/workdir" "-e" "CARGO_TARGET_DIR=/opt/rustwide/target" "-e" "CARGO_HOME=/opt/rustwide/cargo-home" "-e" "RUSTUP_HOME=/opt/rustwide/rustup-home" "-w" "/opt/rustwide/workdir" "-m" "1610612736" "--user" "0:0" "--network" "none" "ghcr.io/rust-lang/crates-build-env/linux@sha256:4a844ea9eb2546a2d2c7022eacef16ef2e8229c7fbb2c7d4d55a9ceca922f72d" "/opt/rustwide/cargo-home/bin/cargo" "+nightly-2024-10-28" "metadata" "--no-deps" "--format-version=1", kill_on_drop: false }`
[INFO] [stdout] 52db4173016d951c8a6be8e026f06e66879a50c49612bb314ad855c7c582d0d8
[INFO] running `Command { std: "docker" "start" "-a" "52db4173016d951c8a6be8e026f06e66879a50c49612bb314ad855c7c582d0d8", kill_on_drop: false }`
[INFO] running `Command { std: "docker" "inspect" "52db4173016d951c8a6be8e026f06e66879a50c49612bb314ad855c7c582d0d8", kill_on_drop: false }`
[INFO] running `Command { std: "docker" "rm" "-f" "52db4173016d951c8a6be8e026f06e66879a50c49612bb314ad855c7c582d0d8", kill_on_drop: false }`
[INFO] [stdout] 52db4173016d951c8a6be8e026f06e66879a50c49612bb314ad855c7c582d0d8
[INFO] running `Command { std: "docker" "create" "-v" "/var/lib/crater-agent-workspace/builds/worker-3-tc1/target:/opt/rustwide/target:rw,Z" "-v" "/var/lib/crater-agent-workspace/builds/worker-3-tc1/source:/opt/rustwide/workdir:ro,Z" "-v" "/var/lib/crater-agent-workspace/cargo-home:/opt/rustwide/cargo-home:ro,Z" "-v" "/var/lib/crater-agent-workspace/rustup-home:/opt/rustwide/rustup-home:ro,Z" "-e" "SOURCE_DIR=/opt/rustwide/workdir" "-e" "CARGO_TARGET_DIR=/opt/rustwide/target" "-e" "CARGO_INCREMENTAL=0" "-e" "RUST_BACKTRACE=full" "-e" "RUSTFLAGS=--cap-lints=forbid" "-e" "RUSTDOCFLAGS=--cap-lints=forbid" "-e" "CARGO_HOME=/opt/rustwide/cargo-home" "-e" "RUSTUP_HOME=/opt/rustwide/rustup-home" "-w" "/opt/rustwide/workdir" "-m" "1610612736" "--user" "0:0" "--network" "none" "ghcr.io/rust-lang/crates-build-env/linux@sha256:4a844ea9eb2546a2d2c7022eacef16ef2e8229c7fbb2c7d4d55a9ceca922f72d" "/opt/rustwide/cargo-home/bin/cargo" "+nightly-2024-10-28" "build" "--frozen" "--message-format=json", kill_on_drop: false }`
[INFO] [stdout] 9d9455f907c350aaefd766c114d74e79523745582bba20811e128d3581930be1
[INFO] running `Command { std: "docker" "start" "-a" "9d9455f907c350aaefd766c114d74e79523745582bba20811e128d3581930be1", kill_on_drop: false }`
[INFO] [stderr]    Compiling proc-macro2 v1.0.43
[INFO] [stderr]    Compiling unicode-ident v1.0.3
[INFO] [stderr]    Compiling quote v1.0.21
[INFO] [stderr]    Compiling syn v1.0.99
[INFO] [stderr]    Compiling serde_derive v1.0.142
[INFO] [stderr]    Compiling serde v1.0.142
[INFO] [stderr]    Compiling libc v0.2.127
[INFO] [stderr]    Compiling typenum v1.15.0
[INFO] [stderr]    Compiling generic-array v0.14.6
[INFO] [stderr]    Compiling getrandom v0.1.16
[INFO] [stderr]    Compiling num-traits v0.2.15
[INFO] [stderr]    Compiling unicode-normalization v0.1.21
[INFO] [stderr]    Compiling num-integer v0.1.45
[INFO] [stderr]    Compiling anyhow v1.0.59
[INFO] [stderr]    Compiling itoa v1.0.3
[INFO] [stderr]    Compiling ppv-lite86 v0.2.16
[INFO] [stderr]    Compiling serde_json v1.0.83
[INFO] [stderr]    Compiling subtle v2.4.1
[INFO] [stderr]    Compiling cache-padded v1.2.0
[INFO] [stderr]    Compiling ryu v1.0.11
[INFO] [stderr]    Compiling concurrent-queue v1.2.4
[INFO] [stderr]    Compiling idna v0.2.3
[INFO] [stderr]    Compiling futures-io v0.3.21
[INFO] [stderr]    Compiling http-types v2.12.0
[INFO] [stderr]    Compiling event-listener v2.5.3
[INFO] [stderr]    Compiling fastrand v1.8.0
[INFO] [stderr]    Compiling waker-fn v1.1.0
[INFO] [stderr]    Compiling rand_core v0.5.1
[INFO] [stderr]    Compiling parking v2.0.0
[INFO] [stderr]    Compiling async-channel v1.6.1
[INFO] [stderr]    Compiling rand_chacha v0.2.2
[INFO] [stderr]    Compiling futures-lite v1.12.0
[INFO] [stderr]    Compiling getrandom v0.2.7
[INFO] [stderr]    Compiling rand v0.7.3
[INFO] [stderr]    Compiling infer v0.2.3
[INFO] [stderr]    Compiling cpufeatures v0.2.2
[INFO] [stderr]    Compiling uuid v0.8.2
[INFO] [stderr]    Compiling hex v0.4.3
[INFO] [stderr]    Compiling crypto-common v0.1.6
[INFO] [stderr]    Compiling block-buffer v0.10.2
[INFO] [stderr]    Compiling digest v0.10.3
[INFO] [stderr]    Compiling hmac v0.12.1
[INFO] [stderr]    Compiling sha2 v0.10.2
[INFO] [stderr]    Compiling thiserror-impl v1.0.32
[INFO] [stderr]    Compiling smart-default v0.6.0
[INFO] [stderr]    Compiling thiserror v1.0.32
[INFO] [stderr]    Compiling serde_urlencoded v0.7.1
[INFO] [stderr]    Compiling serde_qs v0.8.5
[INFO] [stderr]    Compiling url v2.2.2
[INFO] [stderr]    Compiling smol_str v0.1.23
[INFO] [stderr]    Compiling chrono v0.4.19
[INFO] [stderr]    Compiling serde_qs v0.9.2
[INFO] [stderr]    Compiling async-stripe-tsar v0.0.1 (/opt/rustwide/workdir)
[INFO] [stdout] error[E0432]: unresolved import `config`
[INFO] [stdout]   --> src/client/mod.rs:38:9
[INFO] [stdout]    |
[INFO] [stdout] 38 | pub use config::BaseClient;
[INFO] [stdout]    |         ^^^^^^ use of undeclared crate or module `config`
[INFO] [stdout] 
[INFO] [stdout] 
[INFO] [stdout] error[E0432]: unresolved import `config`
[INFO] [stdout]   --> src/client/mod.rs:52:9
[INFO] [stdout]    |
[INFO] [stdout] 52 | pub use config::Response;
[INFO] [stdout]    |         ^^^^^^ use of undeclared crate or module `config`
[INFO] [stdout] 
[INFO] [stdout] 
[INFO] [stdout] error[E0432]: unresolved import `crate::client::config`
[INFO] [stdout]   --> src/params.rs:10:9
[INFO] [stdout]    |
[INFO] [stdout] 10 |         config::{err, ok},
[INFO] [stdout]    |         ^^^^^^ could not find `config` in `client`
[INFO] [stdout]    |
[INFO] [stdout] note: found an item that was configured out
[INFO] [stdout]   --> src/client/mod.rs:21:16
[INFO] [stdout]    |
[INFO] [stdout] 21 | pub(crate) mod config {
[INFO] [stdout]    |                ^^^^^^
[INFO] [stdout] note: the item is gated here
[INFO] [stdout]   --> src/client/mod.rs:20:1
[INFO] [stdout]    |
[INFO] [stdout] 20 | #[cfg(any(feature = "runtime-blocking", feature = "runtime-blocking-rustls"))]
[INFO] [stdout]    | ^^^^^^^^^^^^^^^^^^^^^^^^^^^^^^^^^^^^^^^^^^^^^^^^^^^^^^^^^^^^^^^^^^^^^^^^^^^^^^
[INFO] [stdout] note: found an item that was configured out
[INFO] [stdout]   --> src/client/mod.rs:27:16
[INFO] [stdout]    |
[INFO] [stdout] 27 | pub(crate) mod config {
[INFO] [stdout]    |                ^^^^^^
[INFO] [stdout] note: the item is gated here
[INFO] [stdout]   --> src/client/mod.rs:26:1
[INFO] [stdout]    |
[INFO] [stdout] 26 | #[cfg(any(feature = "runtime-tokio-hyper", feature = "runtime-tokio-hyper-rustls"))]
[INFO] [stdout]    | ^^^^^^^^^^^^^^^^^^^^^^^^^^^^^^^^^^^^^^^^^^^^^^^^^^^^^^^^^^^^^^^^^^^^^^^^^^^^^^^^^^^^
[INFO] [stdout] note: found an item that was configured out
[INFO] [stdout]   --> src/client/mod.rs:33:16
[INFO] [stdout]    |
[INFO] [stdout] 33 | pub(crate) mod config {
[INFO] [stdout]    |                ^^^^^^
[INFO] [stdout] note: the item is gated behind the `runtime-async-std-surf` feature
[INFO] [stdout]   --> src/client/mod.rs:32:7
[INFO] [stdout]    |
[INFO] [stdout] 32 | #[cfg(feature = "runtime-async-std-surf")]
[INFO] [stdout]    |       ^^^^^^^^^^^^^^^^^^^^^^^^^^^^^^^^^^
[INFO] [stdout] 
[INFO] [stdout] 
[INFO] [stdout] error[E0432]: unresolved import `crate::config`
[INFO] [stdout]  --> src/client/stripe.rs:6:5
[INFO] [stdout]   |
[INFO] [stdout] 6 |     config::err,
[INFO] [stdout]   |     ^^^^^^ could not find `config` in the crate root
[INFO] [stdout] 
[INFO] [stdout] 
[INFO] [stdout] warning: ambiguous glob re-exports
[INFO] [stdout]    --> src/resources.rs:88:9
[INFO] [stdout]     |
[INFO] [stdout] 88  |   pub use {
[INFO] [stdout]     |  _________^
[INFO] [stdout] 89  | |     currency::*,
[INFO] [stdout] 90  | |     types::*,
[INFO] [stdout] ...   |
[INFO] [stdout] 108 | |         charge::*,
[INFO] [stdout]     | |         --------- but the name `PaymentMethodDetailsCardWallet` in the type namespace is also re-exported here
[INFO] [stdout] ...   |
[INFO] [stdout] 164 | |     },
[INFO] [stdout] 165 | | };
[INFO] [stdout]     | |_^ the name `PaymentMethodDetailsCardWallet` in the type namespace is first re-exported here
[INFO] [stdout]     |
[INFO] [stdout]     = note: `#[warn(ambiguous_glob_reexports)]` on by default
[INFO] [stdout] 
[INFO] [stdout] 
[INFO] [stdout] warning: ambiguous glob re-exports
[INFO] [stdout]    --> src/resources.rs:88:9
[INFO] [stdout]     |
[INFO] [stdout] 88  |   pub use {
[INFO] [stdout]     |  _________^
[INFO] [stdout] 89  | |     currency::*,
[INFO] [stdout] 90  | |     types::*,
[INFO] [stdout] ...   |
[INFO] [stdout] 120 | |         payment_intent::*,
[INFO] [stdout]     | |         ----------------- but the name `TransferData` in the type namespace is also re-exported here
[INFO] [stdout] ...   |
[INFO] [stdout] 164 | |     },
[INFO] [stdout] 165 | | };
[INFO] [stdout]     | |_^ the name `TransferData` in the type namespace is first re-exported here
[INFO] [stdout] 
[INFO] [stdout] 
[INFO] [stdout] warning: ambiguous glob re-exports
[INFO] [stdout]    --> src/resources.rs:88:9
[INFO] [stdout]     |
[INFO] [stdout] 88  |   pub use {
[INFO] [stdout]     |  _________^
[INFO] [stdout] 89  | |     currency::*,
[INFO] [stdout] 90  | |     types::*,
[INFO] [stdout] ...   |
[INFO] [stdout] 109 | |         customer::*,
[INFO] [stdout]     | |         ----------- but the name `CustomerPaymentSourceCard` in the type namespace is also re-exported here
[INFO] [stdout] ...   |
[INFO] [stdout] 164 | |     },
[INFO] [stdout] 165 | | };
[INFO] [stdout]     | |_^ the name `CustomerPaymentSourceCard` in the type namespace is first re-exported here
[INFO] [stdout] 
[INFO] [stdout] 
[INFO] [stdout] warning: ambiguous glob re-exports
[INFO] [stdout]    --> src/resources.rs:88:9
[INFO] [stdout]     |
[INFO] [stdout] 88  |   pub use {
[INFO] [stdout]     |  _________^
[INFO] [stdout] 89  | |     currency::*,
[INFO] [stdout] 90  | |     types::*,
[INFO] [stdout] ...   |
[INFO] [stdout] 164 | |     },
[INFO] [stdout] 165 | | };
[INFO] [stdout]     | |_^ the name `InvoiceSettingCustomField` in the type namespace is first re-exported here
[INFO] [stdout] ...
[INFO] [stdout] 199 |           invoice::*,
[INFO] [stdout]     |           ---------- but the name `InvoiceSettingCustomField` in the type namespace is also re-exported here
[INFO] [stdout] 
[INFO] [stdout] 
[INFO] [stdout] warning: ambiguous glob re-exports
[INFO] [stdout]    --> src/resources.rs:88:9
[INFO] [stdout]     |
[INFO] [stdout] 88  |   pub use {
[INFO] [stdout]     |  _________^
[INFO] [stdout] 89  | |     currency::*,
[INFO] [stdout] 90  | |     types::*,
[INFO] [stdout] ...   |
[INFO] [stdout] 164 | |     },
[INFO] [stdout] 165 | | };
[INFO] [stdout]     | |_^ the name `TaxIdType` in the type namespace is first re-exported here
[INFO] [stdout] ...
[INFO] [stdout] 225 |           tax_id::*,
[INFO] [stdout]     |           --------- but the name `TaxIdType` in the type namespace is also re-exported here
[INFO] [stdout] 
[INFO] [stdout] 
[INFO] [stdout] warning: unused import: `payout_ext::*`
[INFO] [stdout]   --> src/resources.rs:99:9
[INFO] [stdout]    |
[INFO] [stdout] 99 |         payout_ext::*,
[INFO] [stdout]    |         ^^^^^^^^^^^^^
[INFO] [stdout]    |
[INFO] [stdout]    = note: `#[warn(unused_imports)]` on by default
[INFO] [stdout] 
[INFO] [stdout] 
[INFO] [stdout] warning: ambiguous glob re-exports
[INFO] [stdout]    --> src/resources.rs:176:9
[INFO] [stdout]     |
[INFO] [stdout] 176 |   pub use {
[INFO] [stdout]     |  _________^
[INFO] [stdout] 177 | |     checkout::checkout_session_ext::*,
[INFO] [stdout] 178 | |     generated::checkout::{
[INFO] [stdout] 179 | |         checkout_session::*,
[INFO] [stdout] ...   |
[INFO] [stdout] 182 | |     },
[INFO] [stdout] 183 | | };
[INFO] [stdout]     | |_^ the name `LineItemsDiscountAmount` in the type namespace is first re-exported here
[INFO] [stdout] ...
[INFO] [stdout] 285 |           order::*,
[INFO] [stdout]     |           -------- but the name `LineItemsDiscountAmount` in the type namespace is also re-exported here
[INFO] [stdout] 
[INFO] [stdout] 
[INFO] [stdout] warning: ambiguous glob re-exports
[INFO] [stdout]    --> src/resources.rs:176:9
[INFO] [stdout]     |
[INFO] [stdout] 176 |   pub use {
[INFO] [stdout]     |  _________^
[INFO] [stdout] 177 | |     checkout::checkout_session_ext::*,
[INFO] [stdout] 178 | |     generated::checkout::{
[INFO] [stdout] 179 | |         checkout_session::*,
[INFO] [stdout] ...   |
[INFO] [stdout] 182 | |     },
[INFO] [stdout] 183 | | };
[INFO] [stdout]     | |_^ the name `LineItemsTaxAmount` in the type namespace is first re-exported here
[INFO] [stdout] ...
[INFO] [stdout] 285 |           order::*,
[INFO] [stdout]     |           -------- but the name `LineItemsTaxAmount` in the type namespace is also re-exported here
[INFO] [stdout] 
[INFO] [stdout] 
[INFO] [stdout] warning: unused import: `checkout::checkout_session_ext::*`
[INFO] [stdout]    --> src/resources.rs:177:5
[INFO] [stdout]     |
[INFO] [stdout] 177 |     checkout::checkout_session_ext::*,
[INFO] [stdout]     |     ^^^^^^^^^^^^^^^^^^^^^^^^^^^^^^^^^
[INFO] [stdout] 
[INFO] [stdout] 
[INFO] [stdout] warning: ambiguous glob re-exports
[INFO] [stdout]    --> src/resources.rs:187:9
[INFO] [stdout]     |
[INFO] [stdout] 187 |   pub use {
[INFO] [stdout]     |  _________^
[INFO] [stdout] 188 | |     billing::{
[INFO] [stdout] 189 | |         invoice_ext::*,
[INFO] [stdout] 190 | |         line_item_ext::*,
[INFO] [stdout] ...   |
[INFO] [stdout] 206 | |         line_item::*,
[INFO] [stdout]     | |         ------------ but the name `DiscountsResourceDiscountAmount` in the type namespace is also re-exported here
[INFO] [stdout] ...   |
[INFO] [stdout] 229 | |     },
[INFO] [stdout] 230 | | };
[INFO] [stdout]     | |_^ the name `DiscountsResourceDiscountAmount` in the type namespace is first re-exported here
[INFO] [stdout] 
[INFO] [stdout] 
[INFO] [stdout] warning: ambiguous glob re-exports
[INFO] [stdout]    --> src/resources.rs:187:9
[INFO] [stdout]     |
[INFO] [stdout] 187 |   pub use {
[INFO] [stdout]     |  _________^
[INFO] [stdout] 188 | |     billing::{
[INFO] [stdout] 189 | |         invoice_ext::*,
[INFO] [stdout] 190 | |         line_item_ext::*,
[INFO] [stdout] ...   |
[INFO] [stdout] 206 | |         line_item::*,
[INFO] [stdout]     | |         ------------ but the name `TaxAmount` in the type namespace is also re-exported here
[INFO] [stdout] ...   |
[INFO] [stdout] 229 | |     },
[INFO] [stdout] 230 | | };
[INFO] [stdout]     | |_^ the name `TaxAmount` in the type namespace is first re-exported here
[INFO] [stdout] 
[INFO] [stdout] 
[INFO] [stdout] warning: ambiguous glob re-exports
[INFO] [stdout]    --> src/resources.rs:187:9
[INFO] [stdout]     |
[INFO] [stdout] 187 |   pub use {
[INFO] [stdout]     |  _________^
[INFO] [stdout] 188 | |     billing::{
[INFO] [stdout] 189 | |         invoice_ext::*,
[INFO] [stdout] 190 | |         line_item_ext::*,
[INFO] [stdout] ...   |
[INFO] [stdout] 222 | |         subscription_schedule::*,
[INFO] [stdout]     | |         ------------------------ but the name `InvoiceItemPriceData` in the type namespace is also re-exported here
[INFO] [stdout] ...   |
[INFO] [stdout] 229 | |     },
[INFO] [stdout] 230 | | };
[INFO] [stdout]     | |_^ the name `InvoiceItemPriceData` in the type namespace is first re-exported here
[INFO] [stdout] 
[INFO] [stdout] 
[INFO] [stdout] warning: ambiguous glob re-exports
[INFO] [stdout]    --> src/resources.rs:187:9
[INFO] [stdout]     |
[INFO] [stdout] 187 |   pub use {
[INFO] [stdout]     |  _________^
[INFO] [stdout] 188 | |     billing::{
[INFO] [stdout] 189 | |         invoice_ext::*,
[INFO] [stdout] 190 | |         line_item_ext::*,
[INFO] [stdout] ...   |
[INFO] [stdout] 222 | |         subscription_schedule::*,
[INFO] [stdout]     | |         ------------------------ but the name `InvoiceItemPriceDataTaxBehavior` in the type namespace is also re-exported here
[INFO] [stdout] ...   |
[INFO] [stdout] 229 | |     },
[INFO] [stdout] 230 | | };
[INFO] [stdout]     | |_^ the name `InvoiceItemPriceDataTaxBehavior` in the type namespace is first re-exported here
[INFO] [stdout] 
[INFO] [stdout] 
[INFO] [stdout] warning: ambiguous glob re-exports
[INFO] [stdout]    --> src/resources.rs:187:9
[INFO] [stdout]     |
[INFO] [stdout] 187 |   pub use {
[INFO] [stdout]     |  _________^
[INFO] [stdout] 188 | |     billing::{
[INFO] [stdout] 189 | |         invoice_ext::*,
[INFO] [stdout] 190 | |         line_item_ext::*,
[INFO] [stdout] ...   |
[INFO] [stdout] 218 | |         subscription::*,
[INFO] [stdout]     | |         --------------- but the name `SubscriptionItemPriceDataTaxBehavior` in the type namespace is also re-exported here
[INFO] [stdout] ...   |
[INFO] [stdout] 229 | |     },
[INFO] [stdout] 230 | | };
[INFO] [stdout]     | |_^ the name `SubscriptionItemPriceDataTaxBehavior` in the type namespace is first re-exported here
[INFO] [stdout] 
[INFO] [stdout] 
[INFO] [stdout] warning: ambiguous glob re-exports
[INFO] [stdout]    --> src/resources.rs:187:9
[INFO] [stdout]     |
[INFO] [stdout] 187 |   pub use {
[INFO] [stdout]     |  _________^
[INFO] [stdout] 188 | |     billing::{
[INFO] [stdout] 189 | |         invoice_ext::*,
[INFO] [stdout] 190 | |         line_item_ext::*,
[INFO] [stdout] ...   |
[INFO] [stdout] 222 | |         subscription_schedule::*,
[INFO] [stdout]     | |         ------------------------ but the name `SubscriptionProrationBehavior` in the type namespace is also re-exported here
[INFO] [stdout] ...   |
[INFO] [stdout] 229 | |     },
[INFO] [stdout] 230 | | };
[INFO] [stdout]     | |_^ the name `SubscriptionProrationBehavior` in the type namespace is first re-exported here
[INFO] [stdout] 
[INFO] [stdout] 
[INFO] [stdout] warning: ambiguous glob re-exports
[INFO] [stdout]    --> src/resources.rs:187:9
[INFO] [stdout]     |
[INFO] [stdout] 187 |   pub use {
[INFO] [stdout]     |  _________^
[INFO] [stdout] 188 | |     billing::{
[INFO] [stdout] 189 | |         invoice_ext::*,
[INFO] [stdout] 190 | |         line_item_ext::*,
[INFO] [stdout] ...   |
[INFO] [stdout] 222 | |         subscription_schedule::*,
[INFO] [stdout]     | |         ------------------------ but the name `AddInvoiceItems` in the type namespace is also re-exported here
[INFO] [stdout] ...   |
[INFO] [stdout] 229 | |     },
[INFO] [stdout] 230 | | };
[INFO] [stdout]     | |_^ the name `AddInvoiceItems` in the type namespace is first re-exported here
[INFO] [stdout] 
[INFO] [stdout] 
[INFO] [stdout] warning: ambiguous glob re-exports
[INFO] [stdout]    --> src/resources.rs:234:9
[INFO] [stdout]     |
[INFO] [stdout] 234 |   pub use {
[INFO] [stdout]     |  _________^
[INFO] [stdout] 235 | |     connect::{
[INFO] [stdout] 236 | |         login_links_ext::*,
[INFO] [stdout] 237 | |     },
[INFO] [stdout] ...   |
[INFO] [stdout] 246 | |         person::*,
[INFO] [stdout]     | |         --------- but the name `AccountRequirementsAlternative` in the type namespace is also re-exported here
[INFO] [stdout] ...   |
[INFO] [stdout] 251 | |     }
[INFO] [stdout] 252 | | };
[INFO] [stdout]     | |_^ the name `AccountRequirementsAlternative` in the type namespace is first re-exported here
[INFO] [stdout] 
[INFO] [stdout] 
[INFO] [stdout] warning: ambiguous glob re-exports
[INFO] [stdout]    --> src/resources.rs:234:9
[INFO] [stdout]     |
[INFO] [stdout] 234 |   pub use {
[INFO] [stdout]     |  _________^
[INFO] [stdout] 235 | |     connect::{
[INFO] [stdout] 236 | |         login_links_ext::*,
[INFO] [stdout] 237 | |     },
[INFO] [stdout] ...   |
[INFO] [stdout] 246 | |         person::*,
[INFO] [stdout]     | |         --------- but the name `AccountRequirementsError` in the type namespace is also re-exported here
[INFO] [stdout] ...   |
[INFO] [stdout] 251 | |     }
[INFO] [stdout] 252 | | };
[INFO] [stdout]     | |_^ the name `AccountRequirementsError` in the type namespace is first re-exported here
[INFO] [stdout] 
[INFO] [stdout] 
[INFO] [stdout] warning: ambiguous glob re-exports
[INFO] [stdout]    --> src/resources.rs:234:9
[INFO] [stdout]     |
[INFO] [stdout] 234 |   pub use {
[INFO] [stdout]     |  _________^
[INFO] [stdout] 235 | |     connect::{
[INFO] [stdout] 236 | |         login_links_ext::*,
[INFO] [stdout] 237 | |     },
[INFO] [stdout] ...   |
[INFO] [stdout] 246 | |         person::*,
[INFO] [stdout]     | |         --------- but the name `AccountRequirementsErrorCode` in the type namespace is also re-exported here
[INFO] [stdout] ...   |
[INFO] [stdout] 251 | |     }
[INFO] [stdout] 252 | | };
[INFO] [stdout]     | |_^ the name `AccountRequirementsErrorCode` in the type namespace is first re-exported here
[INFO] [stdout] 
[INFO] [stdout] 
[INFO] [stdout] error[E0599]: no function or associated item named `create_paginator` found for struct `ListPaginator` in the current scope
[INFO] [stdout]    --> src/params.rs:335:32
[INFO] [stdout]     |
[INFO] [stdout] 183 | pub struct ListPaginator<T, P> {
[INFO] [stdout]     | ------------------------------ function or associated item `create_paginator` not found for this struct
[INFO] [stdout] ...
[INFO] [stdout] 335 |                 ListPaginator::create_paginator(page, params_next)
[INFO] [stdout]     |                                ^^^^^^^^^^^^^^^^ function or associated item not found in `ListPaginator<_, _>`
[INFO] [stdout] 
[INFO] [stdout] 
[INFO] [stderr] error: could not compile `async-stripe-tsar` (lib) due to 5 previous errors; 19 warnings emitted
[INFO] [stderr] 
[INFO] [stderr] Caused by:
[INFO] [stderr]   process didn't exit successfully: `/opt/rustwide/rustup-home/toolchains/nightly-2024-10-28-x86_64-unknown-linux-gnu/bin/rustc --crate-name stripe --edition=2018 src/lib.rs --error-format=json --json=diagnostic-rendered-ansi,artifacts,future-incompat --crate-type lib --emit=dep-info,metadata,link -C embed-bitcode=no -C debuginfo=2 --cfg 'feature="billing"' --cfg 'feature="checkout"' --cfg 'feature="chrono"' --cfg 'feature="connect"' --cfg 'feature="default"' --cfg 'feature="events"' --cfg 'feature="fraud"' --cfg 'feature="full"' --cfg 'feature="hex"' --cfg 'feature="hmac"' --cfg 'feature="issuing"' --cfg 'feature="orders"' --cfg 'feature="sha2"' --cfg 'feature="sigma"' --cfg 'feature="stream"' --cfg 'feature="terminal"' --cfg 'feature="uuid"' --cfg 'feature="webhook-endpoints"' --cfg 'feature="webhook-events"' --check-cfg 'cfg(docsrs)' --check-cfg 'cfg(feature, values("async", "async-global-executor", "async-std", "billing", "blocking", "checkout", "chrono", "connect", "default", "events", "fraud", "full", "futures-util", "hex", "hmac", "hyper", "hyper-client", "hyper-rustls", "hyper-tls", "indexmap", "issuing", "orders", "runtime-async-std-surf", "runtime-blocking", "runtime-blocking-rustls", "runtime-tokio-hyper", "runtime-tokio-hyper-rustls", "sha2", "sigma", "stream", "surf", "terminal", "time", "tokio", "uuid", "webhook-endpoints", "webhook-events"))' -C metadata=12011d8afc59ff91 -C extra-filename=-12011d8afc59ff91 --out-dir /opt/rustwide/target/debug/deps -L dependency=/opt/rustwide/target/debug/deps --extern chrono=/opt/rustwide/target/debug/deps/libchrono-a90e4cc79439fdbc.rmeta --extern hex=/opt/rustwide/target/debug/deps/libhex-718b4f18bb2e7953.rmeta --extern hmac=/opt/rustwide/target/debug/deps/libhmac-7e70ae943cde3acb.rmeta --extern http_types=/opt/rustwide/target/debug/deps/libhttp_types-9072457c90e740be.rmeta --extern serde=/opt/rustwide/target/debug/deps/libserde-0a91e1c43f5a42f1.rmeta --extern serde_json=/opt/rustwide/target/debug/deps/libserde_json-10fbd7a64a48ff2f.rmeta --extern serde_qs=/opt/rustwide/target/debug/deps/libserde_qs-3e44c4b1a4b18011.rmeta --extern sha2=/opt/rustwide/target/debug/deps/libsha2-cf48b432e8881ca5.rmeta --extern smart_default=/opt/rustwide/target/debug/deps/libsmart_default-a6aa2e119c1b35d2.so --extern smol_str=/opt/rustwide/target/debug/deps/libsmol_str-3e7028075032f96a.rmeta --extern thiserror=/opt/rustwide/target/debug/deps/libthiserror-dd5a3f78b0877510.rmeta --extern uuid=/opt/rustwide/target/debug/deps/libuuid-532d1af73b724fd3.rmeta --cap-lints=forbid` (signal: 9, SIGKILL: kill)
[INFO] running `Command { std: "docker" "inspect" "9d9455f907c350aaefd766c114d74e79523745582bba20811e128d3581930be1", kill_on_drop: false }`
[INFO] running `Command { std: "docker" "rm" "-f" "9d9455f907c350aaefd766c114d74e79523745582bba20811e128d3581930be1", kill_on_drop: false }`
[INFO] [stdout] 9d9455f907c350aaefd766c114d74e79523745582bba20811e128d3581930be1
