[INFO] fetching crate async-raft2 0.6.1...
[INFO] testing async-raft2-0.6.1 against nightly-2024-10-28+rustflags=-Zrandomize-layout for randomize-layout
[INFO] extracting crate async-raft2 0.6.1 into /workspace/builds/worker-4-tc2/source
[INFO] validating manifest of crates.io crate async-raft2 0.6.1 on toolchain nightly-2024-10-28
[INFO] running `Command { std: CARGO_HOME="/workspace/cargo-home" RUSTUP_HOME="/workspace/rustup-home" "/workspace/cargo-home/bin/cargo" "+nightly-2024-10-28" "metadata" "--manifest-path" "Cargo.toml" "--no-deps", kill_on_drop: false }`
[INFO] started tweaking crates.io crate async-raft2 0.6.1
[INFO] finished tweaking crates.io crate async-raft2 0.6.1
[INFO] tweaked toml for crates.io crate async-raft2 0.6.1 written to /workspace/builds/worker-4-tc2/source/Cargo.toml
[INFO] running `Command { std: CARGO_HOME="/workspace/cargo-home" RUSTUP_HOME="/workspace/rustup-home" "/workspace/cargo-home/bin/cargo" "+nightly-2024-10-28" "generate-lockfile" "--manifest-path" "Cargo.toml", kill_on_drop: false }`
[INFO] [stderr]     Updating crates.io index
[INFO] [stderr]      Locking 111 packages to latest compatible versions
[INFO] [stderr]       Adding derive_more v0.99.18 (available: v1.0.0)
[INFO] [stderr]       Adding tracing-subscriber v0.2.25 (available: v0.3.18)
[INFO] running `Command { std: CARGO_HOME="/workspace/cargo-home" RUSTUP_HOME="/workspace/rustup-home" "/workspace/cargo-home/bin/cargo" "+nightly-2024-10-28" "fetch" "--manifest-path" "Cargo.toml", kill_on_drop: false }`
[INFO] running `Command { std: "docker" "create" "-v" "/var/lib/crater-agent-workspace/builds/worker-4-tc2/target:/opt/rustwide/target:rw,Z" "-v" "/var/lib/crater-agent-workspace/builds/worker-4-tc2/source:/opt/rustwide/workdir:ro,Z" "-v" "/var/lib/crater-agent-workspace/cargo-home:/opt/rustwide/cargo-home:ro,Z" "-v" "/var/lib/crater-agent-workspace/rustup-home:/opt/rustwide/rustup-home:ro,Z" "-e" "SOURCE_DIR=/opt/rustwide/workdir" "-e" "CARGO_TARGET_DIR=/opt/rustwide/target" "-e" "CARGO_HOME=/opt/rustwide/cargo-home" "-e" "RUSTUP_HOME=/opt/rustwide/rustup-home" "-w" "/opt/rustwide/workdir" "-m" "1610612736" "--user" "0:0" "--network" "none" "ghcr.io/rust-lang/crates-build-env/linux@sha256:4a844ea9eb2546a2d2c7022eacef16ef2e8229c7fbb2c7d4d55a9ceca922f72d" "/opt/rustwide/cargo-home/bin/cargo" "+nightly-2024-10-28" "metadata" "--no-deps" "--format-version=1", kill_on_drop: false }`
[INFO] [stdout] ee2ae04d1781adddc8eefb3aa0e394744f7dbf277e351b7b8e326917264b6e75
[INFO] running `Command { std: "docker" "start" "-a" "ee2ae04d1781adddc8eefb3aa0e394744f7dbf277e351b7b8e326917264b6e75", kill_on_drop: false }`
[INFO] running `Command { std: "docker" "inspect" "ee2ae04d1781adddc8eefb3aa0e394744f7dbf277e351b7b8e326917264b6e75", kill_on_drop: false }`
[INFO] running `Command { std: "docker" "rm" "-f" "ee2ae04d1781adddc8eefb3aa0e394744f7dbf277e351b7b8e326917264b6e75", kill_on_drop: false }`
[INFO] [stdout] ee2ae04d1781adddc8eefb3aa0e394744f7dbf277e351b7b8e326917264b6e75
[INFO] running `Command { std: "docker" "create" "-v" "/var/lib/crater-agent-workspace/builds/worker-4-tc2/target:/opt/rustwide/target:rw,Z" "-v" "/var/lib/crater-agent-workspace/builds/worker-4-tc2/source:/opt/rustwide/workdir:ro,Z" "-v" "/var/lib/crater-agent-workspace/cargo-home:/opt/rustwide/cargo-home:ro,Z" "-v" "/var/lib/crater-agent-workspace/rustup-home:/opt/rustwide/rustup-home:ro,Z" "-e" "SOURCE_DIR=/opt/rustwide/workdir" "-e" "CARGO_TARGET_DIR=/opt/rustwide/target" "-e" "CARGO_INCREMENTAL=0" "-e" "RUST_BACKTRACE=full" "-e" "RUSTFLAGS=--cap-lints=forbid -Zrandomize-layout" "-e" "RUSTDOCFLAGS=--cap-lints=forbid" "-e" "CARGO_HOME=/opt/rustwide/cargo-home" "-e" "RUSTUP_HOME=/opt/rustwide/rustup-home" "-w" "/opt/rustwide/workdir" "-m" "1610612736" "--user" "0:0" "--network" "none" "ghcr.io/rust-lang/crates-build-env/linux@sha256:4a844ea9eb2546a2d2c7022eacef16ef2e8229c7fbb2c7d4d55a9ceca922f72d" "/opt/rustwide/cargo-home/bin/cargo" "+nightly-2024-10-28" "build" "--frozen" "--message-format=json", kill_on_drop: false }`
[INFO] [stdout] ebd6f174fe24f5fa7f94e4e14b8468a1f6f16149176e956ae9fa8f57784ba162
[INFO] running `Command { std: "docker" "start" "-a" "ebd6f174fe24f5fa7f94e4e14b8468a1f6f16149176e956ae9fa8f57784ba162", kill_on_drop: false }`
[INFO] [stderr]    Compiling byteorder v1.5.0
[INFO] [stderr]    Compiling futures-sink v0.3.31
[INFO] [stderr]    Compiling tracing-core v0.1.32
[INFO] [stderr]    Compiling serde v1.0.214
[INFO] [stderr]    Compiling tokio-macros v2.4.0
[INFO] [stderr]    Compiling derive_more v0.99.18
[INFO] [stderr]    Compiling futures-channel v0.3.31
[INFO] [stderr]    Compiling zerocopy v0.7.35
[INFO] [stderr]    Compiling futures-util v0.3.31
[INFO] [stderr]    Compiling tracing v0.1.40
[INFO] [stderr]    Compiling tokio v1.41.0
[INFO] [stderr]    Compiling tracing-futures v0.2.5
[INFO] [stderr]    Compiling ppv-lite86 v0.2.20
[INFO] [stderr]    Compiling rand_chacha v0.3.1
[INFO] [stderr]    Compiling rand v0.8.5
[INFO] [stderr]    Compiling futures-executor v0.3.31
[INFO] [stderr]    Compiling futures v0.3.31
[INFO] [stderr]    Compiling async-raft2 v0.6.1 (/opt/rustwide/workdir)
[INFO] [stderr]     Finished `dev` profile [unoptimized + debuginfo] target(s) in 17.86s
[INFO] running `Command { std: "docker" "inspect" "ebd6f174fe24f5fa7f94e4e14b8468a1f6f16149176e956ae9fa8f57784ba162", kill_on_drop: false }`
[INFO] running `Command { std: "docker" "rm" "-f" "ebd6f174fe24f5fa7f94e4e14b8468a1f6f16149176e956ae9fa8f57784ba162", kill_on_drop: false }`
[INFO] [stdout] ebd6f174fe24f5fa7f94e4e14b8468a1f6f16149176e956ae9fa8f57784ba162
[INFO] running `Command { std: "docker" "create" "-v" "/var/lib/crater-agent-workspace/builds/worker-4-tc2/target:/opt/rustwide/target:rw,Z" "-v" "/var/lib/crater-agent-workspace/builds/worker-4-tc2/source:/opt/rustwide/workdir:ro,Z" "-v" "/var/lib/crater-agent-workspace/cargo-home:/opt/rustwide/cargo-home:ro,Z" "-v" "/var/lib/crater-agent-workspace/rustup-home:/opt/rustwide/rustup-home:ro,Z" "-e" "SOURCE_DIR=/opt/rustwide/workdir" "-e" "CARGO_TARGET_DIR=/opt/rustwide/target" "-e" "CARGO_INCREMENTAL=0" "-e" "RUST_BACKTRACE=full" "-e" "RUSTFLAGS=--cap-lints=forbid -Zrandomize-layout" "-e" "RUSTDOCFLAGS=--cap-lints=forbid" "-e" "CARGO_HOME=/opt/rustwide/cargo-home" "-e" "RUSTUP_HOME=/opt/rustwide/rustup-home" "-w" "/opt/rustwide/workdir" "-m" "1610612736" "--user" "0:0" "--network" "none" "ghcr.io/rust-lang/crates-build-env/linux@sha256:4a844ea9eb2546a2d2c7022eacef16ef2e8229c7fbb2c7d4d55a9ceca922f72d" "/opt/rustwide/cargo-home/bin/cargo" "+nightly-2024-10-28" "test" "--frozen" "--no-run" "--message-format=json", kill_on_drop: false }`
[INFO] [stdout] fa4de52ca05d191fd77d9f716137110b1fbbab370927dd2d9f1eddd240d7d723
[INFO] running `Command { std: "docker" "start" "-a" "fa4de52ca05d191fd77d9f716137110b1fbbab370927dd2d9f1eddd240d7d723", kill_on_drop: false }`
[INFO] [stderr]    Compiling num-traits v0.2.19
[INFO] [stderr]    Compiling rand_chacha v0.2.2
[INFO] [stderr]    Compiling regex-syntax v0.8.5
[INFO] [stderr]    Compiling serde_json v1.0.132
[INFO] [stderr]    Compiling iana-time-zone v0.1.61
[INFO] [stderr]    Compiling matchers v0.0.1
[INFO] [stderr]    Compiling tracing-serde v0.1.3
[INFO] [stderr]    Compiling tracing-log v0.1.4
[INFO] [stderr]    Compiling ansi_term v0.12.1
[INFO] [stderr]    Compiling maplit v1.0.2
[INFO] [stderr]    Compiling rand v0.7.3
[INFO] [stderr]    Compiling async-raft v0.6.1
[INFO] [stderr]    Compiling chrono v0.4.38
[INFO] [stderr]    Compiling regex-automata v0.4.8
[INFO] [stderr]    Compiling regex v1.11.1
[INFO] [stderr]    Compiling tracing-subscriber v0.2.25
[INFO] [stderr]    Compiling memstore v0.2.0
[INFO] [stderr]    Compiling async-raft2 v0.6.1 (/opt/rustwide/workdir)
[INFO] [stdout] error[E0433]: failed to resolve: use of undeclared crate or module `async_raft`
[INFO] [stdout]  --> tests/fixtures/mod.rs:9:5
[INFO] [stdout]   |
[INFO] [stdout] 9 | use async_raft::error::{ChangeConfigError, ClientReadError, ClientWriteError};
[INFO] [stdout]   |     ^^^^^^^^^^ use of undeclared crate or module `async_raft`
[INFO] [stdout]   |
[INFO] [stdout] help: there is a crate or module with a similar name
[INFO] [stdout]   |
[INFO] [stdout] 9 | use async_raft2::error::{ChangeConfigError, ClientReadError, ClientWriteError};
[INFO] [stdout]   |     ~~~~~~~~~~~
[INFO] [stdout] 
[INFO] [stdout] 
[INFO] [stdout] error[E0433]: failed to resolve: use of undeclared crate or module `async_raft`
[INFO] [stdout]   --> tests/fixtures/mod.rs:10:5
[INFO] [stdout]    |
[INFO] [stdout] 10 | use async_raft::raft::ClientWriteRequest;
[INFO] [stdout]    |     ^^^^^^^^^^ use of undeclared crate or module `async_raft`
[INFO] [stdout]    |
[INFO] [stdout] help: there is a crate or module with a similar name
[INFO] [stdout]    |
[INFO] [stdout] 10 | use async_raft2::raft::ClientWriteRequest;
[INFO] [stdout]    |     ~~~~~~~~~~~
[INFO] [stdout] 
[INFO] [stdout] 
[INFO] [stdout] error[E0433]: failed to resolve: use of undeclared crate or module `async_raft`
[INFO] [stdout]   --> tests/fixtures/mod.rs:11:5
[INFO] [stdout]    |
[INFO] [stdout] 11 | use async_raft::raft::MembershipConfig;
[INFO] [stdout]    |     ^^^^^^^^^^ use of undeclared crate or module `async_raft`
[INFO] [stdout]    |
[INFO] [stdout] help: there is a crate or module with a similar name
[INFO] [stdout]    |
[INFO] [stdout] 11 | use async_raft2::raft::MembershipConfig;
[INFO] [stdout]    |     ~~~~~~~~~~~
[INFO] [stdout] 
[INFO] [stdout] 
[INFO] [stdout] error[E0433]: failed to resolve: use of undeclared crate or module `async_raft`
[INFO] [stdout]   --> tests/fixtures/mod.rs:12:5
[INFO] [stdout]    |
[INFO] [stdout] 12 | use async_raft::raft::{AppendEntriesRequest, AppendEntriesResponse};
[INFO] [stdout]    |     ^^^^^^^^^^ use of undeclared crate or module `async_raft`
[INFO] [stdout]    |
[INFO] [stdout] help: there is a crate or module with a similar name
[INFO] [stdout]    |
[INFO] [stdout] 12 | use async_raft2::raft::{AppendEntriesRequest, AppendEntriesResponse};
[INFO] [stdout]    |     ~~~~~~~~~~~
[INFO] [stdout] 
[INFO] [stdout] 
[INFO] [stdout] error[E0433]: failed to resolve: use of undeclared crate or module `async_raft`
[INFO] [stdout]   --> tests/fixtures/mod.rs:13:5
[INFO] [stdout]    |
[INFO] [stdout] 13 | use async_raft::raft::{InstallSnapshotRequest, InstallSnapshotResponse};
[INFO] [stdout]    |     ^^^^^^^^^^ use of undeclared crate or module `async_raft`
[INFO] [stdout]    |
[INFO] [stdout] help: there is a crate or module with a similar name
[INFO] [stdout]    |
[INFO] [stdout] 13 | use async_raft2::raft::{InstallSnapshotRequest, InstallSnapshotResponse};
[INFO] [stdout]    |     ~~~~~~~~~~~
[INFO] [stdout] 
[INFO] [stdout] 
[INFO] [stdout] error[E0433]: failed to resolve: use of undeclared crate or module `async_raft`
[INFO] [stdout]   --> tests/fixtures/mod.rs:14:5
[INFO] [stdout]    |
[INFO] [stdout] 14 | use async_raft::raft::{VoteRequest, VoteResponse};
[INFO] [stdout]    |     ^^^^^^^^^^ use of undeclared crate or module `async_raft`
[INFO] [stdout]    |
[INFO] [stdout] help: there is a crate or module with a similar name
[INFO] [stdout]    |
[INFO] [stdout] 14 | use async_raft2::raft::{VoteRequest, VoteResponse};
[INFO] [stdout]    |     ~~~~~~~~~~~
[INFO] [stdout] 
[INFO] [stdout] 
[INFO] [stdout] error[E0433]: failed to resolve: use of undeclared crate or module `async_raft`
[INFO] [stdout]   --> tests/fixtures/mod.rs:15:5
[INFO] [stdout]    |
[INFO] [stdout] 15 | use async_raft::storage::RaftStorage;
[INFO] [stdout]    |     ^^^^^^^^^^ use of undeclared crate or module `async_raft`
[INFO] [stdout]    |
[INFO] [stdout] help: there is a crate or module with a similar name
[INFO] [stdout]    |
[INFO] [stdout] 15 | use async_raft2::storage::RaftStorage;
[INFO] [stdout]    |     ~~~~~~~~~~~
[INFO] [stdout] 
[INFO] [stdout] 
[INFO] [stdout] error[E0432]: unresolved import `async_raft`
[INFO] [stdout]   --> tests/fixtures/mod.rs:16:5
[INFO] [stdout]    |
[INFO] [stdout] 16 | use async_raft::{Config, NodeId, Raft, RaftMetrics, RaftNetwork, State};
[INFO] [stdout]    |     ^^^^^^^^^^ use of undeclared crate or module `async_raft`
[INFO] [stdout]    |
[INFO] [stdout] help: there is a crate or module with a similar name
[INFO] [stdout]    |
[INFO] [stdout] 16 | use async_raft2::{Config, NodeId, Raft, RaftMetrics, RaftNetwork, State};
[INFO] [stdout]    |     ~~~~~~~~~~~
[INFO] [stdout] 
[INFO] [stdout] 
[INFO] [stdout] error[E0432]: unresolved import `async_raft`
[INFO] [stdout]  --> tests/dynamic_membership.rs:7:5
[INFO] [stdout]   |
[INFO] [stdout] 7 | use async_raft::Config;
[INFO] [stdout]   |     ^^^^^^^^^^ use of undeclared crate or module `async_raft`
[INFO] [stdout]   |
[INFO] [stdout] help: there is a crate or module with a similar name
[INFO] [stdout]   |
[INFO] [stdout] 7 | use async_raft2::Config;
[INFO] [stdout]   |     ~~~~~~~~~~~
[INFO] [stdout] 
[INFO] [stdout] 
[INFO] [stdout] error[E0433]: failed to resolve: use of undeclared crate or module `async_raft`
[INFO] [stdout]  --> tests/fixtures/mod.rs:9:5
[INFO] [stdout]   |
[INFO] [stdout] 9 | use async_raft::error::{ChangeConfigError, ClientReadError, ClientWriteError};
[INFO] [stdout]   |     ^^^^^^^^^^ use of undeclared crate or module `async_raft`
[INFO] [stdout]   |
[INFO] [stdout] help: there is a crate or module with a similar name
[INFO] [stdout]   |
[INFO] [stdout] 9 | use async_raft2::error::{ChangeConfigError, ClientReadError, ClientWriteError};
[INFO] [stdout]   |     ~~~~~~~~~~~
[INFO] [stdout] 
[INFO] [stdout] 
[INFO] [stdout] error[E0433]: failed to resolve: use of undeclared crate or module `async_raft`
[INFO] [stdout]   --> tests/fixtures/mod.rs:10:5
[INFO] [stdout]    |
[INFO] [stdout] 10 | use async_raft::raft::ClientWriteRequest;
[INFO] [stdout]    |     ^^^^^^^^^^ use of undeclared crate or module `async_raft`
[INFO] [stdout]    |
[INFO] [stdout] help: there is a crate or module with a similar name
[INFO] [stdout]    |
[INFO] [stdout] 10 | use async_raft2::raft::ClientWriteRequest;
[INFO] [stdout]    |     ~~~~~~~~~~~
[INFO] [stdout] 
[INFO] [stdout] 
[INFO] [stdout] error[E0433]: failed to resolve: use of undeclared crate or module `async_raft`
[INFO] [stdout]   --> tests/fixtures/mod.rs:11:5
[INFO] [stdout]    |
[INFO] [stdout] 11 | use async_raft::raft::MembershipConfig;
[INFO] [stdout]    |     ^^^^^^^^^^ use of undeclared crate or module `async_raft`
[INFO] [stdout]    |
[INFO] [stdout] help: there is a crate or module with a similar name
[INFO] [stdout]    |
[INFO] [stdout] 11 | use async_raft2::raft::MembershipConfig;
[INFO] [stdout]    |     ~~~~~~~~~~~
[INFO] [stdout] 
[INFO] [stdout] 
[INFO] [stdout] error[E0433]: failed to resolve: use of undeclared crate or module `async_raft`
[INFO] [stdout]   --> tests/fixtures/mod.rs:12:5
[INFO] [stdout]    |
[INFO] [stdout] 12 | use async_raft::raft::{AppendEntriesRequest, AppendEntriesResponse};
[INFO] [stdout]    |     ^^^^^^^^^^ use of undeclared crate or module `async_raft`
[INFO] [stdout]    |
[INFO] [stdout] help: there is a crate or module with a similar name
[INFO] [stdout]    |
[INFO] [stdout] 12 | use async_raft2::raft::{AppendEntriesRequest, AppendEntriesResponse};
[INFO] [stdout]    |     ~~~~~~~~~~~
[INFO] [stdout] 
[INFO] [stdout] 
[INFO] [stdout] error[E0433]: failed to resolve: use of undeclared crate or module `async_raft`
[INFO] [stdout]   --> tests/fixtures/mod.rs:13:5
[INFO] [stdout]    |
[INFO] [stdout] 13 | use async_raft::raft::{InstallSnapshotRequest, InstallSnapshotResponse};
[INFO] [stdout]    |     ^^^^^^^^^^ use of undeclared crate or module `async_raft`
[INFO] [stdout]    |
[INFO] [stdout] help: there is a crate or module with a similar name
[INFO] [stdout]    |
[INFO] [stdout] 13 | use async_raft2::raft::{InstallSnapshotRequest, InstallSnapshotResponse};
[INFO] [stdout]    |     ~~~~~~~~~~~
[INFO] [stdout] 
[INFO] [stdout] 
[INFO] [stdout] error[E0433]: failed to resolve: use of undeclared crate or module `async_raft`
[INFO] [stdout]   --> tests/fixtures/mod.rs:14:5
[INFO] [stdout]    |
[INFO] [stdout] 14 | use async_raft::raft::{VoteRequest, VoteResponse};
[INFO] [stdout]    |     ^^^^^^^^^^ use of undeclared crate or module `async_raft`
[INFO] [stdout]    |
[INFO] [stdout] help: there is a crate or module with a similar name
[INFO] [stdout]    |
[INFO] [stdout] 14 | use async_raft2::raft::{VoteRequest, VoteResponse};
[INFO] [stdout]    |     ~~~~~~~~~~~
[INFO] [stdout] 
[INFO] [stdout] 
[INFO] [stdout] error[E0433]: failed to resolve: use of undeclared crate or module `async_raft`
[INFO] [stdout]   --> tests/fixtures/mod.rs:15:5
[INFO] [stdout]    |
[INFO] [stdout] 15 | use async_raft::storage::RaftStorage;
[INFO] [stdout]    |     ^^^^^^^^^^ use of undeclared crate or module `async_raft`
[INFO] [stdout]    |
[INFO] [stdout] help: there is a crate or module with a similar name
[INFO] [stdout]    |
[INFO] [stdout] 15 | use async_raft2::storage::RaftStorage;
[INFO] [stdout]    |     ~~~~~~~~~~~
[INFO] [stdout] 
[INFO] [stdout] 
[INFO] [stdout] error[E0432]: unresolved import `async_raft`
[INFO] [stdout]   --> tests/fixtures/mod.rs:16:5
[INFO] [stdout]    |
[INFO] [stdout] 16 | use async_raft::{Config, NodeId, Raft, RaftMetrics, RaftNetwork, State};
[INFO] [stdout]    |     ^^^^^^^^^^ use of undeclared crate or module `async_raft`
[INFO] [stdout]    |
[INFO] [stdout] help: there is a crate or module with a similar name
[INFO] [stdout]    |
[INFO] [stdout] 16 | use async_raft2::{Config, NodeId, Raft, RaftMetrics, RaftNetwork, State};
[INFO] [stdout]    |     ~~~~~~~~~~~
[INFO] [stdout] 
[INFO] [stdout] 
[INFO] [stdout] error[E0432]: unresolved import `async_raft`
[INFO] [stdout]  --> tests/singlenode.rs:7:5
[INFO] [stdout]   |
[INFO] [stdout] 7 | use async_raft::Config;
[INFO] [stdout]   |     ^^^^^^^^^^ use of undeclared crate or module `async_raft`
[INFO] [stdout]   |
[INFO] [stdout] help: there is a crate or module with a similar name
[INFO] [stdout]   |
[INFO] [stdout] 7 | use async_raft2::Config;
[INFO] [stdout]   |     ~~~~~~~~~~~
[INFO] [stdout] 
[INFO] [stdout] 
[INFO] [stdout] error[E0433]: failed to resolve: use of undeclared crate or module `async_raft`
[INFO] [stdout]  --> tests/fixtures/mod.rs:9:5
[INFO] [stdout]   |
[INFO] [stdout] 9 | use async_raft::error::{ChangeConfigError, ClientReadError, ClientWriteError};
[INFO] [stdout]   |     ^^^^^^^^^^ use of undeclared crate or module `async_raft`
[INFO] [stdout]   |
[INFO] [stdout] help: there is a crate or module with a similar name
[INFO] [stdout]   |
[INFO] [stdout] 9 | use async_raft2::error::{ChangeConfigError, ClientReadError, ClientWriteError};
[INFO] [stdout]   |     ~~~~~~~~~~~
[INFO] [stdout] 
[INFO] [stdout] 
[INFO] [stdout] error[E0433]: failed to resolve: use of undeclared crate or module `async_raft`
[INFO] [stdout]   --> tests/fixtures/mod.rs:10:5
[INFO] [stdout]    |
[INFO] [stdout] 10 | use async_raft::raft::ClientWriteRequest;
[INFO] [stdout]    |     ^^^^^^^^^^ use of undeclared crate or module `async_raft`
[INFO] [stdout]    |
[INFO] [stdout] help: there is a crate or module with a similar name
[INFO] [stdout]    |
[INFO] [stdout] 10 | use async_raft2::raft::ClientWriteRequest;
[INFO] [stdout]    |     ~~~~~~~~~~~
[INFO] [stdout] 
[INFO] [stdout] 
[INFO] [stdout] error[E0433]: failed to resolve: use of undeclared crate or module `async_raft`
[INFO] [stdout]   --> tests/fixtures/mod.rs:11:5
[INFO] [stdout]    |
[INFO] [stdout] 11 | use async_raft::raft::MembershipConfig;
[INFO] [stdout]    |     ^^^^^^^^^^ use of undeclared crate or module `async_raft`
[INFO] [stdout]    |
[INFO] [stdout] help: there is a crate or module with a similar name
[INFO] [stdout]    |
[INFO] [stdout] 11 | use async_raft2::raft::MembershipConfig;
[INFO] [stdout]    |     ~~~~~~~~~~~
[INFO] [stdout] 
[INFO] [stdout] 
[INFO] [stdout] error[E0433]: failed to resolve: use of undeclared crate or module `async_raft`
[INFO] [stdout]   --> tests/fixtures/mod.rs:12:5
[INFO] [stdout]    |
[INFO] [stdout] 12 | use async_raft::raft::{AppendEntriesRequest, AppendEntriesResponse};
[INFO] [stdout]    |     ^^^^^^^^^^ use of undeclared crate or module `async_raft`
[INFO] [stdout]    |
[INFO] [stdout] help: there is a crate or module with a similar name
[INFO] [stdout]    |
[INFO] [stdout] 12 | use async_raft2::raft::{AppendEntriesRequest, AppendEntriesResponse};
[INFO] [stdout]    |     ~~~~~~~~~~~
[INFO] [stdout] 
[INFO] [stdout] 
[INFO] [stdout] error[E0433]: failed to resolve: use of undeclared crate or module `async_raft`
[INFO] [stdout]   --> tests/fixtures/mod.rs:13:5
[INFO] [stdout]    |
[INFO] [stdout] 13 | use async_raft::raft::{InstallSnapshotRequest, InstallSnapshotResponse};
[INFO] [stdout]    |     ^^^^^^^^^^ use of undeclared crate or module `async_raft`
[INFO] [stdout]    |
[INFO] [stdout] help: there is a crate or module with a similar name
[INFO] [stdout]    |
[INFO] [stdout] 13 | use async_raft2::raft::{InstallSnapshotRequest, InstallSnapshotResponse};
[INFO] [stdout]    |     ~~~~~~~~~~~
[INFO] [stdout] 
[INFO] [stdout] 
[INFO] [stdout] error[E0433]: failed to resolve: use of undeclared crate or module `async_raft`
[INFO] [stdout]   --> tests/fixtures/mod.rs:14:5
[INFO] [stdout]    |
[INFO] [stdout] 14 | use async_raft::raft::{VoteRequest, VoteResponse};
[INFO] [stdout]    |     ^^^^^^^^^^ use of undeclared crate or module `async_raft`
[INFO] [stdout]    |
[INFO] [stdout] help: there is a crate or module with a similar name
[INFO] [stdout]    |
[INFO] [stdout] 14 | use async_raft2::raft::{VoteRequest, VoteResponse};
[INFO] [stdout]    |     ~~~~~~~~~~~
[INFO] [stdout] 
[INFO] [stdout] 
[INFO] [stdout] error[E0433]: failed to resolve: use of undeclared crate or module `async_raft`
[INFO] [stdout]  --> tests/fixtures/mod.rs:9:5
[INFO] [stdout]   |
[INFO] [stdout] 9 | use async_raft::error::{ChangeConfigError, ClientReadError, ClientWriteError};
[INFO] [stdout]   |     ^^^^^^^^^^ use of undeclared crate or module `async_raft`
[INFO] [stdout]   |
[INFO] [stdout] help: there is a crate or module with a similar name
[INFO] [stdout]   |
[INFO] [stdout] 9 | use async_raft2::error::{ChangeConfigError, ClientReadError, ClientWriteError};
[INFO] [stdout]   |     ~~~~~~~~~~~
[INFO] [stdout] 
[INFO] [stdout] 
[INFO] [stdout] error[E0433]: failed to resolve: use of undeclared crate or module `async_raft`
[INFO] [stdout]   --> tests/fixtures/mod.rs:10:5
[INFO] [stdout]    |
[INFO] [stdout] 10 | use async_raft::raft::ClientWriteRequest;
[INFO] [stdout]    |     ^^^^^^^^^^ use of undeclared crate or module `async_raft`
[INFO] [stdout]    |
[INFO] [stdout] help: there is a crate or module with a similar name
[INFO] [stdout]    |
[INFO] [stdout] 10 | use async_raft2::raft::ClientWriteRequest;
[INFO] [stdout]    |     ~~~~~~~~~~~
[INFO] [stdout] 
[INFO] [stdout] 
[INFO] [stdout] error[E0433]: failed to resolve: use of undeclared crate or module `async_raft`
[INFO] [stdout]   --> tests/fixtures/mod.rs:11:5
[INFO] [stdout]    |
[INFO] [stdout] 11 | use async_raft::raft::MembershipConfig;
[INFO] [stdout]    |     ^^^^^^^^^^ use of undeclared crate or module `async_raft`
[INFO] [stdout]    |
[INFO] [stdout] help: there is a crate or module with a similar name
[INFO] [stdout]    |
[INFO] [stdout] 11 | use async_raft2::raft::MembershipConfig;
[INFO] [stdout]    |     ~~~~~~~~~~~
[INFO] [stdout] 
[INFO] [stdout] 
[INFO] [stdout] error[E0433]: failed to resolve: use of undeclared crate or module `async_raft`
[INFO] [stdout]   --> tests/fixtures/mod.rs:12:5
[INFO] [stdout]    |
[INFO] [stdout] 12 | use async_raft::raft::{AppendEntriesRequest, AppendEntriesResponse};
[INFO] [stdout]    |     ^^^^^^^^^^ use of undeclared crate or module `async_raft`
[INFO] [stdout]    |
[INFO] [stdout] help: there is a crate or module with a similar name
[INFO] [stdout]    |
[INFO] [stdout] 12 | use async_raft2::raft::{AppendEntriesRequest, AppendEntriesResponse};
[INFO] [stdout]    |     ~~~~~~~~~~~
[INFO] [stdout] 
[INFO] [stdout] 
[INFO] [stdout] error[E0433]: failed to resolve: use of undeclared crate or module `async_raft`
[INFO] [stdout]   --> tests/fixtures/mod.rs:13:5
[INFO] [stdout]    |
[INFO] [stdout] 13 | use async_raft::raft::{InstallSnapshotRequest, InstallSnapshotResponse};
[INFO] [stdout]    |     ^^^^^^^^^^ use of undeclared crate or module `async_raft`
[INFO] [stdout]    |
[INFO] [stdout] help: there is a crate or module with a similar name
[INFO] [stdout]    |
[INFO] [stdout] 13 | use async_raft2::raft::{InstallSnapshotRequest, InstallSnapshotResponse};
[INFO] [stdout]    |     ~~~~~~~~~~~
[INFO] [stdout] 
[INFO] [stdout] 
[INFO] [stdout] error[E0433]: failed to resolve: use of undeclared crate or module `async_raft`
[INFO] [stdout]   --> tests/fixtures/mod.rs:14:5
[INFO] [stdout]    |
[INFO] [stdout] 14 | use async_raft::raft::{VoteRequest, VoteResponse};
[INFO] [stdout]    |     ^^^^^^^^^^ use of undeclared crate or module `async_raft`
[INFO] [stdout]    |
[INFO] [stdout] help: there is a crate or module with a similar name
[INFO] [stdout]    |
[INFO] [stdout] 14 | use async_raft2::raft::{VoteRequest, VoteResponse};
[INFO] [stdout]    |     ~~~~~~~~~~~
[INFO] [stdout] 
[INFO] [stdout] 
[INFO] [stdout] error[E0433]: failed to resolve: use of undeclared crate or module `async_raft`
[INFO] [stdout]   --> tests/fixtures/mod.rs:15:5
[INFO] [stdout]    |
[INFO] [stdout] 15 | use async_raft::storage::RaftStorage;
[INFO] [stdout]    |     ^^^^^^^^^^ use of undeclared crate or module `async_raft`
[INFO] [stdout]    |
[INFO] [stdout] help: there is a crate or module with a similar name
[INFO] [stdout]    |
[INFO] [stdout] 15 | use async_raft2::storage::RaftStorage;
[INFO] [stdout]    |     ~~~~~~~~~~~
[INFO] [stdout] 
[INFO] [stdout] 
[INFO] [stdout] error[E0433]: failed to resolve: use of undeclared crate or module `async_raft`
[INFO] [stdout]  --> tests/compaction.rs:7:5
[INFO] [stdout]   |
[INFO] [stdout] 7 | use async_raft::raft::MembershipConfig;
[INFO] [stdout]   |     ^^^^^^^^^^ use of undeclared crate or module `async_raft`
[INFO] [stdout]   |
[INFO] [stdout] help: there is a crate or module with a similar name
[INFO] [stdout]   |
[INFO] [stdout] 7 | use async_raft2::raft::MembershipConfig;
[INFO] [stdout]   |     ~~~~~~~~~~~
[INFO] [stdout] 
[INFO] [stdout] 
[INFO] [stdout] error[E0432]: unresolved import `async_raft`
[INFO] [stdout]   --> tests/fixtures/mod.rs:16:5
[INFO] [stdout]    |
[INFO] [stdout] 16 | use async_raft::{Config, NodeId, Raft, RaftMetrics, RaftNetwork, State};
[INFO] [stdout]    |     ^^^^^^^^^^ use of undeclared crate or module `async_raft`
[INFO] [stdout]    |
[INFO] [stdout] help: there is a crate or module with a similar name
[INFO] [stdout]    |
[INFO] [stdout] 16 | use async_raft2::{Config, NodeId, Raft, RaftMetrics, RaftNetwork, State};
[INFO] [stdout]    |     ~~~~~~~~~~~
[INFO] [stdout] 
[INFO] [stdout] 
[INFO] [stdout] error[E0432]: unresolved import `async_raft`
[INFO] [stdout]  --> tests/compaction.rs:8:5
[INFO] [stdout]   |
[INFO] [stdout] 8 | use async_raft::{Config, SnapshotPolicy};
[INFO] [stdout]   |     ^^^^^^^^^^ use of undeclared crate or module `async_raft`
[INFO] [stdout]   |
[INFO] [stdout] help: there is a crate or module with a similar name
[INFO] [stdout]   |
[INFO] [stdout] 8 | use async_raft2::{Config, SnapshotPolicy};
[INFO] [stdout]   |     ~~~~~~~~~~~
[INFO] [stdout] 
[INFO] [stdout] 
[INFO] [stdout] error[E0433]: failed to resolve: use of undeclared crate or module `async_raft`
[INFO] [stdout]   --> tests/fixtures/mod.rs:15:5
[INFO] [stdout]    |
[INFO] [stdout] 15 | use async_raft::storage::RaftStorage;
[INFO] [stdout]    |     ^^^^^^^^^^ use of undeclared crate or module `async_raft`
[INFO] [stdout]    |
[INFO] [stdout] help: there is a crate or module with a similar name
[INFO] [stdout]    |
[INFO] [stdout] 15 | use async_raft2::storage::RaftStorage;
[INFO] [stdout]    |     ~~~~~~~~~~~
[INFO] [stdout] 
[INFO] [stdout] 
[INFO] [stdout] error[E0432]: unresolved import `async_raft`
[INFO] [stdout]   --> tests/fixtures/mod.rs:16:5
[INFO] [stdout]    |
[INFO] [stdout] 16 | use async_raft::{Config, NodeId, Raft, RaftMetrics, RaftNetwork, State};
[INFO] [stdout]    |     ^^^^^^^^^^ use of undeclared crate or module `async_raft`
[INFO] [stdout]    |
[INFO] [stdout] help: there is a crate or module with a similar name
[INFO] [stdout]    |
[INFO] [stdout] 16 | use async_raft2::{Config, NodeId, Raft, RaftMetrics, RaftNetwork, State};
[INFO] [stdout]    |     ~~~~~~~~~~~
[INFO] [stdout] 
[INFO] [stdout] 
[INFO] [stdout] error[E0432]: unresolved import `async_raft`
[INFO] [stdout]  --> tests/stepdown.rs:7:5
[INFO] [stdout]   |
[INFO] [stdout] 7 | use async_raft::{Config, State};
[INFO] [stdout]   |     ^^^^^^^^^^ use of undeclared crate or module `async_raft`
[INFO] [stdout]   |
[INFO] [stdout] help: there is a crate or module with a similar name
[INFO] [stdout]   |
[INFO] [stdout] 7 | use async_raft2::{Config, State};
[INFO] [stdout]   |     ~~~~~~~~~~~
[INFO] [stdout] 
[INFO] [stdout] 
[INFO] [stdout] error[E0433]: failed to resolve: use of undeclared crate or module `async_raft`
[INFO] [stdout]  --> tests/fixtures/mod.rs:9:5
[INFO] [stdout]   |
[INFO] [stdout] 9 | use async_raft::error::{ChangeConfigError, ClientReadError, ClientWriteError};
[INFO] [stdout]   |     ^^^^^^^^^^ use of undeclared crate or module `async_raft`
[INFO] [stdout]   |
[INFO] [stdout] help: there is a crate or module with a similar name
[INFO] [stdout]   |
[INFO] [stdout] 9 | use async_raft2::error::{ChangeConfigError, ClientReadError, ClientWriteError};
[INFO] [stdout]   |     ~~~~~~~~~~~
[INFO] [stdout] 
[INFO] [stdout] 
[INFO] [stdout] error[E0433]: failed to resolve: use of undeclared crate or module `async_raft`
[INFO] [stdout]   --> tests/fixtures/mod.rs:10:5
[INFO] [stdout]    |
[INFO] [stdout] 10 | use async_raft::raft::ClientWriteRequest;
[INFO] [stdout]    |     ^^^^^^^^^^ use of undeclared crate or module `async_raft`
[INFO] [stdout]    |
[INFO] [stdout] help: there is a crate or module with a similar name
[INFO] [stdout]    |
[INFO] [stdout] 10 | use async_raft2::raft::ClientWriteRequest;
[INFO] [stdout]    |     ~~~~~~~~~~~
[INFO] [stdout] 
[INFO] [stdout] 
[INFO] [stdout] error[E0433]: failed to resolve: use of undeclared crate or module `async_raft`
[INFO] [stdout]   --> tests/fixtures/mod.rs:11:5
[INFO] [stdout]    |
[INFO] [stdout] 11 | use async_raft::raft::MembershipConfig;
[INFO] [stdout]    |     ^^^^^^^^^^ use of undeclared crate or module `async_raft`
[INFO] [stdout]    |
[INFO] [stdout] help: there is a crate or module with a similar name
[INFO] [stdout]    |
[INFO] [stdout] 11 | use async_raft2::raft::MembershipConfig;
[INFO] [stdout]    |     ~~~~~~~~~~~
[INFO] [stdout] 
[INFO] [stdout] 
[INFO] [stdout] error[E0433]: failed to resolve: use of undeclared crate or module `async_raft`
[INFO] [stdout]   --> tests/fixtures/mod.rs:12:5
[INFO] [stdout]    |
[INFO] [stdout] 12 | use async_raft::raft::{AppendEntriesRequest, AppendEntriesResponse};
[INFO] [stdout]    |     ^^^^^^^^^^ use of undeclared crate or module `async_raft`
[INFO] [stdout]    |
[INFO] [stdout] help: there is a crate or module with a similar name
[INFO] [stdout]    |
[INFO] [stdout] 12 | use async_raft2::raft::{AppendEntriesRequest, AppendEntriesResponse};
[INFO] [stdout]    |     ~~~~~~~~~~~
[INFO] [stdout] 
[INFO] [stdout] 
[INFO] [stdout] error[E0433]: failed to resolve: use of undeclared crate or module `async_raft`
[INFO] [stdout]   --> tests/fixtures/mod.rs:13:5
[INFO] [stdout]    |
[INFO] [stdout] 13 | use async_raft::raft::{InstallSnapshotRequest, InstallSnapshotResponse};
[INFO] [stdout]    |     ^^^^^^^^^^ use of undeclared crate or module `async_raft`
[INFO] [stdout]    |
[INFO] [stdout] help: there is a crate or module with a similar name
[INFO] [stdout]    |
[INFO] [stdout] 13 | use async_raft2::raft::{InstallSnapshotRequest, InstallSnapshotResponse};
[INFO] [stdout]    |     ~~~~~~~~~~~
[INFO] [stdout] 
[INFO] [stdout] 
[INFO] [stdout] error[E0433]: failed to resolve: use of undeclared crate or module `async_raft`
[INFO] [stdout]   --> tests/fixtures/mod.rs:14:5
[INFO] [stdout]    |
[INFO] [stdout] 14 | use async_raft::raft::{VoteRequest, VoteResponse};
[INFO] [stdout]    |     ^^^^^^^^^^ use of undeclared crate or module `async_raft`
[INFO] [stdout]    |
[INFO] [stdout] help: there is a crate or module with a similar name
[INFO] [stdout]    |
[INFO] [stdout] 14 | use async_raft2::raft::{VoteRequest, VoteResponse};
[INFO] [stdout]    |     ~~~~~~~~~~~
[INFO] [stdout] 
[INFO] [stdout] 
[INFO] [stdout] error[E0433]: failed to resolve: use of undeclared crate or module `async_raft`
[INFO] [stdout]   --> tests/fixtures/mod.rs:15:5
[INFO] [stdout]    |
[INFO] [stdout] 15 | use async_raft::storage::RaftStorage;
[INFO] [stdout]    |     ^^^^^^^^^^ use of undeclared crate or module `async_raft`
[INFO] [stdout]    |
[INFO] [stdout] help: there is a crate or module with a similar name
[INFO] [stdout]    |
[INFO] [stdout] 15 | use async_raft2::storage::RaftStorage;
[INFO] [stdout]    |     ~~~~~~~~~~~
[INFO] [stdout] 
[INFO] [stdout] 
[INFO] [stdout] error[E0432]: unresolved import `async_raft`
[INFO] [stdout]   --> tests/fixtures/mod.rs:16:5
[INFO] [stdout]    |
[INFO] [stdout] 16 | use async_raft::{Config, NodeId, Raft, RaftMetrics, RaftNetwork, State};
[INFO] [stdout]    |     ^^^^^^^^^^ use of undeclared crate or module `async_raft`
[INFO] [stdout]    |
[INFO] [stdout] help: there is a crate or module with a similar name
[INFO] [stdout]    |
[INFO] [stdout] 16 | use async_raft2::{Config, NodeId, Raft, RaftMetrics, RaftNetwork, State};
[INFO] [stdout]    |     ~~~~~~~~~~~
[INFO] [stdout] 
[INFO] [stdout] 
[INFO] [stdout] error[E0432]: unresolved import `async_raft`
[INFO] [stdout]  --> tests/client_reads.rs:7:5
[INFO] [stdout]   |
[INFO] [stdout] 7 | use async_raft::Config;
[INFO] [stdout]   |     ^^^^^^^^^^ use of undeclared crate or module `async_raft`
[INFO] [stdout]   |
[INFO] [stdout] help: there is a crate or module with a similar name
[INFO] [stdout]   |
[INFO] [stdout] 7 | use async_raft2::Config;
[INFO] [stdout]   |     ~~~~~~~~~~~
[INFO] [stdout] 
[INFO] [stdout] 
[INFO] [stdout] error[E0433]: failed to resolve: use of undeclared crate or module `async_raft`
[INFO] [stdout]  --> tests/fixtures/mod.rs:9:5
[INFO] [stdout]   |
[INFO] [stdout] 9 | use async_raft::error::{ChangeConfigError, ClientReadError, ClientWriteError};
[INFO] [stdout]   |     ^^^^^^^^^^ use of undeclared crate or module `async_raft`
[INFO] [stdout]   |
[INFO] [stdout] help: there is a crate or module with a similar name
[INFO] [stdout]   |
[INFO] [stdout] 9 | use async_raft2::error::{ChangeConfigError, ClientReadError, ClientWriteError};
[INFO] [stdout]   |     ~~~~~~~~~~~
[INFO] [stdout] 
[INFO] [stdout] 
[INFO] [stdout] error[E0433]: failed to resolve: use of undeclared crate or module `async_raft`
[INFO] [stdout]   --> tests/fixtures/mod.rs:10:5
[INFO] [stdout]    |
[INFO] [stdout] 10 | use async_raft::raft::ClientWriteRequest;
[INFO] [stdout]    |     ^^^^^^^^^^ use of undeclared crate or module `async_raft`
[INFO] [stdout]    |
[INFO] [stdout] help: there is a crate or module with a similar name
[INFO] [stdout]    |
[INFO] [stdout] 10 | use async_raft2::raft::ClientWriteRequest;
[INFO] [stdout]    |     ~~~~~~~~~~~
[INFO] [stdout] 
[INFO] [stdout] 
[INFO] [stdout] error[E0433]: failed to resolve: use of undeclared crate or module `async_raft`
[INFO] [stdout]   --> tests/fixtures/mod.rs:11:5
[INFO] [stdout]    |
[INFO] [stdout] 11 | use async_raft::raft::MembershipConfig;
[INFO] [stdout]    |     ^^^^^^^^^^ use of undeclared crate or module `async_raft`
[INFO] [stdout]    |
[INFO] [stdout] help: there is a crate or module with a similar name
[INFO] [stdout]    |
[INFO] [stdout] 11 | use async_raft2::raft::MembershipConfig;
[INFO] [stdout]    |     ~~~~~~~~~~~
[INFO] [stdout] 
[INFO] [stdout] 
[INFO] [stdout] error[E0433]: failed to resolve: use of undeclared crate or module `async_raft`
[INFO] [stdout]   --> tests/fixtures/mod.rs:12:5
[INFO] [stdout]    |
[INFO] [stdout] 12 | use async_raft::raft::{AppendEntriesRequest, AppendEntriesResponse};
[INFO] [stdout]    |     ^^^^^^^^^^ use of undeclared crate or module `async_raft`
[INFO] [stdout]    |
[INFO] [stdout] help: there is a crate or module with a similar name
[INFO] [stdout]    |
[INFO] [stdout] 12 | use async_raft2::raft::{AppendEntriesRequest, AppendEntriesResponse};
[INFO] [stdout]    |     ~~~~~~~~~~~
[INFO] [stdout] 
[INFO] [stdout] 
[INFO] [stdout] error[E0433]: failed to resolve: use of undeclared crate or module `async_raft`
[INFO] [stdout]   --> tests/fixtures/mod.rs:13:5
[INFO] [stdout]    |
[INFO] [stdout] 13 | use async_raft::raft::{InstallSnapshotRequest, InstallSnapshotResponse};
[INFO] [stdout]    |     ^^^^^^^^^^ use of undeclared crate or module `async_raft`
[INFO] [stdout]    |
[INFO] [stdout] help: there is a crate or module with a similar name
[INFO] [stdout]    |
[INFO] [stdout] 13 | use async_raft2::raft::{InstallSnapshotRequest, InstallSnapshotResponse};
[INFO] [stdout]    |     ~~~~~~~~~~~
[INFO] [stdout] 
[INFO] [stdout] 
[INFO] [stdout] error[E0433]: failed to resolve: use of undeclared crate or module `async_raft`
[INFO] [stdout]   --> tests/fixtures/mod.rs:14:5
[INFO] [stdout]    |
[INFO] [stdout] 14 | use async_raft::raft::{VoteRequest, VoteResponse};
[INFO] [stdout]    |     ^^^^^^^^^^ use of undeclared crate or module `async_raft`
[INFO] [stdout]    |
[INFO] [stdout] help: there is a crate or module with a similar name
[INFO] [stdout]    |
[INFO] [stdout] 14 | use async_raft2::raft::{VoteRequest, VoteResponse};
[INFO] [stdout]    |     ~~~~~~~~~~~
[INFO] [stdout] 
[INFO] [stdout] 
[INFO] [stdout] error[E0433]: failed to resolve: use of undeclared crate or module `async_raft`
[INFO] [stdout]   --> tests/fixtures/mod.rs:15:5
[INFO] [stdout]    |
[INFO] [stdout] 15 | use async_raft::storage::RaftStorage;
[INFO] [stdout]    |     ^^^^^^^^^^ use of undeclared crate or module `async_raft`
[INFO] [stdout]    |
[INFO] [stdout] help: there is a crate or module with a similar name
[INFO] [stdout]    |
[INFO] [stdout] 15 | use async_raft2::storage::RaftStorage;
[INFO] [stdout]    |     ~~~~~~~~~~~
[INFO] [stdout] 
[INFO] [stdout] 
[INFO] [stdout] error[E0432]: unresolved import `async_raft`
[INFO] [stdout]  --> tests/non_voter_restart.rs:8:5
[INFO] [stdout]   |
[INFO] [stdout] 8 | use async_raft::{Config, NodeId, Raft, State};
[INFO] [stdout]   |     ^^^^^^^^^^ use of undeclared crate or module `async_raft`
[INFO] [stdout]   |
[INFO] [stdout] help: there is a crate or module with a similar name
[INFO] [stdout]   |
[INFO] [stdout] 8 | use async_raft2::{Config, NodeId, Raft, State};
[INFO] [stdout]   |     ~~~~~~~~~~~
[INFO] [stdout] 
[INFO] [stdout] 
[INFO] [stdout] error[E0432]: unresolved import `async_raft`
[INFO] [stdout]   --> tests/fixtures/mod.rs:16:5
[INFO] [stdout]    |
[INFO] [stdout] 16 | use async_raft::{Config, NodeId, Raft, RaftMetrics, RaftNetwork, State};
[INFO] [stdout]    |     ^^^^^^^^^^ use of undeclared crate or module `async_raft`
[INFO] [stdout]    |
[INFO] [stdout] help: there is a crate or module with a similar name
[INFO] [stdout]    |
[INFO] [stdout] 16 | use async_raft2::{Config, NodeId, Raft, RaftMetrics, RaftNetwork, State};
[INFO] [stdout]    |     ~~~~~~~~~~~
[INFO] [stdout] 
[INFO] [stdout] 
[INFO] [stdout] Some errors have detailed explanations: E0432, E0433.
[INFO] [stdout] 
[INFO] [stdout] For more information about an error, try `rustc --explain E0432`.
[INFO] [stdout] 
[INFO] [stdout] error[E0433]: failed to resolve: use of undeclared crate or module `async_raft`
[INFO] [stdout]  --> tests/fixtures/mod.rs:9:5
[INFO] [stdout]   |
[INFO] [stdout] 9 | use async_raft::error::{ChangeConfigError, ClientReadError, ClientWriteError};
[INFO] [stdout]   |     ^^^^^^^^^^ use of undeclared crate or module `async_raft`
[INFO] [stdout]   |
[INFO] [stdout] help: there is a crate or module with a similar name
[INFO] [stdout]   |
[INFO] [stdout] 9 | use async_raft2::error::{ChangeConfigError, ClientReadError, ClientWriteError};
[INFO] [stdout]   |     ~~~~~~~~~~~
[INFO] [stdout] 
[INFO] [stdout] 
[INFO] [stdout] error[E0433]: failed to resolve: use of undeclared crate or module `async_raft`
[INFO] [stdout]   --> tests/fixtures/mod.rs:10:5
[INFO] [stdout]    |
[INFO] [stdout] 10 | use async_raft::raft::ClientWriteRequest;
[INFO] [stdout]    |     ^^^^^^^^^^ use of undeclared crate or module `async_raft`
[INFO] [stdout]    |
[INFO] [stdout] help: there is a crate or module with a similar name
[INFO] [stdout]    |
[INFO] [stdout] 10 | use async_raft2::raft::ClientWriteRequest;
[INFO] [stdout]    |     ~~~~~~~~~~~
[INFO] [stdout] 
[INFO] [stdout] 
[INFO] [stdout] error[E0433]: failed to resolve: use of undeclared crate or module `async_raft`
[INFO] [stdout]   --> tests/fixtures/mod.rs:11:5
[INFO] [stdout]    |
[INFO] [stdout] 11 | use async_raft::raft::MembershipConfig;
[INFO] [stdout]    |     ^^^^^^^^^^ use of undeclared crate or module `async_raft`
[INFO] [stdout]    |
[INFO] [stdout] help: there is a crate or module with a similar name
[INFO] [stdout]    |
[INFO] [stdout] 11 | use async_raft2::raft::MembershipConfig;
[INFO] [stdout]    |     ~~~~~~~~~~~
[INFO] [stdout] 
[INFO] [stdout] 
[INFO] [stdout] error[E0433]: failed to resolve: use of undeclared crate or module `async_raft`
[INFO] [stdout]   --> tests/fixtures/mod.rs:12:5
[INFO] [stdout]    |
[INFO] [stdout] 12 | use async_raft::raft::{AppendEntriesRequest, AppendEntriesResponse};
[INFO] [stdout]    |     ^^^^^^^^^^ use of undeclared crate or module `async_raft`
[INFO] [stdout]    |
[INFO] [stdout] help: there is a crate or module with a similar name
[INFO] [stdout]    |
[INFO] [stdout] 12 | use async_raft2::raft::{AppendEntriesRequest, AppendEntriesResponse};
[INFO] [stdout]    |     ~~~~~~~~~~~
[INFO] [stdout] 
[INFO] [stdout] 
[INFO] [stdout] error[E0433]: failed to resolve: use of undeclared crate or module `async_raft`
[INFO] [stdout]   --> tests/fixtures/mod.rs:13:5
[INFO] [stdout]    |
[INFO] [stdout] 13 | use async_raft::raft::{InstallSnapshotRequest, InstallSnapshotResponse};
[INFO] [stdout]    |     ^^^^^^^^^^ use of undeclared crate or module `async_raft`
[INFO] [stdout]    |
[INFO] [stdout] help: there is a crate or module with a similar name
[INFO] [stdout]    |
[INFO] [stdout] 13 | use async_raft2::raft::{InstallSnapshotRequest, InstallSnapshotResponse};
[INFO] [stdout]    |     ~~~~~~~~~~~
[INFO] [stdout] 
[INFO] [stdout] 
[INFO] [stdout] error[E0433]: failed to resolve: use of undeclared crate or module `async_raft`
[INFO] [stdout]   --> tests/fixtures/mod.rs:14:5
[INFO] [stdout]    |
[INFO] [stdout] 14 | use async_raft::raft::{VoteRequest, VoteResponse};
[INFO] [stdout]    |     ^^^^^^^^^^ use of undeclared crate or module `async_raft`
[INFO] [stdout]    |
[INFO] [stdout] help: there is a crate or module with a similar name
[INFO] [stdout]    |
[INFO] [stdout] 14 | use async_raft2::raft::{VoteRequest, VoteResponse};
[INFO] [stdout]    |     ~~~~~~~~~~~
[INFO] [stdout] 
[INFO] [stdout] 
[INFO] [stdout] error[E0433]: failed to resolve: use of undeclared crate or module `async_raft`
[INFO] [stdout]   --> tests/fixtures/mod.rs:15:5
[INFO] [stdout]    |
[INFO] [stdout] 15 | use async_raft::storage::RaftStorage;
[INFO] [stdout]    |     ^^^^^^^^^^ use of undeclared crate or module `async_raft`
[INFO] [stdout]    |
[INFO] [stdout] help: there is a crate or module with a similar name
[INFO] [stdout]    |
[INFO] [stdout] 15 | use async_raft2::storage::RaftStorage;
[INFO] [stdout]    |     ~~~~~~~~~~~
[INFO] [stdout] 
[INFO] [stdout] 
[INFO] [stdout] error[E0432]: unresolved import `async_raft`
[INFO] [stdout]   --> tests/fixtures/mod.rs:16:5
[INFO] [stdout]    |
[INFO] [stdout] 16 | use async_raft::{Config, NodeId, Raft, RaftMetrics, RaftNetwork, State};
[INFO] [stdout]    |     ^^^^^^^^^^ use of undeclared crate or module `async_raft`
[INFO] [stdout]    |
[INFO] [stdout] help: there is a crate or module with a similar name
[INFO] [stdout]    |
[INFO] [stdout] 16 | use async_raft2::{Config, NodeId, Raft, RaftMetrics, RaftNetwork, State};
[INFO] [stdout]    |     ~~~~~~~~~~~
[INFO] [stdout] 
[INFO] [stdout] 
[INFO] [stdout] error[E0432]: unresolved import `async_raft`
[INFO] [stdout]  --> tests/current_leader.rs:7:5
[INFO] [stdout]   |
[INFO] [stdout] 7 | use async_raft::Config;
[INFO] [stdout]   |     ^^^^^^^^^^ use of undeclared crate or module `async_raft`
[INFO] [stdout]   |
[INFO] [stdout] help: there is a crate or module with a similar name
[INFO] [stdout]   |
[INFO] [stdout] 7 | use async_raft2::Config;
[INFO] [stdout]   |     ~~~~~~~~~~~
[INFO] [stdout] 
[INFO] [stdout] 
[INFO] [stdout] Some errors have detailed explanations: E0432, E0433.
[INFO] [stdout] 
[INFO] [stdout] For more information about an error, try `rustc --explain E0432`.
[INFO] [stdout] 
[INFO] [stderr] error: could not compile `async-raft2` (test "compaction") due to 10 previous errors
[INFO] [stderr] warning: build failed, waiting for other jobs to finish...
[INFO] [stdout] Some errors have detailed explanations: E0432, E0433.
[INFO] [stdout] 
[INFO] [stdout] For more information about an error, try `rustc --explain E0432`.
[INFO] [stdout] 
[INFO] [stdout] Some errors have detailed explanations: E0432, E0433.
[INFO] [stdout] 
[INFO] [stdout] For more information about an error, try `rustc --explain E0432`.
[INFO] [stdout] 
[INFO] [stdout] Some errors have detailed explanations: E0432, E0433.
[INFO] [stdout] 
[INFO] [stdout] For more information about an error, try `rustc --explain E0432`.
[INFO] [stdout] 
[INFO] [stdout] Some errors have detailed explanations: E0432, E0433.
[INFO] [stdout] 
[INFO] [stdout] For more information about an error, try `rustc --explain E0432`.
[INFO] [stdout] 
[INFO] [stderr] error: could not compile `async-raft2` (test "dynamic_membership") due to 9 previous errors
[INFO] [stderr] error: could not compile `async-raft2` (test "stepdown") due to 9 previous errors
[INFO] [stderr] error: could not compile `async-raft2` (test "client_reads") due to 9 previous errors
[INFO] [stderr] error: could not compile `async-raft2` (test "current_leader") due to 9 previous errors
[INFO] [stdout] Some errors have detailed explanations: E0432, E0433.
[INFO] [stdout] 
[INFO] [stdout] For more information about an error, try `rustc --explain E0432`.
[INFO] [stdout] 
[INFO] [stderr] error: could not compile `async-raft2` (test "singlenode") due to 9 previous errors
[INFO] [stderr] error: could not compile `async-raft2` (test "non_voter_restart") due to 9 previous errors
[INFO] running `Command { std: "docker" "inspect" "fa4de52ca05d191fd77d9f716137110b1fbbab370927dd2d9f1eddd240d7d723", kill_on_drop: false }`
[INFO] running `Command { std: "docker" "rm" "-f" "fa4de52ca05d191fd77d9f716137110b1fbbab370927dd2d9f1eddd240d7d723", kill_on_drop: false }`
[INFO] [stdout] fa4de52ca05d191fd77d9f716137110b1fbbab370927dd2d9f1eddd240d7d723
