[INFO] fetching crate async-hwi-cli 0.0.20...
[INFO] testing async-hwi-cli-0.0.20 against nightly-2024-10-28+rustflags=-Zrandomize-layout for randomize-layout
[INFO] extracting crate async-hwi-cli 0.0.20 into /workspace/builds/worker-1-tc2/source
[INFO] validating manifest of crates.io crate async-hwi-cli 0.0.20 on toolchain nightly-2024-10-28
[INFO] running `Command { std: CARGO_HOME="/workspace/cargo-home" RUSTUP_HOME="/workspace/rustup-home" "/workspace/cargo-home/bin/cargo" "+nightly-2024-10-28" "metadata" "--manifest-path" "Cargo.toml" "--no-deps", kill_on_drop: false }`
[INFO] started tweaking crates.io crate async-hwi-cli 0.0.20
[INFO] finished tweaking crates.io crate async-hwi-cli 0.0.20
[INFO] tweaked toml for crates.io crate async-hwi-cli 0.0.20 written to /workspace/builds/worker-1-tc2/source/Cargo.toml
[INFO] crate crates.io crate async-hwi-cli 0.0.20 already has a lockfile, it will not be regenerated
[INFO] running `Command { std: CARGO_HOME="/workspace/cargo-home" RUSTUP_HOME="/workspace/rustup-home" "/workspace/cargo-home/bin/cargo" "+nightly-2024-10-28" "fetch" "--manifest-path" "Cargo.toml", kill_on_drop: false }`
[INFO] running `Command { std: "docker" "create" "-v" "/var/lib/crater-agent-workspace/builds/worker-1-tc2/target:/opt/rustwide/target:rw,Z" "-v" "/var/lib/crater-agent-workspace/builds/worker-1-tc2/source:/opt/rustwide/workdir:ro,Z" "-v" "/var/lib/crater-agent-workspace/cargo-home:/opt/rustwide/cargo-home:ro,Z" "-v" "/var/lib/crater-agent-workspace/rustup-home:/opt/rustwide/rustup-home:ro,Z" "-e" "SOURCE_DIR=/opt/rustwide/workdir" "-e" "CARGO_TARGET_DIR=/opt/rustwide/target" "-e" "CARGO_HOME=/opt/rustwide/cargo-home" "-e" "RUSTUP_HOME=/opt/rustwide/rustup-home" "-w" "/opt/rustwide/workdir" "-m" "1610612736" "--user" "0:0" "--network" "none" "ghcr.io/rust-lang/crates-build-env/linux@sha256:4a844ea9eb2546a2d2c7022eacef16ef2e8229c7fbb2c7d4d55a9ceca922f72d" "/opt/rustwide/cargo-home/bin/cargo" "+nightly-2024-10-28" "metadata" "--no-deps" "--format-version=1", kill_on_drop: false }`
[INFO] [stdout] 306807d30057ec8e58dc7c9e38f5054087470114ca418e324a5f56b6ef32a031
[INFO] running `Command { std: "docker" "start" "-a" "306807d30057ec8e58dc7c9e38f5054087470114ca418e324a5f56b6ef32a031", kill_on_drop: false }`
[INFO] running `Command { std: "docker" "inspect" "306807d30057ec8e58dc7c9e38f5054087470114ca418e324a5f56b6ef32a031", kill_on_drop: false }`
[INFO] running `Command { std: "docker" "rm" "-f" "306807d30057ec8e58dc7c9e38f5054087470114ca418e324a5f56b6ef32a031", kill_on_drop: false }`
[INFO] [stdout] 306807d30057ec8e58dc7c9e38f5054087470114ca418e324a5f56b6ef32a031
[INFO] running `Command { std: "docker" "create" "-v" "/var/lib/crater-agent-workspace/builds/worker-1-tc2/target:/opt/rustwide/target:rw,Z" "-v" "/var/lib/crater-agent-workspace/builds/worker-1-tc2/source:/opt/rustwide/workdir:ro,Z" "-v" "/var/lib/crater-agent-workspace/cargo-home:/opt/rustwide/cargo-home:ro,Z" "-v" "/var/lib/crater-agent-workspace/rustup-home:/opt/rustwide/rustup-home:ro,Z" "-e" "SOURCE_DIR=/opt/rustwide/workdir" "-e" "CARGO_TARGET_DIR=/opt/rustwide/target" "-e" "CARGO_INCREMENTAL=0" "-e" "RUST_BACKTRACE=full" "-e" "RUSTFLAGS=--cap-lints=forbid -Zrandomize-layout" "-e" "RUSTDOCFLAGS=--cap-lints=forbid" "-e" "CARGO_HOME=/opt/rustwide/cargo-home" "-e" "RUSTUP_HOME=/opt/rustwide/rustup-home" "-w" "/opt/rustwide/workdir" "-m" "1610612736" "--user" "0:0" "--network" "none" "ghcr.io/rust-lang/crates-build-env/linux@sha256:4a844ea9eb2546a2d2c7022eacef16ef2e8229c7fbb2c7d4d55a9ceca922f72d" "/opt/rustwide/cargo-home/bin/cargo" "+nightly-2024-10-28" "build" "--frozen" "--message-format=json", kill_on_drop: false }`
[INFO] [stdout] b2db2152337de43a1e73a25303ebe457178d6bacf54ef76b3e0162967fcc946d
[INFO] running `Command { std: "docker" "start" "-a" "b2db2152337de43a1e73a25303ebe457178d6bacf54ef76b3e0162967fcc946d", kill_on_drop: false }`
[INFO] [stderr]    Compiling libc v0.2.150
[INFO] [stderr]    Compiling subtle v2.5.0
[INFO] [stderr]    Compiling generic-array v0.14.7
[INFO] [stderr]    Compiling cc v1.1.5
[INFO] [stderr]    Compiling const-oid v0.9.5
[INFO] [stderr]    Compiling serde v1.0.192
[INFO] [stderr]    Compiling syn v2.0.39
[INFO] [stderr]    Compiling cpufeatures v0.2.11
[INFO] [stderr]    Compiling futures-core v0.3.29
[INFO] [stderr]    Compiling futures-channel v0.3.29
[INFO] [stderr]    Compiling futures-task v0.3.29
[INFO] [stderr]    Compiling futures-sink v0.3.29
[INFO] [stderr]    Compiling futures-util v0.3.29
[INFO] [stderr]    Compiling bitcoin-internals v0.2.0
[INFO] [stderr]    Compiling semver v1.0.20
[INFO] [stderr]    Compiling core2 v0.3.3
[INFO] [stderr]    Compiling futures-io v0.3.29
[INFO] [stderr]    Compiling thiserror v1.0.50
[INFO] [stderr]    Compiling opaque-debug v0.3.0
[INFO] [stderr]    Compiling hex-conservative v0.1.1
[INFO] [stderr]    Compiling heck v0.4.1
[INFO] [stderr]    Compiling spin v0.9.8
[INFO] [stderr]    Compiling libudev-sys v0.1.4
[INFO] [stderr]    Compiling async-trait v0.1.74
[INFO] [stderr]    Compiling base64 v0.21.7
[INFO] [stderr]    Compiling rustc_version v0.4.0
[INFO] [stderr]    Compiling platforms v3.2.0
[INFO] [stderr]    Compiling hex_lit v0.1.1
[INFO] [stderr]    Compiling http v0.2.12
[INFO] [stderr]    Compiling tracing v0.1.40
[INFO] [stderr]    Compiling syn v1.0.109
[INFO] [stderr]    Compiling getrandom v0.2.11
[INFO] [stderr]    Compiling mio v0.8.9
[INFO] [stderr]    Compiling rand_core v0.6.4
[INFO] [stderr]    Compiling num_cpus v1.16.0
[INFO] [stderr]    Compiling socket2 v0.5.5
[INFO] [stderr]    Compiling ff v0.13.0
[INFO] [stderr]    Compiling ring v0.17.8
[INFO] [stderr]    Compiling secp256k1-sys v0.9.2
[INFO] [stderr]    Compiling hidapi v2.6.1
[INFO] [stderr]    Compiling curve25519-dalek v4.1.1
[INFO] [stderr]    Compiling num-traits v0.2.17
[INFO] [stderr]    Compiling httparse v1.8.0
[INFO] [stderr]    Compiling hashbrown v0.14.2
[INFO] [stderr]    Compiling rustls v0.21.10
[INFO] [stderr]    Compiling bitcoin v0.31.1
[INFO] [stderr]    Compiling anyhow v1.0.75
[INFO] [stderr]    Compiling tinyvec v1.6.0
[INFO] [stderr]    Compiling indexmap v2.1.0
[INFO] [stderr]    Compiling group v0.13.0
[INFO] [stderr]    Compiling memoffset v0.7.1
[INFO] [stderr]    Compiling num-integer v0.1.45
[INFO] [stderr]    Compiling ryu v1.0.15
[INFO] [stderr]    Compiling serde_json v1.0.108
[INFO] [stderr]    Compiling try-lock v0.2.5
[INFO] [stderr]    Compiling either v1.9.0
[INFO] [stderr]    Compiling bech32 v0.10.0-beta
[INFO] [stderr]    Compiling want v0.3.1
[INFO] [stderr]    Compiling nix v0.26.4
[INFO] [stderr]    Compiling itertools v0.10.5
[INFO] [stderr]    Compiling unicode-normalization v0.1.23
[INFO] [stderr]    Compiling libudev v0.3.0
[INFO] [stderr]    Compiling http-body v0.4.6
[INFO] [stderr]    Compiling num-bigint v0.4.4
[INFO] [stderr]    Compiling scopeguard v1.2.0
[INFO] [stderr]    Compiling arrayref v0.3.7
[INFO] [stderr]    Compiling tower-service v0.3.2
[INFO] [stderr]    Compiling ppv-lite86 v0.2.17
[INFO] [stderr]    Compiling bitflags v2.5.0
[INFO] [stderr]    Compiling no-std-compat v0.4.1
[INFO] [stderr]    Compiling utf8parse v0.2.1
[INFO] [stderr]    Compiling arrayvec v0.7.4
[INFO] [stderr]    Compiling anstyle-parse v0.2.2
[INFO] [stderr]    Compiling rand_chacha v0.3.1
[INFO] [stderr]    Compiling noise-protocol v0.2.0
[INFO] [stderr]    Compiling idna v0.5.0
[INFO] [stderr]    Compiling rustls-webpki v0.101.7
[INFO] [stderr]    Compiling sct v0.7.1
[INFO] [stderr]    Compiling colorchoice v1.0.0
[INFO] [stderr]    Compiling anstyle v1.0.4
[INFO] [stderr]    Compiling anstyle-query v1.0.0
[INFO] [stderr]    Compiling regex-automata v0.4.3
[INFO] [stderr]    Compiling zeroize_derive v1.4.2
[INFO] [stderr]    Compiling serde_derive v1.0.192
[INFO] [stderr]    Compiling tokio-macros v2.2.0
[INFO] [stderr]    Compiling futures-macro v0.3.29
[INFO] [stderr]    Compiling zeroize v1.7.0
[INFO] [stderr]    Compiling thiserror-impl v1.0.50
[INFO] [stderr]    Compiling der v0.7.8
[INFO] [stderr]    Compiling tokio v1.34.0
[INFO] [stderr]    Compiling crypto-common v0.1.6
[INFO] [stderr]    Compiling block-buffer v0.10.4
[INFO] [stderr]    Compiling inout v0.1.3
[INFO] [stderr]    Compiling digest v0.10.7
[INFO] [stderr]    Compiling cipher v0.4.4
[INFO] [stderr]    Compiling universal-hash v0.5.1
[INFO] [stderr]    Compiling spki v0.7.3
[INFO] [stderr]    Compiling polyval v0.6.1
[INFO] [stderr]    Compiling pkcs8 v0.10.2
[INFO] [stderr]    Compiling aes v0.8.3
[INFO] [stderr]    Compiling ctr v0.9.2
[INFO] [stderr]    Compiling sha2 v0.10.8
[INFO] [stderr]    Compiling hmac v0.12.1
[INFO] [stderr]    Compiling sec1 v0.7.3
[INFO] [stderr]    Compiling aead v0.5.2
[INFO] [stderr]    Compiling crypto-bigint v0.5.5
[INFO] [stderr]    Compiling snafu-derive v0.7.5
[INFO] [stderr]    Compiling curve25519-dalek-derive v0.1.1
[INFO] [stdout] error[E0658]: use of unstable library feature 'stdarch_x86_avx512'
[INFO] [stdout]   --> /opt/rustwide/cargo-home/registry/src/index.crates.io-6f17d22bba15001f/curve25519-dalek-4.1.1/src/backend/vector/ifma/field.rs:26:5
[INFO] [stdout]    |
[INFO] [stdout] 26 |     _mm256_madd52lo_epu64(z.into(), x.into(), y.into()).into()
[INFO] [stdout]    |     ^^^^^^^^^^^^^^^^^^^^^
[INFO] [stdout]    |
[INFO] [stdout]    = note: see issue #111137 <https://github.com/rust-lang/rust/issues/111137> for more information
[INFO] [stdout]    = help: add `#![feature(stdarch_x86_avx512)]` to the crate attributes to enable
[INFO] [stdout]    = note: this compiler was built on 2024-10-27; consider upgrading it if it is out of date
[INFO] [stdout] 
[INFO] [stdout] 
[INFO] [stdout] error[E0658]: use of unstable library feature 'stdarch_x86_avx512'
[INFO] [stdout]   --> /opt/rustwide/cargo-home/registry/src/index.crates.io-6f17d22bba15001f/curve25519-dalek-4.1.1/src/backend/vector/ifma/field.rs:25:9
[INFO] [stdout]    |
[INFO] [stdout] 25 |     use core::arch::x86_64::_mm256_madd52lo_epu64;
[INFO] [stdout]    |         ^^^^^^^^^^^^^^^^^^^^^^^^^^^^^^^^^^^^^^^^^
[INFO] [stdout]    |
[INFO] [stdout]    = note: see issue #111137 <https://github.com/rust-lang/rust/issues/111137> for more information
[INFO] [stdout]    = help: add `#![feature(stdarch_x86_avx512)]` to the crate attributes to enable
[INFO] [stdout]    = note: this compiler was built on 2024-10-27; consider upgrading it if it is out of date
[INFO] [stdout] 
[INFO] [stdout] 
[INFO] [stdout] error[E0658]: use of unstable library feature 'stdarch_x86_avx512'
[INFO] [stdout]   --> /opt/rustwide/cargo-home/registry/src/index.crates.io-6f17d22bba15001f/curve25519-dalek-4.1.1/src/backend/vector/ifma/field.rs:34:5
[INFO] [stdout]    |
[INFO] [stdout] 34 |     _mm256_madd52hi_epu64(z.into(), x.into(), y.into()).into()
[INFO] [stdout]    |     ^^^^^^^^^^^^^^^^^^^^^
[INFO] [stdout]    |
[INFO] [stdout]    = note: see issue #111137 <https://github.com/rust-lang/rust/issues/111137> for more information
[INFO] [stdout]    = help: add `#![feature(stdarch_x86_avx512)]` to the crate attributes to enable
[INFO] [stdout]    = note: this compiler was built on 2024-10-27; consider upgrading it if it is out of date
[INFO] [stdout] 
[INFO] [stdout] 
[INFO] [stdout] error[E0658]: use of unstable library feature 'stdarch_x86_avx512'
[INFO] [stdout]   --> /opt/rustwide/cargo-home/registry/src/index.crates.io-6f17d22bba15001f/curve25519-dalek-4.1.1/src/backend/vector/ifma/field.rs:33:9
[INFO] [stdout]    |
[INFO] [stdout] 33 |     use core::arch::x86_64::_mm256_madd52hi_epu64;
[INFO] [stdout]    |         ^^^^^^^^^^^^^^^^^^^^^^^^^^^^^^^^^^^^^^^^^
[INFO] [stdout]    |
[INFO] [stdout]    = note: see issue #111137 <https://github.com/rust-lang/rust/issues/111137> for more information
[INFO] [stdout]    = help: add `#![feature(stdarch_x86_avx512)]` to the crate attributes to enable
[INFO] [stdout]    = note: this compiler was built on 2024-10-27; consider upgrading it if it is out of date
[INFO] [stdout] 
[INFO] [stdout] 
[INFO] [stdout] error[E0635]: unknown feature `stdsimd`
[INFO] [stdout]   --> /opt/rustwide/cargo-home/registry/src/index.crates.io-6f17d22bba15001f/curve25519-dalek-4.1.1/src/lib.rs:13:70
[INFO] [stdout]    |
[INFO] [stdout] 13 | #![cfg_attr(all(curve25519_dalek_backend = "simd", nightly), feature(stdsimd))]
[INFO] [stdout]    |                                                                      ^^^^^^^
[INFO] [stdout] 
[INFO] [stdout] 
[INFO] [stderr]    Compiling elliptic-curve v0.13.8
[INFO] [stderr]    Compiling tokio-util v0.7.10
[INFO] [stderr]    Compiling rfc6979 v0.4.0
[INFO] [stderr]    Compiling unescaper v0.1.4
[INFO] [stderr]    Compiling ghash v0.5.0
[INFO] [stdout] Some errors have detailed explanations: E0635, E0658.
[INFO] [stdout] 
[INFO] [stdout] For more information about an error, try `rustc --explain E0635`.
[INFO] [stdout] 
[INFO] [stderr] error: could not compile `curve25519-dalek` (lib) due to 5 previous errors
[INFO] [stderr] warning: build failed, waiting for other jobs to finish...
[INFO] running `Command { std: "docker" "inspect" "b2db2152337de43a1e73a25303ebe457178d6bacf54ef76b3e0162967fcc946d", kill_on_drop: false }`
[INFO] running `Command { std: "docker" "rm" "-f" "b2db2152337de43a1e73a25303ebe457178d6bacf54ef76b3e0162967fcc946d", kill_on_drop: false }`
[INFO] [stdout] b2db2152337de43a1e73a25303ebe457178d6bacf54ef76b3e0162967fcc946d
