[INFO] fetching crate astro-runner 1.0.0...
[INFO] testing astro-runner-1.0.0 against nightly-2024-10-28 for randomize-layout
[INFO] extracting crate astro-runner 1.0.0 into /workspace/builds/worker-4-tc1/source
[INFO] validating manifest of crates.io crate astro-runner 1.0.0 on toolchain nightly-2024-10-28
[INFO] running `Command { std: CARGO_HOME="/workspace/cargo-home" RUSTUP_HOME="/workspace/rustup-home" "/workspace/cargo-home/bin/cargo" "+nightly-2024-10-28" "metadata" "--manifest-path" "Cargo.toml" "--no-deps", kill_on_drop: false }`
[INFO] started tweaking crates.io crate astro-runner 1.0.0
[INFO] finished tweaking crates.io crate astro-runner 1.0.0
[INFO] tweaked toml for crates.io crate astro-runner 1.0.0 written to /workspace/builds/worker-4-tc1/source/Cargo.toml
[INFO] crate crates.io crate astro-runner 1.0.0 already has a lockfile, it will not be regenerated
[INFO] running `Command { std: CARGO_HOME="/workspace/cargo-home" RUSTUP_HOME="/workspace/rustup-home" "/workspace/cargo-home/bin/cargo" "+nightly-2024-10-28" "fetch" "--manifest-path" "Cargo.toml", kill_on_drop: false }`
[INFO] [stderr]     Updating crates.io index
[INFO] [stderr]  Downloading crates ...
[INFO] [stderr]   Downloaded octocrate-types v2.0.0
[INFO] [stderr]   Downloaded octocrate-core v0.1.6
[INFO] [stderr]   Downloaded astro-run-logger v0.1.3
[INFO] [stderr]   Downloaded astro-run v1.0.0
[INFO] [stderr]   Downloaded cc v1.1.2
[INFO] [stderr]   Downloaded octocrate v2.0.0
[INFO] running `Command { std: "docker" "create" "-v" "/var/lib/crater-agent-workspace/builds/worker-4-tc1/target:/opt/rustwide/target:rw,Z" "-v" "/var/lib/crater-agent-workspace/builds/worker-4-tc1/source:/opt/rustwide/workdir:ro,Z" "-v" "/var/lib/crater-agent-workspace/cargo-home:/opt/rustwide/cargo-home:ro,Z" "-v" "/var/lib/crater-agent-workspace/rustup-home:/opt/rustwide/rustup-home:ro,Z" "-e" "SOURCE_DIR=/opt/rustwide/workdir" "-e" "CARGO_TARGET_DIR=/opt/rustwide/target" "-e" "CARGO_HOME=/opt/rustwide/cargo-home" "-e" "RUSTUP_HOME=/opt/rustwide/rustup-home" "-w" "/opt/rustwide/workdir" "-m" "1610612736" "--user" "0:0" "--network" "none" "ghcr.io/rust-lang/crates-build-env/linux@sha256:4a844ea9eb2546a2d2c7022eacef16ef2e8229c7fbb2c7d4d55a9ceca922f72d" "/opt/rustwide/cargo-home/bin/cargo" "+nightly-2024-10-28" "metadata" "--no-deps" "--format-version=1", kill_on_drop: false }`
[INFO] [stdout] f5bb8fa2262faace0ad48ca2d16f3f81aabaaf21c7fcf1b817c64ca858f57edc
[INFO] running `Command { std: "docker" "start" "-a" "f5bb8fa2262faace0ad48ca2d16f3f81aabaaf21c7fcf1b817c64ca858f57edc", kill_on_drop: false }`
[INFO] running `Command { std: "docker" "inspect" "f5bb8fa2262faace0ad48ca2d16f3f81aabaaf21c7fcf1b817c64ca858f57edc", kill_on_drop: false }`
[INFO] running `Command { std: "docker" "rm" "-f" "f5bb8fa2262faace0ad48ca2d16f3f81aabaaf21c7fcf1b817c64ca858f57edc", kill_on_drop: false }`
[INFO] [stdout] f5bb8fa2262faace0ad48ca2d16f3f81aabaaf21c7fcf1b817c64ca858f57edc
[INFO] running `Command { std: "docker" "create" "-v" "/var/lib/crater-agent-workspace/builds/worker-4-tc1/target:/opt/rustwide/target:rw,Z" "-v" "/var/lib/crater-agent-workspace/builds/worker-4-tc1/source:/opt/rustwide/workdir:ro,Z" "-v" "/var/lib/crater-agent-workspace/cargo-home:/opt/rustwide/cargo-home:ro,Z" "-v" "/var/lib/crater-agent-workspace/rustup-home:/opt/rustwide/rustup-home:ro,Z" "-e" "SOURCE_DIR=/opt/rustwide/workdir" "-e" "CARGO_TARGET_DIR=/opt/rustwide/target" "-e" "CARGO_INCREMENTAL=0" "-e" "RUST_BACKTRACE=full" "-e" "RUSTFLAGS=--cap-lints=forbid" "-e" "RUSTDOCFLAGS=--cap-lints=forbid" "-e" "CARGO_HOME=/opt/rustwide/cargo-home" "-e" "RUSTUP_HOME=/opt/rustwide/rustup-home" "-w" "/opt/rustwide/workdir" "-m" "1610612736" "--user" "0:0" "--network" "none" "ghcr.io/rust-lang/crates-build-env/linux@sha256:4a844ea9eb2546a2d2c7022eacef16ef2e8229c7fbb2c7d4d55a9ceca922f72d" "/opt/rustwide/cargo-home/bin/cargo" "+nightly-2024-10-28" "build" "--frozen" "--message-format=json", kill_on_drop: false }`
[INFO] [stdout] c393d7108364d7f78a5c96eaef8fece85f07a76a5238f261cb9e6b946b2ff2b4
[INFO] running `Command { std: "docker" "start" "-a" "c393d7108364d7f78a5c96eaef8fece85f07a76a5238f261cb9e6b946b2ff2b4", kill_on_drop: false }`
[INFO] [stderr]    Compiling libc v0.2.155
[INFO] [stderr]    Compiling cc v1.1.2
[INFO] [stderr]    Compiling bytes v1.6.0
[INFO] [stderr]    Compiling serde v1.0.204
[INFO] [stderr]    Compiling syn v2.0.71
[INFO] [stderr]    Compiling num-traits v0.2.19
[INFO] [stderr]    Compiling indexmap v2.2.6
[INFO] [stderr]    Compiling openssl v0.10.64
[INFO] [stderr]    Compiling time-core v0.1.2
[INFO] [stderr]    Compiling thiserror v1.0.62
[INFO] [stderr]    Compiling tower-service v0.3.2
[INFO] [stderr]    Compiling tower-layer v0.3.2
[INFO] [stderr]    Compiling http v1.1.0
[INFO] [stderr]    Compiling serde_json v1.0.120
[INFO] [stderr]    Compiling num-conv v0.1.0
[INFO] [stderr]    Compiling powerfmt v0.2.0
[INFO] [stderr]    Compiling time-macros v0.2.18
[INFO] [stderr]    Compiling deranged v0.3.11
[INFO] [stderr]    Compiling num-integer v0.1.46
[INFO] [stderr]    Compiling untrusted v0.7.1
[INFO] [stderr]    Compiling socket2 v0.5.7
[INFO] [stderr]    Compiling signal-hook-registry v1.4.2
[INFO] [stderr]    Compiling mio v0.8.11
[INFO] [stderr]    Compiling num_cpus v1.16.0
[INFO] [stderr]    Compiling http-body v1.0.1
[INFO] [stderr]    Compiling openssl-sys v0.9.102
[INFO] [stderr]    Compiling ring v0.16.20
[INFO] [stderr]    Compiling http-body-util v0.1.2
[INFO] [stderr]    Compiling num-bigint v0.4.6
[INFO] [stderr]    Compiling base64 v0.13.1
[INFO] [stderr]    Compiling spin v0.5.2
[INFO] [stderr]    Compiling rustls-pki-types v1.7.0
[INFO] [stderr]    Compiling typeid v1.0.0
[INFO] [stderr]    Compiling native-tls v0.2.12
[INFO] [stderr]    Compiling pem v1.1.1
[INFO] [stderr]    Compiling parking_lot_core v0.9.10
[INFO] [stderr]    Compiling rustls-pemfile v2.1.2
[INFO] [stderr]    Compiling time v0.3.36
[INFO] [stderr]    Compiling getrandom v0.2.15
[INFO] [stderr]    Compiling inventory v0.3.15
[INFO] [stderr]    Compiling unsafe-libyaml v0.2.11
[INFO] [stderr]    Compiling parking_lot v0.12.3
[INFO] [stderr]    Compiling glob v0.3.1
[INFO] [stderr]    Compiling humantime v2.1.0
[INFO] [stderr]    Compiling serde_derive v1.0.204
[INFO] [stderr]    Compiling tokio-macros v2.3.0
[INFO] [stderr]    Compiling openssl-macros v0.1.1
[INFO] [stderr]    Compiling pin-project-internal v1.1.5
[INFO] [stderr]    Compiling thiserror-impl v1.0.62
[INFO] [stderr]    Compiling typed-builder-macro v0.18.2
[INFO] [stderr]    Compiling typetag-impl v0.2.16
[INFO] [stderr]    Compiling tokio v1.38.0
[INFO] [stderr]    Compiling async-trait v0.1.81
[INFO] [stderr]    Compiling pin-project v1.1.5
[INFO] [stderr]    Compiling simple_asn1 v0.6.2
[INFO] [stderr]    Compiling typed-builder v0.18.2
[INFO] [stderr]    Compiling tokio-util v0.7.11
[INFO] [stderr]    Compiling tower v0.4.13
[INFO] [stderr]    Compiling tokio-native-tls v0.3.1
[INFO] [stderr]    Compiling tokio-stream v0.1.15
[INFO] [stderr]    Compiling serde_urlencoded v0.7.1
[INFO] [stderr]    Compiling chrono v0.4.38
[INFO] [stderr]    Compiling erased-serde v0.4.5
[INFO] [stderr]    Compiling uuid v1.10.0
[INFO] [stderr]    Compiling serde_yaml v0.9.34+deprecated
[INFO] [stderr]    Compiling h2 v0.4.5
[INFO] [stderr]    Compiling typetag v0.2.16
[INFO] [stderr]    Compiling jsonwebtoken v8.3.0
[INFO] [stderr]    Compiling hyper v1.4.1
[INFO] [stderr]    Compiling hyper-util v0.1.6
[INFO] [stderr]    Compiling hyper-tls v0.6.0
[INFO] [stderr]    Compiling reqwest v0.12.5
[INFO] [stderr]    Compiling octocrate-core v0.1.6
[INFO] [stderr]    Compiling octocrate-types v2.0.0
[INFO] [stderr]    Compiling octocrate v2.0.0
[INFO] [stderr]    Compiling astro-run v1.0.0
[INFO] [stderr]    Compiling astro-runner v1.0.0 (/opt/rustwide/workdir)
[INFO] [stderr]     Finished `dev` profile [unoptimized + debuginfo] target(s) in 45.83s
[INFO] running `Command { std: "docker" "inspect" "c393d7108364d7f78a5c96eaef8fece85f07a76a5238f261cb9e6b946b2ff2b4", kill_on_drop: false }`
[INFO] running `Command { std: "docker" "rm" "-f" "c393d7108364d7f78a5c96eaef8fece85f07a76a5238f261cb9e6b946b2ff2b4", kill_on_drop: false }`
[INFO] [stdout] c393d7108364d7f78a5c96eaef8fece85f07a76a5238f261cb9e6b946b2ff2b4
[INFO] running `Command { std: "docker" "create" "-v" "/var/lib/crater-agent-workspace/builds/worker-4-tc1/target:/opt/rustwide/target:rw,Z" "-v" "/var/lib/crater-agent-workspace/builds/worker-4-tc1/source:/opt/rustwide/workdir:ro,Z" "-v" "/var/lib/crater-agent-workspace/cargo-home:/opt/rustwide/cargo-home:ro,Z" "-v" "/var/lib/crater-agent-workspace/rustup-home:/opt/rustwide/rustup-home:ro,Z" "-e" "SOURCE_DIR=/opt/rustwide/workdir" "-e" "CARGO_TARGET_DIR=/opt/rustwide/target" "-e" "CARGO_INCREMENTAL=0" "-e" "RUST_BACKTRACE=full" "-e" "RUSTFLAGS=--cap-lints=forbid" "-e" "RUSTDOCFLAGS=--cap-lints=forbid" "-e" "CARGO_HOME=/opt/rustwide/cargo-home" "-e" "RUSTUP_HOME=/opt/rustwide/rustup-home" "-w" "/opt/rustwide/workdir" "-m" "1610612736" "--user" "0:0" "--network" "none" "ghcr.io/rust-lang/crates-build-env/linux@sha256:4a844ea9eb2546a2d2c7022eacef16ef2e8229c7fbb2c7d4d55a9ceca922f72d" "/opt/rustwide/cargo-home/bin/cargo" "+nightly-2024-10-28" "test" "--frozen" "--no-run" "--message-format=json", kill_on_drop: false }`
[INFO] [stdout] 2d98f1d893156328cacc79df7aace2d606fbb78ae4fc1fc1846026c0e28f5efc
[INFO] running `Command { std: "docker" "start" "-a" "2d98f1d893156328cacc79df7aace2d606fbb78ae4fc1fc1846026c0e28f5efc", kill_on_drop: false }`
[INFO] [stderr]    Compiling lazy_static v1.5.0
[INFO] [stderr]    Compiling colored v2.1.0
[INFO] [stderr]    Compiling astro-run-logger v0.1.3
[INFO] [stderr]    Compiling astro-runner v1.0.0 (/opt/rustwide/workdir)
[INFO] [stdout] error[E0433]: failed to resolve: use of undeclared crate or module `astro_run_test`
[INFO] [stdout]   --> tests/run.rs:27:3
[INFO] [stdout]    |
[INFO] [stdout] 27 | #[astro_run_test::test(docker)]
[INFO] [stdout]    |   ^^^^^^^^^^^^^^ use of undeclared crate or module `astro_run_test`
[INFO] [stdout] 
[INFO] [stdout] 
[INFO] [stdout] error[E0433]: failed to resolve: use of undeclared crate or module `astro_run_test`
[INFO] [stdout]   --> tests/run.rs:78:3
[INFO] [stdout]    |
[INFO] [stdout] 78 | #[astro_run_test::test(docker)]
[INFO] [stdout]    |   ^^^^^^^^^^^^^^ use of undeclared crate or module `astro_run_test`
[INFO] [stdout] 
[INFO] [stdout] 
[INFO] [stdout] error[E0433]: failed to resolve: use of undeclared crate or module `astro_run_test`
[INFO] [stdout]    --> tests/run.rs:136:3
[INFO] [stdout]     |
[INFO] [stdout] 136 | #[astro_run_test::test]
[INFO] [stdout]     |   ^^^^^^^^^^^^^^ use of undeclared crate or module `astro_run_test`
[INFO] [stdout] 
[INFO] [stdout] 
[INFO] [stdout] error[E0433]: failed to resolve: use of undeclared crate or module `astro_run_test`
[INFO] [stdout]    --> tests/run.rs:184:3
[INFO] [stdout]     |
[INFO] [stdout] 184 | #[astro_run_test::test]
[INFO] [stdout]     |   ^^^^^^^^^^^^^^ use of undeclared crate or module `astro_run_test`
[INFO] [stdout] 
[INFO] [stdout] 
[INFO] [stdout] error[E0433]: failed to resolve: use of undeclared crate or module `astro_run_test`
[INFO] [stdout]    --> tests/run.rs:252:3
[INFO] [stdout]     |
[INFO] [stdout] 252 | #[astro_run_test::test]
[INFO] [stdout]     |   ^^^^^^^^^^^^^^ use of undeclared crate or module `astro_run_test`
[INFO] [stdout] 
[INFO] [stdout] 
[INFO] [stdout] error[E0433]: failed to resolve: use of undeclared crate or module `astro_run_test`
[INFO] [stdout]    --> tests/run.rs:306:3
[INFO] [stdout]     |
[INFO] [stdout] 306 | #[astro_run_test::test]
[INFO] [stdout]     |   ^^^^^^^^^^^^^^ use of undeclared crate or module `astro_run_test`
[INFO] [stdout] 
[INFO] [stdout] 
[INFO] [stdout] error[E0433]: failed to resolve: use of undeclared crate or module `astro_run_test`
[INFO] [stdout]    --> tests/run.rs:355:3
[INFO] [stdout]     |
[INFO] [stdout] 355 | #[astro_run_test::test]
[INFO] [stdout]     |   ^^^^^^^^^^^^^^ use of undeclared crate or module `astro_run_test`
[INFO] [stdout] 
[INFO] [stdout] 
[INFO] [stdout] error[E0433]: failed to resolve: use of undeclared crate or module `astro_run_test`
[INFO] [stdout]    --> tests/run.rs:416:3
[INFO] [stdout]     |
[INFO] [stdout] 416 | #[astro_run_test::test]
[INFO] [stdout]     |   ^^^^^^^^^^^^^^ use of undeclared crate or module `astro_run_test`
[INFO] [stdout] 
[INFO] [stdout] 
[INFO] [stdout] error[E0433]: failed to resolve: use of undeclared crate or module `astro_run_test`
[INFO] [stdout]    --> tests/run.rs:469:3
[INFO] [stdout]     |
[INFO] [stdout] 469 | #[astro_run_test::test]
[INFO] [stdout]     |   ^^^^^^^^^^^^^^ use of undeclared crate or module `astro_run_test`
[INFO] [stdout] 
[INFO] [stdout] 
[INFO] [stdout] error[E0433]: failed to resolve: use of undeclared crate or module `astro_run_test`
[INFO] [stdout]    --> tests/run.rs:510:3
[INFO] [stdout]     |
[INFO] [stdout] 510 | #[astro_run_test::test]
[INFO] [stdout]     |   ^^^^^^^^^^^^^^ use of undeclared crate or module `astro_run_test`
[INFO] [stdout] 
[INFO] [stdout] 
[INFO] [stdout] error[E0433]: failed to resolve: use of undeclared crate or module `astro_run_test`
[INFO] [stdout]    --> src/command.rs:233:5
[INFO] [stdout]     |
[INFO] [stdout] 233 |   #[astro_run_test::test]
[INFO] [stdout]     |     ^^^^^^^^^^^^^^ use of undeclared crate or module `astro_run_test`
[INFO] [stdout] 
[INFO] [stdout] 
[INFO] [stdout] error[E0433]: failed to resolve: use of undeclared crate or module `astro_run_test`
[INFO] [stdout]    --> src/command.rs:259:5
[INFO] [stdout]     |
[INFO] [stdout] 259 |   #[astro_run_test::test]
[INFO] [stdout]     |     ^^^^^^^^^^^^^^ use of undeclared crate or module `astro_run_test`
[INFO] [stdout] 
[INFO] [stdout] 
[INFO] [stdout] error[E0433]: failed to resolve: use of undeclared crate or module `astro_run_test`
[INFO] [stdout]   --> src/plugin.rs:58:5
[INFO] [stdout]    |
[INFO] [stdout] 58 |   #[astro_run_test::test]
[INFO] [stdout]    |     ^^^^^^^^^^^^^^ use of undeclared crate or module `astro_run_test`
[INFO] [stdout] 
[INFO] [stdout] 
[INFO] [stdout] For more information about this error, try `rustc --explain E0433`.
[INFO] [stdout] 
[INFO] [stderr] error: could not compile `astro-runner` (test "run") due to 10 previous errors
[INFO] [stderr] warning: build failed, waiting for other jobs to finish...
[INFO] [stdout] For more information about this error, try `rustc --explain E0433`.
[INFO] [stdout] 
[INFO] [stderr] error: could not compile `astro-runner` (lib test) due to 3 previous errors
[INFO] running `Command { std: "docker" "inspect" "2d98f1d893156328cacc79df7aace2d606fbb78ae4fc1fc1846026c0e28f5efc", kill_on_drop: false }`
[INFO] running `Command { std: "docker" "rm" "-f" "2d98f1d893156328cacc79df7aace2d606fbb78ae4fc1fc1846026c0e28f5efc", kill_on_drop: false }`
[INFO] [stdout] 2d98f1d893156328cacc79df7aace2d606fbb78ae4fc1fc1846026c0e28f5efc
