[INFO] fetching crate astrai 2.2.0...
[INFO] testing astrai-2.2.0 against nightly-2024-10-28 for randomize-layout
[INFO] extracting crate astrai 2.2.0 into /workspace/builds/worker-2-tc1/source
[INFO] validating manifest of crates.io crate astrai 2.2.0 on toolchain nightly-2024-10-28
[INFO] running `Command { std: CARGO_HOME="/workspace/cargo-home" RUSTUP_HOME="/workspace/rustup-home" "/workspace/cargo-home/bin/cargo" "+nightly-2024-10-28" "metadata" "--manifest-path" "Cargo.toml" "--no-deps", kill_on_drop: false }`
[INFO] started tweaking crates.io crate astrai 2.2.0
[INFO] finished tweaking crates.io crate astrai 2.2.0
[INFO] tweaked toml for crates.io crate astrai 2.2.0 written to /workspace/builds/worker-2-tc1/source/Cargo.toml
[INFO] running `Command { std: CARGO_HOME="/workspace/cargo-home" RUSTUP_HOME="/workspace/rustup-home" "/workspace/cargo-home/bin/cargo" "+nightly-2024-10-28" "generate-lockfile" "--manifest-path" "Cargo.toml", kill_on_drop: false }`
[INFO] [stderr]     Updating crates.io index
[INFO] [stderr]      Locking 228 packages to latest compatible versions
[INFO] running `Command { std: CARGO_HOME="/workspace/cargo-home" RUSTUP_HOME="/workspace/rustup-home" "/workspace/cargo-home/bin/cargo" "+nightly-2024-10-28" "fetch" "--manifest-path" "Cargo.toml", kill_on_drop: false }`
[INFO] [stderr]  Downloading crates ...
[INFO] [stderr]   Downloaded tracy-client v0.17.4
[INFO] [stderr]   Downloaded cblas-sys v0.1.4
[INFO] [stderr]   Downloaded portable-atomic-util v0.2.3
[INFO] [stderr]   Downloaded newline-converter v0.3.0
[INFO] [stderr]   Downloaded openblas-src v0.10.9
[INFO] [stderr]   Downloaded accelerate-src v0.3.2
[INFO] [stderr]   Downloaded astrolib v0.1.6
[INFO] [stderr]   Downloaded which v6.0.3
[INFO] [stderr]   Downloaded openblas-build v0.10.9
[INFO] [stderr]   Downloaded blas-src v0.10.0
[INFO] [stderr]   Downloaded generator v0.8.3
[INFO] [stderr]   Downloaded loom v0.7.2
[INFO] [stderr]   Downloaded inquire v0.7.5
[INFO] [stderr]   Downloaded clearscreen v3.0.0
[INFO] [stderr]   Downloaded tracy-client-sys v0.24.1
[INFO] [stderr]   Downloaded winsafe v0.0.19
[INFO] running `Command { std: "docker" "create" "-v" "/var/lib/crater-agent-workspace/builds/worker-2-tc1/target:/opt/rustwide/target:rw,Z" "-v" "/var/lib/crater-agent-workspace/builds/worker-2-tc1/source:/opt/rustwide/workdir:ro,Z" "-v" "/var/lib/crater-agent-workspace/cargo-home:/opt/rustwide/cargo-home:ro,Z" "-v" "/var/lib/crater-agent-workspace/rustup-home:/opt/rustwide/rustup-home:ro,Z" "-e" "SOURCE_DIR=/opt/rustwide/workdir" "-e" "CARGO_TARGET_DIR=/opt/rustwide/target" "-e" "CARGO_HOME=/opt/rustwide/cargo-home" "-e" "RUSTUP_HOME=/opt/rustwide/rustup-home" "-w" "/opt/rustwide/workdir" "-m" "1610612736" "--user" "0:0" "--network" "none" "ghcr.io/rust-lang/crates-build-env/linux@sha256:4a844ea9eb2546a2d2c7022eacef16ef2e8229c7fbb2c7d4d55a9ceca922f72d" "/opt/rustwide/cargo-home/bin/cargo" "+nightly-2024-10-28" "metadata" "--no-deps" "--format-version=1", kill_on_drop: false }`
[INFO] [stdout] 5213c6420ffd4ca8e7de9a3dbecf9767effae2b70279be0c88df4401babe6fd0
[INFO] running `Command { std: "docker" "start" "-a" "5213c6420ffd4ca8e7de9a3dbecf9767effae2b70279be0c88df4401babe6fd0", kill_on_drop: false }`
[INFO] running `Command { std: "docker" "inspect" "5213c6420ffd4ca8e7de9a3dbecf9767effae2b70279be0c88df4401babe6fd0", kill_on_drop: false }`
[INFO] running `Command { std: "docker" "rm" "-f" "5213c6420ffd4ca8e7de9a3dbecf9767effae2b70279be0c88df4401babe6fd0", kill_on_drop: false }`
[INFO] [stdout] 5213c6420ffd4ca8e7de9a3dbecf9767effae2b70279be0c88df4401babe6fd0
[INFO] running `Command { std: "docker" "create" "-v" "/var/lib/crater-agent-workspace/builds/worker-2-tc1/target:/opt/rustwide/target:rw,Z" "-v" "/var/lib/crater-agent-workspace/builds/worker-2-tc1/source:/opt/rustwide/workdir:ro,Z" "-v" "/var/lib/crater-agent-workspace/cargo-home:/opt/rustwide/cargo-home:ro,Z" "-v" "/var/lib/crater-agent-workspace/rustup-home:/opt/rustwide/rustup-home:ro,Z" "-e" "SOURCE_DIR=/opt/rustwide/workdir" "-e" "CARGO_TARGET_DIR=/opt/rustwide/target" "-e" "CARGO_INCREMENTAL=0" "-e" "RUST_BACKTRACE=full" "-e" "RUSTFLAGS=--cap-lints=forbid" "-e" "RUSTDOCFLAGS=--cap-lints=forbid" "-e" "CARGO_HOME=/opt/rustwide/cargo-home" "-e" "RUSTUP_HOME=/opt/rustwide/rustup-home" "-w" "/opt/rustwide/workdir" "-m" "1610612736" "--user" "0:0" "--network" "none" "ghcr.io/rust-lang/crates-build-env/linux@sha256:4a844ea9eb2546a2d2c7022eacef16ef2e8229c7fbb2c7d4d55a9ceca922f72d" "/opt/rustwide/cargo-home/bin/cargo" "+nightly-2024-10-28" "build" "--frozen" "--message-format=json", kill_on_drop: false }`
[INFO] [stdout] f046d76c107290fd611a8a2735bf74bb75a9d2381fd62602329b3baf3242853b
[INFO] running `Command { std: "docker" "start" "-a" "f046d76c107290fd611a8a2735bf74bb75a9d2381fd62602329b3baf3242853b", kill_on_drop: false }`
[INFO] [stderr]    Compiling libc v0.2.161
[INFO] [stderr]    Compiling siphasher v0.3.11
[INFO] [stderr]    Compiling rand_core v0.6.4
[INFO] [stderr]    Compiling byteorder v1.5.0
[INFO] [stderr]    Compiling libm v0.2.11
[INFO] [stderr]    Compiling crossbeam-utils v0.8.20
[INFO] [stderr]    Compiling signal-hook v0.3.17
[INFO] [stderr]    Compiling either v1.13.0
[INFO] [stderr]    Compiling bitflags v2.6.0
[INFO] [stderr]    Compiling log v0.4.22
[INFO] [stderr]    Compiling rustix v0.38.38
[INFO] [stderr]    Compiling cfg_aliases v0.1.1
[INFO] [stderr]    Compiling rustversion v1.0.18
[INFO] [stderr]    Compiling syn v2.0.86
[INFO] [stderr]    Compiling linux-raw-sys v0.4.14
[INFO] [stderr]    Compiling minimal-lexical v0.2.1
[INFO] [stderr]    Compiling nix v0.28.0
[INFO] [stderr]    Compiling phf_shared v0.11.2
[INFO] [stderr]    Compiling rand v0.8.5
[INFO] [stderr]    Compiling unicode-width v0.1.14
[INFO] [stderr]    Compiling serde v1.0.214
[INFO] [stderr]    Compiling rayon-core v1.12.1
[INFO] [stderr]    Compiling nom v7.1.3
[INFO] [stderr]    Compiling matrixmultiply v0.3.9
[INFO] [stderr]    Compiling home v0.5.9
[INFO] [stderr]    Compiling phf v0.11.2
[INFO] [stderr]    Compiling unicode-segmentation v1.12.0
[INFO] [stderr]    Compiling fuzzy-matcher v0.3.7
[INFO] [stderr]    Compiling fxhash v0.2.1
[INFO] [stderr]    Compiling heck v0.5.0
[INFO] [stderr]    Compiling dyn-clone v1.0.17
[INFO] [stderr]    Compiling rawpointer v0.2.1
[INFO] [stderr]    Compiling number_prefix v0.4.0
[INFO] [stderr]    Compiling colored v2.1.0
[INFO] [stderr]    Compiling itertools v0.13.0
[INFO] [stderr]    Compiling crossbeam-epoch v0.9.18
[INFO] [stderr]    Compiling phf_generator v0.11.2
[INFO] [stderr]    Compiling phf_codegen v0.11.2
[INFO] [stderr]    Compiling num-traits v0.2.19
[INFO] [stderr]    Compiling terminfo v0.8.0
[INFO] [stderr]    Compiling newline-converter v0.3.0
[INFO] [stderr]    Compiling crossbeam-deque v0.8.5
[INFO] [stderr]    Compiling rayon v1.10.0
[INFO] [stderr]    Compiling num-complex v0.4.6
[INFO] [stderr]    Compiling num-integer v0.1.46
[INFO] [stderr]    Compiling signal-hook-registry v1.4.2
[INFO] [stderr]    Compiling dirs-sys v0.3.7
[INFO] [stderr]    Compiling mio v0.8.11
[INFO] [stderr]    Compiling getrandom v0.2.15
[INFO] [stderr]    Compiling parking_lot_core v0.9.10
[INFO] [stderr]    Compiling cblas-sys v0.1.4
[INFO] [stderr]    Compiling console v0.15.8
[INFO] [stderr]    Compiling parking_lot v0.12.3
[INFO] [stderr]    Compiling dirs v4.0.0
[INFO] [stderr]    Compiling which v6.0.3
[INFO] [stderr]    Compiling signal-hook-mio v0.2.4
[INFO] [stderr]    Compiling crossterm v0.25.0
[INFO] [stderr]    Compiling inquire v0.7.5
[INFO] [stderr]    Compiling zerocopy-derive v0.7.35
[INFO] [stderr]    Compiling thiserror-impl v1.0.66
[INFO] [stderr]    Compiling serde_derive v1.0.214
[INFO] [stderr]    Compiling strum_macros v0.26.4
[INFO] [stderr]    Compiling profiling-procmacros v1.0.16
[INFO] [stderr]    Compiling indicatif v0.17.8
[INFO] [stderr]    Compiling profiling v1.0.16
[INFO] [stderr]    Compiling zerocopy v0.7.35
[INFO] [stderr]    Compiling thiserror v1.0.66
[INFO] [stderr]    Compiling ppv-lite86 v0.2.20
[INFO] [stderr]    Compiling clearscreen v3.0.0
[INFO] [stderr]    Compiling strum v0.26.3
[INFO] [stderr]    Compiling astrolib v0.1.6
[INFO] [stderr]    Compiling rand_chacha v0.3.1
[INFO] [stderr]    Compiling rand_distr v0.4.3
[INFO] [stderr]    Compiling ndarray v0.16.1
[INFO] [stderr]    Compiling serde_json v1.0.132
[INFO] [stderr]    Compiling astrai v2.2.0 (/opt/rustwide/workdir)
[INFO] [stderr]     Finished `dev` profile [unoptimized + debuginfo] target(s) in 13.06s
[INFO] running `Command { std: "docker" "inspect" "f046d76c107290fd611a8a2735bf74bb75a9d2381fd62602329b3baf3242853b", kill_on_drop: false }`
[INFO] running `Command { std: "docker" "rm" "-f" "f046d76c107290fd611a8a2735bf74bb75a9d2381fd62602329b3baf3242853b", kill_on_drop: false }`
[INFO] [stdout] f046d76c107290fd611a8a2735bf74bb75a9d2381fd62602329b3baf3242853b
[INFO] running `Command { std: "docker" "create" "-v" "/var/lib/crater-agent-workspace/builds/worker-2-tc1/target:/opt/rustwide/target:rw,Z" "-v" "/var/lib/crater-agent-workspace/builds/worker-2-tc1/source:/opt/rustwide/workdir:ro,Z" "-v" "/var/lib/crater-agent-workspace/cargo-home:/opt/rustwide/cargo-home:ro,Z" "-v" "/var/lib/crater-agent-workspace/rustup-home:/opt/rustwide/rustup-home:ro,Z" "-e" "SOURCE_DIR=/opt/rustwide/workdir" "-e" "CARGO_TARGET_DIR=/opt/rustwide/target" "-e" "CARGO_INCREMENTAL=0" "-e" "RUST_BACKTRACE=full" "-e" "RUSTFLAGS=--cap-lints=forbid" "-e" "RUSTDOCFLAGS=--cap-lints=forbid" "-e" "CARGO_HOME=/opt/rustwide/cargo-home" "-e" "RUSTUP_HOME=/opt/rustwide/rustup-home" "-w" "/opt/rustwide/workdir" "-m" "1610612736" "--user" "0:0" "--network" "none" "ghcr.io/rust-lang/crates-build-env/linux@sha256:4a844ea9eb2546a2d2c7022eacef16ef2e8229c7fbb2c7d4d55a9ceca922f72d" "/opt/rustwide/cargo-home/bin/cargo" "+nightly-2024-10-28" "test" "--frozen" "--no-run" "--message-format=json", kill_on_drop: false }`
[INFO] [stdout] 6b126986264bb91b7637818b5e10439de1cd463d85b49364d4a9f936ccc35ba6
[INFO] running `Command { std: "docker" "start" "-a" "6b126986264bb91b7637818b5e10439de1cd463d85b49364d4a9f936ccc35ba6", kill_on_drop: false }`
[INFO] [stderr]    Compiling num-traits v0.2.19
[INFO] [stderr]    Compiling half v2.4.1
[INFO] [stderr]    Compiling ciborium-io v0.2.2
[INFO] [stderr]    Compiling regex-syntax v0.8.5
[INFO] [stderr]    Compiling anstyle v1.0.9
[INFO] [stderr]    Compiling plotters-backend v0.3.7
[INFO] [stderr]    Compiling clap_lex v0.7.2
[INFO] [stderr]    Compiling itertools v0.10.5
[INFO] [stderr]    Compiling cast v0.3.0
[INFO] [stderr]    Compiling walkdir v2.5.0
[INFO] [stderr]    Compiling tinytemplate v1.2.1
[INFO] [stderr]    Compiling is-terminal v0.4.13
[INFO] [stderr]    Compiling anes v0.1.6
[INFO] [stderr]    Compiling oorandom v11.1.4
[INFO] [stderr]    Compiling blas-src v0.10.0
[INFO] [stderr]    Compiling clap_builder v4.5.20
[INFO] [stderr]    Compiling plotters-svg v0.3.7
[INFO] [stderr]    Compiling ciborium-ll v0.2.2
[INFO] [stderr]    Compiling ciborium v0.2.2
[INFO] [stderr]    Compiling num-complex v0.4.6
[INFO] [stderr]    Compiling num-integer v0.1.46
[INFO] [stderr]    Compiling rand_distr v0.4.3
[INFO] [stderr]    Compiling plotters v0.3.7
[INFO] [stderr]    Compiling regex-automata v0.4.8
[INFO] [stderr]    Compiling ndarray v0.16.1
[INFO] [stderr]    Compiling criterion-plot v0.5.0
[INFO] [stderr]    Compiling clap v4.5.20
[INFO] [stderr]    Compiling regex v1.11.1
[INFO] [stderr]    Compiling criterion v0.5.1
[INFO] [stderr]    Compiling astrai v2.2.0 (/opt/rustwide/workdir)
[INFO] [stdout] error: linking with `cc` failed: exit status: 1
[INFO] [stdout]   |
[INFO] [stdout]   = note: LC_ALL="C" PATH="/opt/rustwide/rustup-home/toolchains/nightly-2024-10-28-x86_64-unknown-linux-gnu/lib/rustlib/x86_64-unknown-linux-gnu/bin:/opt/rustwide/rustup-home/toolchains/nightly-2024-10-28-x86_64-unknown-linux-gnu/lib/rustlib/x86_64-unknown-linux-gnu/bin/self-contained:/opt/rustwide/cargo-home/bin:/usr/local/sbin:/usr/local/bin:/usr/sbin:/usr/bin:/sbin:/bin" VSLANG="1033" "cc" "-m64" "/tmp/rustcJqH8Tr/symbols.o" "/opt/rustwide/target/debug/deps/astrai-82719a48769fcf0c.astrai.5ad9bdc7e960d5f2-cgu.0.rcgu.o" "/opt/rustwide/target/debug/deps/astrai-82719a48769fcf0c.astrai.5ad9bdc7e960d5f2-cgu.1.rcgu.o" "/opt/rustwide/target/debug/deps/astrai-82719a48769fcf0c.astrai.5ad9bdc7e960d5f2-cgu.2.rcgu.o" "/opt/rustwide/target/debug/deps/astrai-82719a48769fcf0c.astrai.5ad9bdc7e960d5f2-cgu.3.rcgu.o" "/opt/rustwide/target/debug/deps/astrai-82719a48769fcf0c.astrai.5ad9bdc7e960d5f2-cgu.4.rcgu.o" "/opt/rustwide/target/debug/deps/astrai-82719a48769fcf0c.astrai.5ad9bdc7e960d5f2-cgu.5.rcgu.o" "/opt/rustwide/target/debug/deps/astrai-82719a48769fcf0c.astrai.5ad9bdc7e960d5f2-cgu.6.rcgu.o" "/opt/rustwide/target/debug/deps/astrai-82719a48769fcf0c.astrai.5ad9bdc7e960d5f2-cgu.7.rcgu.o" "/opt/rustwide/target/debug/deps/astrai-82719a48769fcf0c.dh1pnzx6tlp2v9j3ofbbxwoe0.rcgu.o" "-Wl,--as-needed" "-Wl,-Bstatic" "/opt/rustwide/target/debug/deps/libserde_json-dfb69998bffc8d26.rlib" "/opt/rustwide/target/debug/deps/libitoa-add5260810035b6e.rlib" "/opt/rustwide/target/debug/deps/libryu-2ae7af5af0bb88e0.rlib" "/opt/rustwide/target/debug/deps/libstrum-77b30d6bead6b5a1.rlib" "/opt/rustwide/target/debug/deps/libprofiling-b3ecd99744bb29d0.rlib" "/opt/rustwide/rustup-home/toolchains/nightly-2024-10-28-x86_64-unknown-linux-gnu/lib/rustlib/x86_64-unknown-linux-gnu/lib/libtest-a09fad3b5321e7d6.rlib" "/opt/rustwide/rustup-home/toolchains/nightly-2024-10-28-x86_64-unknown-linux-gnu/lib/rustlib/x86_64-unknown-linux-gnu/lib/libgetopts-f9c3dff41ad42661.rlib" "/opt/rustwide/rustup-home/toolchains/nightly-2024-10-28-x86_64-unknown-linux-gnu/lib/rustlib/x86_64-unknown-linux-gnu/lib/libunicode_width-ad2aef31af6addd3.rlib" "/opt/rustwide/rustup-home/toolchains/nightly-2024-10-28-x86_64-unknown-linux-gnu/lib/rustlib/x86_64-unknown-linux-gnu/lib/librustc_std_workspace_std-e3f907dc03deb913.rlib" "/opt/rustwide/target/debug/deps/libndarray-1c274c713bcd2c33.rlib" "/opt/rustwide/target/debug/deps/libmatrixmultiply-24d2e6dc4e19cd54.rlib" "/opt/rustwide/target/debug/deps/libnum_complex-313cdf67fc790f6e.rlib" "/opt/rustwide/target/debug/deps/libnum_integer-32b389a665a6ee52.rlib" "/opt/rustwide/target/debug/deps/librawpointer-9a82b3d0237eca24.rlib" "/opt/rustwide/target/debug/deps/libcblas_sys-c652899f01298cd9.rlib" "/opt/rustwide/target/debug/deps/libserde-ec4fdd022dcc2132.rlib" "/opt/rustwide/target/debug/deps/librand_distr-63e93816340f7d4b.rlib" "/opt/rustwide/target/debug/deps/libnum_traits-81eb09d354fc8f28.rlib" "/opt/rustwide/target/debug/deps/librand-0ad7bf64706fe758.rlib" "/opt/rustwide/target/debug/deps/librand_chacha-ff68c94d60e63168.rlib" "/opt/rustwide/target/debug/deps/libppv_lite86-1366a1edbafb3686.rlib" "/opt/rustwide/target/debug/deps/libzerocopy-7708f935d7200888.rlib" "/opt/rustwide/target/debug/deps/librand_core-cba305c51097e260.rlib" "/opt/rustwide/target/debug/deps/libgetrandom-9a17fb66a373cb5d.rlib" "/opt/rustwide/target/debug/deps/libcolored-d8112ef6daf611d6.rlib" "/opt/rustwide/target/debug/deps/liblazy_static-7af2f34f8b124b26.rlib" "/opt/rustwide/target/debug/deps/libastrolib-03a84461a4f42406.rlib" "/opt/rustwide/target/debug/deps/libclearscreen-fb5a641c01e8aa85.rlib" "/opt/rustwide/target/debug/deps/libnix-7c0b5a310d5f7579.rlib" "/opt/rustwide/target/debug/deps/libwhich-4450b5fafb502a04.rlib" "/opt/rustwide/target/debug/deps/libhome-851362b92a3a2561.rlib" "/opt/rustwide/target/debug/deps/libeither-1262fa0ff94c8630.rlib" "/opt/rustwide/target/debug/deps/librustix-e3de41f871ccdf70.rlib" "/opt/rustwide/target/debug/deps/liblinux_raw_sys-b77fbec2cd3ef233.rlib" "/opt/rustwide/target/debug/deps/libthiserror-5ba6625fae222d45.rlib" "/opt/rustwide/target/debug/deps/libterminfo-b7b183aa559a8064.rlib" "/opt/rustwide/target/debug/deps/libdirs-11ee6449a86dfa7e.rlib" "/opt/rustwide/target/debug/deps/libdirs_sys-195b7eb4761e38ba.rlib" "/opt/rustwide/target/debug/deps/libphf-c4c904ad0247671b.rlib" "/opt/rustwide/target/debug/deps/libphf_shared-3139ebb76337ac77.rlib" "/opt/rustwide/target/debug/deps/libsiphasher-b9c790f685f59773.rlib" "/opt/rustwide/target/debug/deps/libnom-812f7336c3a74359.rlib" "/opt/rustwide/target/debug/deps/libmemchr-34eb650b64c0b1fd.rlib" "/opt/rustwide/target/debug/deps/libfnv-574dedeaa4c89e1d.rlib" "/opt/rustwide/target/debug/deps/libinquire-4a3ac055c58a57b6.rlib" "/opt/rustwide/target/debug/deps/libunicode_width-496d455ef4b56198.rlib" "/opt/rustwide/target/debug/deps/libfxhash-e34bdadb6594be69.rlib" "/opt/rustwide/target/debug/deps/libbyteorder-921e9eb05e03d6ac.rlib" "/opt/rustwide/target/debug/deps/libbitflags-2a54fc7d8f815a15.rlib" "/opt/rustwide/target/debug/deps/libcrossterm-38c4add262e098a8.rlib" "/opt/rustwide/target/debug/deps/libsignal_hook_mio-5c9c62b1297f5244.rlib" "/opt/rustwide/target/debug/deps/libsignal_hook-862c43c1f8c8276b.rlib" "/opt/rustwide/target/debug/deps/libsignal_hook_registry-f4b0f12f99c30704.rlib" "/opt/rustwide/target/debug/deps/libmio-88b67523bbb1d674.rlib" "/opt/rustwide/target/debug/deps/liblog-b6b1a89bf87ced53.rlib" "/opt/rustwide/target/debug/deps/libparking_lot-09b7a4a9b5951eeb.rlib" "/opt/rustwide/target/debug/deps/libparking_lot_core-a109529253807ce3.rlib" "/opt/rustwide/target/debug/deps/liblibc-cf06f29c0a4f6ede.rlib" "/opt/rustwide/target/debug/deps/libsmallvec-756ee87804f0eec5.rlib" "/opt/rustwide/target/debug/deps/liblock_api-e2cb0d427dfba242.rlib" "/opt/rustwide/target/debug/deps/libscopeguard-003ee3b9b09cebdb.rlib" "/opt/rustwide/target/debug/deps/libbitflags-560efdb99b117eef.rlib" "/opt/rustwide/target/debug/deps/libfuzzy_matcher-4926297ad44b156b.rlib" "/opt/rustwide/target/debug/deps/libthread_local-cd16fe5a28833775.rlib" "/opt/rustwide/target/debug/deps/libcfg_if-57bf25c23e31efdb.rlib" "/opt/rustwide/target/debug/deps/libunicode_segmentation-706a662b6285a9e1.rlib" "/opt/rustwide/target/debug/deps/libonce_cell-6dc575c335e8f5a1.rlib" "/opt/rustwide/target/debug/deps/libdyn_clone-199529a542abdc70.rlib" "/opt/rustwide/target/debug/deps/libblas_src-b51f0f65aa95d4da.rlib" "/opt/rustwide/rustup-home/toolchains/nightly-2024-10-28-x86_64-unknown-linux-gnu/lib/rustlib/x86_64-unknown-linux-gnu/lib/libstd-fb8c387236db3c10.rlib" "/opt/rustwide/rustup-home/toolchains/nightly-2024-10-28-x86_64-unknown-linux-gnu/lib/rustlib/x86_64-unknown-linux-gnu/lib/libpanic_unwind-b251837809b2f64b.rlib" "/opt/rustwide/rustup-home/toolchains/nightly-2024-10-28-x86_64-unknown-linux-gnu/lib/rustlib/x86_64-unknown-linux-gnu/lib/libobject-cbef83eaa4e01f04.rlib" "/opt/rustwide/rustup-home/toolchains/nightly-2024-10-28-x86_64-unknown-linux-gnu/lib/rustlib/x86_64-unknown-linux-gnu/lib/libmemchr-12a772286de2fca7.rlib" "/opt/rustwide/rustup-home/toolchains/nightly-2024-10-28-x86_64-unknown-linux-gnu/lib/rustlib/x86_64-unknown-linux-gnu/lib/libaddr2line-023bbe5ada7abfc3.rlib" "/opt/rustwide/rustup-home/toolchains/nightly-2024-10-28-x86_64-unknown-linux-gnu/lib/rustlib/x86_64-unknown-linux-gnu/lib/libgimli-de2bcdf10ec69c2b.rlib" "/opt/rustwide/rustup-home/toolchains/nightly-2024-10-28-x86_64-unknown-linux-gnu/lib/rustlib/x86_64-unknown-linux-gnu/lib/librustc_demangle-8e1754df350800fd.rlib" "/opt/rustwide/rustup-home/toolchains/nightly-2024-10-28-x86_64-unknown-linux-gnu/lib/rustlib/x86_64-unknown-linux-gnu/lib/libstd_detect-06c2ab7b9c32e037.rlib" "/opt/rustwide/rustup-home/toolchains/nightly-2024-10-28-x86_64-unknown-linux-gnu/lib/rustlib/x86_64-unknown-linux-gnu/lib/libhashbrown-51d2621fc57a281b.rlib" "/opt/rustwide/rustup-home/toolchains/nightly-2024-10-28-x86_64-unknown-linux-gnu/lib/rustlib/x86_64-unknown-linux-gnu/lib/librustc_std_workspace_alloc-54a930408793772f.rlib" "/opt/rustwide/rustup-home/toolchains/nightly-2024-10-28-x86_64-unknown-linux-gnu/lib/rustlib/x86_64-unknown-linux-gnu/lib/libminiz_oxide-0c7d01cba400dcb2.rlib" "/opt/rustwide/rustup-home/toolchains/nightly-2024-10-28-x86_64-unknown-linux-gnu/lib/rustlib/x86_64-unknown-linux-gnu/lib/libadler-b9f84d69e331b75b.rlib" "/opt/rustwide/rustup-home/toolchains/nightly-2024-10-28-x86_64-unknown-linux-gnu/lib/rustlib/x86_64-unknown-linux-gnu/lib/libunwind-eec95493246aae39.rlib" "/opt/rustwide/rustup-home/toolchains/nightly-2024-10-28-x86_64-unknown-linux-gnu/lib/rustlib/x86_64-unknown-linux-gnu/lib/libcfg_if-6f6676c475e08ab0.rlib" "/opt/rustwide/rustup-home/toolchains/nightly-2024-10-28-x86_64-unknown-linux-gnu/lib/rustlib/x86_64-unknown-linux-gnu/lib/liblibc-799d520624f8b2e0.rlib" "/opt/rustwide/rustup-home/toolchains/nightly-2024-10-28-x86_64-unknown-linux-gnu/lib/rustlib/x86_64-unknown-linux-gnu/lib/liballoc-fcf93d4842acd9a9.rlib" "/opt/rustwide/rustup-home/toolchains/nightly-2024-10-28-x86_64-unknown-linux-gnu/lib/rustlib/x86_64-unknown-linux-gnu/lib/librustc_std_workspace_core-395a38b8e0851c9b.rlib" "/opt/rustwide/rustup-home/toolchains/nightly-2024-10-28-x86_64-unknown-linux-gnu/lib/rustlib/x86_64-unknown-linux-gnu/lib/libcore-d453bab70303062c.rlib" "/opt/rustwide/rustup-home/toolchains/nightly-2024-10-28-x86_64-unknown-linux-gnu/lib/rustlib/x86_64-unknown-linux-gnu/lib/libcompiler_builtins-0e6386368b0a24e8.rlib" "-Wl,-Bdynamic" "-lgcc_s" "-lutil" "-lrt" "-lpthread" "-lm" "-ldl" "-lc" "-B/opt/rustwide/rustup-home/toolchains/nightly-2024-10-28-x86_64-unknown-linux-gnu/lib/rustlib/x86_64-unknown-linux-gnu/bin/gcc-ld" "-fuse-ld=lld" "-Wl,--eh-frame-hdr" "-Wl,-z,noexecstack" "-L" "/opt/rustwide/rustup-home/toolchains/nightly-2024-10-28-x86_64-unknown-linux-gnu/lib/rustlib/x86_64-unknown-linux-gnu/lib" "-o" "/opt/rustwide/target/debug/deps/astrai-82719a48769fcf0c" "-Wl,--gc-sections" "-pie" "-Wl,-z,relro,-z,now" "-nodefaultlibs"
[INFO] [stdout]   = note: rust-lld: error: undefined symbol: cblas_sgemv
[INFO] [stdout]           >>> referenced by impl_linalg.rs:680 (/opt/rustwide/cargo-home/registry/src/index.crates.io-6f17d22bba15001f/ndarray-0.16.1/src/linalg/impl_linalg.rs:680)
[INFO] [stdout]           >>>               /opt/rustwide/target/debug/deps/astrai-82719a48769fcf0c.astrai.5ad9bdc7e960d5f2-cgu.5.rcgu.o:(ndarray::linalg::impl_linalg::general_mat_vec_mul_impl::hc8e44e09f4a2800e)
[INFO] [stdout]           
[INFO] [stdout]           rust-lld: error: undefined symbol: cblas_dgemv
[INFO] [stdout]           >>> referenced by impl_linalg.rs:680 (/opt/rustwide/cargo-home/registry/src/index.crates.io-6f17d22bba15001f/ndarray-0.16.1/src/linalg/impl_linalg.rs:680)
[INFO] [stdout]           >>>               /opt/rustwide/target/debug/deps/astrai-82719a48769fcf0c.astrai.5ad9bdc7e960d5f2-cgu.5.rcgu.o:(ndarray::linalg::impl_linalg::general_mat_vec_mul_impl::hc8e44e09f4a2800e)
[INFO] [stdout]           
[INFO] [stdout]           rust-lld: error: undefined symbol: cblas_ddot
[INFO] [stdout]           >>> referenced by impl_linalg.rs:118 (/opt/rustwide/cargo-home/registry/src/index.crates.io-6f17d22bba15001f/ndarray-0.16.1/src/linalg/impl_linalg.rs:118)
[INFO] [stdout]           >>>               /opt/rustwide/target/debug/deps/astrai-82719a48769fcf0c.astrai.5ad9bdc7e960d5f2-cgu.0.rcgu.o:(ndarray::linalg::impl_linalg::_$LT$impl$u20$ndarray..ArrayBase$LT$S$C$ndarray..dimension..dim..Dim$LT$$u5b$usize$u3b$$u20$1$u5d$$GT$$GT$$GT$::dot_impl::h8d0f3644b61df861)
[INFO] [stdout]           
[INFO] [stdout]           rust-lld: error: undefined symbol: cblas_sdot
[INFO] [stdout]           >>> referenced by impl_linalg.rs:118 (/opt/rustwide/cargo-home/registry/src/index.crates.io-6f17d22bba15001f/ndarray-0.16.1/src/linalg/impl_linalg.rs:118)
[INFO] [stdout]           >>>               /opt/rustwide/target/debug/deps/astrai-82719a48769fcf0c.astrai.5ad9bdc7e960d5f2-cgu.0.rcgu.o:(ndarray::linalg::impl_linalg::_$LT$impl$u20$ndarray..ArrayBase$LT$S$C$ndarray..dimension..dim..Dim$LT$$u5b$usize$u3b$$u20$1$u5d$$GT$$GT$$GT$::dot_impl::h8d0f3644b61df861)
[INFO] [stdout]           collect2: error: ld returned 1 exit status
[INFO] [stdout]           
[INFO] [stdout] 
[INFO] [stdout] 
[INFO] [stderr] error: could not compile `astrai` (lib test) due to 1 previous error
[INFO] running `Command { std: "docker" "inspect" "6b126986264bb91b7637818b5e10439de1cd463d85b49364d4a9f936ccc35ba6", kill_on_drop: false }`
[INFO] running `Command { std: "docker" "rm" "-f" "6b126986264bb91b7637818b5e10439de1cd463d85b49364d4a9f936ccc35ba6", kill_on_drop: false }`
[INFO] [stdout] 6b126986264bb91b7637818b5e10439de1cd463d85b49364d4a9f936ccc35ba6
