[INFO] fetching crate asimov 0.1.8...
[INFO] testing asimov-0.1.8 against nightly-2024-10-28+rustflags=-Zrandomize-layout for randomize-layout
[INFO] extracting crate asimov 0.1.8 into /workspace/builds/worker-4-tc2/source
[INFO] validating manifest of crates.io crate asimov 0.1.8 on toolchain nightly-2024-10-28
[INFO] running `Command { std: CARGO_HOME="/workspace/cargo-home" RUSTUP_HOME="/workspace/rustup-home" "/workspace/cargo-home/bin/cargo" "+nightly-2024-10-28" "metadata" "--manifest-path" "Cargo.toml" "--no-deps", kill_on_drop: false }`
[INFO] started tweaking crates.io crate asimov 0.1.8
[INFO] removed 0 missing examples
[INFO] finished tweaking crates.io crate asimov 0.1.8
[INFO] tweaked toml for crates.io crate asimov 0.1.8 written to /workspace/builds/worker-4-tc2/source/Cargo.toml
[INFO] crate crates.io crate asimov 0.1.8 already has a lockfile, it will not be regenerated
[INFO] running `Command { std: CARGO_HOME="/workspace/cargo-home" RUSTUP_HOME="/workspace/rustup-home" "/workspace/cargo-home/bin/cargo" "+nightly-2024-10-28" "fetch" "--manifest-path" "Cargo.toml", kill_on_drop: false }`
[INFO] running `Command { std: "docker" "create" "-v" "/var/lib/crater-agent-workspace/builds/worker-4-tc2/target:/opt/rustwide/target:rw,Z" "-v" "/var/lib/crater-agent-workspace/builds/worker-4-tc2/source:/opt/rustwide/workdir:ro,Z" "-v" "/var/lib/crater-agent-workspace/cargo-home:/opt/rustwide/cargo-home:ro,Z" "-v" "/var/lib/crater-agent-workspace/rustup-home:/opt/rustwide/rustup-home:ro,Z" "-e" "SOURCE_DIR=/opt/rustwide/workdir" "-e" "CARGO_TARGET_DIR=/opt/rustwide/target" "-e" "CARGO_HOME=/opt/rustwide/cargo-home" "-e" "RUSTUP_HOME=/opt/rustwide/rustup-home" "-w" "/opt/rustwide/workdir" "-m" "1610612736" "--user" "0:0" "--network" "none" "ghcr.io/rust-lang/crates-build-env/linux@sha256:4a844ea9eb2546a2d2c7022eacef16ef2e8229c7fbb2c7d4d55a9ceca922f72d" "/opt/rustwide/cargo-home/bin/cargo" "+nightly-2024-10-28" "metadata" "--no-deps" "--format-version=1", kill_on_drop: false }`
[INFO] [stdout] 0862aa5b4ad20ddcf50b312a5b5dd4a610db7802938bd539b97c5c5788d5ed88
[INFO] running `Command { std: "docker" "start" "-a" "0862aa5b4ad20ddcf50b312a5b5dd4a610db7802938bd539b97c5c5788d5ed88", kill_on_drop: false }`
[INFO] running `Command { std: "docker" "inspect" "0862aa5b4ad20ddcf50b312a5b5dd4a610db7802938bd539b97c5c5788d5ed88", kill_on_drop: false }`
[INFO] running `Command { std: "docker" "rm" "-f" "0862aa5b4ad20ddcf50b312a5b5dd4a610db7802938bd539b97c5c5788d5ed88", kill_on_drop: false }`
[INFO] [stdout] 0862aa5b4ad20ddcf50b312a5b5dd4a610db7802938bd539b97c5c5788d5ed88
[INFO] running `Command { std: "docker" "create" "-v" "/var/lib/crater-agent-workspace/builds/worker-4-tc2/target:/opt/rustwide/target:rw,Z" "-v" "/var/lib/crater-agent-workspace/builds/worker-4-tc2/source:/opt/rustwide/workdir:ro,Z" "-v" "/var/lib/crater-agent-workspace/cargo-home:/opt/rustwide/cargo-home:ro,Z" "-v" "/var/lib/crater-agent-workspace/rustup-home:/opt/rustwide/rustup-home:ro,Z" "-e" "SOURCE_DIR=/opt/rustwide/workdir" "-e" "CARGO_TARGET_DIR=/opt/rustwide/target" "-e" "CARGO_INCREMENTAL=0" "-e" "RUST_BACKTRACE=full" "-e" "RUSTFLAGS=--cap-lints=forbid -Zrandomize-layout" "-e" "RUSTDOCFLAGS=--cap-lints=forbid" "-e" "CARGO_HOME=/opt/rustwide/cargo-home" "-e" "RUSTUP_HOME=/opt/rustwide/rustup-home" "-w" "/opt/rustwide/workdir" "-m" "1610612736" "--user" "0:0" "--network" "none" "ghcr.io/rust-lang/crates-build-env/linux@sha256:4a844ea9eb2546a2d2c7022eacef16ef2e8229c7fbb2c7d4d55a9ceca922f72d" "/opt/rustwide/cargo-home/bin/cargo" "+nightly-2024-10-28" "build" "--frozen" "--message-format=json", kill_on_drop: false }`
[INFO] [stdout] 115498e102a47a5fb8ec07845a74bb437214a4e61049bbb19ac7f3eb93ed4aeb
[INFO] running `Command { std: "docker" "start" "-a" "115498e102a47a5fb8ec07845a74bb437214a4e61049bbb19ac7f3eb93ed4aeb", kill_on_drop: false }`
[INFO] [stderr]    Compiling proc-macro2 v1.0.81
[INFO] [stderr]    Compiling memchr v2.7.1
[INFO] [stderr]    Compiling libc v0.2.153
[INFO] [stderr]    Compiling num-traits v0.2.18
[INFO] [stderr]    Compiling serde v1.0.197
[INFO] [stderr]    Compiling regex-syntax v0.8.2
[INFO] [stderr]    Compiling phf_shared v0.11.2
[INFO] [stderr]    Compiling rand_core v0.6.4
[INFO] [stderr]    Compiling thiserror v1.0.58
[INFO] [stderr]    Compiling rand v0.8.5
[INFO] [stderr]    Compiling fnv v1.0.7
[INFO] [stderr]    Compiling slab v0.4.9
[INFO] [stderr]    Compiling pin-project-lite v0.2.13
[INFO] [stderr]    Compiling quote v1.0.35
[INFO] [stderr]    Compiling syn v2.0.60
[INFO] [stderr]    Compiling aho-corasick v1.1.2
[INFO] [stderr]    Compiling phf_generator v0.11.2
[INFO] [stderr]    Compiling phf_codegen v0.11.2
[INFO] [stderr]    Compiling getrandom v0.2.12
[INFO] [stderr]    Compiling phf v0.11.2
[INFO] [stderr]    Compiling num-bigint v0.4.4
[INFO] [stderr]    Compiling serde_json v1.0.114
[INFO] [stderr]    Compiling ppv-lite86 v0.2.17
[INFO] [stderr]    Compiling ucd-trie v0.1.6
[INFO] [stderr]    Compiling num-integer v0.1.46
[INFO] [stderr]    Compiling regex-automata v0.4.6
[INFO] [stderr]    Compiling futures-sink v0.3.30
[INFO] [stderr]    Compiling rand_chacha v0.3.1
[INFO] [stderr]    Compiling futures-channel v0.3.30
[INFO] [stderr]    Compiling num-rational v0.4.1
[INFO] [stderr]    Compiling lock_api v0.4.11
[INFO] [stderr]    Compiling parking_lot_core v0.9.9
[INFO] [stderr]    Compiling unic-char-range v0.9.0
[INFO] [stderr]    Compiling itoa v1.0.10
[INFO] [stderr]    Compiling libm v0.2.8
[INFO] [stderr]    Compiling ryu v1.0.17
[INFO] [stderr]    Compiling hashbrown v0.14.3
[INFO] [stderr]    Compiling unic-common v0.9.0
[INFO] [stderr]    Compiling unic-ucd-version v0.9.0
[INFO] [stderr]    Compiling unic-char-property v0.9.0
[INFO] [stderr]    Compiling indexmap v2.2.5
[INFO] [stderr]    Compiling regex v1.10.3
[INFO] [stderr]    Compiling parse-zoneinfo v0.3.0
[INFO] [stderr]    Compiling anyhow v1.0.81
[INFO] [stderr]    Compiling smallvec v1.13.1
[INFO] [stderr]    Compiling chrono-tz-build v0.2.1
[INFO] [stderr]    Compiling bit-vec v0.6.3
[INFO] [stderr]    Compiling rustversion v1.0.14
[INFO] [stderr]    Compiling winnow v0.5.40
[INFO] [stderr]    Compiling darling_core v0.20.8
[INFO] [stderr]    Compiling toml_datetime v0.6.5
[INFO] [stderr]    Compiling chrono-tz v0.8.6
[INFO] [stderr]    Compiling bit-set v0.5.3
[INFO] [stderr]    Compiling chrono v0.4.38
[INFO] [stderr]    Compiling unic-ucd-segment v0.9.0
[INFO] [stderr]    Compiling bstr v1.9.1
[INFO] [stderr]    Compiling globset v0.4.14
[INFO] [stderr]    Compiling ignore v0.4.22
[INFO] [stderr]    Compiling toml_edit v0.21.1
[INFO] [stderr]    Compiling serde_derive v1.0.197
[INFO] [stderr]    Compiling thiserror-impl v1.0.58
[INFO] [stderr]    Compiling futures-macro v0.3.30
[INFO] [stderr]    Compiling tracing-attributes v0.1.27
[INFO] [stderr]    Compiling darling_macro v0.20.8
[INFO] [stderr]    Compiling futures-util v0.3.30
[INFO] [stderr]    Compiling darling v0.20.8
[INFO] [stderr]    Compiling pest v2.7.9
[INFO] [stderr]    Compiling derive_builder_core v0.20.0
[INFO] [stderr]    Compiling pin-project-internal v1.1.5
[INFO] [stderr]    Compiling num-iter v0.1.44
[INFO] [stderr]    Compiling num-complex v0.4.5
[INFO] [stderr]    Compiling either v1.10.0
[INFO] [stderr]    Compiling deunicode v1.4.4
[INFO] [stderr]    Compiling async-trait v0.1.77
[INFO] [stderr]    Compiling slug v0.1.5
[INFO] [stderr]    Compiling num v0.4.1
[INFO] [stderr]    Compiling globwalk v0.8.1
[INFO] [stderr]    Compiling rayon v1.10.0
[INFO] [stderr]    Compiling derive_builder_macro v0.20.0
[INFO] [stderr]    Compiling tracing v0.1.40
[INFO] [stderr]    Compiling proc-macro-crate v3.1.0
[INFO] [stderr]    Compiling humansize v2.1.3
[INFO] [stderr]    Compiling pin-project v1.1.5
[INFO] [stderr]    Compiling pest_meta v2.7.9
[INFO] [stderr]    Compiling typed-builder-macro v0.18.1
[INFO] [stderr]    Compiling async-stream-impl v0.3.5
[INFO] [stderr]    Compiling fancy-regex v0.12.0
[INFO] [stderr]    Compiling unic-segment v0.9.0
[INFO] [stderr]    Compiling parking_lot v0.12.1
[INFO] [stderr]    Compiling futures-executor v0.3.30
[INFO] [stderr]    Compiling pest_generator v2.7.9
[INFO] [stderr]    Compiling futures v0.3.30
[INFO] [stderr]    Compiling syn v1.0.109
[INFO] [stderr]    Compiling fixedbitset v0.4.2
[INFO] [stderr]    Compiling heck v0.4.1
[INFO] [stderr]    Compiling rustc-hash v1.1.0
[INFO] [stderr]    Compiling twox-hash v1.6.3
[INFO] [stderr]    Compiling typed-builder v0.18.1
[INFO] [stderr]    Compiling tiktoken-rs v0.5.8
[INFO] [stderr]    Compiling async-stream v0.3.5
[INFO] [stderr]    Compiling pest_derive v2.7.9
[INFO] [stderr]    Compiling strum_macros v0.26.2
[INFO] [stderr]    Compiling derive_builder v0.20.0
[INFO] [stderr]    Compiling repair_json v0.1.0
[INFO] [stderr]    Compiling strum v0.26.2
[INFO] [stderr]    Compiling derive_more v0.99.17
[INFO] [stderr]    Compiling bincode v1.3.3
[INFO] [stderr]    Compiling uuid v1.7.0
[INFO] [stderr]    Compiling hora v0.1.1
[INFO] [stderr]    Compiling json-stream v0.1.1
[INFO] [stderr]    Compiling tera v1.19.1
[INFO] [stderr]    Compiling asimov_derive v0.1.1
[INFO] [stderr]    Compiling asimov v0.1.8 (/opt/rustwide/workdir)
[INFO] [stdout] warning: unused import: `Deserialize`
[INFO] [stdout]  --> src/io/output.rs:7:35
[INFO] [stdout]   |
[INFO] [stdout] 7 | use serde::{de::DeserializeOwned, Deserialize, Serialize};
[INFO] [stdout]   |                                   ^^^^^^^^^^^
[INFO] [stdout]   |
[INFO] [stdout]   = note: `#[warn(unused_imports)]` on by default
[INFO] [stdout] 
[INFO] [stdout] 
[INFO] [stdout] warning: unused import: `output::*`
[INFO] [stdout]  --> src/io/mod.rs:5:9
[INFO] [stdout]   |
[INFO] [stdout] 5 | pub use output::*;
[INFO] [stdout]   |         ^^^^^^^^^
[INFO] [stdout] 
[INFO] [stdout] 
[INFO] [stderr]     Finished `dev` profile [unoptimized + debuginfo] target(s) in 36.38s
[INFO] running `Command { std: "docker" "inspect" "115498e102a47a5fb8ec07845a74bb437214a4e61049bbb19ac7f3eb93ed4aeb", kill_on_drop: false }`
[INFO] running `Command { std: "docker" "rm" "-f" "115498e102a47a5fb8ec07845a74bb437214a4e61049bbb19ac7f3eb93ed4aeb", kill_on_drop: false }`
[INFO] [stdout] 115498e102a47a5fb8ec07845a74bb437214a4e61049bbb19ac7f3eb93ed4aeb
[INFO] running `Command { std: "docker" "create" "-v" "/var/lib/crater-agent-workspace/builds/worker-4-tc2/target:/opt/rustwide/target:rw,Z" "-v" "/var/lib/crater-agent-workspace/builds/worker-4-tc2/source:/opt/rustwide/workdir:ro,Z" "-v" "/var/lib/crater-agent-workspace/cargo-home:/opt/rustwide/cargo-home:ro,Z" "-v" "/var/lib/crater-agent-workspace/rustup-home:/opt/rustwide/rustup-home:ro,Z" "-e" "SOURCE_DIR=/opt/rustwide/workdir" "-e" "CARGO_TARGET_DIR=/opt/rustwide/target" "-e" "CARGO_INCREMENTAL=0" "-e" "RUST_BACKTRACE=full" "-e" "RUSTFLAGS=--cap-lints=forbid -Zrandomize-layout" "-e" "RUSTDOCFLAGS=--cap-lints=forbid" "-e" "CARGO_HOME=/opt/rustwide/cargo-home" "-e" "RUSTUP_HOME=/opt/rustwide/rustup-home" "-w" "/opt/rustwide/workdir" "-m" "1610612736" "--user" "0:0" "--network" "none" "ghcr.io/rust-lang/crates-build-env/linux@sha256:4a844ea9eb2546a2d2c7022eacef16ef2e8229c7fbb2c7d4d55a9ceca922f72d" "/opt/rustwide/cargo-home/bin/cargo" "+nightly-2024-10-28" "test" "--frozen" "--no-run" "--message-format=json", kill_on_drop: false }`
[INFO] [stdout] bedab24cf08f2918efb4035a2489a626e521b566aece22a85b7b0bbb803c9983
[INFO] running `Command { std: "docker" "start" "-a" "bedab24cf08f2918efb4035a2489a626e521b566aece22a85b7b0bbb803c9983", kill_on_drop: false }`
[INFO] [stderr]    Compiling tokio-macros v2.2.0
[INFO] [stderr]    Compiling num_cpus v1.16.0
[INFO] [stdout] warning: unused import: `Deserialize`
[INFO] [stdout]  --> src/io/output.rs:7:35
[INFO] [stdout]   |
[INFO] [stdout] 7 | use serde::{de::DeserializeOwned, Deserialize, Serialize};
[INFO] [stdout]   |                                   ^^^^^^^^^^^
[INFO] [stdout]   |
[INFO] [stdout]   = note: `#[warn(unused_imports)]` on by default
[INFO] [stdout] 
[INFO] [stdout] 
[INFO] [stdout] warning: unused import: `output::*`
[INFO] [stdout]  --> src/io/mod.rs:5:9
[INFO] [stdout]   |
[INFO] [stdout] 5 | pub use output::*;
[INFO] [stdout]   |         ^^^^^^^^^
[INFO] [stdout] 
[INFO] [stdout] 
[INFO] [stderr]    Compiling tokio v1.36.0
[INFO] [stderr]    Compiling asimov v0.1.8 (/opt/rustwide/workdir)
[INFO] [stdout] error[E0433]: failed to resolve: use of undeclared type `OpenAiLlm`
[INFO] [stdout]   --> examples/structured_streaming.rs:17:16
[INFO] [stdout]    |
[INFO] [stdout] 17 |     let gpt4 = OpenAiLlm::builder()
[INFO] [stdout]    |                ^^^^^^^^^ use of undeclared type `OpenAiLlm`
[INFO] [stdout] 
[INFO] [stdout] 
[INFO] [stdout] warning: unused import: `futures::StreamExt`
[INFO] [stdout]  --> examples/simple_fewshot.rs:6:5
[INFO] [stdout]   |
[INFO] [stdout] 6 | use futures::StreamExt;
[INFO] [stdout]   |     ^^^^^^^^^^^^^^^^^^
[INFO] [stdout]   |
[INFO] [stdout]   = note: `#[warn(unused_imports)]` on by default
[INFO] [stdout] 
[INFO] [stdout] 
[INFO] [stdout] error[E0433]: failed to resolve: use of undeclared type `OpenAiLlm`
[INFO] [stdout]   --> examples/streaming.rs:15:17
[INFO] [stdout]    |
[INFO] [stdout] 15 |     let gpt35 = OpenAiLlm::builder().temperature(0.0).build();
[INFO] [stdout]    |                 ^^^^^^^^^ use of undeclared type `OpenAiLlm`
[INFO] [stdout] 
[INFO] [stdout] 
[INFO] [stdout] error[E0433]: failed to resolve: use of undeclared type `OpenAiLlm`
[INFO] [stdout]  --> examples/simple.rs:8:17
[INFO] [stdout]   |
[INFO] [stdout] 8 |     let gpt35 = OpenAiLlm::default();
[INFO] [stdout]   |                 ^^^^^^^^^ use of undeclared type `OpenAiLlm`
[INFO] [stdout] 
[INFO] [stdout] 
[INFO] [stdout] For more information about this error, try `rustc --explain E0433`.
[INFO] [stdout] 
[INFO] [stdout] warning: unused import: `Deserialize`
[INFO] [stdout]  --> src/io/output.rs:7:35
[INFO] [stdout]   |
[INFO] [stdout] 7 | use serde::{de::DeserializeOwned, Deserialize, Serialize};
[INFO] [stdout]   |                                   ^^^^^^^^^^^
[INFO] [stdout]   |
[INFO] [stdout]   = note: `#[warn(unused_imports)]` on by default
[INFO] [stdout] 
[INFO] [stdout] 
[INFO] [stdout] warning: unused import: `output::*`
[INFO] [stdout]  --> src/io/mod.rs:5:9
[INFO] [stdout]   |
[INFO] [stdout] 5 | pub use output::*;
[INFO] [stdout]   |         ^^^^^^^^^
[INFO] [stdout] 
[INFO] [stdout] 
[INFO] [stderr] error: could not compile `asimov` (example "simple") due to 1 previous error
[INFO] [stderr] warning: build failed, waiting for other jobs to finish...
[INFO] [stdout] For more information about this error, try `rustc --explain E0433`.
[INFO] [stdout] 
[INFO] [stdout] For more information about this error, try `rustc --explain E0433`.
[INFO] [stdout] 
[INFO] [stdout] warning: unused import: `futures::StreamExt`
[INFO] [stdout]  --> examples/structured.rs:3:5
[INFO] [stdout]   |
[INFO] [stdout] 3 | use futures::StreamExt;
[INFO] [stdout]   |     ^^^^^^^^^^^^^^^^^^
[INFO] [stdout]   |
[INFO] [stdout]   = note: `#[warn(unused_imports)]` on by default
[INFO] [stdout] 
[INFO] [stdout] 
[INFO] [stdout] error[E0433]: failed to resolve: use of undeclared type `OpenAiEmbedding`
[INFO] [stdout]   --> examples/simple_fewshot.rs:50:30
[INFO] [stdout]    |
[INFO] [stdout] 50 |     let mut db = HoraDb::new(OpenAiEmbedding::default());
[INFO] [stdout]    |                              ^^^^^^^^^^^^^^^ use of undeclared type `OpenAiEmbedding`
[INFO] [stdout] 
[INFO] [stdout] 
[INFO] [stderr] error: could not compile `asimov` (example "structured_streaming") due to 1 previous error
[INFO] [stderr] error: could not compile `asimov` (example "streaming") due to 1 previous error
[INFO] [stdout] error[E0433]: failed to resolve: use of undeclared type `OpenAiLlm`
[INFO] [stdout]   --> examples/simple_fewshot.rs:89:16
[INFO] [stdout]    |
[INFO] [stdout] 89 |     let gpt4 = OpenAiLlm::builder()
[INFO] [stdout]    |                ^^^^^^^^^ use of undeclared type `OpenAiLlm`
[INFO] [stdout] 
[INFO] [stdout] 
[INFO] [stdout] error[E0433]: failed to resolve: use of undeclared type `OpenAiLlm`
[INFO] [stdout]   --> examples/simple_chain.rs:17:30
[INFO] [stdout]    |
[INFO] [stdout] 17 |     let sentiment_analyzer = OpenAiLlm::builder()
[INFO] [stdout]    |                              ^^^^^^^^^ use of undeclared type `OpenAiLlm`
[INFO] [stdout] 
[INFO] [stdout] 
[INFO] [stdout] error[E0433]: failed to resolve: use of undeclared type `OpenAiLlm`
[INFO] [stdout]   --> examples/simple_chain.rs:23:22
[INFO] [stdout]    |
[INFO] [stdout] 23 |     let summarizer = OpenAiLlm::builder()
[INFO] [stdout]    |                      ^^^^^^^^^ use of undeclared type `OpenAiLlm`
[INFO] [stdout] 
[INFO] [stdout] 
[INFO] [stdout] error[E0433]: failed to resolve: use of undeclared type `OpenAiLlm`
[INFO] [stdout]   --> examples/structured.rs:15:17
[INFO] [stdout]    |
[INFO] [stdout] 15 |     let gpt35 = OpenAiLlm::builder().temperature(0.0).build();
[INFO] [stdout]    |                 ^^^^^^^^^ use of undeclared type `OpenAiLlm`
[INFO] [stdout] 
[INFO] [stdout] 
[INFO] [stdout] For more information about this error, try `rustc --explain E0433`.
[INFO] [stdout] 
[INFO] [stderr] error: could not compile `asimov` (example "simple_fewshot") due to 2 previous errors; 1 warning emitted
[INFO] [stdout] For more information about this error, try `rustc --explain E0433`.
[INFO] [stdout] 
[INFO] [stdout] For more information about this error, try `rustc --explain E0433`.
[INFO] [stdout] 
[INFO] [stderr] error: could not compile `asimov` (example "simple_chain") due to 2 previous errors
[INFO] [stderr] error: could not compile `asimov` (example "structured") due to 1 previous error; 1 warning emitted
[INFO] running `Command { std: "docker" "inspect" "bedab24cf08f2918efb4035a2489a626e521b566aece22a85b7b0bbb803c9983", kill_on_drop: false }`
[INFO] running `Command { std: "docker" "rm" "-f" "bedab24cf08f2918efb4035a2489a626e521b566aece22a85b7b0bbb803c9983", kill_on_drop: false }`
[INFO] [stdout] bedab24cf08f2918efb4035a2489a626e521b566aece22a85b7b0bbb803c9983
