[INFO] fetching crate arx 0.3.1...
[INFO] testing arx-0.3.1 against nightly-2024-10-28 for randomize-layout
[INFO] extracting crate arx 0.3.1 into /workspace/builds/worker-6-tc1/source
[INFO] validating manifest of crates.io crate arx 0.3.1 on toolchain nightly-2024-10-28
[INFO] running `Command { std: CARGO_HOME="/workspace/cargo-home" RUSTUP_HOME="/workspace/rustup-home" "/workspace/cargo-home/bin/cargo" "+nightly-2024-10-28" "metadata" "--manifest-path" "Cargo.toml" "--no-deps", kill_on_drop: false }`
[INFO] started tweaking crates.io crate arx 0.3.1
[INFO] removed 0 missing tests
[INFO] finished tweaking crates.io crate arx 0.3.1
[INFO] tweaked toml for crates.io crate arx 0.3.1 written to /workspace/builds/worker-6-tc1/source/Cargo.toml
[INFO] crate crates.io crate arx 0.3.1 already has a lockfile, it will not be regenerated
[INFO] running `Command { std: CARGO_HOME="/workspace/cargo-home" RUSTUP_HOME="/workspace/rustup-home" "/workspace/cargo-home/bin/cargo" "+nightly-2024-10-28" "fetch" "--manifest-path" "Cargo.toml", kill_on_drop: false }`
[INFO] [stderr]     Updating crates.io index
[INFO] [stderr]  Downloading crates ...
[INFO] [stderr]   Downloaded dropout v0.1.0
[INFO] [stderr]   Downloaded daemonize v0.5.0
[INFO] [stderr]   Downloaded lz4 v1.26.0
[INFO] [stderr]   Downloaded roff v0.2.2
[INFO] [stderr]   Downloaded arrayref v0.3.8
[INFO] [stderr]   Downloaded spmc v0.3.0
[INFO] [stderr]   Downloaded clap_mangen v0.2.23
[INFO] [stderr]   Downloaded human-panic v2.0.1
[INFO] [stderr]   Downloaded anyhow v1.0.87
[INFO] [stderr]   Downloaded clap_complete v4.5.26
[INFO] [stderr]   Downloaded clap v4.5.17
[INFO] [stderr]   Downloaded fuser v0.14.0
[INFO] [stderr]   Downloaded os_info v3.8.2
[INFO] [stderr]   Downloaded portable-atomic v1.7.0
[INFO] [stderr]   Downloaded clap_builder v4.5.17
[INFO] [stderr]   Downloaded jubako v0.3.1
[INFO] [stderr]   Downloaded rustix v0.38.36
[INFO] [stderr]   Downloaded page_size v0.6.0
[INFO] [stderr]   Downloaded lru v0.12.4
[INFO] [stderr]   Downloaded lz4-sys v1.10.0
[INFO] [stderr]   Downloaded libarx v0.3.1
[INFO] [stderr]   Downloaded epochs v0.2.4
[INFO] running `Command { std: "docker" "create" "-v" "/var/lib/crater-agent-workspace/builds/worker-6-tc1/target:/opt/rustwide/target:rw,Z" "-v" "/var/lib/crater-agent-workspace/builds/worker-6-tc1/source:/opt/rustwide/workdir:ro,Z" "-v" "/var/lib/crater-agent-workspace/cargo-home:/opt/rustwide/cargo-home:ro,Z" "-v" "/var/lib/crater-agent-workspace/rustup-home:/opt/rustwide/rustup-home:ro,Z" "-e" "SOURCE_DIR=/opt/rustwide/workdir" "-e" "CARGO_TARGET_DIR=/opt/rustwide/target" "-e" "CARGO_HOME=/opt/rustwide/cargo-home" "-e" "RUSTUP_HOME=/opt/rustwide/rustup-home" "-w" "/opt/rustwide/workdir" "-m" "1610612736" "--user" "0:0" "--network" "none" "ghcr.io/rust-lang/crates-build-env/linux@sha256:4a844ea9eb2546a2d2c7022eacef16ef2e8229c7fbb2c7d4d55a9ceca922f72d" "/opt/rustwide/cargo-home/bin/cargo" "+nightly-2024-10-28" "metadata" "--no-deps" "--format-version=1", kill_on_drop: false }`
[INFO] [stdout] 3a9e9d4e379be4287b96caceab1da9c3b0db8f9ea6f456a1ba3f8b9a2d1088c9
[INFO] running `Command { std: "docker" "start" "-a" "3a9e9d4e379be4287b96caceab1da9c3b0db8f9ea6f456a1ba3f8b9a2d1088c9", kill_on_drop: false }`
[INFO] running `Command { std: "docker" "inspect" "3a9e9d4e379be4287b96caceab1da9c3b0db8f9ea6f456a1ba3f8b9a2d1088c9", kill_on_drop: false }`
[INFO] running `Command { std: "docker" "rm" "-f" "3a9e9d4e379be4287b96caceab1da9c3b0db8f9ea6f456a1ba3f8b9a2d1088c9", kill_on_drop: false }`
[INFO] [stdout] 3a9e9d4e379be4287b96caceab1da9c3b0db8f9ea6f456a1ba3f8b9a2d1088c9
[INFO] running `Command { std: "docker" "create" "-v" "/var/lib/crater-agent-workspace/builds/worker-6-tc1/target:/opt/rustwide/target:rw,Z" "-v" "/var/lib/crater-agent-workspace/builds/worker-6-tc1/source:/opt/rustwide/workdir:ro,Z" "-v" "/var/lib/crater-agent-workspace/cargo-home:/opt/rustwide/cargo-home:ro,Z" "-v" "/var/lib/crater-agent-workspace/rustup-home:/opt/rustwide/rustup-home:ro,Z" "-e" "SOURCE_DIR=/opt/rustwide/workdir" "-e" "CARGO_TARGET_DIR=/opt/rustwide/target" "-e" "CARGO_INCREMENTAL=0" "-e" "RUST_BACKTRACE=full" "-e" "RUSTFLAGS=--cap-lints=forbid" "-e" "RUSTDOCFLAGS=--cap-lints=forbid" "-e" "CARGO_HOME=/opt/rustwide/cargo-home" "-e" "RUSTUP_HOME=/opt/rustwide/rustup-home" "-w" "/opt/rustwide/workdir" "-m" "1610612736" "--user" "0:0" "--network" "none" "ghcr.io/rust-lang/crates-build-env/linux@sha256:4a844ea9eb2546a2d2c7022eacef16ef2e8229c7fbb2c7d4d55a9ceca922f72d" "/opt/rustwide/cargo-home/bin/cargo" "+nightly-2024-10-28" "build" "--frozen" "--message-format=json", kill_on_drop: false }`
[INFO] [stdout] 64170ada55157186c7c5b95e61a4f3654eaa726b0a7f2f7a7760bcc6a7370296
[INFO] running `Command { std: "docker" "start" "-a" "64170ada55157186c7c5b95e61a4f3654eaa726b0a7f2f7a7760bcc6a7370296", kill_on_drop: false }`
[INFO] [stderr]    Compiling libc v0.2.158
[INFO] [stderr]    Compiling proc-macro2 v1.0.86
[INFO] [stderr]    Compiling unicode-ident v1.0.12
[INFO] [stderr]    Compiling shlex v1.3.0
[INFO] [stderr]    Compiling byteorder v1.5.0
[INFO] [stderr]    Compiling pkg-config v0.3.30
[INFO] [stderr]    Compiling memchr v2.7.4
[INFO] [stderr]    Compiling crossbeam-utils v0.8.20
[INFO] [stderr]    Compiling once_cell v1.19.0
[INFO] [stderr]    Compiling utf8parse v0.2.2
[INFO] [stderr]    Compiling anstyle-query v1.1.1
[INFO] [stderr]    Compiling colorchoice v1.0.2
[INFO] [stderr]    Compiling is_terminal_polyfill v1.70.1
[INFO] [stderr]    Compiling allocator-api2 v0.2.18
[INFO] [stderr]    Compiling serde v1.0.210
[INFO] [stderr]    Compiling anstyle v1.0.8
[INFO] [stderr]    Compiling anstyle-parse v0.2.5
[INFO] [stderr]    Compiling log v0.4.22
[INFO] [stderr]    Compiling regex-syntax v0.8.4
[INFO] [stderr]    Compiling autocfg v1.3.0
[INFO] [stderr]    Compiling strsim v0.11.1
[INFO] [stderr]    Compiling clap_lex v0.7.2
[INFO] [stderr]    Compiling anstream v0.6.15
[INFO] [stderr]    Compiling heck v0.5.0
[INFO] [stderr]    Compiling rustix v0.38.36
[INFO] [stderr]    Compiling zstd-safe v7.2.1
[INFO] [stderr]    Compiling rayon-core v1.12.1
[INFO] [stderr]    Compiling equivalent v1.0.1
[INFO] [stderr]    Compiling bitflags v2.6.0
[INFO] [stderr]    Compiling linux-raw-sys v0.4.14
[INFO] [stderr]    Compiling portable-atomic v1.7.0
[INFO] [stderr]    Compiling adler v1.0.2
[INFO] [stderr]    Compiling arrayvec v0.7.6
[INFO] [stderr]    Compiling num-traits v0.2.19
[INFO] [stderr]    Compiling clap_builder v4.5.17
[INFO] [stderr]    Compiling gimli v0.29.0
[INFO] [stderr]    Compiling either v1.13.0
[INFO] [stderr]    Compiling arrayref v0.3.8
[INFO] [stderr]    Compiling aho-corasick v1.1.3
[INFO] [stderr]    Compiling iana-time-zone v0.1.60
[INFO] [stderr]    Compiling crc-catalog v2.4.0
[INFO] [stderr]    Compiling constant_time_eq v0.3.1
[INFO] [stderr]    Compiling fuser v0.14.0
[INFO] [stderr]    Compiling fastrand v2.1.1
[INFO] [stderr]    Compiling crc v3.2.1
[INFO] [stderr]    Compiling object v0.36.4
[INFO] [stderr]    Compiling quote v1.0.37
[INFO] [stderr]    Compiling crossbeam-epoch v0.9.18
[INFO] [stderr]    Compiling crossbeam-channel v0.5.13
[INFO] [stderr]    Compiling miniz_oxide v0.7.4
[INFO] [stderr]    Compiling fxhash v0.2.1
[INFO] [stderr]    Compiling syn v2.0.77
[INFO] [stderr]    Compiling jobserver v0.1.32
[INFO] [stderr]    Compiling getrandom v0.2.15
[INFO] [stderr]    Compiling memmap2 v0.9.4
[INFO] [stderr]    Compiling crossbeam-deque v0.8.5
[INFO] [stderr]    Compiling page_size v0.6.0
[INFO] [stderr]    Compiling rustc-demangle v0.1.24
[INFO] [stderr]    Compiling uuid v1.10.0
[INFO] [stderr]    Compiling unicode-width v0.1.13
[INFO] [stderr]    Compiling cc v1.1.18
[INFO] [stderr]    Compiling dropout v0.1.0
[INFO] [stderr]    Compiling spmc v0.3.0
[INFO] [stderr]    Compiling same-file v1.0.6
[INFO] [stderr]    Compiling chrono v0.4.38
[INFO] [stderr]    Compiling lazy_static v1.5.0
[INFO] [stderr]    Compiling pathdiff v0.2.1
[INFO] [stderr]    Compiling deranged v0.3.11
[INFO] [stderr]    Compiling anyhow v1.0.87
[INFO] [stderr]    Compiling walkdir v2.5.0
[INFO] [stderr]    Compiling console v0.15.8
[INFO] [stderr]    Compiling is-terminal v0.4.13
[INFO] [stderr]    Compiling roff v0.2.2
[INFO] [stderr]    Compiling regex-automata v0.4.7
[INFO] [stderr]    Compiling rayon v1.10.0
[INFO] [stderr]    Compiling termcolor v1.4.1
[INFO] [stderr]    Compiling relative-path v1.9.3
[INFO] [stderr]    Compiling humantime v2.1.0
[INFO] [stderr]    Compiling number_prefix v0.4.0
[INFO] [stderr]    Compiling indicatif v0.17.8
[INFO] [stderr]    Compiling daemonize v0.5.0
[INFO] [stderr]    Compiling epochs v0.2.4
[INFO] [stderr]    Compiling tempfile v3.12.0
[INFO] [stderr]    Compiling zstd-sys v2.0.13+zstd.1.5.6
[INFO] [stderr]    Compiling blake3 v1.5.4
[INFO] [stderr]    Compiling backtrace v0.3.73
[INFO] [stderr]    Compiling addr2line v0.22.0
[INFO] [stderr]    Compiling zerocopy-derive v0.7.35
[INFO] [stderr]    Compiling serde_derive v1.0.210
[INFO] [stderr]    Compiling clap_derive v4.5.13
[INFO] [stderr]    Compiling bstr v1.10.0
[INFO] [stderr]    Compiling regex v1.10.6
[INFO] [stderr]    Compiling zerocopy v0.7.35
[INFO] [stderr]    Compiling env_logger v0.10.2
[INFO] [stderr]    Compiling ahash v0.8.11
[INFO] [stderr]    Compiling hashbrown v0.14.5
[INFO] [stderr]    Compiling clap v4.5.17
[INFO] [stderr]    Compiling clap_mangen v0.2.23
[INFO] [stderr]    Compiling clap_complete v4.5.26
[INFO] [stderr]    Compiling indexmap v2.5.0
[INFO] [stderr]    Compiling lru v0.12.4
[INFO] [stderr]    Compiling zstd v0.13.2
[INFO] [stderr]    Compiling jubako v0.3.1
[INFO] [stderr]    Compiling libarx v0.3.1
[INFO] [stderr]    Compiling toml_datetime v0.6.8
[INFO] [stderr]    Compiling serde_spanned v0.6.7
[INFO] [stderr]    Compiling os_info v3.8.2
[INFO] [stderr]    Compiling toml_edit v0.22.20
[INFO] [stderr]    Compiling toml v0.8.19
[INFO] [stderr]    Compiling human-panic v2.0.1
[INFO] [stderr]    Compiling arx v0.3.1 (/opt/rustwide/workdir)
[INFO] [stderr]     Finished `dev` profile [unoptimized + debuginfo] target(s) in 12.60s
[INFO] running `Command { std: "docker" "inspect" "64170ada55157186c7c5b95e61a4f3654eaa726b0a7f2f7a7760bcc6a7370296", kill_on_drop: false }`
[INFO] running `Command { std: "docker" "rm" "-f" "64170ada55157186c7c5b95e61a4f3654eaa726b0a7f2f7a7760bcc6a7370296", kill_on_drop: false }`
[INFO] [stdout] 64170ada55157186c7c5b95e61a4f3654eaa726b0a7f2f7a7760bcc6a7370296
[INFO] running `Command { std: "docker" "create" "-v" "/var/lib/crater-agent-workspace/builds/worker-6-tc1/target:/opt/rustwide/target:rw,Z" "-v" "/var/lib/crater-agent-workspace/builds/worker-6-tc1/source:/opt/rustwide/workdir:ro,Z" "-v" "/var/lib/crater-agent-workspace/cargo-home:/opt/rustwide/cargo-home:ro,Z" "-v" "/var/lib/crater-agent-workspace/rustup-home:/opt/rustwide/rustup-home:ro,Z" "-e" "SOURCE_DIR=/opt/rustwide/workdir" "-e" "CARGO_TARGET_DIR=/opt/rustwide/target" "-e" "CARGO_INCREMENTAL=0" "-e" "RUST_BACKTRACE=full" "-e" "RUSTFLAGS=--cap-lints=forbid" "-e" "RUSTDOCFLAGS=--cap-lints=forbid" "-e" "CARGO_HOME=/opt/rustwide/cargo-home" "-e" "RUSTUP_HOME=/opt/rustwide/rustup-home" "-w" "/opt/rustwide/workdir" "-m" "1610612736" "--user" "0:0" "--network" "none" "ghcr.io/rust-lang/crates-build-env/linux@sha256:4a844ea9eb2546a2d2c7022eacef16ef2e8229c7fbb2c7d4d55a9ceca922f72d" "/opt/rustwide/cargo-home/bin/cargo" "+nightly-2024-10-28" "test" "--frozen" "--no-run" "--message-format=json", kill_on_drop: false }`
[INFO] [stdout] 311eec214269b55e18d5e2e6e2a86e802789ab79a14fac64f753d8c993325212
[INFO] running `Command { std: "docker" "start" "-a" "311eec214269b55e18d5e2e6e2a86e802789ab79a14fac64f753d8c993325212", kill_on_drop: false }`
[INFO] [stderr]    Compiling arx v0.3.1 (/opt/rustwide/workdir)
[INFO] [stdout] error[E0433]: failed to resolve: use of undeclared crate or module `arx_test_dir`
[INFO] [stdout]   --> tests/create.rs:13:25
[INFO] [stdout]    |
[INFO] [stdout] 13 |         let mount_dir = arx_test_dir::TreeFs::new(dir);
[INFO] [stdout]    |                         ^^^^^^^^^^^^ use of undeclared crate or module `arx_test_dir`
[INFO] [stdout] 
[INFO] [stdout] 
[INFO] [stdout] error[E0433]: failed to resolve: use of undeclared crate or module `arx_test_dir`
[INFO] [stdout]   --> tests/create.rs:10:23
[INFO] [stdout]    |
[INFO] [stdout] 10 |         let builder = arx_test_dir::ContextBuilder::new();
[INFO] [stdout]    |                       ^^^^^^^^^^^^ use of undeclared crate or module `arx_test_dir`
[INFO] [stdout]    |
[INFO] [stdout] help: consider importing this struct
[INFO] [stdout]    |
[INFO] [stdout] 3  +     use std::task::ContextBuilder;
[INFO] [stdout]    |
[INFO] [stdout] help: if you import `ContextBuilder`, refer to it directly
[INFO] [stdout]    |
[INFO] [stdout] 10 -         let builder = arx_test_dir::ContextBuilder::new();
[INFO] [stdout] 10 +         let builder = ContextBuilder::new();
[INFO] [stdout]    |
[INFO] [stdout] 
[INFO] [stdout] 
[INFO] [stdout] error[E0433]: failed to resolve: use of undeclared crate or module `arx_test_dir`
[INFO] [stdout]   --> tests/create.rs:12:19
[INFO] [stdout]    |
[INFO] [stdout] 12 |         let dir = arx_test_dir::DirEntry::new_root(context);
[INFO] [stdout]    |                   ^^^^^^^^^^^^ use of undeclared crate or module `arx_test_dir`
[INFO] [stdout]    |
[INFO] [stdout] help: consider importing this struct
[INFO] [stdout]    |
[INFO] [stdout] 3  +     use std::fs::DirEntry;
[INFO] [stdout]    |
[INFO] [stdout] help: if you import `DirEntry`, refer to it directly
[INFO] [stdout]    |
[INFO] [stdout] 12 -         let dir = arx_test_dir::DirEntry::new_root(context);
[INFO] [stdout] 12 +         let dir = DirEntry::new_root(context);
[INFO] [stdout]    |
[INFO] [stdout] 
[INFO] [stdout] 
[INFO] [stdout] error[E0433]: failed to resolve: use of undeclared crate or module `arx_test_dir`
[INFO] [stdout]  --> tests/create.rs:7:46
[INFO] [stdout]   |
[INFO] [stdout] 7 |     pub fn spawn_mount() -> std::io::Result<(arx_test_dir::BackgroundSession, PathBuf)> {
[INFO] [stdout]   |                                              ^^^^^^^^^^^^ use of undeclared crate or module `arx_test_dir`
[INFO] [stdout] 
[INFO] [stdout] 
[INFO] [stdout] For more information about this error, try `rustc --explain E0433`.
[INFO] [stdout] 
[INFO] [stderr] error: could not compile `arx` (test "create") due to 4 previous errors
[INFO] [stderr] warning: build failed, waiting for other jobs to finish...
[INFO] running `Command { std: "docker" "inspect" "311eec214269b55e18d5e2e6e2a86e802789ab79a14fac64f753d8c993325212", kill_on_drop: false }`
[INFO] running `Command { std: "docker" "rm" "-f" "311eec214269b55e18d5e2e6e2a86e802789ab79a14fac64f753d8c993325212", kill_on_drop: false }`
[INFO] [stdout] 311eec214269b55e18d5e2e6e2a86e802789ab79a14fac64f753d8c993325212
