[INFO] fetching crate arrayfire 3.8.0...
[INFO] testing arrayfire-3.8.0 against nightly-2024-10-28 for randomize-layout
[INFO] extracting crate arrayfire 3.8.0 into /workspace/builds/worker-3-tc1/source
[INFO] validating manifest of crates.io crate arrayfire 3.8.0 on toolchain nightly-2024-10-28
[INFO] running `Command { std: CARGO_HOME="/workspace/cargo-home" RUSTUP_HOME="/workspace/rustup-home" "/workspace/cargo-home/bin/cargo" "+nightly-2024-10-28" "metadata" "--manifest-path" "Cargo.toml" "--no-deps", kill_on_drop: false }`
[INFO] started tweaking crates.io crate arrayfire 3.8.0
[INFO] removed 0 missing examples
[INFO] finished tweaking crates.io crate arrayfire 3.8.0
[INFO] tweaked toml for crates.io crate arrayfire 3.8.0 written to /workspace/builds/worker-3-tc1/source/Cargo.toml
[INFO] crate crates.io crate arrayfire 3.8.0 already has a lockfile, it will not be regenerated
[INFO] running `Command { std: CARGO_HOME="/workspace/cargo-home" RUSTUP_HOME="/workspace/rustup-home" "/workspace/cargo-home/bin/cargo" "+nightly-2024-10-28" "fetch" "--manifest-path" "Cargo.toml", kill_on_drop: false }`
[INFO] [stderr]     Updating crates.io index
[INFO] [stderr]  Downloading crates ...
[INFO] [stderr]   Downloaded unicode-xid v0.1.0
[INFO] [stderr]   Downloaded proc-macro2 v0.4.6
[INFO] [stderr]   Downloaded quote v0.6.3
[INFO] [stderr]   Downloaded itoa v0.4.1
[INFO] [stderr]   Downloaded version_check v0.1.4
[INFO] [stderr]   Downloaded rustc_version v0.2.3
[INFO] [stderr]   Downloaded num v0.2.0
[INFO] [stderr]   Downloaded lazy_static v1.1.0
[INFO] [stderr]   Downloaded byteorder v1.3.4
[INFO] [stderr]   Downloaded bincode v1.3.1
[INFO] [stderr]   Downloaded half v1.5.0
[INFO] [stderr]   Downloaded syn v0.14.2
[INFO] [stderr]   Downloaded num-bigint v0.2.2
[INFO] [stderr]   Downloaded serde v1.0.66
[INFO] [stderr]   Downloaded serde_json v1.0.20
[INFO] [stderr]   Downloaded num-rational v0.2.2
[INFO] [stderr]   Downloaded num-traits v0.2.8
[INFO] [stderr]   Downloaded serde_derive v1.0.66
[INFO] [stderr]   Downloaded num-iter v0.1.37
[INFO] [stderr]   Downloaded num-integer v0.1.41
[INFO] [stderr]   Downloaded num-complex v0.2.3
[INFO] [stderr]   Downloaded autocfg v0.1.5
[INFO] [stderr]   Downloaded semver-parser v0.7.0
[INFO] [stderr]   Downloaded semver v0.9.0
[INFO] [stderr]   Downloaded dtoa v0.4.2
[INFO] [stderr]   Downloaded libc v0.2.74
[INFO] running `Command { std: "docker" "create" "-v" "/var/lib/crater-agent-workspace/builds/worker-3-tc1/target:/opt/rustwide/target:rw,Z" "-v" "/var/lib/crater-agent-workspace/builds/worker-3-tc1/source:/opt/rustwide/workdir:ro,Z" "-v" "/var/lib/crater-agent-workspace/cargo-home:/opt/rustwide/cargo-home:ro,Z" "-v" "/var/lib/crater-agent-workspace/rustup-home:/opt/rustwide/rustup-home:ro,Z" "-e" "SOURCE_DIR=/opt/rustwide/workdir" "-e" "CARGO_TARGET_DIR=/opt/rustwide/target" "-e" "CARGO_HOME=/opt/rustwide/cargo-home" "-e" "RUSTUP_HOME=/opt/rustwide/rustup-home" "-w" "/opt/rustwide/workdir" "-m" "1610612736" "--user" "0:0" "--network" "none" "ghcr.io/rust-lang/crates-build-env/linux@sha256:4a844ea9eb2546a2d2c7022eacef16ef2e8229c7fbb2c7d4d55a9ceca922f72d" "/opt/rustwide/cargo-home/bin/cargo" "+nightly-2024-10-28" "metadata" "--no-deps" "--format-version=1", kill_on_drop: false }`
[INFO] [stdout] ffbb874fd24c3868588fad7ec4355e7ce66f092a3dcc6d18eb2552c21222820d
[INFO] running `Command { std: "docker" "start" "-a" "ffbb874fd24c3868588fad7ec4355e7ce66f092a3dcc6d18eb2552c21222820d", kill_on_drop: false }`
[INFO] running `Command { std: "docker" "inspect" "ffbb874fd24c3868588fad7ec4355e7ce66f092a3dcc6d18eb2552c21222820d", kill_on_drop: false }`
[INFO] running `Command { std: "docker" "rm" "-f" "ffbb874fd24c3868588fad7ec4355e7ce66f092a3dcc6d18eb2552c21222820d", kill_on_drop: false }`
[INFO] [stdout] ffbb874fd24c3868588fad7ec4355e7ce66f092a3dcc6d18eb2552c21222820d
[INFO] running `Command { std: "docker" "create" "-v" "/var/lib/crater-agent-workspace/builds/worker-3-tc1/target:/opt/rustwide/target:rw,Z" "-v" "/var/lib/crater-agent-workspace/builds/worker-3-tc1/source:/opt/rustwide/workdir:ro,Z" "-v" "/var/lib/crater-agent-workspace/cargo-home:/opt/rustwide/cargo-home:ro,Z" "-v" "/var/lib/crater-agent-workspace/rustup-home:/opt/rustwide/rustup-home:ro,Z" "-e" "SOURCE_DIR=/opt/rustwide/workdir" "-e" "CARGO_TARGET_DIR=/opt/rustwide/target" "-e" "CARGO_INCREMENTAL=0" "-e" "RUST_BACKTRACE=full" "-e" "RUSTFLAGS=--cap-lints=forbid" "-e" "RUSTDOCFLAGS=--cap-lints=forbid" "-e" "CARGO_HOME=/opt/rustwide/cargo-home" "-e" "RUSTUP_HOME=/opt/rustwide/rustup-home" "-w" "/opt/rustwide/workdir" "-m" "1610612736" "--user" "0:0" "--network" "none" "ghcr.io/rust-lang/crates-build-env/linux@sha256:4a844ea9eb2546a2d2c7022eacef16ef2e8229c7fbb2c7d4d55a9ceca922f72d" "/opt/rustwide/cargo-home/bin/cargo" "+nightly-2024-10-28" "build" "--frozen" "--message-format=json", kill_on_drop: false }`
[INFO] [stdout] 5ab75f4280fa1106edf1bbada80ca79f11da4a8d9d734caf192f52bd761df663
[INFO] running `Command { std: "docker" "start" "-a" "5ab75f4280fa1106edf1bbada80ca79f11da4a8d9d734caf192f52bd761df663", kill_on_drop: false }`
[INFO] [stderr]    Compiling autocfg v0.1.5
[INFO] [stderr]    Compiling unicode-xid v0.1.0
[INFO] [stderr]    Compiling serde v1.0.66
[INFO] [stderr]    Compiling semver-parser v0.7.0
[INFO] [stderr]    Compiling num-bigint v0.2.2
[INFO] [stderr]    Compiling num-iter v0.1.37
[INFO] [stderr]    Compiling itoa v0.4.1
[INFO] [stderr]    Compiling version_check v0.1.4
[INFO] [stderr]    Compiling dtoa v0.4.2
[INFO] [stderr]    Compiling libc v0.2.74
[INFO] [stderr]    Compiling half v1.5.0
[INFO] [stderr]    Compiling proc-macro2 v0.4.6
[INFO] [stderr]    Compiling lazy_static v1.1.0
[INFO] [stderr]    Compiling semver v0.9.0
[INFO] [stderr]    Compiling num-traits v0.2.8
[INFO] [stderr]    Compiling num-integer v0.1.41
[INFO] [stderr]    Compiling num-rational v0.2.2
[INFO] [stderr]    Compiling num-complex v0.2.3
[INFO] [stderr]    Compiling rustc_version v0.2.3
[INFO] [stderr]    Compiling quote v0.6.3
[INFO] [stderr]    Compiling syn v0.14.2
[INFO] [stderr]    Compiling serde_derive v1.0.66
[INFO] [stderr]    Compiling num v0.2.0
[INFO] [stderr]    Compiling serde_json v1.0.20
[INFO] [stderr]    Compiling arrayfire v3.8.0 (/opt/rustwide/workdir)
[INFO] [stdout] warning: non-local `impl` definition, `impl` blocks should be written at the same level as their item
[INFO] [stdout]   --> build.rs:28:10
[INFO] [stdout]    |
[INFO] [stdout] 28 | #[derive(Deserialize, Debug)]
[INFO] [stdout]    |          -^^^^^^^^^^
[INFO] [stdout]    |          |
[INFO] [stdout]    |          `Config` is not local
[INFO] [stdout]    |          `Deserialize` is not local
[INFO] [stdout]    |          move the `impl` block outside of this constant `_IMPL_DESERIALIZE_FOR_Config`
[INFO] [stdout]    |
[INFO] [stdout]    = note: the derive macro `Deserialize` defines the non-local `impl`, and may need to be changed
[INFO] [stdout]    = note: the derive macro `Deserialize` may come from an old version of the `serde_derive` crate, try updating your dependency with `cargo update -p serde_derive`
[INFO] [stdout]    = note: an `impl` is never scoped, even when it is nested inside an item, as it may impact type checking outside of that item, which can be the case if neither the trait or the self type are at the same nesting level as the `impl`
[INFO] [stdout]    = note: items in an anonymous const item (`const _: () = { ... }`) are treated as in the same scope as the anonymous const's declaration for the purpose of this lint
[INFO] [stdout]    = note: `#[warn(non_local_definitions)]` on by default
[INFO] [stdout]    = note: this warning originates in the derive macro `Deserialize` (in Nightly builds, run with -Z macro-backtrace for more info)
[INFO] [stdout] 
[INFO] [stdout] 
[INFO] [stdout] warning: unexpected `cfg` condition name: `op_assign`
[INFO] [stdout]    --> src/core/arith.rs:879:7
[INFO] [stdout]     |
[INFO] [stdout] 879 | #[cfg(op_assign)]
[INFO] [stdout]     |       ^^^^^^^^^
[INFO] [stdout]     |
[INFO] [stdout]     = help: expected names are: `clippy`, `debug_assertions`, `doc`, `docsrs`, `doctest`, `feature`, `fmt_debug`, `miri`, `overflow_checks`, `panic`, `proc_macro`, `relocation_model`, `rustfmt`, `sanitize`, `sanitizer_cfi_generalize_pointers`, `sanitizer_cfi_normalize_integers`, `target_abi`, `target_arch`, `target_endian`, `target_env`, `target_family`, `target_feature`, `target_has_atomic`, `target_has_atomic_equal_alignment`, `target_has_atomic_load_store`, `target_os`, `target_pointer_width`, `target_thread_local`, `target_vendor`, `test`, `ub_checks`, `unix`, and `windows`
[INFO] [stdout]     = help: consider using a Cargo feature instead
[INFO] [stdout]     = help: or consider adding in `Cargo.toml` the `check-cfg` lint config for the lint:
[INFO] [stdout]              [lints.rust]
[INFO] [stdout]              unexpected_cfgs = { level = "warn", check-cfg = ['cfg(op_assign)'] }
[INFO] [stdout]     = help: or consider adding `println!("cargo::rustc-check-cfg=cfg(op_assign)");` to the top of the `build.rs`
[INFO] [stdout]     = note: see <https://doc.rust-lang.org/nightly/rustc/check-cfg/cargo-specifics.html> for more information about checking conditional configuration
[INFO] [stdout]     = note: `#[warn(unexpected_cfgs)]` on by default
[INFO] [stdout] 
[INFO] [stdout] 
[INFO] [stderr]     Finished `dev` profile [unoptimized + debuginfo] target(s) in 3.73s
[INFO] [stderr] warning: the following packages contain code that will be rejected by a future version of Rust: syn v0.14.2
[INFO] [stderr] note: to see what the problems were, use the option `--future-incompat-report`, or run `cargo report future-incompatibilities --id 1`
[INFO] running `Command { std: "docker" "inspect" "5ab75f4280fa1106edf1bbada80ca79f11da4a8d9d734caf192f52bd761df663", kill_on_drop: false }`
[INFO] running `Command { std: "docker" "rm" "-f" "5ab75f4280fa1106edf1bbada80ca79f11da4a8d9d734caf192f52bd761df663", kill_on_drop: false }`
[INFO] [stdout] 5ab75f4280fa1106edf1bbada80ca79f11da4a8d9d734caf192f52bd761df663
[INFO] running `Command { std: "docker" "create" "-v" "/var/lib/crater-agent-workspace/builds/worker-3-tc1/target:/opt/rustwide/target:rw,Z" "-v" "/var/lib/crater-agent-workspace/builds/worker-3-tc1/source:/opt/rustwide/workdir:ro,Z" "-v" "/var/lib/crater-agent-workspace/cargo-home:/opt/rustwide/cargo-home:ro,Z" "-v" "/var/lib/crater-agent-workspace/rustup-home:/opt/rustwide/rustup-home:ro,Z" "-e" "SOURCE_DIR=/opt/rustwide/workdir" "-e" "CARGO_TARGET_DIR=/opt/rustwide/target" "-e" "CARGO_INCREMENTAL=0" "-e" "RUST_BACKTRACE=full" "-e" "RUSTFLAGS=--cap-lints=forbid" "-e" "RUSTDOCFLAGS=--cap-lints=forbid" "-e" "CARGO_HOME=/opt/rustwide/cargo-home" "-e" "RUSTUP_HOME=/opt/rustwide/rustup-home" "-w" "/opt/rustwide/workdir" "-m" "1610612736" "--user" "0:0" "--network" "none" "ghcr.io/rust-lang/crates-build-env/linux@sha256:4a844ea9eb2546a2d2c7022eacef16ef2e8229c7fbb2c7d4d55a9ceca922f72d" "/opt/rustwide/cargo-home/bin/cargo" "+nightly-2024-10-28" "test" "--frozen" "--no-run" "--message-format=json", kill_on_drop: false }`
[INFO] [stdout] 376dcc0f26ce03e1d1af41da2b7b809b01bfb98ae1c61895113585ef1d46a4e0
[INFO] running `Command { std: "docker" "start" "-a" "376dcc0f26ce03e1d1af41da2b7b809b01bfb98ae1c61895113585ef1d46a4e0", kill_on_drop: false }`
[INFO] [stderr]    Compiling itoa v0.4.1
[INFO] [stderr]    Compiling dtoa v0.4.2
[INFO] [stderr]    Compiling byteorder v1.3.4
[INFO] [stderr]    Compiling serde v1.0.66
[INFO] [stderr]    Compiling serde_json v1.0.20
[INFO] [stderr]    Compiling bincode v1.3.1
[INFO] [stderr]    Compiling arrayfire v3.8.0 (/opt/rustwide/workdir)
[INFO] [stdout] warning: non-local `impl` definition, `impl` blocks should be written at the same level as their item
[INFO] [stdout]   --> build.rs:28:10
[INFO] [stdout]    |
[INFO] [stdout] 28 | #[derive(Deserialize, Debug)]
[INFO] [stdout]    |          -^^^^^^^^^^
[INFO] [stdout]    |          |
[INFO] [stdout]    |          `Config` is not local
[INFO] [stdout]    |          `Deserialize` is not local
[INFO] [stdout]    |          move the `impl` block outside of this constant `_IMPL_DESERIALIZE_FOR_Config`
[INFO] [stdout]    |
[INFO] [stdout]    = note: the derive macro `Deserialize` defines the non-local `impl`, and may need to be changed
[INFO] [stdout]    = note: the derive macro `Deserialize` may come from an old version of the `serde_derive` crate, try updating your dependency with `cargo update -p serde_derive`
[INFO] [stdout]    = note: an `impl` is never scoped, even when it is nested inside an item, as it may impact type checking outside of that item, which can be the case if neither the trait or the self type are at the same nesting level as the `impl`
[INFO] [stdout]    = note: items in an anonymous const item (`const _: () = { ... }`) are treated as in the same scope as the anonymous const's declaration for the purpose of this lint
[INFO] [stdout]    = note: `#[warn(non_local_definitions)]` on by default
[INFO] [stdout]    = note: this warning originates in the derive macro `Deserialize` (in Nightly builds, run with -Z macro-backtrace for more info)
[INFO] [stdout] 
[INFO] [stdout] 
[INFO] [stdout] warning: unexpected `cfg` condition name: `op_assign`
[INFO] [stdout]    --> src/core/arith.rs:879:7
[INFO] [stdout]     |
[INFO] [stdout] 879 | #[cfg(op_assign)]
[INFO] [stdout]     |       ^^^^^^^^^
[INFO] [stdout]     |
[INFO] [stdout]     = help: expected names are: `clippy`, `debug_assertions`, `doc`, `docsrs`, `doctest`, `feature`, `fmt_debug`, `miri`, `overflow_checks`, `panic`, `proc_macro`, `relocation_model`, `rustfmt`, `sanitize`, `sanitizer_cfi_generalize_pointers`, `sanitizer_cfi_normalize_integers`, `target_abi`, `target_arch`, `target_endian`, `target_env`, `target_family`, `target_feature`, `target_has_atomic`, `target_has_atomic_equal_alignment`, `target_has_atomic_load_store`, `target_os`, `target_pointer_width`, `target_thread_local`, `target_vendor`, `test`, `ub_checks`, `unix`, and `windows`
[INFO] [stdout]     = help: consider using a Cargo feature instead
[INFO] [stdout]     = help: or consider adding in `Cargo.toml` the `check-cfg` lint config for the lint:
[INFO] [stdout]              [lints.rust]
[INFO] [stdout]              unexpected_cfgs = { level = "warn", check-cfg = ['cfg(op_assign)'] }
[INFO] [stdout]     = help: or consider adding `println!("cargo::rustc-check-cfg=cfg(op_assign)");` to the top of the `build.rs`
[INFO] [stdout]     = note: see <https://doc.rust-lang.org/nightly/rustc/check-cfg/cargo-specifics.html> for more information about checking conditional configuration
[INFO] [stdout]     = note: `#[warn(unexpected_cfgs)]` on by default
[INFO] [stdout] 
[INFO] [stdout] 
[INFO] [stdout] warning: unexpected `cfg` condition name: `op_assign`
[INFO] [stdout]    --> src/core/arith.rs:879:7
[INFO] [stdout]     |
[INFO] [stdout] 879 | #[cfg(op_assign)]
[INFO] [stdout]     |       ^^^^^^^^^
[INFO] [stdout]     |
[INFO] [stdout]     = help: expected names are: `clippy`, `debug_assertions`, `doc`, `docsrs`, `doctest`, `feature`, `fmt_debug`, `miri`, `overflow_checks`, `panic`, `proc_macro`, `relocation_model`, `rustfmt`, `sanitize`, `sanitizer_cfi_generalize_pointers`, `sanitizer_cfi_normalize_integers`, `target_abi`, `target_arch`, `target_endian`, `target_env`, `target_family`, `target_feature`, `target_has_atomic`, `target_has_atomic_equal_alignment`, `target_has_atomic_load_store`, `target_os`, `target_pointer_width`, `target_thread_local`, `target_vendor`, `test`, `ub_checks`, `unix`, and `windows`
[INFO] [stdout]     = help: consider using a Cargo feature instead
[INFO] [stdout]     = help: or consider adding in `Cargo.toml` the `check-cfg` lint config for the lint:
[INFO] [stdout]              [lints.rust]
[INFO] [stdout]              unexpected_cfgs = { level = "warn", check-cfg = ['cfg(op_assign)'] }
[INFO] [stdout]     = help: or consider adding `println!("cargo::rustc-check-cfg=cfg(op_assign)");` to the top of the `build.rs`
[INFO] [stdout]     = note: see <https://doc.rust-lang.org/nightly/rustc/check-cfg/cargo-specifics.html> for more information about checking conditional configuration
[INFO] [stdout]     = note: `#[warn(unexpected_cfgs)]` on by default
[INFO] [stdout] 
[INFO] [stdout] 
[INFO] [stdout] warning: unexpected `cfg` condition name: `op_assign`
[INFO] [stdout]  --> examples/unified.rs:3:7
[INFO] [stdout]   |
[INFO] [stdout] 3 | #[cfg(op_assign)]
[INFO] [stdout]   |       ^^^^^^^^^
[INFO] [stdout]   |
[INFO] [stdout]   = help: expected names are: `clippy`, `debug_assertions`, `doc`, `docsrs`, `doctest`, `feature`, `fmt_debug`, `miri`, `overflow_checks`, `panic`, `proc_macro`, `relocation_model`, `rustfmt`, `sanitize`, `sanitizer_cfi_generalize_pointers`, `sanitizer_cfi_normalize_integers`, `target_abi`, `target_arch`, `target_endian`, `target_env`, `target_family`, `target_feature`, `target_has_atomic`, `target_has_atomic_equal_alignment`, `target_has_atomic_load_store`, `target_os`, `target_pointer_width`, `target_thread_local`, `target_vendor`, `test`, `ub_checks`, `unix`, and `windows`
[INFO] [stdout]   = help: consider using a Cargo feature instead
[INFO] [stdout]   = help: or consider adding in `Cargo.toml` the `check-cfg` lint config for the lint:
[INFO] [stdout]            [lints.rust]
[INFO] [stdout]            unexpected_cfgs = { level = "warn", check-cfg = ['cfg(op_assign)'] }
[INFO] [stdout]   = help: or consider adding `println!("cargo::rustc-check-cfg=cfg(op_assign)");` to the top of the `build.rs`
[INFO] [stdout]   = note: see <https://doc.rust-lang.org/nightly/rustc/check-cfg/cargo-specifics.html> for more information about checking conditional configuration
[INFO] [stdout]   = note: `#[warn(unexpected_cfgs)]` on by default
[INFO] [stdout] 
[INFO] [stdout] 
[INFO] [stdout] warning: unexpected `cfg` condition name: `op_assign`
[INFO] [stdout]   --> examples/unified.rs:13:11
[INFO] [stdout]    |
[INFO] [stdout] 13 | #[cfg(not(op_assign))]
[INFO] [stdout]    |           ^^^^^^^^^
[INFO] [stdout]    |
[INFO] [stdout]    = help: consider using a Cargo feature instead
[INFO] [stdout]    = help: or consider adding in `Cargo.toml` the `check-cfg` lint config for the lint:
[INFO] [stdout]             [lints.rust]
[INFO] [stdout]             unexpected_cfgs = { level = "warn", check-cfg = ['cfg(op_assign)'] }
[INFO] [stdout]    = help: or consider adding `println!("cargo::rustc-check-cfg=cfg(op_assign)");` to the top of the `build.rs`
[INFO] [stdout]    = note: see <https://doc.rust-lang.org/nightly/rustc/check-cfg/cargo-specifics.html> for more information about checking conditional configuration
[INFO] [stdout] 
[INFO] [stdout] 
[INFO] [stdout] error: linking with `cc` failed: exit status: 1
[INFO] [stdout]   |
[INFO] [stdout]   = note: LC_ALL="C" PATH="/opt/rustwide/rustup-home/toolchains/nightly-2024-10-28-x86_64-unknown-linux-gnu/lib/rustlib/x86_64-unknown-linux-gnu/bin:/opt/rustwide/rustup-home/toolchains/nightly-2024-10-28-x86_64-unknown-linux-gnu/lib/rustlib/x86_64-unknown-linux-gnu/bin/self-contained:/opt/rustwide/cargo-home/bin:/usr/local/sbin:/usr/local/bin:/usr/sbin:/usr/bin:/sbin:/bin" VSLANG="1033" "cc" "-m64" "/tmp/rustcziHNJK/symbols.o" "/opt/rustwide/target/debug/examples/snow-c19b0a5c7104df2e.snow.80bb6eb2f28300ea-cgu.0.rcgu.o" "/opt/rustwide/target/debug/examples/snow-c19b0a5c7104df2e.ett04oljshwo5mb7eznp8qoze.rcgu.o" "-Wl,--as-needed" "-Wl,-Bstatic" "/opt/rustwide/target/debug/deps/libarrayfire-ac9577405503eb81.rlib" "/opt/rustwide/target/debug/deps/libhalf-a9707ee965adb145.rlib" "/opt/rustwide/target/debug/deps/liblibc-a0067fda584a3fab.rlib" "/opt/rustwide/target/debug/deps/libnum-69a6a285ae28cea8.rlib" "/opt/rustwide/target/debug/deps/libnum_rational-3d6af84e0463df90.rlib" "/opt/rustwide/target/debug/deps/libnum_iter-bf1d6f961cbf9f63.rlib" "/opt/rustwide/target/debug/deps/libnum_complex-e396ab3187f226f7.rlib" "/opt/rustwide/target/debug/deps/libnum_bigint-931df063dc37eab1.rlib" "/opt/rustwide/target/debug/deps/libnum_integer-42d13b50d010fc93.rlib" "/opt/rustwide/target/debug/deps/libnum_traits-6e7dfa53a859f98d.rlib" "/opt/rustwide/target/debug/deps/liblazy_static-0575b9746e727b3c.rlib" "/opt/rustwide/rustup-home/toolchains/nightly-2024-10-28-x86_64-unknown-linux-gnu/lib/rustlib/x86_64-unknown-linux-gnu/lib/libstd-fb8c387236db3c10.rlib" "/opt/rustwide/rustup-home/toolchains/nightly-2024-10-28-x86_64-unknown-linux-gnu/lib/rustlib/x86_64-unknown-linux-gnu/lib/libpanic_unwind-b251837809b2f64b.rlib" "/opt/rustwide/rustup-home/toolchains/nightly-2024-10-28-x86_64-unknown-linux-gnu/lib/rustlib/x86_64-unknown-linux-gnu/lib/libobject-cbef83eaa4e01f04.rlib" "/opt/rustwide/rustup-home/toolchains/nightly-2024-10-28-x86_64-unknown-linux-gnu/lib/rustlib/x86_64-unknown-linux-gnu/lib/libmemchr-12a772286de2fca7.rlib" "/opt/rustwide/rustup-home/toolchains/nightly-2024-10-28-x86_64-unknown-linux-gnu/lib/rustlib/x86_64-unknown-linux-gnu/lib/libaddr2line-023bbe5ada7abfc3.rlib" "/opt/rustwide/rustup-home/toolchains/nightly-2024-10-28-x86_64-unknown-linux-gnu/lib/rustlib/x86_64-unknown-linux-gnu/lib/libgimli-de2bcdf10ec69c2b.rlib" "/opt/rustwide/rustup-home/toolchains/nightly-2024-10-28-x86_64-unknown-linux-gnu/lib/rustlib/x86_64-unknown-linux-gnu/lib/librustc_demangle-8e1754df350800fd.rlib" "/opt/rustwide/rustup-home/toolchains/nightly-2024-10-28-x86_64-unknown-linux-gnu/lib/rustlib/x86_64-unknown-linux-gnu/lib/libstd_detect-06c2ab7b9c32e037.rlib" "/opt/rustwide/rustup-home/toolchains/nightly-2024-10-28-x86_64-unknown-linux-gnu/lib/rustlib/x86_64-unknown-linux-gnu/lib/libhashbrown-51d2621fc57a281b.rlib" "/opt/rustwide/rustup-home/toolchains/nightly-2024-10-28-x86_64-unknown-linux-gnu/lib/rustlib/x86_64-unknown-linux-gnu/lib/librustc_std_workspace_alloc-54a930408793772f.rlib" "/opt/rustwide/rustup-home/toolchains/nightly-2024-10-28-x86_64-unknown-linux-gnu/lib/rustlib/x86_64-unknown-linux-gnu/lib/libminiz_oxide-0c7d01cba400dcb2.rlib" "/opt/rustwide/rustup-home/toolchains/nightly-2024-10-28-x86_64-unknown-linux-gnu/lib/rustlib/x86_64-unknown-linux-gnu/lib/libadler-b9f84d69e331b75b.rlib" "/opt/rustwide/rustup-home/toolchains/nightly-2024-10-28-x86_64-unknown-linux-gnu/lib/rustlib/x86_64-unknown-linux-gnu/lib/libunwind-eec95493246aae39.rlib" "/opt/rustwide/rustup-home/toolchains/nightly-2024-10-28-x86_64-unknown-linux-gnu/lib/rustlib/x86_64-unknown-linux-gnu/lib/libcfg_if-6f6676c475e08ab0.rlib" "/opt/rustwide/rustup-home/toolchains/nightly-2024-10-28-x86_64-unknown-linux-gnu/lib/rustlib/x86_64-unknown-linux-gnu/lib/liblibc-799d520624f8b2e0.rlib" "/opt/rustwide/rustup-home/toolchains/nightly-2024-10-28-x86_64-unknown-linux-gnu/lib/rustlib/x86_64-unknown-linux-gnu/lib/liballoc-fcf93d4842acd9a9.rlib" "/opt/rustwide/rustup-home/toolchains/nightly-2024-10-28-x86_64-unknown-linux-gnu/lib/rustlib/x86_64-unknown-linux-gnu/lib/librustc_std_workspace_core-395a38b8e0851c9b.rlib" "/opt/rustwide/rustup-home/toolchains/nightly-2024-10-28-x86_64-unknown-linux-gnu/lib/rustlib/x86_64-unknown-linux-gnu/lib/libcore-d453bab70303062c.rlib" "/opt/rustwide/rustup-home/toolchains/nightly-2024-10-28-x86_64-unknown-linux-gnu/lib/rustlib/x86_64-unknown-linux-gnu/lib/libcompiler_builtins-0e6386368b0a24e8.rlib" "-Wl,-Bdynamic" "-lutil" "-ldl" "-lutil" "-lgcc_s" "-lutil" "-lrt" "-lpthread" "-lm" "-ldl" "-lc" "-B/opt/rustwide/rustup-home/toolchains/nightly-2024-10-28-x86_64-unknown-linux-gnu/lib/rustlib/x86_64-unknown-linux-gnu/bin/gcc-ld" "-fuse-ld=lld" "-Wl,--eh-frame-hdr" "-Wl,-z,noexecstack" "-L" "/opt/arrayfire/lib" "-L" "/opt/arrayfire/lib64" "-L" "/usr/local/lib" "-L" "/usr/lib" "-L" "/opt/rustwide/rustup-home/toolchains/nightly-2024-10-28-x86_64-unknown-linux-gnu/lib/rustlib/x86_64-unknown-linux-gnu/lib" "-o" "/opt/rustwide/target/debug/examples/snow-c19b0a5c7104df2e" "-Wl,--gc-sections" "-pie" "-Wl,-z,relro,-z,now" "-nodefaultlibs"
[INFO] [stdout]   = note: rust-lld: error: undefined symbol: af_release_array
[INFO] [stdout]           >>> referenced by array.rs:710 (src/core/array.rs:710)
[INFO] [stdout]           >>>               arrayfire-ac9577405503eb81.arrayfire.713d8c91ea89530b-cgu.0.rcgu.o:(_$LT$arrayfire..core..array..Array$LT$T$GT$$u20$as$u20$core..ops..drop..Drop$GT$::drop::hd765e679ceb06962) in archive /opt/rustwide/target/debug/deps/libarrayfire-ac9577405503eb81.rlib
[INFO] [stdout]           
[INFO] [stdout]           rust-lld: error: undefined symbol: af_info
[INFO] [stdout]           >>> referenced by device.rs:82 (src/core/device.rs:82)
[INFO] [stdout]           >>>               arrayfire-ac9577405503eb81.arrayfire.713d8c91ea89530b-cgu.0.rcgu.o:(arrayfire::core::device::info::he05c088c91589574) in archive /opt/rustwide/target/debug/deps/libarrayfire-ac9577405503eb81.rlib
[INFO] [stdout]           
[INFO] [stdout]           rust-lld: error: undefined symbol: af_set_device
[INFO] [stdout]           >>> referenced by device.rs:190 (src/core/device.rs:190)
[INFO] [stdout]           >>>               arrayfire-ac9577405503eb81.arrayfire.713d8c91ea89530b-cgu.0.rcgu.o:(arrayfire::core::device::set_device::he46d63163b3a477a) in archive /opt/rustwide/target/debug/deps/libarrayfire-ac9577405503eb81.rlib
[INFO] [stdout]           
[INFO] [stdout]           rust-lld: error: undefined symbol: af_get_last_error
[INFO] [stdout]           >>> referenced by error.rs:104 (src/core/error.rs:104)
[INFO] [stdout]           >>>               arrayfire-ac9577405503eb81.arrayfire.713d8c91ea89530b-cgu.0.rcgu.o:(arrayfire::core::error::get_last_error::hdcb5463cea44a82a) in archive /opt/rustwide/target/debug/deps/libarrayfire-ac9577405503eb81.rlib
[INFO] [stdout]           
[INFO] [stdout]           rust-lld: error: undefined symbol: af_free_host
[INFO] [stdout]           >>> referenced by util.rs:68 (src/core/util.rs:68)
[INFO] [stdout]           >>>               arrayfire-ac9577405503eb81.arrayfire.713d8c91ea89530b-cgu.0.rcgu.o:(arrayfire::core::util::free_host::h34ee3c15c140e010) in archive /opt/rustwide/target/debug/deps/libarrayfire-ac9577405503eb81.rlib
[INFO] [stdout]           
[INFO] [stdout]           rust-lld: error: undefined symbol: af_destroy_window
[INFO] [stdout]           >>> referenced by mod.rs:191 (src/graphics/mod.rs:191)
[INFO] [stdout]           >>>               arrayfire-ac9577405503eb81.arrayfire.713d8c91ea89530b-cgu.0.rcgu.o:(_$LT$arrayfire..graphics..Window$u20$as$u20$core..ops..drop..Drop$GT$::drop::h763c74771866ba8c) in archive /opt/rustwide/target/debug/deps/libarrayfire-ac9577405503eb81.rlib
[INFO] [stdout]           
[INFO] [stdout]           rust-lld: error: undefined symbol: af_create_window
[INFO] [stdout]           >>> referenced by mod.rs:223 (src/graphics/mod.rs:223)
[INFO] [stdout]           >>>               arrayfire-ac9577405503eb81.arrayfire.713d8c91ea89530b-cgu.0.rcgu.o:(arrayfire::graphics::Window::new::hce39751db6b0d72e) in archive /opt/rustwide/target/debug/deps/libarrayfire-ac9577405503eb81.rlib
[INFO] [stdout]           
[INFO] [stdout]           rust-lld: error: undefined symbol: af_is_window_closed
[INFO] [stdout]           >>> referenced by mod.rs:309 (src/graphics/mod.rs:309)
[INFO] [stdout]           >>>               arrayfire-ac9577405503eb81.arrayfire.713d8c91ea89530b-cgu.0.rcgu.o:(arrayfire::graphics::Window::is_closed::hb68ffac073e229d7) in archive /opt/rustwide/target/debug/deps/libarrayfire-ac9577405503eb81.rlib
[INFO] [stdout]           
[INFO] [stdout]           rust-lld: error: undefined symbol: af_randu
[INFO] [stdout]           >>> referenced by random.rs:80 (src/core/random.rs:80)
[INFO] [stdout]           >>>               /opt/rustwide/target/debug/examples/snow-c19b0a5c7104df2e.snow.80bb6eb2f28300ea-cgu.0.rcgu.o:(arrayfire::core::random::randu::hb96920db5605ce26)
[INFO] [stdout]           
[INFO] [stdout]           rust-lld: error: undefined symbol: af_draw_image
[INFO] [stdout]           >>> referenced by mod.rs:600 (src/graphics/mod.rs:600)
[INFO] [stdout]           >>>               /opt/rustwide/target/debug/examples/snow-c19b0a5c7104df2e.snow.80bb6eb2f28300ea-cgu.0.rcgu.o:(arrayfire::graphics::Window::draw_image::h6b37a1700c6b403d)
[INFO] [stdout]           collect2: error: ld returned 1 exit status
[INFO] [stdout]           
[INFO] [stdout] 
[INFO] [stdout] 
[INFO] [stderr] error: could not compile `arrayfire` (example "snow") due to 1 previous error
[INFO] [stderr] warning: build failed, waiting for other jobs to finish...
[INFO] [stdout] error: linking with `cc` failed: exit status: 1
[INFO] [stdout]   |
[INFO] [stdout]   = note: LC_ALL="C" PATH="/opt/rustwide/rustup-home/toolchains/nightly-2024-10-28-x86_64-unknown-linux-gnu/lib/rustlib/x86_64-unknown-linux-gnu/bin:/opt/rustwide/rustup-home/toolchains/nightly-2024-10-28-x86_64-unknown-linux-gnu/lib/rustlib/x86_64-unknown-linux-gnu/bin/self-contained:/opt/rustwide/cargo-home/bin:/usr/local/sbin:/usr/local/bin:/usr/sbin:/usr/bin:/sbin:/bin" VSLANG="1033" "cc" "-m64" "/tmp/rustcQJ22fk/symbols.o" "/opt/rustwide/target/debug/examples/fft-03c666f678fbbb07.fft.d602fa34f63802a7-cgu.0.rcgu.o" "/opt/rustwide/target/debug/examples/fft-03c666f678fbbb07.2zuim1i6sji0oxnde6wtemxzk.rcgu.o" "-Wl,--as-needed" "-Wl,-Bstatic" "/opt/rustwide/target/debug/deps/libarrayfire-ac9577405503eb81.rlib" "/opt/rustwide/target/debug/deps/libhalf-a9707ee965adb145.rlib" "/opt/rustwide/target/debug/deps/liblibc-a0067fda584a3fab.rlib" "/opt/rustwide/target/debug/deps/libnum-69a6a285ae28cea8.rlib" "/opt/rustwide/target/debug/deps/libnum_rational-3d6af84e0463df90.rlib" "/opt/rustwide/target/debug/deps/libnum_iter-bf1d6f961cbf9f63.rlib" "/opt/rustwide/target/debug/deps/libnum_complex-e396ab3187f226f7.rlib" "/opt/rustwide/target/debug/deps/libnum_bigint-931df063dc37eab1.rlib" "/opt/rustwide/target/debug/deps/libnum_integer-42d13b50d010fc93.rlib" "/opt/rustwide/target/debug/deps/libnum_traits-6e7dfa53a859f98d.rlib" "/opt/rustwide/target/debug/deps/liblazy_static-0575b9746e727b3c.rlib" "/opt/rustwide/rustup-home/toolchains/nightly-2024-10-28-x86_64-unknown-linux-gnu/lib/rustlib/x86_64-unknown-linux-gnu/lib/libstd-fb8c387236db3c10.rlib" "/opt/rustwide/rustup-home/toolchains/nightly-2024-10-28-x86_64-unknown-linux-gnu/lib/rustlib/x86_64-unknown-linux-gnu/lib/libpanic_unwind-b251837809b2f64b.rlib" "/opt/rustwide/rustup-home/toolchains/nightly-2024-10-28-x86_64-unknown-linux-gnu/lib/rustlib/x86_64-unknown-linux-gnu/lib/libobject-cbef83eaa4e01f04.rlib" "/opt/rustwide/rustup-home/toolchains/nightly-2024-10-28-x86_64-unknown-linux-gnu/lib/rustlib/x86_64-unknown-linux-gnu/lib/libmemchr-12a772286de2fca7.rlib" "/opt/rustwide/rustup-home/toolchains/nightly-2024-10-28-x86_64-unknown-linux-gnu/lib/rustlib/x86_64-unknown-linux-gnu/lib/libaddr2line-023bbe5ada7abfc3.rlib" "/opt/rustwide/rustup-home/toolchains/nightly-2024-10-28-x86_64-unknown-linux-gnu/lib/rustlib/x86_64-unknown-linux-gnu/lib/libgimli-de2bcdf10ec69c2b.rlib" "/opt/rustwide/rustup-home/toolchains/nightly-2024-10-28-x86_64-unknown-linux-gnu/lib/rustlib/x86_64-unknown-linux-gnu/lib/librustc_demangle-8e1754df350800fd.rlib" "/opt/rustwide/rustup-home/toolchains/nightly-2024-10-28-x86_64-unknown-linux-gnu/lib/rustlib/x86_64-unknown-linux-gnu/lib/libstd_detect-06c2ab7b9c32e037.rlib" "/opt/rustwide/rustup-home/toolchains/nightly-2024-10-28-x86_64-unknown-linux-gnu/lib/rustlib/x86_64-unknown-linux-gnu/lib/libhashbrown-51d2621fc57a281b.rlib" "/opt/rustwide/rustup-home/toolchains/nightly-2024-10-28-x86_64-unknown-linux-gnu/lib/rustlib/x86_64-unknown-linux-gnu/lib/librustc_std_workspace_alloc-54a930408793772f.rlib" "/opt/rustwide/rustup-home/toolchains/nightly-2024-10-28-x86_64-unknown-linux-gnu/lib/rustlib/x86_64-unknown-linux-gnu/lib/libminiz_oxide-0c7d01cba400dcb2.rlib" "/opt/rustwide/rustup-home/toolchains/nightly-2024-10-28-x86_64-unknown-linux-gnu/lib/rustlib/x86_64-unknown-linux-gnu/lib/libadler-b9f84d69e331b75b.rlib" "/opt/rustwide/rustup-home/toolchains/nightly-2024-10-28-x86_64-unknown-linux-gnu/lib/rustlib/x86_64-unknown-linux-gnu/lib/libunwind-eec95493246aae39.rlib" "/opt/rustwide/rustup-home/toolchains/nightly-2024-10-28-x86_64-unknown-linux-gnu/lib/rustlib/x86_64-unknown-linux-gnu/lib/libcfg_if-6f6676c475e08ab0.rlib" "/opt/rustwide/rustup-home/toolchains/nightly-2024-10-28-x86_64-unknown-linux-gnu/lib/rustlib/x86_64-unknown-linux-gnu/lib/liblibc-799d520624f8b2e0.rlib" "/opt/rustwide/rustup-home/toolchains/nightly-2024-10-28-x86_64-unknown-linux-gnu/lib/rustlib/x86_64-unknown-linux-gnu/lib/liballoc-fcf93d4842acd9a9.rlib" "/opt/rustwide/rustup-home/toolchains/nightly-2024-10-28-x86_64-unknown-linux-gnu/lib/rustlib/x86_64-unknown-linux-gnu/lib/librustc_std_workspace_core-395a38b8e0851c9b.rlib" "/opt/rustwide/rustup-home/toolchains/nightly-2024-10-28-x86_64-unknown-linux-gnu/lib/rustlib/x86_64-unknown-linux-gnu/lib/libcore-d453bab70303062c.rlib" "/opt/rustwide/rustup-home/toolchains/nightly-2024-10-28-x86_64-unknown-linux-gnu/lib/rustlib/x86_64-unknown-linux-gnu/lib/libcompiler_builtins-0e6386368b0a24e8.rlib" "-Wl,-Bdynamic" "-lutil" "-ldl" "-lutil" "-lgcc_s" "-lutil" "-lrt" "-lpthread" "-lm" "-ldl" "-lc" "-B/opt/rustwide/rustup-home/toolchains/nightly-2024-10-28-x86_64-unknown-linux-gnu/lib/rustlib/x86_64-unknown-linux-gnu/bin/gcc-ld" "-fuse-ld=lld" "-Wl,--eh-frame-hdr" "-Wl,-z,noexecstack" "-L" "/opt/arrayfire/lib" "-L" "/opt/arrayfire/lib64" "-L" "/usr/local/lib" "-L" "/usr/lib" "-L" "/opt/rustwide/rustup-home/toolchains/nightly-2024-10-28-x86_64-unknown-linux-gnu/lib/rustlib/x86_64-unknown-linux-gnu/lib" "-o" "/opt/rustwide/target/debug/examples/fft-03c666f678fbbb07" "-Wl,--gc-sections" "-pie" "-Wl,-z,relro,-z,now" "-nodefaultlibs"
[INFO] [stdout]   = note: rust-lld: error: undefined symbol: af_release_array
[INFO] [stdout]           >>> referenced by array.rs:710 (src/core/array.rs:710)
[INFO] [stdout]           >>>               /opt/rustwide/target/debug/examples/fft-03c666f678fbbb07.fft.d602fa34f63802a7-cgu.0.rcgu.o:(_$LT$arrayfire..core..array..Array$LT$T$GT$$u20$as$u20$core..ops..drop..Drop$GT$::drop::h58318decd4d0d3d3)
[INFO] [stdout]           
[INFO] [stdout]           rust-lld: error: undefined symbol: af_create_array
[INFO] [stdout]           >>> referenced by array.rs:228 (src/core/array.rs:228)
[INFO] [stdout]           >>>               /opt/rustwide/target/debug/examples/fft-03c666f678fbbb07.fft.d602fa34f63802a7-cgu.0.rcgu.o:(arrayfire::core::array::Array$LT$T$GT$::new::h215d66f2b132c1b8)
[INFO] [stdout]           
[INFO] [stdout]           rust-lld: error: undefined symbol: af_print_array_gen
[INFO] [stdout]           >>> referenced by array.rs:792 (src/core/array.rs:792)
[INFO] [stdout]           >>>               /opt/rustwide/target/debug/examples/fft-03c666f678fbbb07.fft.d602fa34f63802a7-cgu.0.rcgu.o:(arrayfire::core::array::print_gen::h90dc8e50e02a4c3a)
[INFO] [stdout]           
[INFO] [stdout]           rust-lld: error: undefined symbol: af_fft
[INFO] [stdout]           >>> referenced by mod.rs:511 (src/signal/mod.rs:511)
[INFO] [stdout]           >>>               /opt/rustwide/target/debug/examples/fft-03c666f678fbbb07.fft.d602fa34f63802a7-cgu.0.rcgu.o:(arrayfire::signal::fft::hcccac011411271c2)
[INFO] [stdout]           
[INFO] [stdout]           rust-lld: error: undefined symbol: af_info
[INFO] [stdout]           >>> referenced by device.rs:82 (src/core/device.rs:82)
[INFO] [stdout]           >>>               arrayfire-ac9577405503eb81.arrayfire.713d8c91ea89530b-cgu.0.rcgu.o:(arrayfire::core::device::info::he05c088c91589574) in archive /opt/rustwide/target/debug/deps/libarrayfire-ac9577405503eb81.rlib
[INFO] [stdout]           
[INFO] [stdout]           rust-lld: error: undefined symbol: af_set_device
[INFO] [stdout]           >>> referenced by device.rs:190 (src/core/device.rs:190)
[INFO] [stdout]           >>>               arrayfire-ac9577405503eb81.arrayfire.713d8c91ea89530b-cgu.0.rcgu.o:(arrayfire::core::device::set_device::he46d63163b3a477a) in archive /opt/rustwide/target/debug/deps/libarrayfire-ac9577405503eb81.rlib
[INFO] [stdout]           
[INFO] [stdout]           rust-lld: error: undefined symbol: af_get_last_error
[INFO] [stdout]           >>> referenced by error.rs:104 (src/core/error.rs:104)
[INFO] [stdout]           >>>               arrayfire-ac9577405503eb81.arrayfire.713d8c91ea89530b-cgu.0.rcgu.o:(arrayfire::core::error::get_last_error::hdcb5463cea44a82a) in archive /opt/rustwide/target/debug/deps/libarrayfire-ac9577405503eb81.rlib
[INFO] [stdout]           
[INFO] [stdout]           rust-lld: error: undefined symbol: af_free_host
[INFO] [stdout]           >>> referenced by util.rs:68 (src/core/util.rs:68)
[INFO] [stdout]           >>>               arrayfire-ac9577405503eb81.arrayfire.713d8c91ea89530b-cgu.0.rcgu.o:(arrayfire::core::util::free_host::h34ee3c15c140e010) in archive /opt/rustwide/target/debug/deps/libarrayfire-ac9577405503eb81.rlib
[INFO] [stdout]           collect2: error: ld returned 1 exit status
[INFO] [stdout]           
[INFO] [stdout] 
[INFO] [stdout] 
[INFO] [stdout] error: linking with `cc` failed: exit status: 1
[INFO] [stdout]   |
[INFO] [stdout]   = note: LC_ALL="C" PATH="/opt/rustwide/rustup-home/toolchains/nightly-2024-10-28-x86_64-unknown-linux-gnu/lib/rustlib/x86_64-unknown-linux-gnu/bin:/opt/rustwide/rustup-home/toolchains/nightly-2024-10-28-x86_64-unknown-linux-gnu/lib/rustlib/x86_64-unknown-linux-gnu/bin/self-contained:/opt/rustwide/cargo-home/bin:/usr/local/sbin:/usr/local/bin:/usr/sbin:/usr/bin:/sbin:/bin" VSLANG="1033" "cc" "-m64" "/tmp/rustcGqJLOl/symbols.o" "/opt/rustwide/target/debug/examples/histogram-b11379f899ddf5f8.histogram.993746826d92d475-cgu.0.rcgu.o" "/opt/rustwide/target/debug/examples/histogram-b11379f899ddf5f8.4p2jb0t6g3h66ykn7j81l32wp.rcgu.o" "-Wl,--as-needed" "-Wl,-Bstatic" "/opt/rustwide/target/debug/deps/libarrayfire-ac9577405503eb81.rlib" "/opt/rustwide/target/debug/deps/libhalf-a9707ee965adb145.rlib" "/opt/rustwide/target/debug/deps/liblibc-a0067fda584a3fab.rlib" "/opt/rustwide/target/debug/deps/libnum-69a6a285ae28cea8.rlib" "/opt/rustwide/target/debug/deps/libnum_rational-3d6af84e0463df90.rlib" "/opt/rustwide/target/debug/deps/libnum_iter-bf1d6f961cbf9f63.rlib" "/opt/rustwide/target/debug/deps/libnum_complex-e396ab3187f226f7.rlib" "/opt/rustwide/target/debug/deps/libnum_bigint-931df063dc37eab1.rlib" "/opt/rustwide/target/debug/deps/libnum_integer-42d13b50d010fc93.rlib" "/opt/rustwide/target/debug/deps/libnum_traits-6e7dfa53a859f98d.rlib" "/opt/rustwide/target/debug/deps/liblazy_static-0575b9746e727b3c.rlib" "/opt/rustwide/rustup-home/toolchains/nightly-2024-10-28-x86_64-unknown-linux-gnu/lib/rustlib/x86_64-unknown-linux-gnu/lib/libstd-fb8c387236db3c10.rlib" "/opt/rustwide/rustup-home/toolchains/nightly-2024-10-28-x86_64-unknown-linux-gnu/lib/rustlib/x86_64-unknown-linux-gnu/lib/libpanic_unwind-b251837809b2f64b.rlib" "/opt/rustwide/rustup-home/toolchains/nightly-2024-10-28-x86_64-unknown-linux-gnu/lib/rustlib/x86_64-unknown-linux-gnu/lib/libobject-cbef83eaa4e01f04.rlib" "/opt/rustwide/rustup-home/toolchains/nightly-2024-10-28-x86_64-unknown-linux-gnu/lib/rustlib/x86_64-unknown-linux-gnu/lib/libmemchr-12a772286de2fca7.rlib" "/opt/rustwide/rustup-home/toolchains/nightly-2024-10-28-x86_64-unknown-linux-gnu/lib/rustlib/x86_64-unknown-linux-gnu/lib/libaddr2line-023bbe5ada7abfc3.rlib" "/opt/rustwide/rustup-home/toolchains/nightly-2024-10-28-x86_64-unknown-linux-gnu/lib/rustlib/x86_64-unknown-linux-gnu/lib/libgimli-de2bcdf10ec69c2b.rlib" "/opt/rustwide/rustup-home/toolchains/nightly-2024-10-28-x86_64-unknown-linux-gnu/lib/rustlib/x86_64-unknown-linux-gnu/lib/librustc_demangle-8e1754df350800fd.rlib" "/opt/rustwide/rustup-home/toolchains/nightly-2024-10-28-x86_64-unknown-linux-gnu/lib/rustlib/x86_64-unknown-linux-gnu/lib/libstd_detect-06c2ab7b9c32e037.rlib" "/opt/rustwide/rustup-home/toolchains/nightly-2024-10-28-x86_64-unknown-linux-gnu/lib/rustlib/x86_64-unknown-linux-gnu/lib/libhashbrown-51d2621fc57a281b.rlib" "/opt/rustwide/rustup-home/toolchains/nightly-2024-10-28-x86_64-unknown-linux-gnu/lib/rustlib/x86_64-unknown-linux-gnu/lib/librustc_std_workspace_alloc-54a930408793772f.rlib" "/opt/rustwide/rustup-home/toolchains/nightly-2024-10-28-x86_64-unknown-linux-gnu/lib/rustlib/x86_64-unknown-linux-gnu/lib/libminiz_oxide-0c7d01cba400dcb2.rlib" "/opt/rustwide/rustup-home/toolchains/nightly-2024-10-28-x86_64-unknown-linux-gnu/lib/rustlib/x86_64-unknown-linux-gnu/lib/libadler-b9f84d69e331b75b.rlib" "/opt/rustwide/rustup-home/toolchains/nightly-2024-10-28-x86_64-unknown-linux-gnu/lib/rustlib/x86_64-unknown-linux-gnu/lib/libunwind-eec95493246aae39.rlib" "/opt/rustwide/rustup-home/toolchains/nightly-2024-10-28-x86_64-unknown-linux-gnu/lib/rustlib/x86_64-unknown-linux-gnu/lib/libcfg_if-6f6676c475e08ab0.rlib" "/opt/rustwide/rustup-home/toolchains/nightly-2024-10-28-x86_64-unknown-linux-gnu/lib/rustlib/x86_64-unknown-linux-gnu/lib/liblibc-799d520624f8b2e0.rlib" "/opt/rustwide/rustup-home/toolchains/nightly-2024-10-28-x86_64-unknown-linux-gnu/lib/rustlib/x86_64-unknown-linux-gnu/lib/liballoc-fcf93d4842acd9a9.rlib" "/opt/rustwide/rustup-home/toolchains/nightly-2024-10-28-x86_64-unknown-linux-gnu/lib/rustlib/x86_64-unknown-linux-gnu/lib/librustc_std_workspace_core-395a38b8e0851c9b.rlib" "/opt/rustwide/rustup-home/toolchains/nightly-2024-10-28-x86_64-unknown-linux-gnu/lib/rustlib/x86_64-unknown-linux-gnu/lib/libcore-d453bab70303062c.rlib" "/opt/rustwide/rustup-home/toolchains/nightly-2024-10-28-x86_64-unknown-linux-gnu/lib/rustlib/x86_64-unknown-linux-gnu/lib/libcompiler_builtins-0e6386368b0a24e8.rlib" "-Wl,-Bdynamic" "-lutil" "-ldl" "-lutil" "-lgcc_s" "-lutil" "-lrt" "-lpthread" "-lm" "-ldl" "-lc" "-B/opt/rustwide/rustup-home/toolchains/nightly-2024-10-28-x86_64-unknown-linux-gnu/lib/rustlib/x86_64-unknown-linux-gnu/bin/gcc-ld" "-fuse-ld=lld" "-Wl,--eh-frame-hdr" "-Wl,-z,noexecstack" "-L" "/opt/arrayfire/lib" "-L" "/opt/arrayfire/lib64" "-L" "/usr/local/lib" "-L" "/usr/lib" "-L" "/opt/rustwide/rustup-home/toolchains/nightly-2024-10-28-x86_64-unknown-linux-gnu/lib/rustlib/x86_64-unknown-linux-gnu/lib" "-o" "/opt/rustwide/target/debug/examples/histogram-b11379f899ddf5f8" "-Wl,--gc-sections" "-pie" "-Wl,-z,relro,-z,now" "-nodefaultlibs"
[INFO] [stdout]   = note: rust-lld: error: undefined symbol: af_release_array
[INFO] [stdout]           >>> referenced by array.rs:710 (src/core/array.rs:710)
[INFO] [stdout]           >>>               /opt/rustwide/target/debug/examples/histogram-b11379f899ddf5f8.histogram.993746826d92d475-cgu.0.rcgu.o:(_$LT$arrayfire..core..array..Array$LT$T$GT$$u20$as$u20$core..ops..drop..Drop$GT$::drop::h8e5edacde1eb850d)
[INFO] [stdout]           >>> referenced by array.rs:710 (src/core/array.rs:710)
[INFO] [stdout]           >>>               arrayfire-ac9577405503eb81.arrayfire.713d8c91ea89530b-cgu.0.rcgu.o:(_$LT$arrayfire..core..array..Array$LT$T$GT$$u20$as$u20$core..ops..drop..Drop$GT$::drop::hd765e679ceb06962) in archive /opt/rustwide/target/debug/deps/libarrayfire-ac9577405503eb81.rlib
[INFO] [stdout]           
[INFO] [stdout]           rust-lld: error: undefined symbol: af_tile
[INFO] [stdout]           >>> referenced by data.rs:496 (src/core/data.rs:496)
[INFO] [stdout]           >>>               /opt/rustwide/target/debug/examples/histogram-b11379f899ddf5f8.histogram.993746826d92d475-cgu.0.rcgu.o:(arrayfire::core::data::tile::h2fd4c072ae8cbaa8)
[INFO] [stdout]           
[INFO] [stdout]           rust-lld: error: undefined symbol: af_div
[INFO] [stdout]           >>> referenced by arith.rs:407 (src/core/arith.rs:407)
[INFO] [stdout]           >>>               /opt/rustwide/target/debug/examples/histogram-b11379f899ddf5f8.histogram.993746826d92d475-cgu.0.rcgu.o:(arrayfire::core::arith::div_helper::h50a8393eae9ac704)
[INFO] [stdout]           
[INFO] [stdout]           rust-lld: error: undefined symbol: af_get_dims
[INFO] [stdout]           >>> referenced by array.rs:433 (src/core/array.rs:433)
[INFO] [stdout]           >>>               /opt/rustwide/target/debug/examples/histogram-b11379f899ddf5f8.histogram.993746826d92d475-cgu.0.rcgu.o:(arrayfire::core::array::Array$LT$T$GT$::dims::h4b3b1dc732e8d4f9)
[INFO] [stdout]           
[INFO] [stdout]           rust-lld: error: undefined symbol: af_is_scalar
[INFO] [stdout]           >>> referenced by array.rs:181 (src/core/array.rs:181)
[INFO] [stdout]           >>>               /opt/rustwide/target/debug/examples/histogram-b11379f899ddf5f8.histogram.993746826d92d475-cgu.0.rcgu.o:(arrayfire::core::array::Array$LT$T$GT$::is_scalar::h788922f8125e791d)
[INFO] [stdout]           
[INFO] [stdout]           rust-lld: error: undefined symbol: af_load_image
[INFO] [stdout]           >>> referenced by mod.rs:316 (src/image/mod.rs:316)
[INFO] [stdout]           >>>               /opt/rustwide/target/debug/examples/histogram-b11379f899ddf5f8.histogram.993746826d92d475-cgu.0.rcgu.o:(arrayfire::image::load_image::hd23bae9f42452392)
[INFO] [stdout]           
[INFO] [stdout]           rust-lld: error: undefined symbol: af_cast
[INFO] [stdout]           >>> referenced by mod.rs:320 (src/image/mod.rs:320)
[INFO] [stdout]           >>>               /opt/rustwide/target/debug/examples/histogram-b11379f899ddf5f8.histogram.993746826d92d475-cgu.0.rcgu.o:(arrayfire::image::load_image::hd23bae9f42452392)
[INFO] [stdout]           
[INFO] [stdout]           rust-lld: error: undefined symbol: af_histogram
[INFO] [stdout]           >>> referenced by mod.rs:734 (src/image/mod.rs:734)
[INFO] [stdout]           >>>               /opt/rustwide/target/debug/examples/histogram-b11379f899ddf5f8.histogram.993746826d92d475-cgu.0.rcgu.o:(arrayfire::image::histogram::he8e6205eeedd4029)
[INFO] [stdout]           
[INFO] [stdout]           rust-lld: error: undefined symbol: af_draw_image
[INFO] [stdout]           >>> referenced by mod.rs:600 (src/graphics/mod.rs:600)
[INFO] [stdout]           >>>               /opt/rustwide/target/debug/examples/histogram-b11379f899ddf5f8.histogram.993746826d92d475-cgu.0.rcgu.o:(arrayfire::graphics::Window::draw_image::h516b7c9af8dfc215)
[INFO] [stdout]           
[INFO] [stdout]           rust-lld: error: undefined symbol: af_draw_hist
[INFO] [stdout]           >>> referenced by mod.rs:723 (src/graphics/mod.rs:723)
[INFO] [stdout]           >>>               /opt/rustwide/target/debug/examples/histogram-b11379f899ddf5f8.histogram.993746826d92d475-cgu.0.rcgu.o:(arrayfire::graphics::Window::draw_hist::had551aa19692cf7e)
[INFO] [stdout]           
[INFO] [stdout]           rust-lld: error: undefined symbol: af_retain_array
[INFO] [stdout]           >>> referenced by array.rs:694 (src/core/array.rs:694)
[INFO] [stdout]           >>>               arrayfire-ac9577405503eb81.arrayfire.713d8c91ea89530b-cgu.0.rcgu.o:(_$LT$arrayfire..core..array..Array$LT$T$GT$$u20$as$u20$core..clone..Clone$GT$::clone::h03f399dea01201c6) in archive /opt/rustwide/target/debug/deps/libarrayfire-ac9577405503eb81.rlib
[INFO] [stdout]           
[INFO] [stdout]           rust-lld: error: undefined symbol: af_info
[INFO] [stdout]           >>> referenced by device.rs:82 (src/core/device.rs:82)
[INFO] [stdout]           >>>               arrayfire-ac9577405503eb81.arrayfire.713d8c91ea89530b-cgu.0.rcgu.o:(arrayfire::core::device::info::he05c088c91589574) in archive /opt/rustwide/target/debug/deps/libarrayfire-ac9577405503eb81.rlib
[INFO] [stdout]           
[INFO] [stdout]           rust-lld: error: undefined symbol: af_set_device
[INFO] [stdout]           >>> referenced by device.rs:190 (src/core/device.rs:190)
[INFO] [stdout]           >>>               arrayfire-ac9577405503eb81.arrayfire.713d8c91ea89530b-cgu.0.rcgu.o:(arrayfire::core::device::set_device::he46d63163b3a477a) in archive /opt/rustwide/target/debug/deps/libarrayfire-ac9577405503eb81.rlib
[INFO] [stdout]           
[INFO] [stdout]           rust-lld: error: undefined symbol: af_get_last_error
[INFO] [stdout]           >>> referenced by error.rs:104 (src/core/error.rs:104)
[INFO] [stdout]           >>>               arrayfire-ac9577405503eb81.arrayfire.713d8c91ea89530b-cgu.0.rcgu.o:(arrayfire::core::error::get_last_error::hdcb5463cea44a82a) in archive /opt/rustwide/target/debug/deps/libarrayfire-ac9577405503eb81.rlib
[INFO] [stdout]           
[INFO] [stdout]           rust-lld: error: undefined symbol: af_free_host
[INFO] [stdout]           >>> referenced by util.rs:68 (src/core/util.rs:68)
[INFO] [stdout]           >>>               arrayfire-ac9577405503eb81.arrayfire.713d8c91ea89530b-cgu.0.rcgu.o:(arrayfire::core::util::free_host::h34ee3c15c140e010) in archive /opt/rustwide/target/debug/deps/libarrayfire-ac9577405503eb81.rlib
[INFO] [stdout]           
[INFO] [stdout]           rust-lld: error: undefined symbol: af_destroy_window
[INFO] [stdout]           >>> referenced by mod.rs:191 (src/graphics/mod.rs:191)
[INFO] [stdout]           >>>               arrayfire-ac9577405503eb81.arrayfire.713d8c91ea89530b-cgu.0.rcgu.o:(_$LT$arrayfire..graphics..Window$u20$as$u20$core..ops..drop..Drop$GT$::drop::h763c74771866ba8c) in archive /opt/rustwide/target/debug/deps/libarrayfire-ac9577405503eb81.rlib
[INFO] [stdout]           
[INFO] [stdout]           rust-lld: error: undefined symbol: af_create_window
[INFO] [stdout]           >>> referenced by mod.rs:223 (src/graphics/mod.rs:223)
[INFO] [stdout]           >>>               arrayfire-ac9577405503eb81.arrayfire.713d8c91ea89530b-cgu.0.rcgu.o:(arrayfire::graphics::Window::new::hce39751db6b0d72e) in archive /opt/rustwide/target/debug/deps/libarrayfire-ac9577405503eb81.rlib
[INFO] [stdout]           
[INFO] [stdout]           rust-lld: error: undefined symbol: af_set_position
[INFO] [stdout]           >>> referenced by mod.rs:247 (src/graphics/mod.rs:247)
[INFO] [stdout]           >>>               arrayfire-ac9577405503eb81.arrayfire.713d8c91ea89530b-cgu.0.rcgu.o:(arrayfire::graphics::Window::set_position::hdc440af69066cc26) in archive /opt/rustwide/target/debug/deps/libarrayfire-ac9577405503eb81.rlib
[INFO] [stdout]           
[INFO] [stdout]           rust-lld: error: undefined symbol: af_is_window_closed
[INFO] [stdout]           >>> referenced by mod.rs:309 (src/graphics/mod.rs:309)
[INFO] [stdout]           >>>               arrayfire-ac9577405503eb81.arrayfire.713d8c91ea89530b-cgu.0.rcgu.o:(arrayfire::graphics::Window::is_closed::hb68ffac073e229d7) in archive /opt/rustwide/target/debug/deps/libarrayfire-ac9577405503eb81.rlib
[INFO] [stdout]           
[INFO] [stdout]           rust-lld: error: undefined symbol: af_constant
[INFO] [stdout]           >>> referenced by data.rs:242 (src/core/data.rs:242)
[INFO] [stdout]           >>>               arrayfire-ac9577405503eb81.arrayfire.713d8c91ea89530b-cgu.0.rcgu.o:(_$LT$f32$u20$as$u20$arrayfire..core..data..ConstGenerator$GT$::generate::h96178f36c2c4dad6) in archive /opt/rustwide/target/debug/deps/libarrayfire-ac9577405503eb81.rlib
[INFO] [stdout]           collect2: error: ld returned 1 exit status
[INFO] [stdout]           
[INFO] [stdout] 
[INFO] [stdout] 
[INFO] [stdout] error: linking with `cc` failed: exit status: 1
[INFO] [stdout]   |
[INFO] [stdout]   = note: LC_ALL="C" PATH="/opt/rustwide/rustup-home/toolchains/nightly-2024-10-28-x86_64-unknown-linux-gnu/lib/rustlib/x86_64-unknown-linux-gnu/bin:/opt/rustwide/rustup-home/toolchains/nightly-2024-10-28-x86_64-unknown-linux-gnu/lib/rustlib/x86_64-unknown-linux-gnu/bin/self-contained:/opt/rustwide/cargo-home/bin:/usr/local/sbin:/usr/local/bin:/usr/sbin:/usr/bin:/sbin:/bin" VSLANG="1033" "cc" "-m64" "/tmp/rustcYSX8CV/symbols.o" "/opt/rustwide/target/debug/examples/pi-0e57761ceded4056.pi.a76941405235b41b-cgu.0.rcgu.o" "/opt/rustwide/target/debug/examples/pi-0e57761ceded4056.85bhwxspp9x0bj8eh8rayux4j.rcgu.o" "-Wl,--as-needed" "-Wl,-Bstatic" "/opt/rustwide/target/debug/deps/libarrayfire-ac9577405503eb81.rlib" "/opt/rustwide/target/debug/deps/libhalf-a9707ee965adb145.rlib" "/opt/rustwide/target/debug/deps/liblibc-a0067fda584a3fab.rlib" "/opt/rustwide/target/debug/deps/libnum-69a6a285ae28cea8.rlib" "/opt/rustwide/target/debug/deps/libnum_rational-3d6af84e0463df90.rlib" "/opt/rustwide/target/debug/deps/libnum_iter-bf1d6f961cbf9f63.rlib" "/opt/rustwide/target/debug/deps/libnum_complex-e396ab3187f226f7.rlib" "/opt/rustwide/target/debug/deps/libnum_bigint-931df063dc37eab1.rlib" "/opt/rustwide/target/debug/deps/libnum_integer-42d13b50d010fc93.rlib" "/opt/rustwide/target/debug/deps/libnum_traits-6e7dfa53a859f98d.rlib" "/opt/rustwide/target/debug/deps/liblazy_static-0575b9746e727b3c.rlib" "/opt/rustwide/rustup-home/toolchains/nightly-2024-10-28-x86_64-unknown-linux-gnu/lib/rustlib/x86_64-unknown-linux-gnu/lib/libstd-fb8c387236db3c10.rlib" "/opt/rustwide/rustup-home/toolchains/nightly-2024-10-28-x86_64-unknown-linux-gnu/lib/rustlib/x86_64-unknown-linux-gnu/lib/libpanic_unwind-b251837809b2f64b.rlib" "/opt/rustwide/rustup-home/toolchains/nightly-2024-10-28-x86_64-unknown-linux-gnu/lib/rustlib/x86_64-unknown-linux-gnu/lib/libobject-cbef83eaa4e01f04.rlib" "/opt/rustwide/rustup-home/toolchains/nightly-2024-10-28-x86_64-unknown-linux-gnu/lib/rustlib/x86_64-unknown-linux-gnu/lib/libmemchr-12a772286de2fca7.rlib" "/opt/rustwide/rustup-home/toolchains/nightly-2024-10-28-x86_64-unknown-linux-gnu/lib/rustlib/x86_64-unknown-linux-gnu/lib/libaddr2line-023bbe5ada7abfc3.rlib" "/opt/rustwide/rustup-home/toolchains/nightly-2024-10-28-x86_64-unknown-linux-gnu/lib/rustlib/x86_64-unknown-linux-gnu/lib/libgimli-de2bcdf10ec69c2b.rlib" "/opt/rustwide/rustup-home/toolchains/nightly-2024-10-28-x86_64-unknown-linux-gnu/lib/rustlib/x86_64-unknown-linux-gnu/lib/librustc_demangle-8e1754df350800fd.rlib" "/opt/rustwide/rustup-home/toolchains/nightly-2024-10-28-x86_64-unknown-linux-gnu/lib/rustlib/x86_64-unknown-linux-gnu/lib/libstd_detect-06c2ab7b9c32e037.rlib" "/opt/rustwide/rustup-home/toolchains/nightly-2024-10-28-x86_64-unknown-linux-gnu/lib/rustlib/x86_64-unknown-linux-gnu/lib/libhashbrown-51d2621fc57a281b.rlib" "/opt/rustwide/rustup-home/toolchains/nightly-2024-10-28-x86_64-unknown-linux-gnu/lib/rustlib/x86_64-unknown-linux-gnu/lib/librustc_std_workspace_alloc-54a930408793772f.rlib" "/opt/rustwide/rustup-home/toolchains/nightly-2024-10-28-x86_64-unknown-linux-gnu/lib/rustlib/x86_64-unknown-linux-gnu/lib/libminiz_oxide-0c7d01cba400dcb2.rlib" "/opt/rustwide/rustup-home/toolchains/nightly-2024-10-28-x86_64-unknown-linux-gnu/lib/rustlib/x86_64-unknown-linux-gnu/lib/libadler-b9f84d69e331b75b.rlib" "/opt/rustwide/rustup-home/toolchains/nightly-2024-10-28-x86_64-unknown-linux-gnu/lib/rustlib/x86_64-unknown-linux-gnu/lib/libunwind-eec95493246aae39.rlib" "/opt/rustwide/rustup-home/toolchains/nightly-2024-10-28-x86_64-unknown-linux-gnu/lib/rustlib/x86_64-unknown-linux-gnu/lib/libcfg_if-6f6676c475e08ab0.rlib" "/opt/rustwide/rustup-home/toolchains/nightly-2024-10-28-x86_64-unknown-linux-gnu/lib/rustlib/x86_64-unknown-linux-gnu/lib/liblibc-799d520624f8b2e0.rlib" "/opt/rustwide/rustup-home/toolchains/nightly-2024-10-28-x86_64-unknown-linux-gnu/lib/rustlib/x86_64-unknown-linux-gnu/lib/liballoc-fcf93d4842acd9a9.rlib" "/opt/rustwide/rustup-home/toolchains/nightly-2024-10-28-x86_64-unknown-linux-gnu/lib/rustlib/x86_64-unknown-linux-gnu/lib/librustc_std_workspace_core-395a38b8e0851c9b.rlib" "/opt/rustwide/rustup-home/toolchains/nightly-2024-10-28-x86_64-unknown-linux-gnu/lib/rustlib/x86_64-unknown-linux-gnu/lib/libcore-d453bab70303062c.rlib" "/opt/rustwide/rustup-home/toolchains/nightly-2024-10-28-x86_64-unknown-linux-gnu/lib/rustlib/x86_64-unknown-linux-gnu/lib/libcompiler_builtins-0e6386368b0a24e8.rlib" "-Wl,-Bdynamic" "-lutil" "-ldl" "-lutil" "-lgcc_s" "-lutil" "-lrt" "-lpthread" "-lm" "-ldl" "-lc" "-B/opt/rustwide/rustup-home/toolchains/nightly-2024-10-28-x86_64-unknown-linux-gnu/lib/rustlib/x86_64-unknown-linux-gnu/bin/gcc-ld" "-fuse-ld=lld" "-Wl,--eh-frame-hdr" "-Wl,-z,noexecstack" "-L" "/opt/arrayfire/lib" "-L" "/opt/arrayfire/lib64" "-L" "/usr/local/lib" "-L" "/usr/lib" "-L" "/opt/rustwide/rustup-home/toolchains/nightly-2024-10-28-x86_64-unknown-linux-gnu/lib/rustlib/x86_64-unknown-linux-gnu/lib" "-o" "/opt/rustwide/target/debug/examples/pi-0e57761ceded4056" "-Wl,--gc-sections" "-pie" "-Wl,-z,relro,-z,now" "-nodefaultlibs"
[INFO] [stdout]   = note: rust-lld: error: undefined symbol: af_retain_array
[INFO] [stdout]           >>> referenced by array.rs:694 (src/core/array.rs:694)
[INFO] [stdout]           >>>               /opt/rustwide/target/debug/examples/pi-0e57761ceded4056.pi.a76941405235b41b-cgu.0.rcgu.o:(_$LT$arrayfire..core..array..Array$LT$T$GT$$u20$as$u20$core..clone..Clone$GT$::clone::h02b94ebd9dcf84ff)
[INFO] [stdout]           >>> referenced by array.rs:694 (src/core/array.rs:694)
[INFO] [stdout]           >>>               arrayfire-ac9577405503eb81.arrayfire.713d8c91ea89530b-cgu.0.rcgu.o:(_$LT$arrayfire..core..array..Array$LT$T$GT$$u20$as$u20$core..clone..Clone$GT$::clone::h03f399dea01201c6) in archive /opt/rustwide/target/debug/deps/libarrayfire-ac9577405503eb81.rlib
[INFO] [stdout]           
[INFO] [stdout]           rust-lld: error: undefined symbol: af_release_array
[INFO] [stdout]           >>> referenced by array.rs:710 (src/core/array.rs:710)
[INFO] [stdout]           >>>               /opt/rustwide/target/debug/examples/pi-0e57761ceded4056.pi.a76941405235b41b-cgu.0.rcgu.o:(_$LT$arrayfire..core..array..Array$LT$T$GT$$u20$as$u20$core..ops..drop..Drop$GT$::drop::ha9f029ac3928c4ac)
[INFO] [stdout]           >>> referenced by array.rs:710 (src/core/array.rs:710)
[INFO] [stdout]           >>>               /opt/rustwide/target/debug/examples/pi-0e57761ceded4056.pi.a76941405235b41b-cgu.0.rcgu.o:(_$LT$arrayfire..core..array..Array$LT$T$GT$$u20$as$u20$core..ops..drop..Drop$GT$::drop::he436a929d8a2854f)
[INFO] [stdout]           >>> referenced by array.rs:710 (src/core/array.rs:710)
[INFO] [stdout]           >>>               arrayfire-ac9577405503eb81.arrayfire.713d8c91ea89530b-cgu.0.rcgu.o:(_$LT$arrayfire..core..array..Array$LT$T$GT$$u20$as$u20$core..ops..drop..Drop$GT$::drop::hd765e679ceb06962) in archive /opt/rustwide/target/debug/deps/libarrayfire-ac9577405503eb81.rlib
[INFO] [stdout]           
[INFO] [stdout]           rust-lld: error: undefined symbol: af_tile
[INFO] [stdout]           >>> referenced by data.rs:496 (src/core/data.rs:496)
[INFO] [stdout]           >>>               /opt/rustwide/target/debug/examples/pi-0e57761ceded4056.pi.a76941405235b41b-cgu.0.rcgu.o:(arrayfire::core::data::tile::h1800d421bff8cdb9)
[INFO] [stdout]           >>> referenced by data.rs:496 (src/core/data.rs:496)
[INFO] [stdout]           >>>               /opt/rustwide/target/debug/examples/pi-0e57761ceded4056.pi.a76941405235b41b-cgu.0.rcgu.o:(arrayfire::core::data::tile::he76b9c69a1a0bc98)
[INFO] [stdout]           
[INFO] [stdout]           rust-lld: error: undefined symbol: af_add
[INFO] [stdout]           >>> referenced by arith.rs:407 (src/core/arith.rs:407)
[INFO] [stdout]           >>>               /opt/rustwide/target/debug/examples/pi-0e57761ceded4056.pi.a76941405235b41b-cgu.0.rcgu.o:(arrayfire::core::arith::add_helper::h5c75203941c879bd)
[INFO] [stdout]           
[INFO] [stdout]           rust-lld: error: undefined symbol: af_mul
[INFO] [stdout]           >>> referenced by arith.rs:407 (src/core/arith.rs:407)
[INFO] [stdout]           >>>               /opt/rustwide/target/debug/examples/pi-0e57761ceded4056.pi.a76941405235b41b-cgu.0.rcgu.o:(arrayfire::core::arith::mul_helper::h4680fa55f1dd3e5b)
[INFO] [stdout]           
[INFO] [stdout]           rust-lld: error: undefined symbol: af_sqrt
[INFO] [stdout]           >>> referenced by arith.rs:129 (src/core/arith.rs:129)
[INFO] [stdout]           >>>               /opt/rustwide/target/debug/examples/pi-0e57761ceded4056.pi.a76941405235b41b-cgu.0.rcgu.o:(arrayfire::core::arith::sqrt::h7ac1bb54eac2283a)
[INFO] [stdout]           
[INFO] [stdout]           rust-lld: error: undefined symbol: af_le
[INFO] [stdout]           >>> referenced by arith.rs:511 (src/core/arith.rs:511)
[INFO] [stdout]           >>>               /opt/rustwide/target/debug/examples/pi-0e57761ceded4056.pi.a76941405235b41b-cgu.0.rcgu.o:(arrayfire::core::arith::le_helper::hcde17df83e061371)
[INFO] [stdout]           
[INFO] [stdout]           rust-lld: error: undefined symbol: af_get_dims
[INFO] [stdout]           >>> referenced by array.rs:433 (src/core/array.rs:433)
[INFO] [stdout]           >>>               /opt/rustwide/target/debug/examples/pi-0e57761ceded4056.pi.a76941405235b41b-cgu.0.rcgu.o:(arrayfire::core::array::Array$LT$T$GT$::dims::hbdd3bc168457311a)
[INFO] [stdout]           >>> referenced by array.rs:433 (src/core/array.rs:433)
[INFO] [stdout]           >>>               /opt/rustwide/target/debug/examples/pi-0e57761ceded4056.pi.a76941405235b41b-cgu.0.rcgu.o:(arrayfire::core::array::Array$LT$T$GT$::dims::he2c7c8947c9d006b)
[INFO] [stdout]           
[INFO] [stdout]           rust-lld: error: undefined symbol: af_is_scalar
[INFO] [stdout]           >>> referenced by array.rs:181 (src/core/array.rs:181)
[INFO] [stdout]           >>>               /opt/rustwide/target/debug/examples/pi-0e57761ceded4056.pi.a76941405235b41b-cgu.0.rcgu.o:(arrayfire::core::array::Array$LT$T$GT$::is_scalar::h2a280f7108f12880)
[INFO] [stdout]           >>> referenced by array.rs:181 (src/core/array.rs:181)
[INFO] [stdout]           >>>               /opt/rustwide/target/debug/examples/pi-0e57761ceded4056.pi.a76941405235b41b-cgu.0.rcgu.o:(arrayfire::core::array::Array$LT$T$GT$::is_scalar::h8d08780eac32d346)
[INFO] [stdout]           
[INFO] [stdout]           rust-lld: error: undefined symbol: af_randu
[INFO] [stdout]           >>> referenced by random.rs:80 (src/core/random.rs:80)
[INFO] [stdout]           >>>               /opt/rustwide/target/debug/examples/pi-0e57761ceded4056.pi.a76941405235b41b-cgu.0.rcgu.o:(arrayfire::core::random::randu::hadfeea0ab05e0f82)
[INFO] [stdout]           
[INFO] [stdout]           rust-lld: error: undefined symbol: af_sum_all
[INFO] [stdout]           >>> referenced by mod.rs:543 (src/algorithm/mod.rs:543)
[INFO] [stdout]           >>>               /opt/rustwide/target/debug/examples/pi-0e57761ceded4056.pi.a76941405235b41b-cgu.0.rcgu.o:(arrayfire::algorithm::sum_all::h4b316f5a195af2b1)
[INFO] [stdout]           
[INFO] [stdout]           rust-lld: error: undefined symbol: af_info
[INFO] [stdout]           >>> referenced by device.rs:82 (src/core/device.rs:82)
[INFO] [stdout]           >>>               arrayfire-ac9577405503eb81.arrayfire.713d8c91ea89530b-cgu.0.rcgu.o:(arrayfire::core::device::info::he05c088c91589574) in archive /opt/rustwide/target/debug/deps/libarrayfire-ac9577405503eb81.rlib
[INFO] [stdout]           
[INFO] [stdout]           rust-lld: error: undefined symbol: af_set_device
[INFO] [stdout]           >>> referenced by device.rs:190 (src/core/device.rs:190)
[INFO] [stdout]           >>>               arrayfire-ac9577405503eb81.arrayfire.713d8c91ea89530b-cgu.0.rcgu.o:(arrayfire::core::device::set_device::he46d63163b3a477a) in archive /opt/rustwide/target/debug/deps/libarrayfire-ac9577405503eb81.rlib
[INFO] [stdout]           
[INFO] [stdout]           rust-lld: error: undefined symbol: af_device_mem_info
[INFO] [stdout]           >>> referenced by device.rs:225 (src/core/device.rs:225)
[INFO] [stdout]           >>>               arrayfire-ac9577405503eb81.arrayfire.713d8c91ea89530b-cgu.0.rcgu.o:(arrayfire::core::device::device_mem_info::h45e77f3637d287fa) in archive /opt/rustwide/target/debug/deps/libarrayfire-ac9577405503eb81.rlib
[INFO] [stdout]           
[INFO] [stdout]           rust-lld: error: undefined symbol: af_get_last_error
[INFO] [stdout]           >>> referenced by error.rs:104 (src/core/error.rs:104)
[INFO] [stdout]           >>>               arrayfire-ac9577405503eb81.arrayfire.713d8c91ea89530b-cgu.0.rcgu.o:(arrayfire::core::error::get_last_error::hdcb5463cea44a82a) in archive /opt/rustwide/target/debug/deps/libarrayfire-ac9577405503eb81.rlib
[INFO] [stdout]           
[INFO] [stdout]           rust-lld: error: undefined symbol: af_free_host
[INFO] [stdout]           >>> referenced by util.rs:68 (src/core/util.rs:68)
[INFO] [stdout]           >>>               arrayfire-ac9577405503eb81.arrayfire.713d8c91ea89530b-cgu.0.rcgu.o:(arrayfire::core::util::free_host::h34ee3c15c140e010) in archive /opt/rustwide/target/debug/deps/libarrayfire-ac9577405503eb81.rlib
[INFO] [stdout]           
[INFO] [stdout]           rust-lld: error: undefined symbol: af_constant
[INFO] [stdout]           >>> referenced by data.rs:242 (src/core/data.rs:242)
[INFO] [stdout]           >>>               arrayfire-ac9577405503eb81.arrayfire.713d8c91ea89530b-cgu.0.rcgu.o:(_$LT$i32$u20$as$u20$arrayfire..core..data..ConstGenerator$GT$::generate::h42fd060e1d5635f5) in archive /opt/rustwide/target/debug/deps/libarrayfire-ac9577405503eb81.rlib
[INFO] [stdout]           collect2: error: ld returned 1 exit status
[INFO] [stdout]           
[INFO] [stdout] 
[INFO] [stdout] 
[INFO] [stdout] error: linking with `cc` failed: exit status: 1
[INFO] [stdout]   |
[INFO] [stdout]   = note: LC_ALL="C" PATH="/opt/rustwide/rustup-home/toolchains/nightly-2024-10-28-x86_64-unknown-linux-gnu/lib/rustlib/x86_64-unknown-linux-gnu/bin:/opt/rustwide/rustup-home/toolchains/nightly-2024-10-28-x86_64-unknown-linux-gnu/lib/rustlib/x86_64-unknown-linux-gnu/bin/self-contained:/opt/rustwide/cargo-home/bin:/usr/local/sbin:/usr/local/bin:/usr/sbin:/usr/bin:/sbin:/bin" VSLANG="1033" "cc" "-m64" "/tmp/rustck8sOQz/symbols.o" "/opt/rustwide/target/debug/deps/scalar_arith-fc36aebcc58932c9.scalar_arith.8cd2915adca92b18-cgu.0.rcgu.o" "/opt/rustwide/target/debug/deps/scalar_arith-fc36aebcc58932c9.dv2k9eb1xbb2yfsmm3g321q0a.rcgu.o" "-Wl,--as-needed" "-Wl,-Bstatic" "/opt/rustwide/rustup-home/toolchains/nightly-2024-10-28-x86_64-unknown-linux-gnu/lib/rustlib/x86_64-unknown-linux-gnu/lib/libtest-a09fad3b5321e7d6.rlib" "/opt/rustwide/rustup-home/toolchains/nightly-2024-10-28-x86_64-unknown-linux-gnu/lib/rustlib/x86_64-unknown-linux-gnu/lib/libgetopts-f9c3dff41ad42661.rlib" "/opt/rustwide/rustup-home/toolchains/nightly-2024-10-28-x86_64-unknown-linux-gnu/lib/rustlib/x86_64-unknown-linux-gnu/lib/libunicode_width-ad2aef31af6addd3.rlib" "/opt/rustwide/rustup-home/toolchains/nightly-2024-10-28-x86_64-unknown-linux-gnu/lib/rustlib/x86_64-unknown-linux-gnu/lib/librustc_std_workspace_std-e3f907dc03deb913.rlib" "/opt/rustwide/target/debug/deps/libarrayfire-ac9577405503eb81.rlib" "/opt/rustwide/target/debug/deps/libhalf-a9707ee965adb145.rlib" "/opt/rustwide/target/debug/deps/liblibc-a0067fda584a3fab.rlib" "/opt/rustwide/target/debug/deps/libnum-69a6a285ae28cea8.rlib" "/opt/rustwide/target/debug/deps/libnum_rational-3d6af84e0463df90.rlib" "/opt/rustwide/target/debug/deps/libnum_iter-bf1d6f961cbf9f63.rlib" "/opt/rustwide/target/debug/deps/libnum_complex-e396ab3187f226f7.rlib" "/opt/rustwide/target/debug/deps/libnum_bigint-931df063dc37eab1.rlib" "/opt/rustwide/target/debug/deps/libnum_integer-42d13b50d010fc93.rlib" "/opt/rustwide/target/debug/deps/libnum_traits-6e7dfa53a859f98d.rlib" "/opt/rustwide/target/debug/deps/liblazy_static-0575b9746e727b3c.rlib" "/opt/rustwide/rustup-home/toolchains/nightly-2024-10-28-x86_64-unknown-linux-gnu/lib/rustlib/x86_64-unknown-linux-gnu/lib/libstd-fb8c387236db3c10.rlib" "/opt/rustwide/rustup-home/toolchains/nightly-2024-10-28-x86_64-unknown-linux-gnu/lib/rustlib/x86_64-unknown-linux-gnu/lib/libpanic_unwind-b251837809b2f64b.rlib" "/opt/rustwide/rustup-home/toolchains/nightly-2024-10-28-x86_64-unknown-linux-gnu/lib/rustlib/x86_64-unknown-linux-gnu/lib/libobject-cbef83eaa4e01f04.rlib" "/opt/rustwide/rustup-home/toolchains/nightly-2024-10-28-x86_64-unknown-linux-gnu/lib/rustlib/x86_64-unknown-linux-gnu/lib/libmemchr-12a772286de2fca7.rlib" "/opt/rustwide/rustup-home/toolchains/nightly-2024-10-28-x86_64-unknown-linux-gnu/lib/rustlib/x86_64-unknown-linux-gnu/lib/libaddr2line-023bbe5ada7abfc3.rlib" "/opt/rustwide/rustup-home/toolchains/nightly-2024-10-28-x86_64-unknown-linux-gnu/lib/rustlib/x86_64-unknown-linux-gnu/lib/libgimli-de2bcdf10ec69c2b.rlib" "/opt/rustwide/rustup-home/toolchains/nightly-2024-10-28-x86_64-unknown-linux-gnu/lib/rustlib/x86_64-unknown-linux-gnu/lib/librustc_demangle-8e1754df350800fd.rlib" "/opt/rustwide/rustup-home/toolchains/nightly-2024-10-28-x86_64-unknown-linux-gnu/lib/rustlib/x86_64-unknown-linux-gnu/lib/libstd_detect-06c2ab7b9c32e037.rlib" "/opt/rustwide/rustup-home/toolchains/nightly-2024-10-28-x86_64-unknown-linux-gnu/lib/rustlib/x86_64-unknown-linux-gnu/lib/libhashbrown-51d2621fc57a281b.rlib" "/opt/rustwide/rustup-home/toolchains/nightly-2024-10-28-x86_64-unknown-linux-gnu/lib/rustlib/x86_64-unknown-linux-gnu/lib/librustc_std_workspace_alloc-54a930408793772f.rlib" "/opt/rustwide/rustup-home/toolchains/nightly-2024-10-28-x86_64-unknown-linux-gnu/lib/rustlib/x86_64-unknown-linux-gnu/lib/libminiz_oxide-0c7d01cba400dcb2.rlib" "/opt/rustwide/rustup-home/toolchains/nightly-2024-10-28-x86_64-unknown-linux-gnu/lib/rustlib/x86_64-unknown-linux-gnu/lib/libadler-b9f84d69e331b75b.rlib" "/opt/rustwide/rustup-home/toolchains/nightly-2024-10-28-x86_64-unknown-linux-gnu/lib/rustlib/x86_64-unknown-linux-gnu/lib/libunwind-eec95493246aae39.rlib" "/opt/rustwide/rustup-home/toolchains/nightly-2024-10-28-x86_64-unknown-linux-gnu/lib/rustlib/x86_64-unknown-linux-gnu/lib/libcfg_if-6f6676c475e08ab0.rlib" "/opt/rustwide/rustup-home/toolchains/nightly-2024-10-28-x86_64-unknown-linux-gnu/lib/rustlib/x86_64-unknown-linux-gnu/lib/liblibc-799d520624f8b2e0.rlib" "/opt/rustwide/rustup-home/toolchains/nightly-2024-10-28-x86_64-unknown-linux-gnu/lib/rustlib/x86_64-unknown-linux-gnu/lib/liballoc-fcf93d4842acd9a9.rlib" "/opt/rustwide/rustup-home/toolchains/nightly-2024-10-28-x86_64-unknown-linux-gnu/lib/rustlib/x86_64-unknown-linux-gnu/lib/librustc_std_workspace_core-395a38b8e0851c9b.rlib" "/opt/rustwide/rustup-home/toolchains/nightly-2024-10-28-x86_64-unknown-linux-gnu/lib/rustlib/x86_64-unknown-linux-gnu/lib/libcore-d453bab70303062c.rlib" "/opt/rustwide/rustup-home/toolchains/nightly-2024-10-28-x86_64-unknown-linux-gnu/lib/rustlib/x86_64-unknown-linux-gnu/lib/libcompiler_builtins-0e6386368b0a24e8.rlib" "-Wl,-Bdynamic" "-lutil" "-ldl" "-lutil" "-lgcc_s" "-lutil" "-lrt" "-lpthread" "-lm" "-ldl" "-lc" "-B/opt/rustwide/rustup-home/toolchains/nightly-2024-10-28-x86_64-unknown-linux-gnu/lib/rustlib/x86_64-unknown-linux-gnu/bin/gcc-ld" "-fuse-ld=lld" "-Wl,--eh-frame-hdr" "-Wl,-z,noexecstack" "-L" "/opt/arrayfire/lib" "-L" "/opt/arrayfire/lib64" "-L" "/usr/local/lib" "-L" "/usr/lib" "-L" "/opt/rustwide/rustup-home/toolchains/nightly-2024-10-28-x86_64-unknown-linux-gnu/lib/rustlib/x86_64-unknown-linux-gnu/lib" "-o" "/opt/rustwide/target/debug/deps/scalar_arith-fc36aebcc58932c9" "-Wl,--gc-sections" "-pie" "-Wl,-z,relro,-z,now" "-nodefaultlibs"
[INFO] [stdout]   = note: rust-lld: error: undefined symbol: af_release_array
[INFO] [stdout]           >>> referenced by array.rs:710 (src/core/array.rs:710)
[INFO] [stdout]           >>>               /opt/rustwide/target/debug/deps/scalar_arith-fc36aebcc58932c9.scalar_arith.8cd2915adca92b18-cgu.0.rcgu.o:(_$LT$arrayfire..core..array..Array$LT$T$GT$$u20$as$u20$core..ops..drop..Drop$GT$::drop::h6efb05e72e709069)
[INFO] [stdout]           >>> referenced by array.rs:710 (src/core/array.rs:710)
[INFO] [stdout]           >>>               arrayfire-ac9577405503eb81.arrayfire.713d8c91ea89530b-cgu.0.rcgu.o:(_$LT$arrayfire..core..array..Array$LT$T$GT$$u20$as$u20$core..ops..drop..Drop$GT$::drop::hd765e679ceb06962) in archive /opt/rustwide/target/debug/deps/libarrayfire-ac9577405503eb81.rlib
[INFO] [stdout]           
[INFO] [stdout]           rust-lld: error: undefined symbol: af_tile
[INFO] [stdout]           >>> referenced by data.rs:496 (src/core/data.rs:496)
[INFO] [stdout]           >>>               /opt/rustwide/target/debug/deps/scalar_arith-fc36aebcc58932c9.scalar_arith.8cd2915adca92b18-cgu.0.rcgu.o:(arrayfire::core::data::tile::h657a535ebccfec4d)
[INFO] [stdout]           
[INFO] [stdout]           rust-lld: error: undefined symbol: af_mul
[INFO] [stdout]           >>> referenced by arith.rs:407 (src/core/arith.rs:407)
[INFO] [stdout]           >>>               /opt/rustwide/target/debug/deps/scalar_arith-fc36aebcc58932c9.scalar_arith.8cd2915adca92b18-cgu.0.rcgu.o:(arrayfire::core::arith::mul_helper::h39894d33304409d2)
[INFO] [stdout]           
[INFO] [stdout]           rust-lld: error: undefined symbol: af_eq
[INFO] [stdout]           >>> referenced by arith.rs:511 (src/core/arith.rs:511)
[INFO] [stdout]           >>>               /opt/rustwide/target/debug/deps/scalar_arith-fc36aebcc58932c9.scalar_arith.8cd2915adca92b18-cgu.0.rcgu.o:(arrayfire::core::arith::eq_helper::hb62cca42e6df3102)
[INFO] [stdout]           
[INFO] [stdout]           rust-lld: error: undefined symbol: af_get_dims
[INFO] [stdout]           >>> referenced by array.rs:433 (src/core/array.rs:433)
[INFO] [stdout]           >>>               /opt/rustwide/target/debug/deps/scalar_arith-fc36aebcc58932c9.scalar_arith.8cd2915adca92b18-cgu.0.rcgu.o:(arrayfire::core::array::Array$LT$T$GT$::dims::hd3f0133c53689cd2)
[INFO] [stdout]           
[INFO] [stdout]           rust-lld: error: undefined symbol: af_is_scalar
[INFO] [stdout]           >>> referenced by array.rs:181 (src/core/array.rs:181)
[INFO] [stdout]           >>>               /opt/rustwide/target/debug/deps/scalar_arith-fc36aebcc58932c9.scalar_arith.8cd2915adca92b18-cgu.0.rcgu.o:(arrayfire::core::array::Array$LT$T$GT$::is_scalar::h3a3237ec63621ca4)
[INFO] [stdout]           
[INFO] [stdout]           rust-lld: error: undefined symbol: af_randu
[INFO] [stdout]           >>> referenced by random.rs:80 (src/core/random.rs:80)
[INFO] [stdout]           >>>               /opt/rustwide/target/debug/deps/scalar_arith-fc36aebcc58932c9.scalar_arith.8cd2915adca92b18-cgu.0.rcgu.o:(arrayfire::core::random::randu::h10054e6056444db9)
[INFO] [stdout]           
[INFO] [stdout]           rust-lld: error: undefined symbol: af_all_true_all
[INFO] [stdout]           >>> referenced by mod.rs:684 (src/algorithm/mod.rs:684)
[INFO] [stdout]           >>>               /opt/rustwide/target/debug/deps/scalar_arith-fc36aebcc58932c9.scalar_arith.8cd2915adca92b18-cgu.0.rcgu.o:(arrayfire::algorithm::all_true_all::h65176338209b545a)
[INFO] [stdout]           
[INFO] [stdout]           rust-lld: error: undefined symbol: af_retain_array
[INFO] [stdout]           >>> referenced by array.rs:694 (src/core/array.rs:694)
[INFO] [stdout]           >>>               arrayfire-ac9577405503eb81.arrayfire.713d8c91ea89530b-cgu.0.rcgu.o:(_$LT$arrayfire..core..array..Array$LT$T$GT$$u20$as$u20$core..clone..Clone$GT$::clone::h03f399dea01201c6) in archive /opt/rustwide/target/debug/deps/libarrayfire-ac9577405503eb81.rlib
[INFO] [stdout]           
[INFO] [stdout]           rust-lld: error: undefined symbol: af_get_last_error
[INFO] [stdout]           >>> referenced by error.rs:104 (src/core/error.rs:104)
[INFO] [stdout]           >>>               arrayfire-ac9577405503eb81.arrayfire.713d8c91ea89530b-cgu.0.rcgu.o:(arrayfire::core::error::get_last_error::hdcb5463cea44a82a) in archive /opt/rustwide/target/debug/deps/libarrayfire-ac9577405503eb81.rlib
[INFO] [stdout]           
[INFO] [stdout]           rust-lld: error: undefined symbol: af_free_host
[INFO] [stdout]           >>> referenced by util.rs:68 (src/core/util.rs:68)
[INFO] [stdout]           >>>               arrayfire-ac9577405503eb81.arrayfire.713d8c91ea89530b-cgu.0.rcgu.o:(arrayfire::core::util::free_host::h34ee3c15c140e010) in archive /opt/rustwide/target/debug/deps/libarrayfire-ac9577405503eb81.rlib
[INFO] [stdout]           
[INFO] [stdout]           rust-lld: error: undefined symbol: af_constant
[INFO] [stdout]           >>> referenced by data.rs:242 (src/core/data.rs:242)
[INFO] [stdout]           >>>               arrayfire-ac9577405503eb81.arrayfire.713d8c91ea89530b-cgu.0.rcgu.o:(_$LT$f32$u20$as$u20$arrayfire..core..data..ConstGenerator$GT$::generate::h96178f36c2c4dad6) in archive /opt/rustwide/target/debug/deps/libarrayfire-ac9577405503eb81.rlib
[INFO] [stdout]           collect2: error: ld returned 1 exit status
[INFO] [stdout]           
[INFO] [stdout] 
[INFO] [stdout] 
[INFO] [stdout] error: linking with `cc` failed: exit status: 1
[INFO] [stdout]   |
[INFO] [stdout]   = note: LC_ALL="C" PATH="/opt/rustwide/rustup-home/toolchains/nightly-2024-10-28-x86_64-unknown-linux-gnu/lib/rustlib/x86_64-unknown-linux-gnu/bin:/opt/rustwide/rustup-home/toolchains/nightly-2024-10-28-x86_64-unknown-linux-gnu/lib/rustlib/x86_64-unknown-linux-gnu/bin/self-contained:/opt/rustwide/cargo-home/bin:/usr/local/sbin:/usr/local/bin:/usr/sbin:/usr/bin:/sbin:/bin" VSLANG="1033" "cc" "-m64" "/tmp/rustcXqsTWY/symbols.o" "/opt/rustwide/target/debug/examples/unified-35a2af1ec5aa9f53.unified.9f806ed71a31977d-cgu.0.rcgu.o" "/opt/rustwide/target/debug/examples/unified-35a2af1ec5aa9f53.2x5tqh562dypqhrqw2kq5ovry.rcgu.o" "-Wl,--as-needed" "-Wl,-Bstatic" "/opt/rustwide/target/debug/deps/libarrayfire-ac9577405503eb81.rlib" "/opt/rustwide/target/debug/deps/libhalf-a9707ee965adb145.rlib" "/opt/rustwide/target/debug/deps/liblibc-a0067fda584a3fab.rlib" "/opt/rustwide/target/debug/deps/libnum-69a6a285ae28cea8.rlib" "/opt/rustwide/target/debug/deps/libnum_rational-3d6af84e0463df90.rlib" "/opt/rustwide/target/debug/deps/libnum_iter-bf1d6f961cbf9f63.rlib" "/opt/rustwide/target/debug/deps/libnum_complex-e396ab3187f226f7.rlib" "/opt/rustwide/target/debug/deps/libnum_bigint-931df063dc37eab1.rlib" "/opt/rustwide/target/debug/deps/libnum_integer-42d13b50d010fc93.rlib" "/opt/rustwide/target/debug/deps/libnum_traits-6e7dfa53a859f98d.rlib" "/opt/rustwide/target/debug/deps/liblazy_static-0575b9746e727b3c.rlib" "/opt/rustwide/rustup-home/toolchains/nightly-2024-10-28-x86_64-unknown-linux-gnu/lib/rustlib/x86_64-unknown-linux-gnu/lib/libstd-fb8c387236db3c10.rlib" "/opt/rustwide/rustup-home/toolchains/nightly-2024-10-28-x86_64-unknown-linux-gnu/lib/rustlib/x86_64-unknown-linux-gnu/lib/libpanic_unwind-b251837809b2f64b.rlib" "/opt/rustwide/rustup-home/toolchains/nightly-2024-10-28-x86_64-unknown-linux-gnu/lib/rustlib/x86_64-unknown-linux-gnu/lib/libobject-cbef83eaa4e01f04.rlib" "/opt/rustwide/rustup-home/toolchains/nightly-2024-10-28-x86_64-unknown-linux-gnu/lib/rustlib/x86_64-unknown-linux-gnu/lib/libmemchr-12a772286de2fca7.rlib" "/opt/rustwide/rustup-home/toolchains/nightly-2024-10-28-x86_64-unknown-linux-gnu/lib/rustlib/x86_64-unknown-linux-gnu/lib/libaddr2line-023bbe5ada7abfc3.rlib" "/opt/rustwide/rustup-home/toolchains/nightly-2024-10-28-x86_64-unknown-linux-gnu/lib/rustlib/x86_64-unknown-linux-gnu/lib/libgimli-de2bcdf10ec69c2b.rlib" "/opt/rustwide/rustup-home/toolchains/nightly-2024-10-28-x86_64-unknown-linux-gnu/lib/rustlib/x86_64-unknown-linux-gnu/lib/librustc_demangle-8e1754df350800fd.rlib" "/opt/rustwide/rustup-home/toolchains/nightly-2024-10-28-x86_64-unknown-linux-gnu/lib/rustlib/x86_64-unknown-linux-gnu/lib/libstd_detect-06c2ab7b9c32e037.rlib" "/opt/rustwide/rustup-home/toolchains/nightly-2024-10-28-x86_64-unknown-linux-gnu/lib/rustlib/x86_64-unknown-linux-gnu/lib/libhashbrown-51d2621fc57a281b.rlib" "/opt/rustwide/rustup-home/toolchains/nightly-2024-10-28-x86_64-unknown-linux-gnu/lib/rustlib/x86_64-unknown-linux-gnu/lib/librustc_std_workspace_alloc-54a930408793772f.rlib" "/opt/rustwide/rustup-home/toolchains/nightly-2024-10-28-x86_64-unknown-linux-gnu/lib/rustlib/x86_64-unknown-linux-gnu/lib/libminiz_oxide-0c7d01cba400dcb2.rlib" "/opt/rustwide/rustup-home/toolchains/nightly-2024-10-28-x86_64-unknown-linux-gnu/lib/rustlib/x86_64-unknown-linux-gnu/lib/libadler-b9f84d69e331b75b.rlib" "/opt/rustwide/rustup-home/toolchains/nightly-2024-10-28-x86_64-unknown-linux-gnu/lib/rustlib/x86_64-unknown-linux-gnu/lib/libunwind-eec95493246aae39.rlib" "/opt/rustwide/rustup-home/toolchains/nightly-2024-10-28-x86_64-unknown-linux-gnu/lib/rustlib/x86_64-unknown-linux-gnu/lib/libcfg_if-6f6676c475e08ab0.rlib" "/opt/rustwide/rustup-home/toolchains/nightly-2024-10-28-x86_64-unknown-linux-gnu/lib/rustlib/x86_64-unknown-linux-gnu/lib/liblibc-799d520624f8b2e0.rlib" "/opt/rustwide/rustup-home/toolchains/nightly-2024-10-28-x86_64-unknown-linux-gnu/lib/rustlib/x86_64-unknown-linux-gnu/lib/liballoc-fcf93d4842acd9a9.rlib" "/opt/rustwide/rustup-home/toolchains/nightly-2024-10-28-x86_64-unknown-linux-gnu/lib/rustlib/x86_64-unknown-linux-gnu/lib/librustc_std_workspace_core-395a38b8e0851c9b.rlib" "/opt/rustwide/rustup-home/toolchains/nightly-2024-10-28-x86_64-unknown-linux-gnu/lib/rustlib/x86_64-unknown-linux-gnu/lib/libcore-d453bab70303062c.rlib" "/opt/rustwide/rustup-home/toolchains/nightly-2024-10-28-x86_64-unknown-linux-gnu/lib/rustlib/x86_64-unknown-linux-gnu/lib/libcompiler_builtins-0e6386368b0a24e8.rlib" "-Wl,-Bdynamic" "-lutil" "-ldl" "-lutil" "-lgcc_s" "-lutil" "-lrt" "-lpthread" "-lm" "-ldl" "-lc" "-B/opt/rustwide/rustup-home/toolchains/nightly-2024-10-28-x86_64-unknown-linux-gnu/lib/rustlib/x86_64-unknown-linux-gnu/bin/gcc-ld" "-fuse-ld=lld" "-Wl,--eh-frame-hdr" "-Wl,-z,noexecstack" "-L" "/opt/arrayfire/lib" "-L" "/opt/arrayfire/lib64" "-L" "/usr/local/lib" "-L" "/usr/lib" "-L" "/opt/rustwide/rustup-home/toolchains/nightly-2024-10-28-x86_64-unknown-linux-gnu/lib/rustlib/x86_64-unknown-linux-gnu/lib" "-o" "/opt/rustwide/target/debug/examples/unified-35a2af1ec5aa9f53" "-Wl,--gc-sections" "-pie" "-Wl,-z,relro,-z,now" "-nodefaultlibs"
[INFO] [stdout]   = note: rust-lld: error: undefined symbol: af_retain_array
[INFO] [stdout]           >>> referenced by array.rs:694 (src/core/array.rs:694)
[INFO] [stdout]           >>>               arrayfire-ac9577405503eb81.arrayfire.713d8c91ea89530b-cgu.0.rcgu.o:(_$LT$arrayfire..core..array..Array$LT$T$GT$$u20$as$u20$core..clone..Clone$GT$::clone::h03f399dea01201c6) in archive /opt/rustwide/target/debug/deps/libarrayfire-ac9577405503eb81.rlib
[INFO] [stdout]           
[INFO] [stdout]           rust-lld: error: undefined symbol: af_release_array
[INFO] [stdout]           >>> referenced by array.rs:710 (src/core/array.rs:710)
[INFO] [stdout]           >>>               arrayfire-ac9577405503eb81.arrayfire.713d8c91ea89530b-cgu.0.rcgu.o:(_$LT$arrayfire..core..array..Array$LT$T$GT$$u20$as$u20$core..ops..drop..Drop$GT$::drop::hd765e679ceb06962) in archive /opt/rustwide/target/debug/deps/libarrayfire-ac9577405503eb81.rlib
[INFO] [stdout]           
[INFO] [stdout]           rust-lld: error: undefined symbol: af_set_backend
[INFO] [stdout]           >>> referenced by backend.rs:20 (src/core/backend.rs:20)
[INFO] [stdout]           >>>               arrayfire-ac9577405503eb81.arrayfire.713d8c91ea89530b-cgu.0.rcgu.o:(arrayfire::core::backend::set_backend::hb998ccdc8bdd83e5) in archive /opt/rustwide/target/debug/deps/libarrayfire-ac9577405503eb81.rlib
[INFO] [stdout]           
[INFO] [stdout]           rust-lld: error: undefined symbol: af_get_backend_count
[INFO] [stdout]           >>> referenced by backend.rs:29 (src/core/backend.rs:29)
[INFO] [stdout]           >>>               arrayfire-ac9577405503eb81.arrayfire.713d8c91ea89530b-cgu.0.rcgu.o:(arrayfire::core::backend::get_backend_count::h2a054eb9319782e4) in archive /opt/rustwide/target/debug/deps/libarrayfire-ac9577405503eb81.rlib
[INFO] [stdout]           
[INFO] [stdout]           rust-lld: error: undefined symbol: af_get_available_backends
[INFO] [stdout]           >>> referenced by backend.rs:39 (src/core/backend.rs:39)
[INFO] [stdout]           >>>               arrayfire-ac9577405503eb81.arrayfire.713d8c91ea89530b-cgu.0.rcgu.o:(arrayfire::core::backend::get_available_backends::h107e145304a1ed36) in archive /opt/rustwide/target/debug/deps/libarrayfire-ac9577405503eb81.rlib
[INFO] [stdout]           
[INFO] [stdout]           rust-lld: error: undefined symbol: af_info
[INFO] [stdout]           >>> referenced by device.rs:82 (src/core/device.rs:82)
[INFO] [stdout]           >>>               arrayfire-ac9577405503eb81.arrayfire.713d8c91ea89530b-cgu.0.rcgu.o:(arrayfire::core::device::info::he05c088c91589574) in archive /opt/rustwide/target/debug/deps/libarrayfire-ac9577405503eb81.rlib
[INFO] [stdout]           
[INFO] [stdout]           rust-lld: error: undefined symbol: af_get_device_count
[INFO] [stdout]           >>> referenced by device.rs:159 (src/core/device.rs:159)
[INFO] [stdout]           >>>               arrayfire-ac9577405503eb81.arrayfire.713d8c91ea89530b-cgu.0.rcgu.o:(arrayfire::core::device::device_count::h23cbf8cb65032862) in archive /opt/rustwide/target/debug/deps/libarrayfire-ac9577405503eb81.rlib
[INFO] [stdout]           
[INFO] [stdout]           rust-lld: error: undefined symbol: af_get_last_error
[INFO] [stdout]           >>> referenced by error.rs:104 (src/core/error.rs:104)
[INFO] [stdout]           >>>               arrayfire-ac9577405503eb81.arrayfire.713d8c91ea89530b-cgu.0.rcgu.o:(arrayfire::core::error::get_last_error::hdcb5463cea44a82a) in archive /opt/rustwide/target/debug/deps/libarrayfire-ac9577405503eb81.rlib
[INFO] [stdout]           
[INFO] [stdout]           rust-lld: error: undefined symbol: af_create_indexers
[INFO] [stdout]           >>> referenced by index.rs:186 (src/core/index.rs:186)
[INFO] [stdout]           >>>               arrayfire-ac9577405503eb81.arrayfire.713d8c91ea89530b-cgu.0.rcgu.o:(_$LT$arrayfire..core..index..Indexer$u20$as$u20$core..default..Default$GT$::default::hbe8b836b300dbe1c) in archive /opt/rustwide/target/debug/deps/libarrayfire-ac9577405503eb81.rlib
[INFO] [stdout]           
[INFO] [stdout]           rust-lld: error: undefined symbol: af_release_indexers
[INFO] [stdout]           >>> referenced by index.rs:241 (src/core/index.rs:241)
[INFO] [stdout]           >>>               arrayfire-ac9577405503eb81.arrayfire.713d8c91ea89530b-cgu.0.rcgu.o:(_$LT$arrayfire..core..index..Indexer$u20$as$u20$core..ops..drop..Drop$GT$::drop::h5aca5acd0e142943) in archive /opt/rustwide/target/debug/deps/libarrayfire-ac9577405503eb81.rlib
[INFO] [stdout]           
[INFO] [stdout]           rust-lld: error: undefined symbol: af_free_host
[INFO] [stdout]           >>> referenced by util.rs:68 (src/core/util.rs:68)
[INFO] [stdout]           >>>               arrayfire-ac9577405503eb81.arrayfire.713d8c91ea89530b-cgu.0.rcgu.o:(arrayfire::core::util::free_host::h34ee3c15c140e010) in archive /opt/rustwide/target/debug/deps/libarrayfire-ac9577405503eb81.rlib
[INFO] [stdout]           
[INFO] [stdout]           rust-lld: error: undefined symbol: af_set_seq_indexer
[INFO] [stdout]           >>> referenced by index.rs:168 (src/core/index.rs:168)
[INFO] [stdout]           >>>               /opt/rustwide/target/debug/examples/unified-35a2af1ec5aa9f53.unified.9f806ed71a31977d-cgu.0.rcgu.o:(_$LT$arrayfire..core..seq..Seq$LT$T$GT$$u20$as$u20$arrayfire..core..index..Indexable$GT$::set::h593148886dee3ce7)
[INFO] [stdout]           
[INFO] [stdout]           rust-lld: error: undefined symbol: af_tile
[INFO] [stdout]           >>> referenced by data.rs:496 (src/core/data.rs:496)
[INFO] [stdout]           >>>               /opt/rustwide/target/debug/examples/unified-35a2af1ec5aa9f53.unified.9f806ed71a31977d-cgu.0.rcgu.o:(arrayfire::core::data::tile::h1d248c36347288dc)
[INFO] [stdout]           
[INFO] [stdout]           rust-lld: error: undefined symbol: af_add
[INFO] [stdout]           >>> referenced by arith.rs:407 (src/core/arith.rs:407)
[INFO] [stdout]           >>>               /opt/rustwide/target/debug/examples/unified-35a2af1ec5aa9f53.unified.9f806ed71a31977d-cgu.0.rcgu.o:(arrayfire::core::arith::add_helper::hfda4bb65bc13777a)
[INFO] [stdout]           
[INFO] [stdout]           rust-lld: error: undefined symbol: af_cast
[INFO] [stdout]           >>> referenced by array.rs:617 (src/core/array.rs:617)
[INFO] [stdout]           >>>               /opt/rustwide/target/debug/examples/unified-35a2af1ec5aa9f53.unified.9f806ed71a31977d-cgu.0.rcgu.o:(arrayfire::core::array::Array$LT$T$GT$::cast::hf2a3bae97c36da14)
[INFO] [stdout]           
[INFO] [stdout]           rust-lld: error: undefined symbol: af_get_dims
[INFO] [stdout]           >>> referenced by array.rs:433 (src/core/array.rs:433)
[INFO] [stdout]           >>>               /opt/rustwide/target/debug/examples/unified-35a2af1ec5aa9f53.unified.9f806ed71a31977d-cgu.0.rcgu.o:(arrayfire::core::array::Array$LT$T$GT$::dims::hf5971f2fd72bb47f)
[INFO] [stdout]           
[INFO] [stdout]           rust-lld: error: undefined symbol: af_get_numdims
[INFO] [stdout]           >>> referenced by array.rs:468 (src/core/array.rs:468)
[INFO] [stdout]           >>>               /opt/rustwide/target/debug/examples/unified-35a2af1ec5aa9f53.unified.9f806ed71a31977d-cgu.0.rcgu.o:(arrayfire::core::array::Array$LT$T$GT$::numdims::h7adecad5200ecd20)
[INFO] [stdout]           
[INFO] [stdout]           rust-lld: error: undefined symbol: af_is_scalar
[INFO] [stdout]           >>> referenced by array.rs:181 (src/core/array.rs:181)
[INFO] [stdout]           >>>               /opt/rustwide/target/debug/examples/unified-35a2af1ec5aa9f53.unified.9f806ed71a31977d-cgu.0.rcgu.o:(arrayfire::core::array::Array$LT$T$GT$::is_scalar::h5bb8824a81db18a0)
[INFO] [stdout]           
[INFO] [stdout]           rust-lld: error: undefined symbol: af_print_array_gen
[INFO] [stdout]           >>> referenced by array.rs:748 (src/core/array.rs:748)
[INFO] [stdout]           >>>               /opt/rustwide/target/debug/examples/unified-35a2af1ec5aa9f53.unified.9f806ed71a31977d-cgu.0.rcgu.o:(arrayfire::core::array::print::hd0cf4888c4796dff)
[INFO] [stdout]           
[INFO] [stdout]           rust-lld: error: undefined symbol: af_assign_gen
[INFO] [stdout]           >>> referenced by index.rs:619 (src/core/index.rs:619)
[INFO] [stdout]           >>>               /opt/rustwide/target/debug/examples/unified-35a2af1ec5aa9f53.unified.9f806ed71a31977d-cgu.0.rcgu.o:(arrayfire::core::index::assign_gen::h2588672376088575)
[INFO] [stdout]           
[INFO] [stdout]           rust-lld: error: too many errors emitted, stopping now (use --error-limit=0 to see all errors)
[INFO] [stdout]           collect2: error: ld returned 1 exit status
[INFO] [stdout]           
[INFO] [stdout] 
[INFO] [stdout] 
[INFO] [stderr] error: could not compile `arrayfire` (example "fft") due to 1 previous error
[INFO] [stderr] error: could not compile `arrayfire` (example "histogram") due to 1 previous error
[INFO] [stdout] error: linking with `cc` failed: exit status: 1
[INFO] [stdout]   |
[INFO] [stdout]   = note: LC_ALL="C" PATH="/opt/rustwide/rustup-home/toolchains/nightly-2024-10-28-x86_64-unknown-linux-gnu/lib/rustlib/x86_64-unknown-linux-gnu/bin:/opt/rustwide/rustup-home/toolchains/nightly-2024-10-28-x86_64-unknown-linux-gnu/lib/rustlib/x86_64-unknown-linux-gnu/bin/self-contained:/opt/rustwide/cargo-home/bin:/usr/local/sbin:/usr/local/bin:/usr/sbin:/usr/bin:/sbin:/bin" VSLANG="1033" "cc" "-m64" "/tmp/rustckPR9ue/symbols.o" "/opt/rustwide/target/debug/examples/conway-81bb6158ea068331.conway.3d381cef6adad85d-cgu.0.rcgu.o" "/opt/rustwide/target/debug/examples/conway-81bb6158ea068331.47a7698yddb1drrygmh5dya4a.rcgu.o" "-Wl,--as-needed" "-Wl,-Bstatic" "/opt/rustwide/target/debug/deps/libarrayfire-ac9577405503eb81.rlib" "/opt/rustwide/target/debug/deps/libhalf-a9707ee965adb145.rlib" "/opt/rustwide/target/debug/deps/liblibc-a0067fda584a3fab.rlib" "/opt/rustwide/target/debug/deps/libnum-69a6a285ae28cea8.rlib" "/opt/rustwide/target/debug/deps/libnum_rational-3d6af84e0463df90.rlib" "/opt/rustwide/target/debug/deps/libnum_iter-bf1d6f961cbf9f63.rlib" "/opt/rustwide/target/debug/deps/libnum_complex-e396ab3187f226f7.rlib" "/opt/rustwide/target/debug/deps/libnum_bigint-931df063dc37eab1.rlib" "/opt/rustwide/target/debug/deps/libnum_integer-42d13b50d010fc93.rlib" "/opt/rustwide/target/debug/deps/libnum_traits-6e7dfa53a859f98d.rlib" "/opt/rustwide/target/debug/deps/liblazy_static-0575b9746e727b3c.rlib" "/opt/rustwide/rustup-home/toolchains/nightly-2024-10-28-x86_64-unknown-linux-gnu/lib/rustlib/x86_64-unknown-linux-gnu/lib/libstd-fb8c387236db3c10.rlib" "/opt/rustwide/rustup-home/toolchains/nightly-2024-10-28-x86_64-unknown-linux-gnu/lib/rustlib/x86_64-unknown-linux-gnu/lib/libpanic_unwind-b251837809b2f64b.rlib" "/opt/rustwide/rustup-home/toolchains/nightly-2024-10-28-x86_64-unknown-linux-gnu/lib/rustlib/x86_64-unknown-linux-gnu/lib/libobject-cbef83eaa4e01f04.rlib" "/opt/rustwide/rustup-home/toolchains/nightly-2024-10-28-x86_64-unknown-linux-gnu/lib/rustlib/x86_64-unknown-linux-gnu/lib/libmemchr-12a772286de2fca7.rlib" "/opt/rustwide/rustup-home/toolchains/nightly-2024-10-28-x86_64-unknown-linux-gnu/lib/rustlib/x86_64-unknown-linux-gnu/lib/libaddr2line-023bbe5ada7abfc3.rlib" "/opt/rustwide/rustup-home/toolchains/nightly-2024-10-28-x86_64-unknown-linux-gnu/lib/rustlib/x86_64-unknown-linux-gnu/lib/libgimli-de2bcdf10ec69c2b.rlib" "/opt/rustwide/rustup-home/toolchains/nightly-2024-10-28-x86_64-unknown-linux-gnu/lib/rustlib/x86_64-unknown-linux-gnu/lib/librustc_demangle-8e1754df350800fd.rlib" "/opt/rustwide/rustup-home/toolchains/nightly-2024-10-28-x86_64-unknown-linux-gnu/lib/rustlib/x86_64-unknown-linux-gnu/lib/libstd_detect-06c2ab7b9c32e037.rlib" "/opt/rustwide/rustup-home/toolchains/nightly-2024-10-28-x86_64-unknown-linux-gnu/lib/rustlib/x86_64-unknown-linux-gnu/lib/libhashbrown-51d2621fc57a281b.rlib" "/opt/rustwide/rustup-home/toolchains/nightly-2024-10-28-x86_64-unknown-linux-gnu/lib/rustlib/x86_64-unknown-linux-gnu/lib/librustc_std_workspace_alloc-54a930408793772f.rlib" "/opt/rustwide/rustup-home/toolchains/nightly-2024-10-28-x86_64-unknown-linux-gnu/lib/rustlib/x86_64-unknown-linux-gnu/lib/libminiz_oxide-0c7d01cba400dcb2.rlib" "/opt/rustwide/rustup-home/toolchains/nightly-2024-10-28-x86_64-unknown-linux-gnu/lib/rustlib/x86_64-unknown-linux-gnu/lib/libadler-b9f84d69e331b75b.rlib" "/opt/rustwide/rustup-home/toolchains/nightly-2024-10-28-x86_64-unknown-linux-gnu/lib/rustlib/x86_64-unknown-linux-gnu/lib/libunwind-eec95493246aae39.rlib" "/opt/rustwide/rustup-home/toolchains/nightly-2024-10-28-x86_64-unknown-linux-gnu/lib/rustlib/x86_64-unknown-linux-gnu/lib/libcfg_if-6f6676c475e08ab0.rlib" "/opt/rustwide/rustup-home/toolchains/nightly-2024-10-28-x86_64-unknown-linux-gnu/lib/rustlib/x86_64-unknown-linux-gnu/lib/liblibc-799d520624f8b2e0.rlib" "/opt/rustwide/rustup-home/toolchains/nightly-2024-10-28-x86_64-unknown-linux-gnu/lib/rustlib/x86_64-unknown-linux-gnu/lib/liballoc-fcf93d4842acd9a9.rlib" "/opt/rustwide/rustup-home/toolchains/nightly-2024-10-28-x86_64-unknown-linux-gnu/lib/rustlib/x86_64-unknown-linux-gnu/lib/librustc_std_workspace_core-395a38b8e0851c9b.rlib" "/opt/rustwide/rustup-home/toolchains/nightly-2024-10-28-x86_64-unknown-linux-gnu/lib/rustlib/x86_64-unknown-linux-gnu/lib/libcore-d453bab70303062c.rlib" "/opt/rustwide/rustup-home/toolchains/nightly-2024-10-28-x86_64-unknown-linux-gnu/lib/rustlib/x86_64-unknown-linux-gnu/lib/libcompiler_builtins-0e6386368b0a24e8.rlib" "-Wl,-Bdynamic" "-lutil" "-ldl" "-lutil" "-lgcc_s" "-lutil" "-lrt" "-lpthread" "-lm" "-ldl" "-lc" "-B/opt/rustwide/rustup-home/toolchains/nightly-2024-10-28-x86_64-unknown-linux-gnu/lib/rustlib/x86_64-unknown-linux-gnu/bin/gcc-ld" "-fuse-ld=lld" "-Wl,--eh-frame-hdr" "-Wl,-z,noexecstack" "-L" "/opt/arrayfire/lib" "-L" "/opt/arrayfire/lib64" "-L" "/usr/local/lib" "-L" "/usr/lib" "-L" "/opt/rustwide/rustup-home/toolchains/nightly-2024-10-28-x86_64-unknown-linux-gnu/lib/rustlib/x86_64-unknown-linux-gnu/lib" "-o" "/opt/rustwide/target/debug/examples/conway-81bb6158ea068331" "-Wl,--gc-sections" "-pie" "-Wl,-z,relro,-z,now" "-nodefaultlibs"
[INFO] [stdout]   = note: rust-lld: error: undefined symbol: af_retain_array
[INFO] [stdout]           >>> referenced by array.rs:694 (src/core/array.rs:694)
[INFO] [stdout]           >>>               /opt/rustwide/target/debug/examples/conway-81bb6158ea068331.conway.3d381cef6adad85d-cgu.0.rcgu.o:(_$LT$arrayfire..core..array..Array$LT$T$GT$$u20$as$u20$core..clone..Clone$GT$::clone::h1653b27ffb983a69)
[INFO] [stdout]           >>> referenced by array.rs:694 (src/core/array.rs:694)
[INFO] [stdout]           >>>               arrayfire-ac9577405503eb81.arrayfire.713d8c91ea89530b-cgu.0.rcgu.o:(_$LT$arrayfire..core..array..Array$LT$T$GT$$u20$as$u20$core..clone..Clone$GT$::clone::h03f399dea01201c6) in archive /opt/rustwide/target/debug/deps/libarrayfire-ac9577405503eb81.rlib
[INFO] [stdout]           
[INFO] [stdout]           rust-lld: error: undefined symbol: af_release_array
[INFO] [stdout]           >>> referenced by array.rs:710 (src/core/array.rs:710)
[INFO] [stdout]           >>>               /opt/rustwide/target/debug/examples/conway-81bb6158ea068331.conway.3d381cef6adad85d-cgu.0.rcgu.o:(_$LT$arrayfire..core..array..Array$LT$T$GT$$u20$as$u20$core..ops..drop..Drop$GT$::drop::h2894fe84e6fa3912)
[INFO] [stdout]           >>> referenced by array.rs:710 (src/core/array.rs:710)
[INFO] [stdout]           >>>               /opt/rustwide/target/debug/examples/conway-81bb6158ea068331.conway.3d381cef6adad85d-cgu.0.rcgu.o:(_$LT$arrayfire..core..array..Array$LT$T$GT$$u20$as$u20$core..ops..drop..Drop$GT$::drop::hea72fa869c65843b)
[INFO] [stdout]           >>> referenced by array.rs:710 (src/core/array.rs:710)
[INFO] [stdout]           >>>               arrayfire-ac9577405503eb81.arrayfire.713d8c91ea89530b-cgu.0.rcgu.o:(_$LT$arrayfire..core..array..Array$LT$T$GT$$u20$as$u20$core..ops..drop..Drop$GT$::drop::hd765e679ceb06962) in archive /opt/rustwide/target/debug/deps/libarrayfire-ac9577405503eb81.rlib
[INFO] [stdout]           
[INFO] [stdout]           rust-lld: error: undefined symbol: af_tile
[INFO] [stdout]           >>> referenced by data.rs:496 (src/core/data.rs:496)
[INFO] [stdout]           >>>               /opt/rustwide/target/debug/examples/conway-81bb6158ea068331.conway.3d381cef6adad85d-cgu.0.rcgu.o:(arrayfire::core::data::tile::h014060994c9bd01b)
[INFO] [stdout]           >>> referenced by data.rs:496 (src/core/data.rs:496)
[INFO] [stdout]           >>>               /opt/rustwide/target/debug/examples/conway-81bb6158ea068331.conway.3d381cef6adad85d-cgu.0.rcgu.o:(arrayfire::core::data::tile::h5b506c32ffe8559b)
[INFO] [stdout]           
[INFO] [stdout]           rust-lld: error: undefined symbol: af_add
[INFO] [stdout]           >>> referenced by arith.rs:407 (src/core/arith.rs:407)
[INFO] [stdout]           >>>               /opt/rustwide/target/debug/examples/conway-81bb6158ea068331.conway.3d381cef6adad85d-cgu.0.rcgu.o:(arrayfire::core::arith::add_helper::ha3500e44892d122f)
[INFO] [stdout]           
[INFO] [stdout]           rust-lld: error: undefined symbol: af_div
[INFO] [stdout]           >>> referenced by arith.rs:407 (src/core/arith.rs:407)
[INFO] [stdout]           >>>               /opt/rustwide/target/debug/examples/conway-81bb6158ea068331.conway.3d381cef6adad85d-cgu.0.rcgu.o:(arrayfire::core::arith::div_helper::h421d826d1775eda5)
[INFO] [stdout]           
[INFO] [stdout]           rust-lld: error: undefined symbol: af_mul
[INFO] [stdout]           >>> referenced by arith.rs:407 (src/core/arith.rs:407)
[INFO] [stdout]           >>>               /opt/rustwide/target/debug/examples/conway-81bb6158ea068331.conway.3d381cef6adad85d-cgu.0.rcgu.o:(arrayfire::core::arith::mul_helper::hb0ba58806e941eb6)
[INFO] [stdout]           
[INFO] [stdout]           rust-lld: error: undefined symbol: af_abs
[INFO] [stdout]           >>> referenced by arith.rs:129 (src/core/arith.rs:129)
[INFO] [stdout]           >>>               /opt/rustwide/target/debug/examples/conway-81bb6158ea068331.conway.3d381cef6adad85d-cgu.0.rcgu.o:(arrayfire::core::arith::abs::h68a7bedf37008764)
[INFO] [stdout]           
[INFO] [stdout]           rust-lld: error: undefined symbol: af_eq
[INFO] [stdout]           >>> referenced by arith.rs:511 (src/core/arith.rs:511)
[INFO] [stdout]           >>>               /opt/rustwide/target/debug/examples/conway-81bb6158ea068331.conway.3d381cef6adad85d-cgu.0.rcgu.o:(arrayfire::core::arith::eq_helper::ha21dd2aecbfe9d96)
[INFO] [stdout]           
[INFO] [stdout]           rust-lld: error: undefined symbol: af_gt
[INFO] [stdout]           >>> referenced by arith.rs:511 (src/core/arith.rs:511)
[INFO] [stdout]           >>>               /opt/rustwide/target/debug/examples/conway-81bb6158ea068331.conway.3d381cef6adad85d-cgu.0.rcgu.o:(arrayfire::core::arith::gt_helper::h24ee6793be29d290)
[INFO] [stdout]           
[INFO] [stdout]           rust-lld: error: undefined symbol: af_create_array
[INFO] [stdout]           >>> referenced by array.rs:228 (src/core/array.rs:228)
[INFO] [stdout]           >>>               /opt/rustwide/target/debug/examples/conway-81bb6158ea068331.conway.3d381cef6adad85d-cgu.0.rcgu.o:(arrayfire::core::array::Array$LT$T$GT$::new::h4a4206cce26fd135)
[INFO] [stdout]           
[INFO] [stdout]           rust-lld: error: undefined symbol: af_cast
[INFO] [stdout]           >>> referenced by array.rs:617 (src/core/array.rs:617)
[INFO] [stdout]           >>>               /opt/rustwide/target/debug/examples/conway-81bb6158ea068331.conway.3d381cef6adad85d-cgu.0.rcgu.o:(arrayfire::core::array::Array$LT$T$GT$::cast::hcc2821c68fd33d7c)
[INFO] [stdout]           
[INFO] [stdout]           rust-lld: error: undefined symbol: af_get_dims
[INFO] [stdout]           >>> referenced by array.rs:433 (src/core/array.rs:433)
[INFO] [stdout]           >>>               /opt/rustwide/target/debug/examples/conway-81bb6158ea068331.conway.3d381cef6adad85d-cgu.0.rcgu.o:(arrayfire::core::array::Array$LT$T$GT$::dims::h415587ef9ea05483)
[INFO] [stdout]           >>> referenced by array.rs:433 (src/core/array.rs:433)
[INFO] [stdout]           >>>               /opt/rustwide/target/debug/examples/conway-81bb6158ea068331.conway.3d381cef6adad85d-cgu.0.rcgu.o:(arrayfire::core::array::Array$LT$T$GT$::dims::hbc40bca4d5e2118d)
[INFO] [stdout]           
[INFO] [stdout]           rust-lld: error: undefined symbol: af_is_scalar
[INFO] [stdout]           >>> referenced by array.rs:181 (src/core/array.rs:181)
[INFO] [stdout]           >>>               /opt/rustwide/target/debug/examples/conway-81bb6158ea068331.conway.3d381cef6adad85d-cgu.0.rcgu.o:(arrayfire::core::array::Array$LT$T$GT$::is_scalar::he323592b70a4883e)
[INFO] [stdout]           >>> referenced by array.rs:181 (src/core/array.rs:181)
[INFO] [stdout]           >>>               /opt/rustwide/target/debug/examples/conway-81bb6158ea068331.conway.3d381cef6adad85d-cgu.0.rcgu.o:(arrayfire::core::array::Array$LT$T$GT$::is_scalar::hea66e5ebfb3be03b)
[INFO] [stdout]           
[INFO] [stdout]           rust-lld: error: undefined symbol: af_randu
[INFO] [stdout]           >>> referenced by random.rs:80 (src/core/random.rs:80)
[INFO] [stdout]           >>>               /opt/rustwide/target/debug/examples/conway-81bb6158ea068331.conway.3d381cef6adad85d-cgu.0.rcgu.o:(arrayfire::core::random::randu::hf316bb4305f1c8e0)
[INFO] [stdout]           
[INFO] [stdout]           rust-lld: error: undefined symbol: af_convolve2
[INFO] [stdout]           >>> referenced by mod.rs:725 (src/signal/mod.rs:725)
[INFO] [stdout]           >>>               /opt/rustwide/target/debug/examples/conway-81bb6158ea068331.conway.3d381cef6adad85d-cgu.0.rcgu.o:(arrayfire::signal::convolve2::hee226132cb400eee)
[INFO] [stdout]           
[INFO] [stdout]           rust-lld: error: undefined symbol: af_draw_image
[INFO] [stdout]           >>> referenced by mod.rs:600 (src/graphics/mod.rs:600)
[INFO] [stdout]           >>>               /opt/rustwide/target/debug/examples/conway-81bb6158ea068331.conway.3d381cef6adad85d-cgu.0.rcgu.o:(arrayfire::graphics::Window::draw_image::h0008a94e866cc4ce)
[INFO] [stdout]           
[INFO] [stdout]           rust-lld: error: undefined symbol: af_max_all
[INFO] [stdout]           >>> referenced by mod.rs:543 (src/algorithm/mod.rs:543)
[INFO] [stdout]           >>>               /opt/rustwide/target/debug/examples/conway-81bb6158ea068331.conway.3d381cef6adad85d-cgu.0.rcgu.o:(arrayfire::algorithm::max_all::h5796055e05f8aef5)
[INFO] [stdout]           
[INFO] [stdout]           rust-lld: error: undefined symbol: af_info
[INFO] [stdout]           >>> referenced by device.rs:82 (src/core/device.rs:82)
[INFO] [stdout]           >>>               arrayfire-ac9577405503eb81.arrayfire.713d8c91ea89530b-cgu.0.rcgu.o:(arrayfire::core::device::info::he05c088c91589574) in archive /opt/rustwide/target/debug/deps/libarrayfire-ac9577405503eb81.rlib
[INFO] [stdout]           
[INFO] [stdout]           rust-lld: error: undefined symbol: af_set_device
[INFO] [stdout]           >>> referenced by device.rs:190 (src/core/device.rs:190)
[INFO] [stdout]           >>>               arrayfire-ac9577405503eb81.arrayfire.713d8c91ea89530b-cgu.0.rcgu.o:(arrayfire::core::device::set_device::he46d63163b3a477a) in archive /opt/rustwide/target/debug/deps/libarrayfire-ac9577405503eb81.rlib
[INFO] [stdout]           
[INFO] [stdout]           rust-lld: error: undefined symbol: af_get_last_error
[INFO] [stdout]           >>> referenced by error.rs:104 (src/core/error.rs:104)
[INFO] [stdout]           >>>               arrayfire-ac9577405503eb81.arrayfire.713d8c91ea89530b-cgu.0.rcgu.o:(arrayfire::core::error::get_last_error::hdcb5463cea44a82a) in archive /opt/rustwide/target/debug/deps/libarrayfire-ac9577405503eb81.rlib
[INFO] [stdout]           
[INFO] [stdout]           rust-lld: error: too many errors emitted, stopping now (use --error-limit=0 to see all errors)
[INFO] [stdout]           collect2: error: ld returned 1 exit status
[INFO] [stdout]           
[INFO] [stdout] 
[INFO] [stdout] 
[INFO] [stderr] error: could not compile `arrayfire` (test "scalar_arith") due to 1 previous error
[INFO] [stderr] error: could not compile `arrayfire` (example "unified") due to 1 previous error; 2 warnings emitted
[INFO] [stderr] error: could not compile `arrayfire` (example "conway") due to 1 previous error
[INFO] [stderr] error: could not compile `arrayfire` (example "pi") due to 1 previous error
[INFO] [stdout] error: linking with `cc` failed: exit status: 1
[INFO] [stdout]   |
[INFO] [stdout]   = note: LC_ALL="C" PATH="/opt/rustwide/rustup-home/toolchains/nightly-2024-10-28-x86_64-unknown-linux-gnu/lib/rustlib/x86_64-unknown-linux-gnu/bin:/opt/rustwide/rustup-home/toolchains/nightly-2024-10-28-x86_64-unknown-linux-gnu/lib/rustlib/x86_64-unknown-linux-gnu/bin/self-contained:/opt/rustwide/cargo-home/bin:/usr/local/sbin:/usr/local/bin:/usr/sbin:/usr/bin:/sbin:/bin" VSLANG="1033" "cc" "-m64" "/tmp/rustcNqpucX/symbols.o" "/opt/rustwide/target/debug/examples/using_half-06036f43fb3a4cf4.using_half.4229eeb5199bf3e6-cgu.0.rcgu.o" "/opt/rustwide/target/debug/examples/using_half-06036f43fb3a4cf4.cr9j076ogc2r3hb3tooz1in5f.rcgu.o" "-Wl,--as-needed" "-Wl,-Bstatic" "/opt/rustwide/target/debug/deps/libarrayfire-ac9577405503eb81.rlib" "/opt/rustwide/target/debug/deps/libhalf-a9707ee965adb145.rlib" "/opt/rustwide/target/debug/deps/liblibc-a0067fda584a3fab.rlib" "/opt/rustwide/target/debug/deps/libnum-69a6a285ae28cea8.rlib" "/opt/rustwide/target/debug/deps/libnum_rational-3d6af84e0463df90.rlib" "/opt/rustwide/target/debug/deps/libnum_iter-bf1d6f961cbf9f63.rlib" "/opt/rustwide/target/debug/deps/libnum_complex-e396ab3187f226f7.rlib" "/opt/rustwide/target/debug/deps/libnum_bigint-931df063dc37eab1.rlib" "/opt/rustwide/target/debug/deps/libnum_integer-42d13b50d010fc93.rlib" "/opt/rustwide/target/debug/deps/libnum_traits-6e7dfa53a859f98d.rlib" "/opt/rustwide/target/debug/deps/liblazy_static-0575b9746e727b3c.rlib" "/opt/rustwide/rustup-home/toolchains/nightly-2024-10-28-x86_64-unknown-linux-gnu/lib/rustlib/x86_64-unknown-linux-gnu/lib/libstd-fb8c387236db3c10.rlib" "/opt/rustwide/rustup-home/toolchains/nightly-2024-10-28-x86_64-unknown-linux-gnu/lib/rustlib/x86_64-unknown-linux-gnu/lib/libpanic_unwind-b251837809b2f64b.rlib" "/opt/rustwide/rustup-home/toolchains/nightly-2024-10-28-x86_64-unknown-linux-gnu/lib/rustlib/x86_64-unknown-linux-gnu/lib/libobject-cbef83eaa4e01f04.rlib" "/opt/rustwide/rustup-home/toolchains/nightly-2024-10-28-x86_64-unknown-linux-gnu/lib/rustlib/x86_64-unknown-linux-gnu/lib/libmemchr-12a772286de2fca7.rlib" "/opt/rustwide/rustup-home/toolchains/nightly-2024-10-28-x86_64-unknown-linux-gnu/lib/rustlib/x86_64-unknown-linux-gnu/lib/libaddr2line-023bbe5ada7abfc3.rlib" "/opt/rustwide/rustup-home/toolchains/nightly-2024-10-28-x86_64-unknown-linux-gnu/lib/rustlib/x86_64-unknown-linux-gnu/lib/libgimli-de2bcdf10ec69c2b.rlib" "/opt/rustwide/rustup-home/toolchains/nightly-2024-10-28-x86_64-unknown-linux-gnu/lib/rustlib/x86_64-unknown-linux-gnu/lib/librustc_demangle-8e1754df350800fd.rlib" "/opt/rustwide/rustup-home/toolchains/nightly-2024-10-28-x86_64-unknown-linux-gnu/lib/rustlib/x86_64-unknown-linux-gnu/lib/libstd_detect-06c2ab7b9c32e037.rlib" "/opt/rustwide/rustup-home/toolchains/nightly-2024-10-28-x86_64-unknown-linux-gnu/lib/rustlib/x86_64-unknown-linux-gnu/lib/libhashbrown-51d2621fc57a281b.rlib" "/opt/rustwide/rustup-home/toolchains/nightly-2024-10-28-x86_64-unknown-linux-gnu/lib/rustlib/x86_64-unknown-linux-gnu/lib/librustc_std_workspace_alloc-54a930408793772f.rlib" "/opt/rustwide/rustup-home/toolchains/nightly-2024-10-28-x86_64-unknown-linux-gnu/lib/rustlib/x86_64-unknown-linux-gnu/lib/libminiz_oxide-0c7d01cba400dcb2.rlib" "/opt/rustwide/rustup-home/toolchains/nightly-2024-10-28-x86_64-unknown-linux-gnu/lib/rustlib/x86_64-unknown-linux-gnu/lib/libadler-b9f84d69e331b75b.rlib" "/opt/rustwide/rustup-home/toolchains/nightly-2024-10-28-x86_64-unknown-linux-gnu/lib/rustlib/x86_64-unknown-linux-gnu/lib/libunwind-eec95493246aae39.rlib" "/opt/rustwide/rustup-home/toolchains/nightly-2024-10-28-x86_64-unknown-linux-gnu/lib/rustlib/x86_64-unknown-linux-gnu/lib/libcfg_if-6f6676c475e08ab0.rlib" "/opt/rustwide/rustup-home/toolchains/nightly-2024-10-28-x86_64-unknown-linux-gnu/lib/rustlib/x86_64-unknown-linux-gnu/lib/liblibc-799d520624f8b2e0.rlib" "/opt/rustwide/rustup-home/toolchains/nightly-2024-10-28-x86_64-unknown-linux-gnu/lib/rustlib/x86_64-unknown-linux-gnu/lib/liballoc-fcf93d4842acd9a9.rlib" "/opt/rustwide/rustup-home/toolchains/nightly-2024-10-28-x86_64-unknown-linux-gnu/lib/rustlib/x86_64-unknown-linux-gnu/lib/librustc_std_workspace_core-395a38b8e0851c9b.rlib" "/opt/rustwide/rustup-home/toolchains/nightly-2024-10-28-x86_64-unknown-linux-gnu/lib/rustlib/x86_64-unknown-linux-gnu/lib/libcore-d453bab70303062c.rlib" "/opt/rustwide/rustup-home/toolchains/nightly-2024-10-28-x86_64-unknown-linux-gnu/lib/rustlib/x86_64-unknown-linux-gnu/lib/libcompiler_builtins-0e6386368b0a24e8.rlib" "-Wl,-Bdynamic" "-lutil" "-ldl" "-lutil" "-lgcc_s" "-lutil" "-lrt" "-lpthread" "-lm" "-ldl" "-lc" "-B/opt/rustwide/rustup-home/toolchains/nightly-2024-10-28-x86_64-unknown-linux-gnu/lib/rustlib/x86_64-unknown-linux-gnu/bin/gcc-ld" "-fuse-ld=lld" "-Wl,--eh-frame-hdr" "-Wl,-z,noexecstack" "-L" "/opt/arrayfire/lib" "-L" "/opt/arrayfire/lib64" "-L" "/usr/local/lib" "-L" "/usr/lib" "-L" "/opt/rustwide/rustup-home/toolchains/nightly-2024-10-28-x86_64-unknown-linux-gnu/lib/rustlib/x86_64-unknown-linux-gnu/lib" "-o" "/opt/rustwide/target/debug/examples/using_half-06036f43fb3a4cf4" "-Wl,--gc-sections" "-pie" "-Wl,-z,relro,-z,now" "-nodefaultlibs"
[INFO] [stdout]   = note: rust-lld: error: undefined symbol: af_release_array
[INFO] [stdout]           >>> referenced by array.rs:710 (src/core/array.rs:710)
[INFO] [stdout]           >>>               /opt/rustwide/target/debug/examples/using_half-06036f43fb3a4cf4.using_half.4229eeb5199bf3e6-cgu.0.rcgu.o:(_$LT$arrayfire..core..array..Array$LT$T$GT$$u20$as$u20$core..ops..drop..Drop$GT$::drop::ha7de6e929a0ee0a6)
[INFO] [stdout]           
[INFO] [stdout]           rust-lld: error: undefined symbol: af_create_array
[INFO] [stdout]           >>> referenced by array.rs:228 (src/core/array.rs:228)
[INFO] [stdout]           >>>               /opt/rustwide/target/debug/examples/using_half-06036f43fb3a4cf4.using_half.4229eeb5199bf3e6-cgu.0.rcgu.o:(arrayfire::core::array::Array$LT$T$GT$::new::h8c49d57d7e7556f3)
[INFO] [stdout]           
[INFO] [stdout]           rust-lld: error: undefined symbol: af_print_array_gen
[INFO] [stdout]           >>> referenced by array.rs:748 (src/core/array.rs:748)
[INFO] [stdout]           >>>               /opt/rustwide/target/debug/examples/using_half-06036f43fb3a4cf4.using_half.4229eeb5199bf3e6-cgu.0.rcgu.o:(arrayfire::core::array::print::h733d4f830eb6eba8)
[INFO] [stdout]           
[INFO] [stdout]           rust-lld: error: undefined symbol: af_info
[INFO] [stdout]           >>> referenced by device.rs:82 (src/core/device.rs:82)
[INFO] [stdout]           >>>               arrayfire-ac9577405503eb81.arrayfire.713d8c91ea89530b-cgu.0.rcgu.o:(arrayfire::core::device::info::he05c088c91589574) in archive /opt/rustwide/target/debug/deps/libarrayfire-ac9577405503eb81.rlib
[INFO] [stdout]           
[INFO] [stdout]           rust-lld: error: undefined symbol: af_set_device
[INFO] [stdout]           >>> referenced by device.rs:190 (src/core/device.rs:190)
[INFO] [stdout]           >>>               arrayfire-ac9577405503eb81.arrayfire.713d8c91ea89530b-cgu.0.rcgu.o:(arrayfire::core::device::set_device::he46d63163b3a477a) in archive /opt/rustwide/target/debug/deps/libarrayfire-ac9577405503eb81.rlib
[INFO] [stdout]           
[INFO] [stdout]           rust-lld: error: undefined symbol: af_get_last_error
[INFO] [stdout]           >>> referenced by error.rs:104 (src/core/error.rs:104)
[INFO] [stdout]           >>>               arrayfire-ac9577405503eb81.arrayfire.713d8c91ea89530b-cgu.0.rcgu.o:(arrayfire::core::error::get_last_error::hdcb5463cea44a82a) in archive /opt/rustwide/target/debug/deps/libarrayfire-ac9577405503eb81.rlib
[INFO] [stdout]           
[INFO] [stdout]           rust-lld: error: undefined symbol: af_free_host
[INFO] [stdout]           >>> referenced by util.rs:68 (src/core/util.rs:68)
[INFO] [stdout]           >>>               arrayfire-ac9577405503eb81.arrayfire.713d8c91ea89530b-cgu.0.rcgu.o:(arrayfire::core::util::free_host::h34ee3c15c140e010) in archive /opt/rustwide/target/debug/deps/libarrayfire-ac9577405503eb81.rlib
[INFO] [stdout]           collect2: error: ld returned 1 exit status
[INFO] [stdout]           
[INFO] [stdout] 
[INFO] [stdout] 
[INFO] [stderr] error: could not compile `arrayfire` (example "using_half") due to 1 previous error
[INFO] [stdout] error: linking with `cc` failed: exit status: 1
[INFO] [stdout]   |
[INFO] [stdout]   = note: LC_ALL="C" PATH="/opt/rustwide/rustup-home/toolchains/nightly-2024-10-28-x86_64-unknown-linux-gnu/lib/rustlib/x86_64-unknown-linux-gnu/bin:/opt/rustwide/rustup-home/toolchains/nightly-2024-10-28-x86_64-unknown-linux-gnu/lib/rustlib/x86_64-unknown-linux-gnu/bin/self-contained:/opt/rustwide/cargo-home/bin:/usr/local/sbin:/usr/local/bin:/usr/sbin:/usr/bin:/sbin:/bin" VSLANG="1033" "cc" "-m64" "/tmp/rustcvG4AJb/symbols.o" "/opt/rustwide/target/debug/examples/acoustic_wave-bc3e44e33d692998.acoustic_wave.e92cc57537bf68a1-cgu.0.rcgu.o" "/opt/rustwide/target/debug/examples/acoustic_wave-bc3e44e33d692998.ba7vejq4i5948s98ra0gl977d.rcgu.o" "-Wl,--as-needed" "-Wl,-Bstatic" "/opt/rustwide/target/debug/deps/libarrayfire-ac9577405503eb81.rlib" "/opt/rustwide/target/debug/deps/libhalf-a9707ee965adb145.rlib" "/opt/rustwide/target/debug/deps/liblibc-a0067fda584a3fab.rlib" "/opt/rustwide/target/debug/deps/libnum-69a6a285ae28cea8.rlib" "/opt/rustwide/target/debug/deps/libnum_rational-3d6af84e0463df90.rlib" "/opt/rustwide/target/debug/deps/libnum_iter-bf1d6f961cbf9f63.rlib" "/opt/rustwide/target/debug/deps/libnum_complex-e396ab3187f226f7.rlib" "/opt/rustwide/target/debug/deps/libnum_bigint-931df063dc37eab1.rlib" "/opt/rustwide/target/debug/deps/libnum_integer-42d13b50d010fc93.rlib" "/opt/rustwide/target/debug/deps/libnum_traits-6e7dfa53a859f98d.rlib" "/opt/rustwide/target/debug/deps/liblazy_static-0575b9746e727b3c.rlib" "/opt/rustwide/rustup-home/toolchains/nightly-2024-10-28-x86_64-unknown-linux-gnu/lib/rustlib/x86_64-unknown-linux-gnu/lib/libstd-fb8c387236db3c10.rlib" "/opt/rustwide/rustup-home/toolchains/nightly-2024-10-28-x86_64-unknown-linux-gnu/lib/rustlib/x86_64-unknown-linux-gnu/lib/libpanic_unwind-b251837809b2f64b.rlib" "/opt/rustwide/rustup-home/toolchains/nightly-2024-10-28-x86_64-unknown-linux-gnu/lib/rustlib/x86_64-unknown-linux-gnu/lib/libobject-cbef83eaa4e01f04.rlib" "/opt/rustwide/rustup-home/toolchains/nightly-2024-10-28-x86_64-unknown-linux-gnu/lib/rustlib/x86_64-unknown-linux-gnu/lib/libmemchr-12a772286de2fca7.rlib" "/opt/rustwide/rustup-home/toolchains/nightly-2024-10-28-x86_64-unknown-linux-gnu/lib/rustlib/x86_64-unknown-linux-gnu/lib/libaddr2line-023bbe5ada7abfc3.rlib" "/opt/rustwide/rustup-home/toolchains/nightly-2024-10-28-x86_64-unknown-linux-gnu/lib/rustlib/x86_64-unknown-linux-gnu/lib/libgimli-de2bcdf10ec69c2b.rlib" "/opt/rustwide/rustup-home/toolchains/nightly-2024-10-28-x86_64-unknown-linux-gnu/lib/rustlib/x86_64-unknown-linux-gnu/lib/librustc_demangle-8e1754df350800fd.rlib" "/opt/rustwide/rustup-home/toolchains/nightly-2024-10-28-x86_64-unknown-linux-gnu/lib/rustlib/x86_64-unknown-linux-gnu/lib/libstd_detect-06c2ab7b9c32e037.rlib" "/opt/rustwide/rustup-home/toolchains/nightly-2024-10-28-x86_64-unknown-linux-gnu/lib/rustlib/x86_64-unknown-linux-gnu/lib/libhashbrown-51d2621fc57a281b.rlib" "/opt/rustwide/rustup-home/toolchains/nightly-2024-10-28-x86_64-unknown-linux-gnu/lib/rustlib/x86_64-unknown-linux-gnu/lib/librustc_std_workspace_alloc-54a930408793772f.rlib" "/opt/rustwide/rustup-home/toolchains/nightly-2024-10-28-x86_64-unknown-linux-gnu/lib/rustlib/x86_64-unknown-linux-gnu/lib/libminiz_oxide-0c7d01cba400dcb2.rlib" "/opt/rustwide/rustup-home/toolchains/nightly-2024-10-28-x86_64-unknown-linux-gnu/lib/rustlib/x86_64-unknown-linux-gnu/lib/libadler-b9f84d69e331b75b.rlib" "/opt/rustwide/rustup-home/toolchains/nightly-2024-10-28-x86_64-unknown-linux-gnu/lib/rustlib/x86_64-unknown-linux-gnu/lib/libunwind-eec95493246aae39.rlib" "/opt/rustwide/rustup-home/toolchains/nightly-2024-10-28-x86_64-unknown-linux-gnu/lib/rustlib/x86_64-unknown-linux-gnu/lib/libcfg_if-6f6676c475e08ab0.rlib" "/opt/rustwide/rustup-home/toolchains/nightly-2024-10-28-x86_64-unknown-linux-gnu/lib/rustlib/x86_64-unknown-linux-gnu/lib/liblibc-799d520624f8b2e0.rlib" "/opt/rustwide/rustup-home/toolchains/nightly-2024-10-28-x86_64-unknown-linux-gnu/lib/rustlib/x86_64-unknown-linux-gnu/lib/liballoc-fcf93d4842acd9a9.rlib" "/opt/rustwide/rustup-home/toolchains/nightly-2024-10-28-x86_64-unknown-linux-gnu/lib/rustlib/x86_64-unknown-linux-gnu/lib/librustc_std_workspace_core-395a38b8e0851c9b.rlib" "/opt/rustwide/rustup-home/toolchains/nightly-2024-10-28-x86_64-unknown-linux-gnu/lib/rustlib/x86_64-unknown-linux-gnu/lib/libcore-d453bab70303062c.rlib" "/opt/rustwide/rustup-home/toolchains/nightly-2024-10-28-x86_64-unknown-linux-gnu/lib/rustlib/x86_64-unknown-linux-gnu/lib/libcompiler_builtins-0e6386368b0a24e8.rlib" "-Wl,-Bdynamic" "-lutil" "-ldl" "-lutil" "-lgcc_s" "-lutil" "-lrt" "-lpthread" "-lm" "-ldl" "-lc" "-B/opt/rustwide/rustup-home/toolchains/nightly-2024-10-28-x86_64-unknown-linux-gnu/lib/rustlib/x86_64-unknown-linux-gnu/bin/gcc-ld" "-fuse-ld=lld" "-Wl,--eh-frame-hdr" "-Wl,-z,noexecstack" "-L" "/opt/arrayfire/lib" "-L" "/opt/arrayfire/lib64" "-L" "/usr/local/lib" "-L" "/usr/lib" "-L" "/opt/rustwide/rustup-home/toolchains/nightly-2024-10-28-x86_64-unknown-linux-gnu/lib/rustlib/x86_64-unknown-linux-gnu/lib" "-o" "/opt/rustwide/target/debug/examples/acoustic_wave-bc3e44e33d692998" "-Wl,--gc-sections" "-pie" "-Wl,-z,relro,-z,now" "-nodefaultlibs"
[INFO] [stdout]   = note: rust-lld: error: undefined symbol: af_retain_array
[INFO] [stdout]           >>> referenced by array.rs:694 (src/core/array.rs:694)
[INFO] [stdout]           >>>               arrayfire-ac9577405503eb81.arrayfire.713d8c91ea89530b-cgu.0.rcgu.o:(_$LT$arrayfire..core..array..Array$LT$T$GT$$u20$as$u20$core..clone..Clone$GT$::clone::h03f399dea01201c6) in archive /opt/rustwide/target/debug/deps/libarrayfire-ac9577405503eb81.rlib
[INFO] [stdout]           
[INFO] [stdout]           rust-lld: error: undefined symbol: af_set_seq_indexer
[INFO] [stdout]           >>> referenced by index.rs:168 (src/core/index.rs:168)
[INFO] [stdout]           >>>               /opt/rustwide/target/debug/examples/acoustic_wave-bc3e44e33d692998.acoustic_wave.e92cc57537bf68a1-cgu.0.rcgu.o:(_$LT$arrayfire..core..seq..Seq$LT$T$GT$$u20$as$u20$arrayfire..core..index..Indexable$GT$::set::hd7c196f05355ab9b)
[INFO] [stdout]           
[INFO] [stdout]           rust-lld: error: undefined symbol: af_release_array
[INFO] [stdout]           >>> referenced by array.rs:710 (src/core/array.rs:710)
[INFO] [stdout]           >>>               arrayfire-ac9577405503eb81.arrayfire.713d8c91ea89530b-cgu.0.rcgu.o:(_$LT$arrayfire..core..array..Array$LT$T$GT$$u20$as$u20$core..ops..drop..Drop$GT$::drop::hd765e679ceb06962) in archive /opt/rustwide/target/debug/deps/libarrayfire-ac9577405503eb81.rlib
[INFO] [stdout]           
[INFO] [stdout]           rust-lld: error: undefined symbol: af_info
[INFO] [stdout]           >>> referenced by device.rs:82 (src/core/device.rs:82)
[INFO] [stdout]           >>>               arrayfire-ac9577405503eb81.arrayfire.713d8c91ea89530b-cgu.0.rcgu.o:(arrayfire::core::device::info::he05c088c91589574) in archive /opt/rustwide/target/debug/deps/libarrayfire-ac9577405503eb81.rlib
[INFO] [stdout]           
[INFO] [stdout]           rust-lld: error: undefined symbol: af_set_device
[INFO] [stdout]           >>> referenced by device.rs:190 (src/core/device.rs:190)
[INFO] [stdout]           >>>               arrayfire-ac9577405503eb81.arrayfire.713d8c91ea89530b-cgu.0.rcgu.o:(arrayfire::core::device::set_device::he46d63163b3a477a) in archive /opt/rustwide/target/debug/deps/libarrayfire-ac9577405503eb81.rlib
[INFO] [stdout]           
[INFO] [stdout]           rust-lld: error: undefined symbol: af_tile
[INFO] [stdout]           >>> referenced by data.rs:496 (src/core/data.rs:496)
[INFO] [stdout]           >>>               /opt/rustwide/target/debug/examples/acoustic_wave-bc3e44e33d692998.acoustic_wave.e92cc57537bf68a1-cgu.0.rcgu.o:(arrayfire::core::data::tile::ha71e8eeeb60b9973)
[INFO] [stdout]           
[INFO] [stdout]           rust-lld: error: undefined symbol: af_range
[INFO] [stdout]           >>> referenced by data.rs:312 (src/core/data.rs:312)
[INFO] [stdout]           >>>               /opt/rustwide/target/debug/examples/acoustic_wave-bc3e44e33d692998.acoustic_wave.e92cc57537bf68a1-cgu.0.rcgu.o:(arrayfire::core::data::range::h448f93b8f4c19d6d)
[INFO] [stdout]           
[INFO] [stdout]           rust-lld: error: undefined symbol: af_add
[INFO] [stdout]           >>> referenced by arith.rs:407 (src/core/arith.rs:407)
[INFO] [stdout]           >>>               /opt/rustwide/target/debug/examples/acoustic_wave-bc3e44e33d692998.acoustic_wave.e92cc57537bf68a1-cgu.0.rcgu.o:(arrayfire::core::arith::add_helper::h02461b4d82102cea)
[INFO] [stdout]           
[INFO] [stdout]           rust-lld: error: undefined symbol: af_div
[INFO] [stdout]           >>> referenced by arith.rs:407 (src/core/arith.rs:407)
[INFO] [stdout]           >>>               /opt/rustwide/target/debug/examples/acoustic_wave-bc3e44e33d692998.acoustic_wave.e92cc57537bf68a1-cgu.0.rcgu.o:(arrayfire::core::arith::div_helper::h5d86bfd333626367)
[INFO] [stdout]           
[INFO] [stdout]           rust-lld: error: undefined symbol: af_get_last_error
[INFO] [stdout]           >>> referenced by error.rs:104 (src/core/error.rs:104)
[INFO] [stdout]           >>>               arrayfire-ac9577405503eb81.arrayfire.713d8c91ea89530b-cgu.0.rcgu.o:(arrayfire::core::error::get_last_error::hdcb5463cea44a82a) in archive /opt/rustwide/target/debug/deps/libarrayfire-ac9577405503eb81.rlib
[INFO] [stdout]           
[INFO] [stdout]           rust-lld: error: undefined symbol: af_mul
[INFO] [stdout]           >>> referenced by arith.rs:407 (src/core/arith.rs:407)
[INFO] [stdout]           >>>               /opt/rustwide/target/debug/examples/acoustic_wave-bc3e44e33d692998.acoustic_wave.e92cc57537bf68a1-cgu.0.rcgu.o:(arrayfire::core::arith::mul_helper::hd79534e4f623a303)
[INFO] [stdout]           
[INFO] [stdout]           rust-lld: error: undefined symbol: af_create_indexers
[INFO] [stdout]           >>> referenced by index.rs:186 (src/core/index.rs:186)
[INFO] [stdout]           >>>               arrayfire-ac9577405503eb81.arrayfire.713d8c91ea89530b-cgu.0.rcgu.o:(_$LT$arrayfire..core..index..Indexer$u20$as$u20$core..default..Default$GT$::default::hbe8b836b300dbe1c) in archive /opt/rustwide/target/debug/deps/libarrayfire-ac9577405503eb81.rlib
[INFO] [stdout]           
[INFO] [stdout]           rust-lld: error: undefined symbol: af_release_indexers
[INFO] [stdout]           >>> referenced by index.rs:241 (src/core/index.rs:241)
[INFO] [stdout]           >>>               arrayfire-ac9577405503eb81.arrayfire.713d8c91ea89530b-cgu.0.rcgu.o:(_$LT$arrayfire..core..index..Indexer$u20$as$u20$core..ops..drop..Drop$GT$::drop::h5aca5acd0e142943) in archive /opt/rustwide/target/debug/deps/libarrayfire-ac9577405503eb81.rlib
[INFO] [stdout]           
[INFO] [stdout]           rust-lld: error: undefined symbol: af_abs
[INFO] [stdout]           >>> referenced by arith.rs:129 (src/core/arith.rs:129)
[INFO] [stdout]           >>>               /opt/rustwide/target/debug/examples/acoustic_wave-bc3e44e33d692998.acoustic_wave.e92cc57537bf68a1-cgu.0.rcgu.o:(arrayfire::core::arith::abs::ha773df8689d8132d)
[INFO] [stdout]           
[INFO] [stdout]           rust-lld: error: undefined symbol: af_free_host
[INFO] [stdout]           >>> referenced by util.rs:68 (src/core/util.rs:68)
[INFO] [stdout]           >>>               arrayfire-ac9577405503eb81.arrayfire.713d8c91ea89530b-cgu.0.rcgu.o:(arrayfire::core::util::free_host::h34ee3c15c140e010) in archive /opt/rustwide/target/debug/deps/libarrayfire-ac9577405503eb81.rlib
[INFO] [stdout]           
[INFO] [stdout]           rust-lld: error: undefined symbol: af_destroy_window
[INFO] [stdout]           >>> referenced by mod.rs:191 (src/graphics/mod.rs:191)
[INFO] [stdout]           >>>               arrayfire-ac9577405503eb81.arrayfire.713d8c91ea89530b-cgu.0.rcgu.o:(_$LT$arrayfire..graphics..Window$u20$as$u20$core..ops..drop..Drop$GT$::drop::h763c74771866ba8c) in archive /opt/rustwide/target/debug/deps/libarrayfire-ac9577405503eb81.rlib
[INFO] [stdout]           
[INFO] [stdout]           rust-lld: error: undefined symbol: af_cos
[INFO] [stdout]           >>> referenced by arith.rs:129 (src/core/arith.rs:129)
[INFO] [stdout]           >>>               /opt/rustwide/target/debug/examples/acoustic_wave-bc3e44e33d692998.acoustic_wave.e92cc57537bf68a1-cgu.0.rcgu.o:(arrayfire::core::arith::cos::h91dbfebd8a1f8587)
[INFO] [stdout]           
[INFO] [stdout]           rust-lld: error: undefined symbol: af_create_window
[INFO] [stdout]           >>> referenced by mod.rs:223 (src/graphics/mod.rs:223)
[INFO] [stdout]           >>>               arrayfire-ac9577405503eb81.arrayfire.713d8c91ea89530b-cgu.0.rcgu.o:(arrayfire::graphics::Window::new::hce39751db6b0d72e) in archive /opt/rustwide/target/debug/deps/libarrayfire-ac9577405503eb81.rlib
[INFO] [stdout]           
[INFO] [stdout]           rust-lld: error: undefined symbol: af_is_window_closed
[INFO] [stdout]           >>> referenced by mod.rs:309 (src/graphics/mod.rs:309)
[INFO] [stdout]           >>>               arrayfire-ac9577405503eb81.arrayfire.713d8c91ea89530b-cgu.0.rcgu.o:(arrayfire::graphics::Window::is_closed::hb68ffac073e229d7) in archive /opt/rustwide/target/debug/deps/libarrayfire-ac9577405503eb81.rlib
[INFO] [stdout]           
[INFO] [stdout]           rust-lld: error: undefined symbol: af_constant
[INFO] [stdout]           >>> referenced by data.rs:242 (src/core/data.rs:242)
[INFO] [stdout]           >>>               arrayfire-ac9577405503eb81.arrayfire.713d8c91ea89530b-cgu.0.rcgu.o:(_$LT$f32$u20$as$u20$arrayfire..core..data..ConstGenerator$GT$::generate::h96178f36c2c4dad6) in archive /opt/rustwide/target/debug/deps/libarrayfire-ac9577405503eb81.rlib
[INFO] [stdout]           
[INFO] [stdout]           rust-lld: error: too many errors emitted, stopping now (use --error-limit=0 to see all errors)
[INFO] [stdout]           collect2: error: ld returned 1 exit status
[INFO] [stdout]           
[INFO] [stdout] 
[INFO] [stdout] 
[INFO] [stderr] error: could not compile `arrayfire` (example "acoustic_wave") due to 1 previous error
[INFO] [stdout] error: linking with `cc` failed: exit status: 1
[INFO] [stdout]   |
[INFO] [stdout]   = note: LC_ALL="C" PATH="/opt/rustwide/rustup-home/toolchains/nightly-2024-10-28-x86_64-unknown-linux-gnu/lib/rustlib/x86_64-unknown-linux-gnu/bin:/opt/rustwide/rustup-home/toolchains/nightly-2024-10-28-x86_64-unknown-linux-gnu/lib/rustlib/x86_64-unknown-linux-gnu/bin/self-contained:/opt/rustwide/cargo-home/bin:/usr/local/sbin:/usr/local/bin:/usr/sbin:/usr/bin:/sbin:/bin" VSLANG="1033" "cc" "-m64" "/tmp/rustcvK86Nt/symbols.o" "/opt/rustwide/target/debug/deps/error_handler-76a99657c45a0aa1.error_handler.2553f2d11e66fa93-cgu.0.rcgu.o" "/opt/rustwide/target/debug/deps/error_handler-76a99657c45a0aa1.error_handler.2553f2d11e66fa93-cgu.1.rcgu.o" "/opt/rustwide/target/debug/deps/error_handler-76a99657c45a0aa1.4cumc6v6tx9kpa8tpe8new1xk.rcgu.o" "-Wl,--as-needed" "-Wl,-Bstatic" "/opt/rustwide/rustup-home/toolchains/nightly-2024-10-28-x86_64-unknown-linux-gnu/lib/rustlib/x86_64-unknown-linux-gnu/lib/libtest-a09fad3b5321e7d6.rlib" "/opt/rustwide/rustup-home/toolchains/nightly-2024-10-28-x86_64-unknown-linux-gnu/lib/rustlib/x86_64-unknown-linux-gnu/lib/libgetopts-f9c3dff41ad42661.rlib" "/opt/rustwide/rustup-home/toolchains/nightly-2024-10-28-x86_64-unknown-linux-gnu/lib/rustlib/x86_64-unknown-linux-gnu/lib/libunicode_width-ad2aef31af6addd3.rlib" "/opt/rustwide/rustup-home/toolchains/nightly-2024-10-28-x86_64-unknown-linux-gnu/lib/rustlib/x86_64-unknown-linux-gnu/lib/librustc_std_workspace_std-e3f907dc03deb913.rlib" "/opt/rustwide/target/debug/deps/libarrayfire-ac9577405503eb81.rlib" "/opt/rustwide/target/debug/deps/libhalf-a9707ee965adb145.rlib" "/opt/rustwide/target/debug/deps/liblibc-a0067fda584a3fab.rlib" "/opt/rustwide/target/debug/deps/libnum-69a6a285ae28cea8.rlib" "/opt/rustwide/target/debug/deps/libnum_rational-3d6af84e0463df90.rlib" "/opt/rustwide/target/debug/deps/libnum_iter-bf1d6f961cbf9f63.rlib" "/opt/rustwide/target/debug/deps/libnum_complex-e396ab3187f226f7.rlib" "/opt/rustwide/target/debug/deps/libnum_bigint-931df063dc37eab1.rlib" "/opt/rustwide/target/debug/deps/libnum_integer-42d13b50d010fc93.rlib" "/opt/rustwide/target/debug/deps/libnum_traits-6e7dfa53a859f98d.rlib" "/opt/rustwide/target/debug/deps/liblazy_static-0575b9746e727b3c.rlib" "/opt/rustwide/rustup-home/toolchains/nightly-2024-10-28-x86_64-unknown-linux-gnu/lib/rustlib/x86_64-unknown-linux-gnu/lib/libstd-fb8c387236db3c10.rlib" "/opt/rustwide/rustup-home/toolchains/nightly-2024-10-28-x86_64-unknown-linux-gnu/lib/rustlib/x86_64-unknown-linux-gnu/lib/libpanic_unwind-b251837809b2f64b.rlib" "/opt/rustwide/rustup-home/toolchains/nightly-2024-10-28-x86_64-unknown-linux-gnu/lib/rustlib/x86_64-unknown-linux-gnu/lib/libobject-cbef83eaa4e01f04.rlib" "/opt/rustwide/rustup-home/toolchains/nightly-2024-10-28-x86_64-unknown-linux-gnu/lib/rustlib/x86_64-unknown-linux-gnu/lib/libmemchr-12a772286de2fca7.rlib" "/opt/rustwide/rustup-home/toolchains/nightly-2024-10-28-x86_64-unknown-linux-gnu/lib/rustlib/x86_64-unknown-linux-gnu/lib/libaddr2line-023bbe5ada7abfc3.rlib" "/opt/rustwide/rustup-home/toolchains/nightly-2024-10-28-x86_64-unknown-linux-gnu/lib/rustlib/x86_64-unknown-linux-gnu/lib/libgimli-de2bcdf10ec69c2b.rlib" "/opt/rustwide/rustup-home/toolchains/nightly-2024-10-28-x86_64-unknown-linux-gnu/lib/rustlib/x86_64-unknown-linux-gnu/lib/librustc_demangle-8e1754df350800fd.rlib" "/opt/rustwide/rustup-home/toolchains/nightly-2024-10-28-x86_64-unknown-linux-gnu/lib/rustlib/x86_64-unknown-linux-gnu/lib/libstd_detect-06c2ab7b9c32e037.rlib" "/opt/rustwide/rustup-home/toolchains/nightly-2024-10-28-x86_64-unknown-linux-gnu/lib/rustlib/x86_64-unknown-linux-gnu/lib/libhashbrown-51d2621fc57a281b.rlib" "/opt/rustwide/rustup-home/toolchains/nightly-2024-10-28-x86_64-unknown-linux-gnu/lib/rustlib/x86_64-unknown-linux-gnu/lib/librustc_std_workspace_alloc-54a930408793772f.rlib" "/opt/rustwide/rustup-home/toolchains/nightly-2024-10-28-x86_64-unknown-linux-gnu/lib/rustlib/x86_64-unknown-linux-gnu/lib/libminiz_oxide-0c7d01cba400dcb2.rlib" "/opt/rustwide/rustup-home/toolchains/nightly-2024-10-28-x86_64-unknown-linux-gnu/lib/rustlib/x86_64-unknown-linux-gnu/lib/libadler-b9f84d69e331b75b.rlib" "/opt/rustwide/rustup-home/toolchains/nightly-2024-10-28-x86_64-unknown-linux-gnu/lib/rustlib/x86_64-unknown-linux-gnu/lib/libunwind-eec95493246aae39.rlib" "/opt/rustwide/rustup-home/toolchains/nightly-2024-10-28-x86_64-unknown-linux-gnu/lib/rustlib/x86_64-unknown-linux-gnu/lib/libcfg_if-6f6676c475e08ab0.rlib" "/opt/rustwide/rustup-home/toolchains/nightly-2024-10-28-x86_64-unknown-linux-gnu/lib/rustlib/x86_64-unknown-linux-gnu/lib/liblibc-799d520624f8b2e0.rlib" "/opt/rustwide/rustup-home/toolchains/nightly-2024-10-28-x86_64-unknown-linux-gnu/lib/rustlib/x86_64-unknown-linux-gnu/lib/liballoc-fcf93d4842acd9a9.rlib" "/opt/rustwide/rustup-home/toolchains/nightly-2024-10-28-x86_64-unknown-linux-gnu/lib/rustlib/x86_64-unknown-linux-gnu/lib/librustc_std_workspace_core-395a38b8e0851c9b.rlib" "/opt/rustwide/rustup-home/toolchains/nightly-2024-10-28-x86_64-unknown-linux-gnu/lib/rustlib/x86_64-unknown-linux-gnu/lib/libcore-d453bab70303062c.rlib" "/opt/rustwide/rustup-home/toolchains/nightly-2024-10-28-x86_64-unknown-linux-gnu/lib/rustlib/x86_64-unknown-linux-gnu/lib/libcompiler_builtins-0e6386368b0a24e8.rlib" "-Wl,-Bdynamic" "-lutil" "-ldl" "-lutil" "-lgcc_s" "-lutil" "-lrt" "-lpthread" "-lm" "-ldl" "-lc" "-B/opt/rustwide/rustup-home/toolchains/nightly-2024-10-28-x86_64-unknown-linux-gnu/lib/rustlib/x86_64-unknown-linux-gnu/bin/gcc-ld" "-fuse-ld=lld" "-Wl,--eh-frame-hdr" "-Wl,-z,noexecstack" "-L" "/opt/arrayfire/lib" "-L" "/opt/arrayfire/lib64" "-L" "/usr/local/lib" "-L" "/usr/lib" "-L" "/opt/rustwide/rustup-home/toolchains/nightly-2024-10-28-x86_64-unknown-linux-gnu/lib/rustlib/x86_64-unknown-linux-gnu/lib" "-o" "/opt/rustwide/target/debug/deps/error_handler-76a99657c45a0aa1" "-Wl,--gc-sections" "-pie" "-Wl,-z,relro,-z,now" "-nodefaultlibs"
[INFO] [stdout]   = note: rust-lld: error: undefined symbol: af_get_device_count
[INFO] [stdout]           >>> referenced by device.rs:159 (src/core/device.rs:159)
[INFO] [stdout]           >>>               arrayfire-ac9577405503eb81.arrayfire.713d8c91ea89530b-cgu.0.rcgu.o:(arrayfire::core::device::device_count::h23cbf8cb65032862) in archive /opt/rustwide/target/debug/deps/libarrayfire-ac9577405503eb81.rlib
[INFO] [stdout]           
[INFO] [stdout]           rust-lld: error: undefined symbol: af_get_last_error
[INFO] [stdout]           >>> referenced by error.rs:104 (src/core/error.rs:104)
[INFO] [stdout]           >>>               arrayfire-ac9577405503eb81.arrayfire.713d8c91ea89530b-cgu.0.rcgu.o:(arrayfire::core::error::get_last_error::hdcb5463cea44a82a) in archive /opt/rustwide/target/debug/deps/libarrayfire-ac9577405503eb81.rlib
[INFO] [stdout]           
[INFO] [stdout]           rust-lld: error: undefined symbol: af_free_host
[INFO] [stdout]           >>> referenced by util.rs:68 (src/core/util.rs:68)
[INFO] [stdout]           >>>               arrayfire-ac9577405503eb81.arrayfire.713d8c91ea89530b-cgu.0.rcgu.o:(arrayfire::core::util::free_host::h34ee3c15c140e010) in archive /opt/rustwide/target/debug/deps/libarrayfire-ac9577405503eb81.rlib
[INFO] [stdout]           collect2: error: ld returned 1 exit status
[INFO] [stdout]           
[INFO] [stdout] 
[INFO] [stdout] 
[INFO] [stderr] error: could not compile `arrayfire` (test "error_handler") due to 1 previous error
[INFO] [stdout] error: linking with `cc` failed: exit status: 1
[INFO] [stdout]   |
[INFO] [stdout]   = note: LC_ALL="C" PATH="/opt/rustwide/rustup-home/toolchains/nightly-2024-10-28-x86_64-unknown-linux-gnu/lib/rustlib/x86_64-unknown-linux-gnu/bin:/opt/rustwide/rustup-home/toolchains/nightly-2024-10-28-x86_64-unknown-linux-gnu/lib/rustlib/x86_64-unknown-linux-gnu/bin/self-contained:/opt/rustwide/cargo-home/bin:/usr/local/sbin:/usr/local/bin:/usr/sbin:/usr/bin:/sbin:/bin" VSLANG="1033" "cc" "-m64" "/tmp/rustcm6EkD9/symbols.o" "/opt/rustwide/target/debug/examples/helloworld-861100216a376607.helloworld.cee45c2aeb0630f6-cgu.0.rcgu.o" "/opt/rustwide/target/debug/examples/helloworld-861100216a376607.31ika1nzyfu120a0d65uu9zom.rcgu.o" "-Wl,--as-needed" "-Wl,-Bstatic" "/opt/rustwide/target/debug/deps/libarrayfire-ac9577405503eb81.rlib" "/opt/rustwide/target/debug/deps/libhalf-a9707ee965adb145.rlib" "/opt/rustwide/target/debug/deps/liblibc-a0067fda584a3fab.rlib" "/opt/rustwide/target/debug/deps/libnum-69a6a285ae28cea8.rlib" "/opt/rustwide/target/debug/deps/libnum_rational-3d6af84e0463df90.rlib" "/opt/rustwide/target/debug/deps/libnum_iter-bf1d6f961cbf9f63.rlib" "/opt/rustwide/target/debug/deps/libnum_complex-e396ab3187f226f7.rlib" "/opt/rustwide/target/debug/deps/libnum_bigint-931df063dc37eab1.rlib" "/opt/rustwide/target/debug/deps/libnum_integer-42d13b50d010fc93.rlib" "/opt/rustwide/target/debug/deps/libnum_traits-6e7dfa53a859f98d.rlib" "/opt/rustwide/target/debug/deps/liblazy_static-0575b9746e727b3c.rlib" "/opt/rustwide/rustup-home/toolchains/nightly-2024-10-28-x86_64-unknown-linux-gnu/lib/rustlib/x86_64-unknown-linux-gnu/lib/libstd-fb8c387236db3c10.rlib" "/opt/rustwide/rustup-home/toolchains/nightly-2024-10-28-x86_64-unknown-linux-gnu/lib/rustlib/x86_64-unknown-linux-gnu/lib/libpanic_unwind-b251837809b2f64b.rlib" "/opt/rustwide/rustup-home/toolchains/nightly-2024-10-28-x86_64-unknown-linux-gnu/lib/rustlib/x86_64-unknown-linux-gnu/lib/libobject-cbef83eaa4e01f04.rlib" "/opt/rustwide/rustup-home/toolchains/nightly-2024-10-28-x86_64-unknown-linux-gnu/lib/rustlib/x86_64-unknown-linux-gnu/lib/libmemchr-12a772286de2fca7.rlib" "/opt/rustwide/rustup-home/toolchains/nightly-2024-10-28-x86_64-unknown-linux-gnu/lib/rustlib/x86_64-unknown-linux-gnu/lib/libaddr2line-023bbe5ada7abfc3.rlib" "/opt/rustwide/rustup-home/toolchains/nightly-2024-10-28-x86_64-unknown-linux-gnu/lib/rustlib/x86_64-unknown-linux-gnu/lib/libgimli-de2bcdf10ec69c2b.rlib" "/opt/rustwide/rustup-home/toolchains/nightly-2024-10-28-x86_64-unknown-linux-gnu/lib/rustlib/x86_64-unknown-linux-gnu/lib/librustc_demangle-8e1754df350800fd.rlib" "/opt/rustwide/rustup-home/toolchains/nightly-2024-10-28-x86_64-unknown-linux-gnu/lib/rustlib/x86_64-unknown-linux-gnu/lib/libstd_detect-06c2ab7b9c32e037.rlib" "/opt/rustwide/rustup-home/toolchains/nightly-2024-10-28-x86_64-unknown-linux-gnu/lib/rustlib/x86_64-unknown-linux-gnu/lib/libhashbrown-51d2621fc57a281b.rlib" "/opt/rustwide/rustup-home/toolchains/nightly-2024-10-28-x86_64-unknown-linux-gnu/lib/rustlib/x86_64-unknown-linux-gnu/lib/librustc_std_workspace_alloc-54a930408793772f.rlib" "/opt/rustwide/rustup-home/toolchains/nightly-2024-10-28-x86_64-unknown-linux-gnu/lib/rustlib/x86_64-unknown-linux-gnu/lib/libminiz_oxide-0c7d01cba400dcb2.rlib" "/opt/rustwide/rustup-home/toolchains/nightly-2024-10-28-x86_64-unknown-linux-gnu/lib/rustlib/x86_64-unknown-linux-gnu/lib/libadler-b9f84d69e331b75b.rlib" "/opt/rustwide/rustup-home/toolchains/nightly-2024-10-28-x86_64-unknown-linux-gnu/lib/rustlib/x86_64-unknown-linux-gnu/lib/libunwind-eec95493246aae39.rlib" "/opt/rustwide/rustup-home/toolchains/nightly-2024-10-28-x86_64-unknown-linux-gnu/lib/rustlib/x86_64-unknown-linux-gnu/lib/libcfg_if-6f6676c475e08ab0.rlib" "/opt/rustwide/rustup-home/toolchains/nightly-2024-10-28-x86_64-unknown-linux-gnu/lib/rustlib/x86_64-unknown-linux-gnu/lib/liblibc-799d520624f8b2e0.rlib" "/opt/rustwide/rustup-home/toolchains/nightly-2024-10-28-x86_64-unknown-linux-gnu/lib/rustlib/x86_64-unknown-linux-gnu/lib/liballoc-fcf93d4842acd9a9.rlib" "/opt/rustwide/rustup-home/toolchains/nightly-2024-10-28-x86_64-unknown-linux-gnu/lib/rustlib/x86_64-unknown-linux-gnu/lib/librustc_std_workspace_core-395a38b8e0851c9b.rlib" "/opt/rustwide/rustup-home/toolchains/nightly-2024-10-28-x86_64-unknown-linux-gnu/lib/rustlib/x86_64-unknown-linux-gnu/lib/libcore-d453bab70303062c.rlib" "/opt/rustwide/rustup-home/toolchains/nightly-2024-10-28-x86_64-unknown-linux-gnu/lib/rustlib/x86_64-unknown-linux-gnu/lib/libcompiler_builtins-0e6386368b0a24e8.rlib" "-Wl,-Bdynamic" "-lutil" "-ldl" "-lutil" "-lgcc_s" "-lutil" "-lrt" "-lpthread" "-lm" "-ldl" "-lc" "-B/opt/rustwide/rustup-home/toolchains/nightly-2024-10-28-x86_64-unknown-linux-gnu/lib/rustlib/x86_64-unknown-linux-gnu/bin/gcc-ld" "-fuse-ld=lld" "-Wl,--eh-frame-hdr" "-Wl,-z,noexecstack" "-L" "/opt/arrayfire/lib" "-L" "/opt/arrayfire/lib64" "-L" "/usr/local/lib" "-L" "/usr/lib" "-L" "/opt/rustwide/rustup-home/toolchains/nightly-2024-10-28-x86_64-unknown-linux-gnu/lib/rustlib/x86_64-unknown-linux-gnu/lib" "-o" "/opt/rustwide/target/debug/examples/helloworld-861100216a376607" "-Wl,--gc-sections" "-pie" "-Wl,-z,relro,-z,now" "-nodefaultlibs"
[INFO] [stdout]   = note: rust-lld: error: undefined symbol: af_retain_array
[INFO] [stdout]           >>> referenced by array.rs:694 (src/core/array.rs:694)
[INFO] [stdout]           >>>               arrayfire-ac9577405503eb81.arrayfire.713d8c91ea89530b-cgu.0.rcgu.o:(_$LT$arrayfire..core..array..Array$LT$T$GT$$u20$as$u20$core..clone..Clone$GT$::clone::h03f399dea01201c6) in archive /opt/rustwide/target/debug/deps/libarrayfire-ac9577405503eb81.rlib
[INFO] [stdout]           
[INFO] [stdout]           rust-lld: error: undefined symbol: af_release_array
[INFO] [stdout]           >>> referenced by array.rs:710 (src/core/array.rs:710)
[INFO] [stdout]           >>>               arrayfire-ac9577405503eb81.arrayfire.713d8c91ea89530b-cgu.0.rcgu.o:(_$LT$arrayfire..core..array..Array$LT$T$GT$$u20$as$u20$core..ops..drop..Drop$GT$::drop::hd765e679ceb06962) in archive /opt/rustwide/target/debug/deps/libarrayfire-ac9577405503eb81.rlib
[INFO] [stdout]           >>> referenced by array.rs:710 (src/core/array.rs:710)
[INFO] [stdout]           >>>               /opt/rustwide/target/debug/examples/helloworld-861100216a376607.helloworld.cee45c2aeb0630f6-cgu.0.rcgu.o:(_$LT$arrayfire..core..array..Array$LT$T$GT$$u20$as$u20$core..ops..drop..Drop$GT$::drop::ha8008b08e36ff09e)
[INFO] [stdout]           >>> referenced by array.rs:710 (src/core/array.rs:710)
[INFO] [stdout]           >>>               /opt/rustwide/target/debug/examples/helloworld-861100216a376607.helloworld.cee45c2aeb0630f6-cgu.0.rcgu.o:(_$LT$arrayfire..core..array..Array$LT$T$GT$$u20$as$u20$core..ops..drop..Drop$GT$::drop::hb10b0c25d073ab92)
[INFO] [stdout]           >>> referenced 1 more times
[INFO] [stdout]           
[INFO] [stdout]           rust-lld: error: undefined symbol: af_get_version
[INFO] [stdout]           >>> referenced by device.rs:51 (src/core/device.rs:51)
[INFO] [stdout]           >>>               arrayfire-ac9577405503eb81.arrayfire.713d8c91ea89530b-cgu.0.rcgu.o:(arrayfire::core::device::get_version::h6526f1b908e65d24) in archive /opt/rustwide/target/debug/deps/libarrayfire-ac9577405503eb81.rlib
[INFO] [stdout]           
[INFO] [stdout]           rust-lld: error: undefined symbol: af_get_revision
[INFO] [stdout]           >>> referenced by device.rs:66 (src/core/device.rs:66)
[INFO] [stdout]           >>>               arrayfire-ac9577405503eb81.arrayfire.713d8c91ea89530b-cgu.0.rcgu.o:(arrayfire::core::device::get_revision::hbf789813f3ca5be5) in archive /opt/rustwide/target/debug/deps/libarrayfire-ac9577405503eb81.rlib
[INFO] [stdout]           
[INFO] [stdout]           rust-lld: error: undefined symbol: af_info
[INFO] [stdout]           >>> referenced by device.rs:82 (src/core/device.rs:82)
[INFO] [stdout]           >>>               arrayfire-ac9577405503eb81.arrayfire.713d8c91ea89530b-cgu.0.rcgu.o:(arrayfire::core::device::info::he05c088c91589574) in archive /opt/rustwide/target/debug/deps/libarrayfire-ac9577405503eb81.rlib
[INFO] [stdout]           
[INFO] [stdout]           rust-lld: error: undefined symbol: af_info_string
[INFO] [stdout]           >>> referenced by device.rs:102 (src/core/device.rs:102)
[INFO] [stdout]           >>>               arrayfire-ac9577405503eb81.arrayfire.713d8c91ea89530b-cgu.0.rcgu.o:(arrayfire::core::device::info_string::h9c459981fe870005) in archive /opt/rustwide/target/debug/deps/libarrayfire-ac9577405503eb81.rlib
[INFO] [stdout]           
[INFO] [stdout]           rust-lld: error: undefined symbol: af_device_info
[INFO] [stdout]           >>> referenced by device.rs:120 (src/core/device.rs:120)
[INFO] [stdout]           >>>               arrayfire-ac9577405503eb81.arrayfire.713d8c91ea89530b-cgu.0.rcgu.o:(arrayfire::core::device::device_info::h24ed783968d3586e) in archive /opt/rustwide/target/debug/deps/libarrayfire-ac9577405503eb81.rlib
[INFO] [stdout]           
[INFO] [stdout]           rust-lld: error: undefined symbol: af_set_device
[INFO] [stdout]           >>> referenced by device.rs:190 (src/core/device.rs:190)
[INFO] [stdout]           >>>               arrayfire-ac9577405503eb81.arrayfire.713d8c91ea89530b-cgu.0.rcgu.o:(arrayfire::core::device::set_device::he46d63163b3a477a) in archive /opt/rustwide/target/debug/deps/libarrayfire-ac9577405503eb81.rlib
[INFO] [stdout]           
[INFO] [stdout]           rust-lld: error: undefined symbol: af_get_last_error
[INFO] [stdout]           >>> referenced by error.rs:104 (src/core/error.rs:104)
[INFO] [stdout]           >>>               arrayfire-ac9577405503eb81.arrayfire.713d8c91ea89530b-cgu.0.rcgu.o:(arrayfire::core::error::get_last_error::hdcb5463cea44a82a) in archive /opt/rustwide/target/debug/deps/libarrayfire-ac9577405503eb81.rlib
[INFO] [stdout]           
[INFO] [stdout]           rust-lld: error: undefined symbol: af_create_indexers
[INFO] [stdout]           >>> referenced by index.rs:186 (src/core/index.rs:186)
[INFO] [stdout]           >>>               arrayfire-ac9577405503eb81.arrayfire.713d8c91ea89530b-cgu.0.rcgu.o:(_$LT$arrayfire..core..index..Indexer$u20$as$u20$core..default..Default$GT$::default::hbe8b836b300dbe1c) in archive /opt/rustwide/target/debug/deps/libarrayfire-ac9577405503eb81.rlib
[INFO] [stdout]           
[INFO] [stdout]           rust-lld: error: undefined symbol: af_release_indexers
[INFO] [stdout]           >>> referenced by index.rs:241 (src/core/index.rs:241)
[INFO] [stdout]           >>>               arrayfire-ac9577405503eb81.arrayfire.713d8c91ea89530b-cgu.0.rcgu.o:(_$LT$arrayfire..core..index..Indexer$u20$as$u20$core..ops..drop..Drop$GT$::drop::h5aca5acd0e142943) in archive /opt/rustwide/target/debug/deps/libarrayfire-ac9577405503eb81.rlib
[INFO] [stdout]           
[INFO] [stdout]           rust-lld: error: undefined symbol: af_free_host
[INFO] [stdout]           >>> referenced by util.rs:68 (src/core/util.rs:68)
[INFO] [stdout]           >>>               arrayfire-ac9577405503eb81.arrayfire.713d8c91ea89530b-cgu.0.rcgu.o:(arrayfire::core::util::free_host::h34ee3c15c140e010) in archive /opt/rustwide/target/debug/deps/libarrayfire-ac9577405503eb81.rlib
[INFO] [stdout]           
[INFO] [stdout]           rust-lld: error: undefined symbol: af_constant
[INFO] [stdout]           >>> referenced by data.rs:242 (src/core/data.rs:242)
[INFO] [stdout]           >>>               arrayfire-ac9577405503eb81.arrayfire.713d8c91ea89530b-cgu.0.rcgu.o:(_$LT$f32$u20$as$u20$arrayfire..core..data..ConstGenerator$GT$::generate::h96178f36c2c4dad6) in archive /opt/rustwide/target/debug/deps/libarrayfire-ac9577405503eb81.rlib
[INFO] [stdout]           >>> referenced by data.rs:242 (src/core/data.rs:242)
[INFO] [stdout]           >>>               arrayfire-ac9577405503eb81.arrayfire.713d8c91ea89530b-cgu.0.rcgu.o:(_$LT$u8$u20$as$u20$arrayfire..core..data..ConstGenerator$GT$::generate::h8ed029d499e4c231) in archive /opt/rustwide/target/debug/deps/libarrayfire-ac9577405503eb81.rlib
[INFO] [stdout]           
[INFO] [stdout]           rust-lld: error: undefined symbol: af_set_seq_indexer
[INFO] [stdout]           >>> referenced by index.rs:168 (src/core/index.rs:168)
[INFO] [stdout]           >>>               /opt/rustwide/target/debug/examples/helloworld-861100216a376607.helloworld.cee45c2aeb0630f6-cgu.0.rcgu.o:(_$LT$arrayfire..core..seq..Seq$LT$T$GT$$u20$as$u20$arrayfire..core..index..Indexable$GT$::set::hfe140cedf5827365)
[INFO] [stdout]           
[INFO] [stdout]           rust-lld: error: undefined symbol: af_set_array_indexer
[INFO] [stdout]           >>> referenced by index.rs:151 (src/core/index.rs:151)
[INFO] [stdout]           >>>               /opt/rustwide/target/debug/examples/helloworld-861100216a376607.helloworld.cee45c2aeb0630f6-cgu.0.rcgu.o:(_$LT$arrayfire..core..array..Array$LT$T$GT$$u20$as$u20$arrayfire..core..index..Indexable$GT$::set::hb3a45343788bed1f)
[INFO] [stdout]           
[INFO] [stdout]           rust-lld: error: undefined symbol: af_tile
[INFO] [stdout]           >>> referenced by data.rs:496 (src/core/data.rs:496)
[INFO] [stdout]           >>>               /opt/rustwide/target/debug/examples/helloworld-861100216a376607.helloworld.cee45c2aeb0630f6-cgu.0.rcgu.o:(arrayfire::core::data::tile::h759afc795eeba118)
[INFO] [stdout]           
[INFO] [stdout]           rust-lld: error: undefined symbol: af_add
[INFO] [stdout]           >>> referenced by arith.rs:407 (src/core/arith.rs:407)
[INFO] [stdout]           >>>               /opt/rustwide/target/debug/examples/helloworld-861100216a376607.helloworld.cee45c2aeb0630f6-cgu.0.rcgu.o:(arrayfire::core::arith::add_helper::h212fd5b5c9fe9c39)
[INFO] [stdout]           
[INFO] [stdout]           rust-lld: error: undefined symbol: af_sub
[INFO] [stdout]           >>> referenced by arith.rs:407 (src/core/arith.rs:407)
[INFO] [stdout]           >>>               /opt/rustwide/target/debug/examples/helloworld-861100216a376607.helloworld.cee45c2aeb0630f6-cgu.0.rcgu.o:(arrayfire::core::arith::sub_helper::h9bf5a08a0acf8a04)
[INFO] [stdout]           
[INFO] [stdout]           rust-lld: error: undefined symbol: af_cos
[INFO] [stdout]           >>> referenced by arith.rs:129 (src/core/arith.rs:129)
[INFO] [stdout]           >>>               /opt/rustwide/target/debug/examples/helloworld-861100216a376607.helloworld.cee45c2aeb0630f6-cgu.0.rcgu.o:(arrayfire::core::arith::cos::hb2ee63d174528234)
[INFO] [stdout]           
[INFO] [stdout]           rust-lld: error: undefined symbol: af_sin
[INFO] [stdout]           >>> referenced by arith.rs:129 (src/core/arith.rs:129)
[INFO] [stdout]           >>>               /opt/rustwide/target/debug/examples/helloworld-861100216a376607.helloworld.cee45c2aeb0630f6-cgu.0.rcgu.o:(arrayfire::core::arith::sin::h677aca7ccf9dca69)
[INFO] [stdout]           
[INFO] [stdout]           rust-lld: error: too many errors emitted, stopping now (use --error-limit=0 to see all errors)
[INFO] [stdout]           collect2: error: ld returned 1 exit status
[INFO] [stdout]           
[INFO] [stdout] 
[INFO] [stdout] 
[INFO] [stderr] error: could not compile `arrayfire` (example "helloworld") due to 1 previous error
[INFO] [stdout] error: linking with `cc` failed: exit status: 1
[INFO] [stdout]   |
[INFO] [stdout]   = note: LC_ALL="C" PATH="/opt/rustwide/rustup-home/toolchains/nightly-2024-10-28-x86_64-unknown-linux-gnu/lib/rustlib/x86_64-unknown-linux-gnu/bin:/opt/rustwide/rustup-home/toolchains/nightly-2024-10-28-x86_64-unknown-linux-gnu/lib/rustlib/x86_64-unknown-linux-gnu/bin/self-contained:/opt/rustwide/cargo-home/bin:/usr/local/sbin:/usr/local/bin:/usr/sbin:/usr/bin:/sbin:/bin" VSLANG="1033" "cc" "-m64" "/tmp/rustcmxLGG3/symbols.o" "/opt/rustwide/target/debug/deps/arrayfire-b6e5519e5ff7701b.arrayfire.336e8d374a144718-cgu.00.rcgu.o" "/opt/rustwide/target/debug/deps/arrayfire-b6e5519e5ff7701b.arrayfire.336e8d374a144718-cgu.01.rcgu.o" "/opt/rustwide/target/debug/deps/arrayfire-b6e5519e5ff7701b.arrayfire.336e8d374a144718-cgu.02.rcgu.o" "/opt/rustwide/target/debug/deps/arrayfire-b6e5519e5ff7701b.arrayfire.336e8d374a144718-cgu.03.rcgu.o" "/opt/rustwide/target/debug/deps/arrayfire-b6e5519e5ff7701b.arrayfire.336e8d374a144718-cgu.04.rcgu.o" "/opt/rustwide/target/debug/deps/arrayfire-b6e5519e5ff7701b.arrayfire.336e8d374a144718-cgu.05.rcgu.o" "/opt/rustwide/target/debug/deps/arrayfire-b6e5519e5ff7701b.arrayfire.336e8d374a144718-cgu.06.rcgu.o" "/opt/rustwide/target/debug/deps/arrayfire-b6e5519e5ff7701b.arrayfire.336e8d374a144718-cgu.07.rcgu.o" "/opt/rustwide/target/debug/deps/arrayfire-b6e5519e5ff7701b.arrayfire.336e8d374a144718-cgu.08.rcgu.o" "/opt/rustwide/target/debug/deps/arrayfire-b6e5519e5ff7701b.arrayfire.336e8d374a144718-cgu.09.rcgu.o" "/opt/rustwide/target/debug/deps/arrayfire-b6e5519e5ff7701b.arrayfire.336e8d374a144718-cgu.10.rcgu.o" "/opt/rustwide/target/debug/deps/arrayfire-b6e5519e5ff7701b.68dyh2re8itgp49j3v50y21rf.rcgu.o" "-Wl,--as-needed" "-Wl,-Bstatic" "/opt/rustwide/rustup-home/toolchains/nightly-2024-10-28-x86_64-unknown-linux-gnu/lib/rustlib/x86_64-unknown-linux-gnu/lib/libtest-a09fad3b5321e7d6.rlib" "/opt/rustwide/rustup-home/toolchains/nightly-2024-10-28-x86_64-unknown-linux-gnu/lib/rustlib/x86_64-unknown-linux-gnu/lib/libgetopts-f9c3dff41ad42661.rlib" "/opt/rustwide/rustup-home/toolchains/nightly-2024-10-28-x86_64-unknown-linux-gnu/lib/rustlib/x86_64-unknown-linux-gnu/lib/libunicode_width-ad2aef31af6addd3.rlib" "/opt/rustwide/rustup-home/toolchains/nightly-2024-10-28-x86_64-unknown-linux-gnu/lib/rustlib/x86_64-unknown-linux-gnu/lib/librustc_std_workspace_std-e3f907dc03deb913.rlib" "/opt/rustwide/target/debug/deps/libhalf-a9707ee965adb145.rlib" "/opt/rustwide/target/debug/deps/liblibc-a0067fda584a3fab.rlib" "/opt/rustwide/target/debug/deps/libnum-69a6a285ae28cea8.rlib" "/opt/rustwide/target/debug/deps/libnum_rational-3d6af84e0463df90.rlib" "/opt/rustwide/target/debug/deps/libnum_iter-bf1d6f961cbf9f63.rlib" "/opt/rustwide/target/debug/deps/libnum_complex-e396ab3187f226f7.rlib" "/opt/rustwide/target/debug/deps/libnum_bigint-931df063dc37eab1.rlib" "/opt/rustwide/target/debug/deps/libnum_integer-42d13b50d010fc93.rlib" "/opt/rustwide/target/debug/deps/libnum_traits-6e7dfa53a859f98d.rlib" "/opt/rustwide/target/debug/deps/liblazy_static-0575b9746e727b3c.rlib" "/opt/rustwide/rustup-home/toolchains/nightly-2024-10-28-x86_64-unknown-linux-gnu/lib/rustlib/x86_64-unknown-linux-gnu/lib/libstd-fb8c387236db3c10.rlib" "/opt/rustwide/rustup-home/toolchains/nightly-2024-10-28-x86_64-unknown-linux-gnu/lib/rustlib/x86_64-unknown-linux-gnu/lib/libpanic_unwind-b251837809b2f64b.rlib" "/opt/rustwide/rustup-home/toolchains/nightly-2024-10-28-x86_64-unknown-linux-gnu/lib/rustlib/x86_64-unknown-linux-gnu/lib/libobject-cbef83eaa4e01f04.rlib" "/opt/rustwide/rustup-home/toolchains/nightly-2024-10-28-x86_64-unknown-linux-gnu/lib/rustlib/x86_64-unknown-linux-gnu/lib/libmemchr-12a772286de2fca7.rlib" "/opt/rustwide/rustup-home/toolchains/nightly-2024-10-28-x86_64-unknown-linux-gnu/lib/rustlib/x86_64-unknown-linux-gnu/lib/libaddr2line-023bbe5ada7abfc3.rlib" "/opt/rustwide/rustup-home/toolchains/nightly-2024-10-28-x86_64-unknown-linux-gnu/lib/rustlib/x86_64-unknown-linux-gnu/lib/libgimli-de2bcdf10ec69c2b.rlib" "/opt/rustwide/rustup-home/toolchains/nightly-2024-10-28-x86_64-unknown-linux-gnu/lib/rustlib/x86_64-unknown-linux-gnu/lib/librustc_demangle-8e1754df350800fd.rlib" "/opt/rustwide/rustup-home/toolchains/nightly-2024-10-28-x86_64-unknown-linux-gnu/lib/rustlib/x86_64-unknown-linux-gnu/lib/libstd_detect-06c2ab7b9c32e037.rlib" "/opt/rustwide/rustup-home/toolchains/nightly-2024-10-28-x86_64-unknown-linux-gnu/lib/rustlib/x86_64-unknown-linux-gnu/lib/libhashbrown-51d2621fc57a281b.rlib" "/opt/rustwide/rustup-home/toolchains/nightly-2024-10-28-x86_64-unknown-linux-gnu/lib/rustlib/x86_64-unknown-linux-gnu/lib/librustc_std_workspace_alloc-54a930408793772f.rlib" "/opt/rustwide/rustup-home/toolchains/nightly-2024-10-28-x86_64-unknown-linux-gnu/lib/rustlib/x86_64-unknown-linux-gnu/lib/libminiz_oxide-0c7d01cba400dcb2.rlib" "/opt/rustwide/rustup-home/toolchains/nightly-2024-10-28-x86_64-unknown-linux-gnu/lib/rustlib/x86_64-unknown-linux-gnu/lib/libadler-b9f84d69e331b75b.rlib" "/opt/rustwide/rustup-home/toolchains/nightly-2024-10-28-x86_64-unknown-linux-gnu/lib/rustlib/x86_64-unknown-linux-gnu/lib/libunwind-eec95493246aae39.rlib" "/opt/rustwide/rustup-home/toolchains/nightly-2024-10-28-x86_64-unknown-linux-gnu/lib/rustlib/x86_64-unknown-linux-gnu/lib/libcfg_if-6f6676c475e08ab0.rlib" "/opt/rustwide/rustup-home/toolchains/nightly-2024-10-28-x86_64-unknown-linux-gnu/lib/rustlib/x86_64-unknown-linux-gnu/lib/liblibc-799d520624f8b2e0.rlib" "/opt/rustwide/rustup-home/toolchains/nightly-2024-10-28-x86_64-unknown-linux-gnu/lib/rustlib/x86_64-unknown-linux-gnu/lib/liballoc-fcf93d4842acd9a9.rlib" "/opt/rustwide/rustup-home/toolchains/nightly-2024-10-28-x86_64-unknown-linux-gnu/lib/rustlib/x86_64-unknown-linux-gnu/lib/librustc_std_workspace_core-395a38b8e0851c9b.rlib" "/opt/rustwide/rustup-home/toolchains/nightly-2024-10-28-x86_64-unknown-linux-gnu/lib/rustlib/x86_64-unknown-linux-gnu/lib/libcore-d453bab70303062c.rlib" "/opt/rustwide/rustup-home/toolchains/nightly-2024-10-28-x86_64-unknown-linux-gnu/lib/rustlib/x86_64-unknown-linux-gnu/lib/libcompiler_builtins-0e6386368b0a24e8.rlib" "-Wl,-Bdynamic" "-lutil" "-ldl" "-lutil" "-lgcc_s" "-lutil" "-lrt" "-lpthread" "-lm" "-ldl" "-lc" "-B/opt/rustwide/rustup-home/toolchains/nightly-2024-10-28-x86_64-unknown-linux-gnu/lib/rustlib/x86_64-unknown-linux-gnu/bin/gcc-ld" "-fuse-ld=lld" "-Wl,--eh-frame-hdr" "-Wl,-z,noexecstack" "-L" "/opt/arrayfire/lib" "-L" "/opt/arrayfire/lib64" "-L" "/usr/local/lib" "-L" "/usr/lib" "-L" "/opt/rustwide/rustup-home/toolchains/nightly-2024-10-28-x86_64-unknown-linux-gnu/lib/rustlib/x86_64-unknown-linux-gnu/lib" "-o" "/opt/rustwide/target/debug/deps/arrayfire-b6e5519e5ff7701b" "-Wl,--gc-sections" "-pie" "-Wl,-z,relro,-z,now" "-nodefaultlibs"
[INFO] [stdout]   = note: rust-lld: error: undefined symbol: af_get_last_error
[INFO] [stdout]           >>> referenced by error.rs:104 (src/core/error.rs:104)
[INFO] [stdout]           >>>               /opt/rustwide/target/debug/deps/arrayfire-b6e5519e5ff7701b.arrayfire.336e8d374a144718-cgu.03.rcgu.o:(arrayfire::core::error::get_last_error::h5d269e438c7c6c76)
[INFO] [stdout]           
[INFO] [stdout]           rust-lld: error: undefined symbol: af_set_seq_indexer
[INFO] [stdout]           >>> referenced by index.rs:168 (src/core/index.rs:168)
[INFO] [stdout]           >>>               /opt/rustwide/target/debug/deps/arrayfire-b6e5519e5ff7701b.arrayfire.336e8d374a144718-cgu.03.rcgu.o:(_$LT$arrayfire..core..seq..Seq$LT$T$GT$$u20$as$u20$arrayfire..core..index..Indexable$GT$::set::h6477e70947dd8862)
[INFO] [stdout]           >>> referenced by index.rs:168 (src/core/index.rs:168)
[INFO] [stdout]           >>>               /opt/rustwide/target/debug/deps/arrayfire-b6e5519e5ff7701b.arrayfire.336e8d374a144718-cgu.03.rcgu.o:(_$LT$arrayfire..core..seq..Seq$LT$T$GT$$u20$as$u20$arrayfire..core..index..Indexable$GT$::set::h7aede0616f29cad6)
[INFO] [stdout]           >>> referenced by index.rs:168 (src/core/index.rs:168)
[INFO] [stdout]           >>>               /opt/rustwide/target/debug/deps/arrayfire-b6e5519e5ff7701b.arrayfire.336e8d374a144718-cgu.03.rcgu.o:(_$LT$arrayfire..core..seq..Seq$LT$T$GT$$u20$as$u20$arrayfire..core..index..Indexable$GT$::set::ha2b8dbff0bf4bd61)
[INFO] [stdout]           
[INFO] [stdout]           rust-lld: error: undefined symbol: af_create_array
[INFO] [stdout]           >>> referenced by array.rs:228 (src/core/array.rs:228)
[INFO] [stdout]           >>>               /opt/rustwide/target/debug/deps/arrayfire-b6e5519e5ff7701b.arrayfire.336e8d374a144718-cgu.04.rcgu.o:(arrayfire::core::array::Array$LT$T$GT$::new::hef6aba688ba698e1)
[INFO] [stdout]           >>> referenced by array.rs:228 (src/core/array.rs:228)
[INFO] [stdout]           >>>               /opt/rustwide/target/debug/deps/arrayfire-b6e5519e5ff7701b.arrayfire.336e8d374a144718-cgu.04.rcgu.o:(arrayfire::core::array::Array$LT$T$GT$::new::hf132a913e1fd5109)
[INFO] [stdout]           
[INFO] [stdout]           rust-lld: error: undefined symbol: af_get_dims
[INFO] [stdout]           >>> referenced by array.rs:433 (src/core/array.rs:433)
[INFO] [stdout]           >>>               /opt/rustwide/target/debug/deps/arrayfire-b6e5519e5ff7701b.arrayfire.336e8d374a144718-cgu.04.rcgu.o:(arrayfire::core::array::Array$LT$T$GT$::dims::h7d55f18f1d8d20b1)
[INFO] [stdout]           >>> referenced by array.rs:433 (src/core/array.rs:433)
[INFO] [stdout]           >>>               /opt/rustwide/target/debug/deps/arrayfire-b6e5519e5ff7701b.arrayfire.336e8d374a144718-cgu.04.rcgu.o:(arrayfire::core::array::Array$LT$T$GT$::dims::hbb452795c8052646)
[INFO] [stdout]           
[INFO] [stdout]           rust-lld: error: undefined symbol: af_get_numdims
[INFO] [stdout]           >>> referenced by array.rs:468 (src/core/array.rs:468)
[INFO] [stdout]           >>>               /opt/rustwide/target/debug/deps/arrayfire-b6e5519e5ff7701b.arrayfire.336e8d374a144718-cgu.04.rcgu.o:(arrayfire::core::array::Array$LT$T$GT$::numdims::h22c567d9591f237a)
[INFO] [stdout]           >>> referenced by array.rs:468 (src/core/array.rs:468)
[INFO] [stdout]           >>>               /opt/rustwide/target/debug/deps/arrayfire-b6e5519e5ff7701b.arrayfire.336e8d374a144718-cgu.04.rcgu.o:(arrayfire::core::array::Array$LT$T$GT$::numdims::h2b64218824d84ae1)
[INFO] [stdout]           
[INFO] [stdout]           rust-lld: error: undefined symbol: af_cast
[INFO] [stdout]           >>> referenced by array.rs:617 (src/core/array.rs:617)
[INFO] [stdout]           >>>               /opt/rustwide/target/debug/deps/arrayfire-b6e5519e5ff7701b.arrayfire.336e8d374a144718-cgu.04.rcgu.o:(arrayfire::core::array::Array$LT$T$GT$::cast::h16345dee24dd300c)
[INFO] [stdout]           >>> referenced by array.rs:617 (src/core/array.rs:617)
[INFO] [stdout]           >>>               /opt/rustwide/target/debug/deps/arrayfire-b6e5519e5ff7701b.arrayfire.336e8d374a144718-cgu.04.rcgu.o:(arrayfire::core::array::Array$LT$T$GT$::cast::hb606c443891c18f8)
[INFO] [stdout]           
[INFO] [stdout]           rust-lld: error: undefined symbol: af_retain_array
[INFO] [stdout]           >>> referenced by array.rs:694 (src/core/array.rs:694)
[INFO] [stdout]           >>>               /opt/rustwide/target/debug/deps/arrayfire-b6e5519e5ff7701b.arrayfire.336e8d374a144718-cgu.04.rcgu.o:(_$LT$arrayfire..core..array..Array$LT$T$GT$$u20$as$u20$core..clone..Clone$GT$::clone::h2bb301ee75fb1394)
[INFO] [stdout]           >>> referenced by array.rs:694 (src/core/array.rs:694)
[INFO] [stdout]           >>>               /opt/rustwide/target/debug/deps/arrayfire-b6e5519e5ff7701b.arrayfire.336e8d374a144718-cgu.04.rcgu.o:(_$LT$arrayfire..core..array..Array$LT$T$GT$$u20$as$u20$core..clone..Clone$GT$::clone::h6fa59a0cef4707ac)
[INFO] [stdout]           
[INFO] [stdout]           rust-lld: error: undefined symbol: af_info
[INFO] [stdout]           >>> referenced by device.rs:82 (src/core/device.rs:82)
[INFO] [stdout]           >>>               /opt/rustwide/target/debug/deps/arrayfire-b6e5519e5ff7701b.arrayfire.336e8d374a144718-cgu.05.rcgu.o:(arrayfire::core::device::info::hf69d38b8dffdad4d)
[INFO] [stdout]           
[INFO] [stdout]           rust-lld: error: undefined symbol: af_release_array
[INFO] [stdout]           >>> referenced by array.rs:710 (src/core/array.rs:710)
[INFO] [stdout]           >>>               /opt/rustwide/target/debug/deps/arrayfire-b6e5519e5ff7701b.arrayfire.336e8d374a144718-cgu.04.rcgu.o:(_$LT$arrayfire..core..array..Array$LT$T$GT$$u20$as$u20$core..ops..drop..Drop$GT$::drop::h16c4bf8b1eb024c2)
[INFO] [stdout]           >>> referenced by array.rs:710 (src/core/array.rs:710)
[INFO] [stdout]           >>>               /opt/rustwide/target/debug/deps/arrayfire-b6e5519e5ff7701b.arrayfire.336e8d374a144718-cgu.04.rcgu.o:(_$LT$arrayfire..core..array..Array$LT$T$GT$$u20$as$u20$core..ops..drop..Drop$GT$::drop::h3b64905d69231af8)
[INFO] [stdout]           >>> referenced by array.rs:710 (src/core/array.rs:710)
[INFO] [stdout]           >>>               /opt/rustwide/target/debug/deps/arrayfire-b6e5519e5ff7701b.arrayfire.336e8d374a144718-cgu.04.rcgu.o:(_$LT$arrayfire..core..array..Array$LT$T$GT$$u20$as$u20$core..ops..drop..Drop$GT$::drop::h4f367c436e65d8a2)
[INFO] [stdout]           >>> referenced 5 more times
[INFO] [stdout]           
[INFO] [stdout]           rust-lld: error: undefined symbol: af_set_device
[INFO] [stdout]           >>> referenced by device.rs:190 (src/core/device.rs:190)
[INFO] [stdout]           >>>               /opt/rustwide/target/debug/deps/arrayfire-b6e5519e5ff7701b.arrayfire.336e8d374a144718-cgu.05.rcgu.o:(arrayfire::core::device::set_device::h5da1a60d35987f29)
[INFO] [stdout]           
[INFO] [stdout]           rust-lld: error: undefined symbol: af_sync
[INFO] [stdout]           >>> referenced by device.rs:317 (src/core/device.rs:317)
[INFO] [stdout]           >>>               /opt/rustwide/target/debug/deps/arrayfire-b6e5519e5ff7701b.arrayfire.336e8d374a144718-cgu.05.rcgu.o:(arrayfire::core::device::sync::h576d9380597eba72)
[INFO] [stdout]           
[INFO] [stdout]           rust-lld: error: undefined symbol: af_free_host
[INFO] [stdout]           >>> referenced by util.rs:68 (src/core/util.rs:68)
[INFO] [stdout]           >>>               /opt/rustwide/target/debug/deps/arrayfire-b6e5519e5ff7701b.arrayfire.336e8d374a144718-cgu.05.rcgu.o:(arrayfire::core::util::free_host::h1a44da2c617c7dcd)
[INFO] [stdout]           
[INFO] [stdout]           rust-lld: error: undefined symbol: af_sum_nan_all
[INFO] [stdout]           >>> referenced by mod.rs:805 (src/algorithm/mod.rs:805)
[INFO] [stdout]           >>>               /opt/rustwide/target/debug/deps/arrayfire-b6e5519e5ff7701b.arrayfire.336e8d374a144718-cgu.05.rcgu.o:(arrayfire::algorithm::sum_nan_all::h8003b4b0dfb96659)
[INFO] [stdout]           
[INFO] [stdout]           rust-lld: error: undefined symbol: af_product_nan_all
[INFO] [stdout]           >>> referenced by mod.rs:849 (src/algorithm/mod.rs:849)
[INFO] [stdout]           >>>               /opt/rustwide/target/debug/deps/arrayfire-b6e5519e5ff7701b.arrayfire.336e8d374a144718-cgu.05.rcgu.o:(arrayfire::algorithm::product_nan_all::h0dba5c668af1e489)
[INFO] [stdout]           
[INFO] [stdout]           rust-lld: error: undefined symbol: af_print_array_gen
[INFO] [stdout]           >>> referenced by array.rs:748 (src/core/array.rs:748)
[INFO] [stdout]           >>>               /opt/rustwide/target/debug/deps/arrayfire-b6e5519e5ff7701b.arrayfire.336e8d374a144718-cgu.04.rcgu.o:(arrayfire::core::array::print::he1cf112764e5ae31)
[INFO] [stdout]           >>> referenced by array.rs:792 (src/core/array.rs:792)
[INFO] [stdout]           >>>               /opt/rustwide/target/debug/deps/arrayfire-b6e5519e5ff7701b.arrayfire.336e8d374a144718-cgu.04.rcgu.o:(arrayfire::core::array::print_gen::h5553135b72339603)
[INFO] [stdout]           
[INFO] [stdout]           rust-lld: error: undefined symbol: af_tile
[INFO] [stdout]           >>> referenced by data.rs:496 (src/core/data.rs:496)
[INFO] [stdout]           >>>               /opt/rustwide/target/debug/deps/arrayfire-b6e5519e5ff7701b.arrayfire.336e8d374a144718-cgu.04.rcgu.o:(arrayfire::core::data::tile::h3edbc6818aa4c91f)
[INFO] [stdout]           >>> referenced by data.rs:496 (src/core/data.rs:496)
[INFO] [stdout]           >>>               /opt/rustwide/target/debug/deps/arrayfire-b6e5519e5ff7701b.arrayfire.336e8d374a144718-cgu.04.rcgu.o:(arrayfire::core::data::tile::hc5d2a5eea0ad941f)
[INFO] [stdout]           
[INFO] [stdout]           rust-lld: error: undefined symbol: af_reorder
[INFO] [stdout]           >>> referenced by data.rs:593 (src/core/data.rs:593)
[INFO] [stdout]           >>>               /opt/rustwide/target/debug/deps/arrayfire-b6e5519e5ff7701b.arrayfire.336e8d374a144718-cgu.04.rcgu.o:(arrayfire::core::data::reorder_v2::hcb4e28218b7dda9e)
[INFO] [stdout]           
[INFO] [stdout]           rust-lld: error: undefined symbol: af_pad
[INFO] [stdout]           >>> referenced by data.rs:946 (src/core/data.rs:946)
[INFO] [stdout]           >>>               /opt/rustwide/target/debug/deps/arrayfire-b6e5519e5ff7701b.arrayfire.336e8d374a144718-cgu.04.rcgu.o:(arrayfire::core::data::pad::hcd991bb39c61cac0)
[INFO] [stdout]           
[INFO] [stdout]           rust-lld: error: undefined symbol: af_create_event
[INFO] [stdout]           >>> referenced by event.rs:32 (src/core/event.rs:32)
[INFO] [stdout]           >>>               /opt/rustwide/target/debug/deps/arrayfire-b6e5519e5ff7701b.arrayfire.336e8d374a144718-cgu.04.rcgu.o:(_$LT$arrayfire..core..event..Event$u20$as$u20$core..default..Default$GT$::default::h5d35bc6b9af2d5ca)
[INFO] [stdout]           
[INFO] [stdout]           rust-lld: error: undefined symbol: af_mark_event
[INFO] [stdout]           >>> referenced by event.rs:47 (src/core/event.rs:47)
[INFO] [stdout]           >>>               /opt/rustwide/target/debug/deps/arrayfire-b6e5519e5ff7701b.arrayfire.336e8d374a144718-cgu.04.rcgu.o:(arrayfire::core::event::Event::mark::hefc21815d3456eba)
[INFO] [stdout]           
[INFO] [stdout]           rust-lld: error: too many errors emitted, stopping now (use --error-limit=0 to see all errors)
[INFO] [stdout]           collect2: error: ld returned 1 exit status
[INFO] [stdout]           
[INFO] [stdout] 
[INFO] [stdout] 
[INFO] [stderr] error: could not compile `arrayfire` (lib test) due to 1 previous error; 1 warning emitted
[INFO] running `Command { std: "docker" "inspect" "376dcc0f26ce03e1d1af41da2b7b809b01bfb98ae1c61895113585ef1d46a4e0", kill_on_drop: false }`
[INFO] running `Command { std: "docker" "rm" "-f" "376dcc0f26ce03e1d1af41da2b7b809b01bfb98ae1c61895113585ef1d46a4e0", kill_on_drop: false }`
[INFO] [stdout] 376dcc0f26ce03e1d1af41da2b7b809b01bfb98ae1c61895113585ef1d46a4e0
