[INFO] fetching crate ark-poly-zypher 0.4.2...
[INFO] testing ark-poly-zypher-0.4.2 against nightly-2024-10-28+rustflags=-Zrandomize-layout for randomize-layout
[INFO] extracting crate ark-poly-zypher 0.4.2 into /workspace/builds/worker-5-tc2/source
[INFO] validating manifest of crates.io crate ark-poly-zypher 0.4.2 on toolchain nightly-2024-10-28
[INFO] running `Command { std: CARGO_HOME="/workspace/cargo-home" RUSTUP_HOME="/workspace/rustup-home" "/workspace/cargo-home/bin/cargo" "+nightly-2024-10-28" "metadata" "--manifest-path" "Cargo.toml" "--no-deps", kill_on_drop: false }`
[INFO] started tweaking crates.io crate ark-poly-zypher 0.4.2
[INFO] finished tweaking crates.io crate ark-poly-zypher 0.4.2
[INFO] tweaked toml for crates.io crate ark-poly-zypher 0.4.2 written to /workspace/builds/worker-5-tc2/source/Cargo.toml
[INFO] running `Command { std: CARGO_HOME="/workspace/cargo-home" RUSTUP_HOME="/workspace/rustup-home" "/workspace/cargo-home/bin/cargo" "+nightly-2024-10-28" "generate-lockfile" "--manifest-path" "Cargo.toml", kill_on_drop: false }`
[INFO] [stderr]     Updating crates.io index
[INFO] [stderr]      Locking 99 packages to latest compatible versions
[INFO] [stderr]       Adding hashbrown v0.14.5 (available: v0.15.0)
[INFO] running `Command { std: CARGO_HOME="/workspace/cargo-home" RUSTUP_HOME="/workspace/rustup-home" "/workspace/cargo-home/bin/cargo" "+nightly-2024-10-28" "fetch" "--manifest-path" "Cargo.toml", kill_on_drop: false }`
[INFO] running `Command { std: "docker" "create" "-v" "/var/lib/crater-agent-workspace/builds/worker-5-tc2/target:/opt/rustwide/target:rw,Z" "-v" "/var/lib/crater-agent-workspace/builds/worker-5-tc2/source:/opt/rustwide/workdir:ro,Z" "-v" "/var/lib/crater-agent-workspace/cargo-home:/opt/rustwide/cargo-home:ro,Z" "-v" "/var/lib/crater-agent-workspace/rustup-home:/opt/rustwide/rustup-home:ro,Z" "-e" "SOURCE_DIR=/opt/rustwide/workdir" "-e" "CARGO_TARGET_DIR=/opt/rustwide/target" "-e" "CARGO_HOME=/opt/rustwide/cargo-home" "-e" "RUSTUP_HOME=/opt/rustwide/rustup-home" "-w" "/opt/rustwide/workdir" "-m" "1610612736" "--user" "0:0" "--network" "none" "ghcr.io/rust-lang/crates-build-env/linux@sha256:4a844ea9eb2546a2d2c7022eacef16ef2e8229c7fbb2c7d4d55a9ceca922f72d" "/opt/rustwide/cargo-home/bin/cargo" "+nightly-2024-10-28" "metadata" "--no-deps" "--format-version=1", kill_on_drop: false }`
[INFO] [stdout] 9d0cbdd4710f75e0275322928ad0851c2896c54f82f81d879e8d5285ddf0bd17
[INFO] running `Command { std: "docker" "start" "-a" "9d0cbdd4710f75e0275322928ad0851c2896c54f82f81d879e8d5285ddf0bd17", kill_on_drop: false }`
[INFO] running `Command { std: "docker" "inspect" "9d0cbdd4710f75e0275322928ad0851c2896c54f82f81d879e8d5285ddf0bd17", kill_on_drop: false }`
[INFO] running `Command { std: "docker" "rm" "-f" "9d0cbdd4710f75e0275322928ad0851c2896c54f82f81d879e8d5285ddf0bd17", kill_on_drop: false }`
[INFO] [stdout] 9d0cbdd4710f75e0275322928ad0851c2896c54f82f81d879e8d5285ddf0bd17
[INFO] running `Command { std: "docker" "create" "-v" "/var/lib/crater-agent-workspace/builds/worker-5-tc2/target:/opt/rustwide/target:rw,Z" "-v" "/var/lib/crater-agent-workspace/builds/worker-5-tc2/source:/opt/rustwide/workdir:ro,Z" "-v" "/var/lib/crater-agent-workspace/cargo-home:/opt/rustwide/cargo-home:ro,Z" "-v" "/var/lib/crater-agent-workspace/rustup-home:/opt/rustwide/rustup-home:ro,Z" "-e" "SOURCE_DIR=/opt/rustwide/workdir" "-e" "CARGO_TARGET_DIR=/opt/rustwide/target" "-e" "CARGO_INCREMENTAL=0" "-e" "RUST_BACKTRACE=full" "-e" "RUSTFLAGS=--cap-lints=forbid -Zrandomize-layout" "-e" "RUSTDOCFLAGS=--cap-lints=forbid" "-e" "CARGO_HOME=/opt/rustwide/cargo-home" "-e" "RUSTUP_HOME=/opt/rustwide/rustup-home" "-w" "/opt/rustwide/workdir" "-m" "1610612736" "--user" "0:0" "--network" "none" "ghcr.io/rust-lang/crates-build-env/linux@sha256:4a844ea9eb2546a2d2c7022eacef16ef2e8229c7fbb2c7d4d55a9ceca922f72d" "/opt/rustwide/cargo-home/bin/cargo" "+nightly-2024-10-28" "build" "--frozen" "--message-format=json", kill_on_drop: false }`
[INFO] [stdout] 0a20dfbd66884ef8dafeef831ec81cb65280a8c5b8c71b909d024841937c54a6
[INFO] running `Command { std: "docker" "start" "-a" "0a20dfbd66884ef8dafeef831ec81cb65280a8c5b8c71b909d024841937c54a6", kill_on_drop: false }`
[INFO] [stderr]    Compiling version_check v0.9.5
[INFO] [stderr]    Compiling typenum v1.17.0
[INFO] [stderr]    Compiling rand_core v0.6.4
[INFO] [stderr]    Compiling syn v1.0.109
[INFO] [stderr]    Compiling num-traits v0.2.19
[INFO] [stderr]    Compiling either v1.13.0
[INFO] [stderr]    Compiling syn v2.0.86
[INFO] [stderr]    Compiling once_cell v1.20.2
[INFO] [stderr]    Compiling allocator-api2 v0.2.18
[INFO] [stderr]    Compiling arrayvec v0.7.6
[INFO] [stderr]    Compiling generic-array v0.14.7
[INFO] [stderr]    Compiling ahash v0.8.11
[INFO] [stderr]    Compiling itertools v0.12.1
[INFO] [stderr]    Compiling num-integer v0.1.46
[INFO] [stderr]    Compiling num-bigint v0.4.6
[INFO] [stderr]    Compiling crypto-common v0.1.6
[INFO] [stderr]    Compiling digest v0.10.7
[INFO] [stderr]    Compiling derivative v2.2.0
[INFO] [stderr]    Compiling zerocopy-derive v0.7.35
[INFO] [stderr]    Compiling zeroize_derive v1.4.2
[INFO] [stderr]    Compiling ark-serialize-derive-zypher v0.4.2
[INFO] [stderr]    Compiling ark-ff-asm-zypher v0.4.2
[INFO] [stderr]    Compiling ark-ff-macros-zypher v0.4.2
[INFO] [stderr]    Compiling zeroize v1.8.1
[INFO] [stderr]    Compiling zerocopy v0.7.35
[INFO] [stderr]    Compiling ppv-lite86 v0.2.20
[INFO] [stderr]    Compiling hashbrown v0.14.5
[INFO] [stderr]    Compiling rand_chacha v0.3.1
[INFO] [stderr]    Compiling rand v0.8.5
[INFO] [stderr]    Compiling ark-std-zypher v0.4.0
[INFO] [stderr]    Compiling ark-serialize-zypher v0.4.2
[INFO] [stderr]    Compiling ark-ff-zypher v0.4.2
[INFO] [stderr]    Compiling ark-poly-zypher v0.4.2 (/opt/rustwide/workdir)
[INFO] [stderr]     Finished `dev` profile [unoptimized + debuginfo] target(s) in 22.28s
[INFO] running `Command { std: "docker" "inspect" "0a20dfbd66884ef8dafeef831ec81cb65280a8c5b8c71b909d024841937c54a6", kill_on_drop: false }`
[INFO] running `Command { std: "docker" "rm" "-f" "0a20dfbd66884ef8dafeef831ec81cb65280a8c5b8c71b909d024841937c54a6", kill_on_drop: false }`
[INFO] [stdout] 0a20dfbd66884ef8dafeef831ec81cb65280a8c5b8c71b909d024841937c54a6
[INFO] running `Command { std: "docker" "create" "-v" "/var/lib/crater-agent-workspace/builds/worker-5-tc2/target:/opt/rustwide/target:rw,Z" "-v" "/var/lib/crater-agent-workspace/builds/worker-5-tc2/source:/opt/rustwide/workdir:ro,Z" "-v" "/var/lib/crater-agent-workspace/cargo-home:/opt/rustwide/cargo-home:ro,Z" "-v" "/var/lib/crater-agent-workspace/rustup-home:/opt/rustwide/rustup-home:ro,Z" "-e" "SOURCE_DIR=/opt/rustwide/workdir" "-e" "CARGO_TARGET_DIR=/opt/rustwide/target" "-e" "CARGO_INCREMENTAL=0" "-e" "RUST_BACKTRACE=full" "-e" "RUSTFLAGS=--cap-lints=forbid -Zrandomize-layout" "-e" "RUSTDOCFLAGS=--cap-lints=forbid" "-e" "CARGO_HOME=/opt/rustwide/cargo-home" "-e" "RUSTUP_HOME=/opt/rustwide/rustup-home" "-w" "/opt/rustwide/workdir" "-m" "1610612736" "--user" "0:0" "--network" "none" "ghcr.io/rust-lang/crates-build-env/linux@sha256:4a844ea9eb2546a2d2c7022eacef16ef2e8229c7fbb2c7d4d55a9ceca922f72d" "/opt/rustwide/cargo-home/bin/cargo" "+nightly-2024-10-28" "test" "--frozen" "--no-run" "--message-format=json", kill_on_drop: false }`
[INFO] [stdout] 97905edb3ead7df0604b89b40de3199ec5dccde7ce7183426a84d720f38ec654
[INFO] running `Command { std: "docker" "start" "-a" "97905edb3ead7df0604b89b40de3199ec5dccde7ce7183426a84d720f38ec654", kill_on_drop: false }`
[INFO] [stderr]    Compiling crossbeam-utils v0.8.20
[INFO] [stderr]    Compiling either v1.13.0
[INFO] [stderr]    Compiling num-traits v0.2.19
[INFO] [stderr]    Compiling serde v1.0.214
[INFO] [stderr]    Compiling serde_derive v1.0.214
[INFO] [stderr]    Compiling num-integer v0.1.46
[INFO] [stderr]    Compiling rayon-core v1.12.1
[INFO] [stderr]    Compiling ark-std-zypher v0.4.0
[INFO] [stderr]    Compiling half v2.4.1
[INFO] [stderr]    Compiling num-bigint v0.4.6
[INFO] [stderr]    Compiling ciborium-io v0.2.2
[INFO] [stderr]    Compiling clap_lex v0.7.2
[INFO] [stderr]    Compiling anstyle v1.0.9
[INFO] [stderr]    Compiling regex-syntax v0.8.5
[INFO] [stderr]    Compiling plotters-backend v0.3.7
[INFO] [stderr]    Compiling plotters-svg v0.3.7
[INFO] [stderr]    Compiling clap_builder v4.5.20
[INFO] [stderr]    Compiling ciborium-ll v0.2.2
[INFO] [stderr]    Compiling crossbeam-epoch v0.9.18
[INFO] [stderr]    Compiling itertools v0.10.5
[INFO] [stderr]    Compiling itertools v0.12.1
[INFO] [stderr]    Compiling crossbeam-deque v0.8.5
[INFO] [stderr]    Compiling ark-serialize-zypher v0.4.2
[INFO] [stderr]    Compiling regex-automata v0.4.8
[INFO] [stderr]    Compiling ahash v0.8.11
[INFO] [stderr]    Compiling same-file v1.0.6
[INFO] [stderr]    Compiling cast v0.3.0
[INFO] [stderr]    Compiling hashbrown v0.14.5
[INFO] [stderr]    Compiling criterion-plot v0.5.0
[INFO] [stderr]    Compiling walkdir v2.5.0
[INFO] [stderr]    Compiling clap v4.5.20
[INFO] [stderr]    Compiling rayon v1.10.0
[INFO] [stderr]    Compiling plotters v0.3.7
[INFO] [stderr]    Compiling ark-ff-macros-zypher v0.4.2
[INFO] [stderr]    Compiling oorandom v11.1.4
[INFO] [stderr]    Compiling anes v0.1.6
[INFO] [stderr]    Compiling regex v1.11.1
[INFO] [stderr]    Compiling ark-ff-zypher v0.4.2
[INFO] [stderr]    Compiling serde_json v1.0.132
[INFO] [stderr]    Compiling ciborium v0.2.2
[INFO] [stderr]    Compiling tinytemplate v1.2.1
[INFO] [stderr]    Compiling criterion v0.5.1
[INFO] [stderr]    Compiling ark-poly-zypher v0.4.2 (/opt/rustwide/workdir)
[INFO] [stdout] error[E0433]: failed to resolve: use of undeclared crate or module `ark_test_curves`
[INFO] [stdout]    --> src/domain/general.rs:254:9
[INFO] [stdout]     |
[INFO] [stdout] 254 |     use ark_test_curves::{bls12_381::Fr, bn384_small_two_adicity::Fr as BNFr};
[INFO] [stdout]     |         ^^^^^^^^^^^^^^^ use of undeclared crate or module `ark_test_curves`
[INFO] [stdout] 
[INFO] [stdout] 
[INFO] [stdout] error[E0433]: failed to resolve: use of undeclared crate or module `ark_test_curves`
[INFO] [stdout]    --> src/domain/mixed_radix.rs:397:9
[INFO] [stdout]     |
[INFO] [stdout] 397 |     use ark_test_curves::bn384_small_two_adicity::Fq as Fr;
[INFO] [stdout]     |         ^^^^^^^^^^^^^^^ use of undeclared crate or module `ark_test_curves`
[INFO] [stdout] 
[INFO] [stdout] 
[INFO] [stdout] error[E0433]: failed to resolve: use of undeclared crate or module `ark_test_curves`
[INFO] [stdout]    --> src/domain/radix2/mod.rs:182:9
[INFO] [stdout]     |
[INFO] [stdout] 182 |     use ark_test_curves::bls12_381::Fr;
[INFO] [stdout]     |         ^^^^^^^^^^^^^^^ use of undeclared crate or module `ark_test_curves`
[INFO] [stdout] 
[INFO] [stdout] 
[INFO] [stdout] error[E0433]: failed to resolve: use of undeclared crate or module `ark_test_curves`
[INFO] [stdout]    --> src/evaluations/multivariate/multilinear/dense.rs:323:9
[INFO] [stdout]     |
[INFO] [stdout] 323 |     use ark_test_curves::bls12_381::Fr;
[INFO] [stdout]     |         ^^^^^^^^^^^^^^^ use of undeclared crate or module `ark_test_curves`
[INFO] [stdout] 
[INFO] [stdout] 
[INFO] [stdout] error[E0433]: failed to resolve: use of undeclared crate or module `ark_test_curves`
[INFO] [stdout]    --> src/evaluations/multivariate/multilinear/sparse.rs:415:9
[INFO] [stdout]     |
[INFO] [stdout] 415 |     use ark_test_curves::bls12_381::Fr;
[INFO] [stdout]     |         ^^^^^^^^^^^^^^^ use of undeclared crate or module `ark_test_curves`
[INFO] [stdout] 
[INFO] [stdout] 
[INFO] [stdout] error[E0433]: failed to resolve: use of undeclared crate or module `ark_test_curves`
[INFO] [stdout]    --> src/polynomial/multivariate/sparse.rs:298:9
[INFO] [stdout]     |
[INFO] [stdout] 298 |     use ark_test_curves::bls12_381::Fr;
[INFO] [stdout]     |         ^^^^^^^^^^^^^^^ use of undeclared crate or module `ark_test_curves`
[INFO] [stdout] 
[INFO] [stdout] 
[INFO] [stdout] error[E0433]: failed to resolve: use of undeclared crate or module `ark_test_curves`
[INFO] [stdout]    --> src/polynomial/univariate/dense.rs:641:9
[INFO] [stdout]     |
[INFO] [stdout] 641 |     use ark_test_curves::bls12_381::Fr;
[INFO] [stdout]     |         ^^^^^^^^^^^^^^^ use of undeclared crate or module `ark_test_curves`
[INFO] [stdout] 
[INFO] [stdout] 
[INFO] [stdout] error[E0433]: failed to resolve: use of undeclared crate or module `ark_test_curves`
[INFO] [stdout]    --> src/polynomial/univariate/sparse.rs:330:9
[INFO] [stdout]     |
[INFO] [stdout] 330 |     use ark_test_curves::bls12_381::Fr;
[INFO] [stdout]     |         ^^^^^^^^^^^^^^^ use of undeclared crate or module `ark_test_curves`
[INFO] [stdout] 
[INFO] [stdout] 
[INFO] [stdout] error[E0433]: failed to resolve: use of undeclared crate or module `ark_test_curves`
[INFO] [stdout]  --> src/test.rs:4:5
[INFO] [stdout]   |
[INFO] [stdout] 4 | use ark_test_curves::{
[INFO] [stdout]   |     ^^^^^^^^^^^^^^^ use of undeclared crate or module `ark_test_curves`
[INFO] [stdout] 
[INFO] [stdout] 
[INFO] [stdout] warning: unused imports: `FftField` and `One`
[INFO] [stdout]    --> src/domain/mixed_radix.rs:395:18
[INFO] [stdout]     |
[INFO] [stdout] 395 |     use ark_ff::{FftField, Field, One, UniformRand, Zero};
[INFO] [stdout]     |                  ^^^^^^^^         ^^^
[INFO] [stdout]     |
[INFO] [stdout] note: the lint level is defined here
[INFO] [stdout]    --> src/lib.rs:5:5
[INFO] [stdout]     |
[INFO] [stdout] 5   |     unused,
[INFO] [stdout]     |     ^^^^^^
[INFO] [stdout]     = note: `#[warn(unused_imports)]` implied by `#[warn(unused)]`
[INFO] [stdout] 
[INFO] [stdout] 
[INFO] [stdout] warning: unused imports: `FftField` and `One`
[INFO] [stdout]    --> src/domain/radix2/mod.rs:180:18
[INFO] [stdout]     |
[INFO] [stdout] 180 |     use ark_ff::{FftField, Field, One, UniformRand, Zero};
[INFO] [stdout]     |                  ^^^^^^^^         ^^^
[INFO] [stdout] 
[INFO] [stdout] 
[INFO] [stdout] warning: unused import: `One`
[INFO] [stdout]    --> src/evaluations/multivariate/multilinear/sparse.rs:412:18
[INFO] [stdout]     |
[INFO] [stdout] 412 |     use ark_ff::{One, Zero};
[INFO] [stdout]     |                  ^^^
[INFO] [stdout] 
[INFO] [stdout] 
[INFO] [stdout] warning: unused import: `ark_ff::UniformRand`
[INFO] [stdout]    --> src/polynomial/multivariate/sparse.rs:296:9
[INFO] [stdout]     |
[INFO] [stdout] 296 |     use ark_ff::UniformRand;
[INFO] [stdout]     |         ^^^^^^^^^^^^^^^^^^^
[INFO] [stdout] 
[INFO] [stdout] 
[INFO] [stdout] warning: unused import: `One`
[INFO] [stdout]    --> src/polynomial/univariate/dense.rs:639:18
[INFO] [stdout]     |
[INFO] [stdout] 639 |     use ark_ff::{One, UniformRand};
[INFO] [stdout]     |                  ^^^
[INFO] [stdout] 
[INFO] [stdout] 
[INFO] [stdout] warning: unused import: `UniformRand`
[INFO] [stdout]    --> src/polynomial/univariate/sparse.rs:328:18
[INFO] [stdout]     |
[INFO] [stdout] 328 |     use ark_ff::{UniformRand, Zero};
[INFO] [stdout]     |                  ^^^^^^^^^^^
[INFO] [stdout] 
[INFO] [stdout] 
[INFO] [stdout] error[E0282]: type annotations needed for `polynomial::univariate::dense::DensePolynomial<_>`
[INFO] [stdout]    --> src/polynomial/univariate/dense.rs:926:13
[INFO] [stdout]     |
[INFO] [stdout] 926 |         let inverse_poly = DensePolynomial::from_coefficients_vec(inverse_coefficients);
[INFO] [stdout]     |             ^^^^^^^^^^^^
[INFO] [stdout] ...
[INFO] [stdout] 930 |         assert!(!x.coeffs.last().unwrap().is_zero());
[INFO] [stdout]     |                                           ------- type must be known at this point
[INFO] [stdout]     |
[INFO] [stdout] help: consider giving `inverse_poly` an explicit type, where the type for type parameter `T` is specified
[INFO] [stdout]     |
[INFO] [stdout] 926 |         let inverse_poly: polynomial::univariate::dense::DensePolynomial<F> = DensePolynomial::from_coefficients_vec(inverse_coefficients);
[INFO] [stdout]     |                         +++++++++++++++++++++++++++++++++++++++++++++++++++
[INFO] [stdout] 
[INFO] [stdout] 
[INFO] [stdout] error[E0282]: type annotations needed for `polynomial::univariate::dense::DensePolynomial<_>`
[INFO] [stdout]    --> src/polynomial/univariate/dense.rs:925:13
[INFO] [stdout]     |
[INFO] [stdout] 925 |         let negative_poly = DensePolynomial::from_coefficients_vec(negative_coefficients);
[INFO] [stdout]     |             ^^^^^^^^^^^^^
[INFO] [stdout] ...
[INFO] [stdout] 934 |         assert!(!y.coeffs.last().unwrap().is_zero());
[INFO] [stdout]     |                                           ------- type must be known at this point
[INFO] [stdout]     |
[INFO] [stdout] help: consider giving `negative_poly` an explicit type, where the type for type parameter `T` is specified
[INFO] [stdout]     |
[INFO] [stdout] 925 |         let negative_poly: polynomial::univariate::dense::DensePolynomial<F> = DensePolynomial::from_coefficients_vec(negative_coefficients);
[INFO] [stdout]     |                          +++++++++++++++++++++++++++++++++++++++++++++++++++
[INFO] [stdout] 
[INFO] [stdout] 
[INFO] [stdout] warning: unused import: `UniformRand`
[INFO] [stdout]    --> src/evaluations/multivariate/multilinear/dense.rs:322:47
[INFO] [stdout]     |
[INFO] [stdout] 322 |     use ark_std::{ops::Neg, test_rng, vec::*, UniformRand};
[INFO] [stdout]     |                                               ^^^^^^^^^^^
[INFO] [stdout] 
[INFO] [stdout] 
[INFO] [stdout] Some errors have detailed explanations: E0282, E0433.
[INFO] [stdout] 
[INFO] [stdout] For more information about an error, try `rustc --explain E0282`.
[INFO] [stdout] 
[INFO] [stderr] error: could not compile `ark-poly-zypher` (lib test) due to 11 previous errors; 7 warnings emitted
[INFO] running `Command { std: "docker" "inspect" "97905edb3ead7df0604b89b40de3199ec5dccde7ce7183426a84d720f38ec654", kill_on_drop: false }`
[INFO] running `Command { std: "docker" "rm" "-f" "97905edb3ead7df0604b89b40de3199ec5dccde7ce7183426a84d720f38ec654", kill_on_drop: false }`
[INFO] [stdout] 97905edb3ead7df0604b89b40de3199ec5dccde7ce7183426a84d720f38ec654
