[INFO] fetching crate arcrs 0.1.1-alpha.7...
[INFO] testing arcrs-0.1.1-alpha.7 against nightly-2024-10-28 for randomize-layout
[INFO] extracting crate arcrs 0.1.1-alpha.7 into /workspace/builds/worker-4-tc1/source
[INFO] validating manifest of crates.io crate arcrs 0.1.1-alpha.7 on toolchain nightly-2024-10-28
[INFO] running `Command { std: CARGO_HOME="/workspace/cargo-home" RUSTUP_HOME="/workspace/rustup-home" "/workspace/cargo-home/bin/cargo" "+nightly-2024-10-28" "metadata" "--manifest-path" "Cargo.toml" "--no-deps", kill_on_drop: false }`
[INFO] started tweaking crates.io crate arcrs 0.1.1-alpha.7
[INFO] finished tweaking crates.io crate arcrs 0.1.1-alpha.7
[INFO] tweaked toml for crates.io crate arcrs 0.1.1-alpha.7 written to /workspace/builds/worker-4-tc1/source/Cargo.toml
[INFO] running `Command { std: CARGO_HOME="/workspace/cargo-home" RUSTUP_HOME="/workspace/rustup-home" "/workspace/cargo-home/bin/cargo" "+nightly-2024-10-28" "generate-lockfile" "--manifest-path" "Cargo.toml", kill_on_drop: false }`
[INFO] [stderr]     Updating crates.io index
[INFO] [stderr]      Locking 32 packages to latest compatible versions
[INFO] [stderr]       Adding indoc-impl v0.3.6 (available: v0.3.7)
[INFO] [stderr]       Adding pyo3 v0.12.4 (available: v0.22.5)
[INFO] [stderr]       Adding pyo3-derive-backend v0.12.4 (available: v0.12.5)
[INFO] [stderr]       Adding pyo3cls v0.12.4 (available: v0.12.5)
[INFO] running `Command { std: CARGO_HOME="/workspace/cargo-home" RUSTUP_HOME="/workspace/rustup-home" "/workspace/cargo-home/bin/cargo" "+nightly-2024-10-28" "fetch" "--manifest-path" "Cargo.toml", kill_on_drop: false }`
[INFO] [stderr]  Downloading crates ...
[INFO] [stderr]   Downloaded pyo3cls v0.12.4
[INFO] [stderr]   Downloaded indoc-impl v0.3.6
[INFO] [stderr]   Downloaded unindent v0.1.11
[INFO] [stderr]   Downloaded indoc v0.3.6
[INFO] [stderr]   Downloaded pyo3-derive-backend v0.12.4
[INFO] [stderr]   Downloaded pyo3 v0.12.4
[INFO] running `Command { std: "docker" "create" "-v" "/var/lib/crater-agent-workspace/builds/worker-4-tc1/target:/opt/rustwide/target:rw,Z" "-v" "/var/lib/crater-agent-workspace/builds/worker-4-tc1/source:/opt/rustwide/workdir:ro,Z" "-v" "/var/lib/crater-agent-workspace/cargo-home:/opt/rustwide/cargo-home:ro,Z" "-v" "/var/lib/crater-agent-workspace/rustup-home:/opt/rustwide/rustup-home:ro,Z" "-e" "SOURCE_DIR=/opt/rustwide/workdir" "-e" "CARGO_TARGET_DIR=/opt/rustwide/target" "-e" "CARGO_HOME=/opt/rustwide/cargo-home" "-e" "RUSTUP_HOME=/opt/rustwide/rustup-home" "-w" "/opt/rustwide/workdir" "-m" "1610612736" "--user" "0:0" "--network" "none" "ghcr.io/rust-lang/crates-build-env/linux@sha256:4a844ea9eb2546a2d2c7022eacef16ef2e8229c7fbb2c7d4d55a9ceca922f72d" "/opt/rustwide/cargo-home/bin/cargo" "+nightly-2024-10-28" "metadata" "--no-deps" "--format-version=1", kill_on_drop: false }`
[INFO] [stdout] 4473d77557a2a2bcaee129463da1369bb626fe90ecff050907fa912cd285a6c9
[INFO] running `Command { std: "docker" "start" "-a" "4473d77557a2a2bcaee129463da1369bb626fe90ecff050907fa912cd285a6c9", kill_on_drop: false }`
[INFO] running `Command { std: "docker" "inspect" "4473d77557a2a2bcaee129463da1369bb626fe90ecff050907fa912cd285a6c9", kill_on_drop: false }`
[INFO] running `Command { std: "docker" "rm" "-f" "4473d77557a2a2bcaee129463da1369bb626fe90ecff050907fa912cd285a6c9", kill_on_drop: false }`
[INFO] [stdout] 4473d77557a2a2bcaee129463da1369bb626fe90ecff050907fa912cd285a6c9
[INFO] running `Command { std: "docker" "create" "-v" "/var/lib/crater-agent-workspace/builds/worker-4-tc1/target:/opt/rustwide/target:rw,Z" "-v" "/var/lib/crater-agent-workspace/builds/worker-4-tc1/source:/opt/rustwide/workdir:ro,Z" "-v" "/var/lib/crater-agent-workspace/cargo-home:/opt/rustwide/cargo-home:ro,Z" "-v" "/var/lib/crater-agent-workspace/rustup-home:/opt/rustwide/rustup-home:ro,Z" "-e" "SOURCE_DIR=/opt/rustwide/workdir" "-e" "CARGO_TARGET_DIR=/opt/rustwide/target" "-e" "CARGO_INCREMENTAL=0" "-e" "RUST_BACKTRACE=full" "-e" "RUSTFLAGS=--cap-lints=forbid" "-e" "RUSTDOCFLAGS=--cap-lints=forbid" "-e" "CARGO_HOME=/opt/rustwide/cargo-home" "-e" "RUSTUP_HOME=/opt/rustwide/rustup-home" "-w" "/opt/rustwide/workdir" "-m" "1610612736" "--user" "0:0" "--network" "none" "ghcr.io/rust-lang/crates-build-env/linux@sha256:4a844ea9eb2546a2d2c7022eacef16ef2e8229c7fbb2c7d4d55a9ceca922f72d" "/opt/rustwide/cargo-home/bin/cargo" "+nightly-2024-10-28" "build" "--frozen" "--message-format=json", kill_on_drop: false }`
[INFO] [stdout] d9cac9f2038a6c55c740dadc4dfb7d9cfcfffa582b52c276088385b724a4337b
[INFO] running `Command { std: "docker" "start" "-a" "d9cac9f2038a6c55c740dadc4dfb7d9cfcfffa582b52c276088385b724a4337b", kill_on_drop: false }`
[INFO] [stderr]    Compiling proc-macro-hack v0.5.20+deprecated
[INFO] [stderr]    Compiling parking_lot_core v0.8.6
[INFO] [stderr]    Compiling inventory v0.1.11
[INFO] [stderr]    Compiling unindent v0.1.11
[INFO] [stderr]    Compiling pyo3 v0.12.4
[INFO] [stderr]    Compiling syn v1.0.109
[INFO] [stderr]    Compiling instant v0.1.13
[INFO] [stderr]    Compiling ghost v0.1.17
[INFO] [stderr]    Compiling parking_lot v0.11.2
[INFO] [stderr]    Compiling paste-impl v0.1.18
[INFO] [stderr]    Compiling paste v0.1.18
[INFO] [stderr]    Compiling pyo3-derive-backend v0.12.4
[INFO] [stderr]    Compiling indoc-impl v0.3.6
[INFO] [stderr]    Compiling inventory-impl v0.1.11
[INFO] [stderr]    Compiling ctor v0.1.26
[INFO] [stderr]    Compiling indoc v0.3.6
[INFO] [stderr]    Compiling pyo3cls v0.12.4
[INFO] [stderr]    Compiling arcrs v0.1.1-alpha.7 (/opt/rustwide/workdir)
[INFO] [stdout] warning: function `create_features_input_parameter` is never used
[INFO] [stdout]    --> src/gp.rs:134:4
[INFO] [stdout]     |
[INFO] [stdout] 134 | fn create_features_input_parameter(py: Python) -> PyResult<PyObject> {
[INFO] [stdout]     |    ^^^^^^^^^^^^^^^^^^^^^^^^^^^^^^^
[INFO] [stdout]     |
[INFO] [stdout]     = note: `#[warn(dead_code)]` on by default
[INFO] [stdout] 
[INFO] [stdout] 
[INFO] [stdout] warning: function `create_features_output_parameter` is never used
[INFO] [stdout]    --> src/gp.rs:147:4
[INFO] [stdout]     |
[INFO] [stdout] 147 | fn create_features_output_parameter(py: Python) -> PyResult<PyObject> {
[INFO] [stdout]     |    ^^^^^^^^^^^^^^^^^^^^^^^^^^^^^^^^
[INFO] [stdout] 
[INFO] [stdout] 
[INFO] [stderr]     Finished `dev` profile [unoptimized + debuginfo] target(s) in 5.43s
[INFO] [stderr] warning: the following packages contain code that will be rejected by a future version of Rust: pyo3 v0.12.4, pyo3-derive-backend v0.12.4
[INFO] [stderr] note: to see what the problems were, use the option `--future-incompat-report`, or run `cargo report future-incompatibilities --id 1`
[INFO] running `Command { std: "docker" "inspect" "d9cac9f2038a6c55c740dadc4dfb7d9cfcfffa582b52c276088385b724a4337b", kill_on_drop: false }`
[INFO] running `Command { std: "docker" "rm" "-f" "d9cac9f2038a6c55c740dadc4dfb7d9cfcfffa582b52c276088385b724a4337b", kill_on_drop: false }`
[INFO] [stdout] d9cac9f2038a6c55c740dadc4dfb7d9cfcfffa582b52c276088385b724a4337b
[INFO] running `Command { std: "docker" "create" "-v" "/var/lib/crater-agent-workspace/builds/worker-4-tc1/target:/opt/rustwide/target:rw,Z" "-v" "/var/lib/crater-agent-workspace/builds/worker-4-tc1/source:/opt/rustwide/workdir:ro,Z" "-v" "/var/lib/crater-agent-workspace/cargo-home:/opt/rustwide/cargo-home:ro,Z" "-v" "/var/lib/crater-agent-workspace/rustup-home:/opt/rustwide/rustup-home:ro,Z" "-e" "SOURCE_DIR=/opt/rustwide/workdir" "-e" "CARGO_TARGET_DIR=/opt/rustwide/target" "-e" "CARGO_INCREMENTAL=0" "-e" "RUST_BACKTRACE=full" "-e" "RUSTFLAGS=--cap-lints=forbid" "-e" "RUSTDOCFLAGS=--cap-lints=forbid" "-e" "CARGO_HOME=/opt/rustwide/cargo-home" "-e" "RUSTUP_HOME=/opt/rustwide/rustup-home" "-w" "/opt/rustwide/workdir" "-m" "1610612736" "--user" "0:0" "--network" "none" "ghcr.io/rust-lang/crates-build-env/linux@sha256:4a844ea9eb2546a2d2c7022eacef16ef2e8229c7fbb2c7d4d55a9ceca922f72d" "/opt/rustwide/cargo-home/bin/cargo" "+nightly-2024-10-28" "test" "--frozen" "--no-run" "--message-format=json", kill_on_drop: false }`
[INFO] [stdout] d9412d076ffbb14d2aa3b8f02255e36c07187f530fdeea965e2e54a637c31764
[INFO] running `Command { std: "docker" "start" "-a" "d9412d076ffbb14d2aa3b8f02255e36c07187f530fdeea965e2e54a637c31764", kill_on_drop: false }`
[INFO] [stdout] warning: function `create_features_input_parameter` is never used
[INFO] [stdout]    --> src/gp.rs:134:4
[INFO] [stdout]     |
[INFO] [stdout] 134 | fn create_features_input_parameter(py: Python) -> PyResult<PyObject> {
[INFO] [stdout]     |    ^^^^^^^^^^^^^^^^^^^^^^^^^^^^^^^
[INFO] [stdout]     |
[INFO] [stdout]     = note: `#[warn(dead_code)]` on by default
[INFO] [stdout] 
[INFO] [stdout] 
[INFO] [stdout] warning: function `create_features_output_parameter` is never used
[INFO] [stdout]    --> src/gp.rs:147:4
[INFO] [stdout]     |
[INFO] [stdout] 147 | fn create_features_output_parameter(py: Python) -> PyResult<PyObject> {
[INFO] [stdout]     |    ^^^^^^^^^^^^^^^^^^^^^^^^^^^^^^^^
[INFO] [stdout] 
[INFO] [stdout] 
[INFO] [stderr]    Compiling arcrs v0.1.1-alpha.7 (/opt/rustwide/workdir)
[INFO] [stdout] warning: function `create_features_input_parameter` is never used
[INFO] [stdout]    --> src/gp.rs:134:4
[INFO] [stdout]     |
[INFO] [stdout] 134 | fn create_features_input_parameter(py: Python) -> PyResult<PyObject> {
[INFO] [stdout]     |    ^^^^^^^^^^^^^^^^^^^^^^^^^^^^^^^
[INFO] [stdout]     |
[INFO] [stdout]     = note: `#[warn(dead_code)]` on by default
[INFO] [stdout] 
[INFO] [stdout] 
[INFO] [stdout] warning: function `create_features_output_parameter` is never used
[INFO] [stdout]    --> src/gp.rs:147:4
[INFO] [stdout]     |
[INFO] [stdout] 147 | fn create_features_output_parameter(py: Python) -> PyResult<PyObject> {
[INFO] [stdout]     |    ^^^^^^^^^^^^^^^^^^^^^^^^^^^^^^^^
[INFO] [stdout] 
[INFO] [stdout] 
[INFO] [stdout] error: linking with `cc` failed: exit status: 1
[INFO] [stdout]   |
[INFO] [stdout]   = note: LC_ALL="C" PATH="/opt/rustwide/rustup-home/toolchains/nightly-2024-10-28-x86_64-unknown-linux-gnu/lib/rustlib/x86_64-unknown-linux-gnu/bin:/opt/rustwide/rustup-home/toolchains/nightly-2024-10-28-x86_64-unknown-linux-gnu/lib/rustlib/x86_64-unknown-linux-gnu/bin/self-contained:/opt/rustwide/cargo-home/bin:/usr/local/sbin:/usr/local/bin:/usr/sbin:/usr/bin:/sbin:/bin" VSLANG="1033" "cc" "-m64" "/tmp/rustcARfP2p/symbols.o" "/opt/rustwide/target/debug/deps/arcrs-9538c0e33b0a9400.arcrs.a282232941bf224e-cgu.0.rcgu.o" "/opt/rustwide/target/debug/deps/arcrs-9538c0e33b0a9400.arcrs.a282232941bf224e-cgu.1.rcgu.o" "/opt/rustwide/target/debug/deps/arcrs-9538c0e33b0a9400.arcrs.a282232941bf224e-cgu.2.rcgu.o" "/opt/rustwide/target/debug/deps/arcrs-9538c0e33b0a9400.e5v39gl6krtrbkoaq70ycpz74.rcgu.o" "-Wl,--as-needed" "-Wl,-Bstatic" "/opt/rustwide/rustup-home/toolchains/nightly-2024-10-28-x86_64-unknown-linux-gnu/lib/rustlib/x86_64-unknown-linux-gnu/lib/libtest-a09fad3b5321e7d6.rlib" "/opt/rustwide/rustup-home/toolchains/nightly-2024-10-28-x86_64-unknown-linux-gnu/lib/rustlib/x86_64-unknown-linux-gnu/lib/libgetopts-f9c3dff41ad42661.rlib" "/opt/rustwide/rustup-home/toolchains/nightly-2024-10-28-x86_64-unknown-linux-gnu/lib/rustlib/x86_64-unknown-linux-gnu/lib/libunicode_width-ad2aef31af6addd3.rlib" "/opt/rustwide/rustup-home/toolchains/nightly-2024-10-28-x86_64-unknown-linux-gnu/lib/rustlib/x86_64-unknown-linux-gnu/lib/librustc_std_workspace_std-e3f907dc03deb913.rlib" "/opt/rustwide/target/debug/deps/libpyo3-94416e9a2a50c6f8.rlib" "/opt/rustwide/target/debug/deps/libparking_lot-e36f3d87b8e5eee7.rlib" "/opt/rustwide/target/debug/deps/libparking_lot_core-0609ea5729740051.rlib" "/opt/rustwide/target/debug/deps/libsmallvec-756ee87804f0eec5.rlib" "/opt/rustwide/target/debug/deps/liblock_api-e2cb0d427dfba242.rlib" "/opt/rustwide/target/debug/deps/libscopeguard-003ee3b9b09cebdb.rlib" "/opt/rustwide/target/debug/deps/libinstant-969d032a10606262.rlib" "/opt/rustwide/target/debug/deps/libcfg_if-57bf25c23e31efdb.rlib" "/opt/rustwide/target/debug/deps/liblibc-663f09ba3db1840e.rlib" "/opt/rustwide/target/debug/deps/libunindent-1e23dff4ebeeb400.rlib" "/opt/rustwide/target/debug/deps/libpaste-4723de8a0398679a.rlib" "/opt/rustwide/target/debug/deps/libinventory-2a9ed61f8663b724.rlib" "/opt/rustwide/target/debug/deps/libindoc-9d75ecdc7135abea.rlib" "/opt/rustwide/rustup-home/toolchains/nightly-2024-10-28-x86_64-unknown-linux-gnu/lib/rustlib/x86_64-unknown-linux-gnu/lib/libstd-fb8c387236db3c10.rlib" "/opt/rustwide/rustup-home/toolchains/nightly-2024-10-28-x86_64-unknown-linux-gnu/lib/rustlib/x86_64-unknown-linux-gnu/lib/libpanic_unwind-b251837809b2f64b.rlib" "/opt/rustwide/rustup-home/toolchains/nightly-2024-10-28-x86_64-unknown-linux-gnu/lib/rustlib/x86_64-unknown-linux-gnu/lib/libobject-cbef83eaa4e01f04.rlib" "/opt/rustwide/rustup-home/toolchains/nightly-2024-10-28-x86_64-unknown-linux-gnu/lib/rustlib/x86_64-unknown-linux-gnu/lib/libmemchr-12a772286de2fca7.rlib" "/opt/rustwide/rustup-home/toolchains/nightly-2024-10-28-x86_64-unknown-linux-gnu/lib/rustlib/x86_64-unknown-linux-gnu/lib/libaddr2line-023bbe5ada7abfc3.rlib" "/opt/rustwide/rustup-home/toolchains/nightly-2024-10-28-x86_64-unknown-linux-gnu/lib/rustlib/x86_64-unknown-linux-gnu/lib/libgimli-de2bcdf10ec69c2b.rlib" "/opt/rustwide/rustup-home/toolchains/nightly-2024-10-28-x86_64-unknown-linux-gnu/lib/rustlib/x86_64-unknown-linux-gnu/lib/librustc_demangle-8e1754df350800fd.rlib" "/opt/rustwide/rustup-home/toolchains/nightly-2024-10-28-x86_64-unknown-linux-gnu/lib/rustlib/x86_64-unknown-linux-gnu/lib/libstd_detect-06c2ab7b9c32e037.rlib" "/opt/rustwide/rustup-home/toolchains/nightly-2024-10-28-x86_64-unknown-linux-gnu/lib/rustlib/x86_64-unknown-linux-gnu/lib/libhashbrown-51d2621fc57a281b.rlib" "/opt/rustwide/rustup-home/toolchains/nightly-2024-10-28-x86_64-unknown-linux-gnu/lib/rustlib/x86_64-unknown-linux-gnu/lib/librustc_std_workspace_alloc-54a930408793772f.rlib" "/opt/rustwide/rustup-home/toolchains/nightly-2024-10-28-x86_64-unknown-linux-gnu/lib/rustlib/x86_64-unknown-linux-gnu/lib/libminiz_oxide-0c7d01cba400dcb2.rlib" "/opt/rustwide/rustup-home/toolchains/nightly-2024-10-28-x86_64-unknown-linux-gnu/lib/rustlib/x86_64-unknown-linux-gnu/lib/libadler-b9f84d69e331b75b.rlib" "/opt/rustwide/rustup-home/toolchains/nightly-2024-10-28-x86_64-unknown-linux-gnu/lib/rustlib/x86_64-unknown-linux-gnu/lib/libunwind-eec95493246aae39.rlib" "/opt/rustwide/rustup-home/toolchains/nightly-2024-10-28-x86_64-unknown-linux-gnu/lib/rustlib/x86_64-unknown-linux-gnu/lib/libcfg_if-6f6676c475e08ab0.rlib" "/opt/rustwide/rustup-home/toolchains/nightly-2024-10-28-x86_64-unknown-linux-gnu/lib/rustlib/x86_64-unknown-linux-gnu/lib/liblibc-799d520624f8b2e0.rlib" "/opt/rustwide/rustup-home/toolchains/nightly-2024-10-28-x86_64-unknown-linux-gnu/lib/rustlib/x86_64-unknown-linux-gnu/lib/liballoc-fcf93d4842acd9a9.rlib" "/opt/rustwide/rustup-home/toolchains/nightly-2024-10-28-x86_64-unknown-linux-gnu/lib/rustlib/x86_64-unknown-linux-gnu/lib/librustc_std_workspace_core-395a38b8e0851c9b.rlib" "/opt/rustwide/rustup-home/toolchains/nightly-2024-10-28-x86_64-unknown-linux-gnu/lib/rustlib/x86_64-unknown-linux-gnu/lib/libcore-d453bab70303062c.rlib" "/opt/rustwide/rustup-home/toolchains/nightly-2024-10-28-x86_64-unknown-linux-gnu/lib/rustlib/x86_64-unknown-linux-gnu/lib/libcompiler_builtins-0e6386368b0a24e8.rlib" "-Wl,-Bdynamic" "-lgcc_s" "-lutil" "-lrt" "-lpthread" "-lm" "-ldl" "-lc" "-B/opt/rustwide/rustup-home/toolchains/nightly-2024-10-28-x86_64-unknown-linux-gnu/lib/rustlib/x86_64-unknown-linux-gnu/bin/gcc-ld" "-fuse-ld=lld" "-Wl,--eh-frame-hdr" "-Wl,-z,noexecstack" "-L" "/opt/rustwide/rustup-home/toolchains/nightly-2024-10-28-x86_64-unknown-linux-gnu/lib/rustlib/x86_64-unknown-linux-gnu/lib" "-o" "/opt/rustwide/target/debug/deps/arcrs-9538c0e33b0a9400" "-Wl,--gc-sections" "-pie" "-Wl,-z,relro,-z,now" "-nodefaultlibs"
[INFO] [stdout]   = note: rust-lld: error: undefined symbol: PyExc_BaseException
[INFO] [stdout]           >>> referenced by exceptions.rs:273 (src/exceptions.rs:273)
[INFO] [stdout]           >>>               pyo3-94416e9a2a50c6f8.pyo3.e9916d9d063b59cc-cgu.0.rcgu.o:(_$LT$pyo3..exceptions..PyBaseException$u20$as$u20$pyo3..type_object..PyTypeInfo$GT$::type_object_raw::h7b83caf3050c9af9) in archive /opt/rustwide/target/debug/deps/libpyo3-94416e9a2a50c6f8.rlib
[INFO] [stdout]           
[INFO] [stdout]           rust-lld: error: undefined symbol: PyExc_OverflowError
[INFO] [stdout]           >>> referenced by exceptions.rs:273 (src/exceptions.rs:273)
[INFO] [stdout]           >>>               pyo3-94416e9a2a50c6f8.pyo3.e9916d9d063b59cc-cgu.0.rcgu.o:(_$LT$pyo3..exceptions..PyOverflowError$u20$as$u20$pyo3..type_object..PyTypeInfo$GT$::type_object_raw::hf349756c412f0d56) in archive /opt/rustwide/target/debug/deps/libpyo3-94416e9a2a50c6f8.rlib
[INFO] [stdout]           
[INFO] [stdout]           rust-lld: error: undefined symbol: PyExc_RuntimeError
[INFO] [stdout]           >>> referenced by exceptions.rs:273 (src/exceptions.rs:273)
[INFO] [stdout]           >>>               pyo3-94416e9a2a50c6f8.pyo3.e9916d9d063b59cc-cgu.0.rcgu.o:(_$LT$pyo3..exceptions..PyRuntimeError$u20$as$u20$pyo3..type_object..PyTypeInfo$GT$::type_object_raw::h0e428468715d4d66) in archive /opt/rustwide/target/debug/deps/libpyo3-94416e9a2a50c6f8.rlib
[INFO] [stdout]           
[INFO] [stdout]           rust-lld: error: undefined symbol: PyExc_SystemError
[INFO] [stdout]           >>> referenced by exceptions.rs:273 (src/exceptions.rs:273)
[INFO] [stdout]           >>>               pyo3-94416e9a2a50c6f8.pyo3.e9916d9d063b59cc-cgu.0.rcgu.o:(_$LT$pyo3..exceptions..PySystemError$u20$as$u20$pyo3..type_object..PyTypeInfo$GT$::type_object_raw::h75a3d78750e75fb7) in archive /opt/rustwide/target/debug/deps/libpyo3-94416e9a2a50c6f8.rlib
[INFO] [stdout]           
[INFO] [stdout]           rust-lld: error: undefined symbol: PyExc_TypeError
[INFO] [stdout]           >>> referenced by exceptions.rs:273 (src/exceptions.rs:273)
[INFO] [stdout]           >>>               pyo3-94416e9a2a50c6f8.pyo3.e9916d9d063b59cc-cgu.0.rcgu.o:(_$LT$pyo3..exceptions..PyTypeError$u20$as$u20$pyo3..type_object..PyTypeInfo$GT$::type_object_raw::h6710bcf5ca6b1b07) in archive /opt/rustwide/target/debug/deps/libpyo3-94416e9a2a50c6f8.rlib
[INFO] [stdout]           
[INFO] [stdout]           rust-lld: error: undefined symbol: PyDict_SetItem
[INFO] [stdout]           >>> referenced by dict.rs:123 (/opt/rustwide/cargo-home/registry/src/index.crates.io-6f17d22bba15001f/pyo3-0.12.4/src/types/dict.rs:123)
[INFO] [stdout]           >>>               /opt/rustwide/target/debug/deps/arcrs-9538c0e33b0a9400.arcrs.a282232941bf224e-cgu.2.rcgu.o:(pyo3::types::dict::PyDict::set_item::_$u7b$$u7b$closure$u7d$$u7d$::_$u7b$$u7b$closure$u7d$$u7d$::heb2c32f0510c8afc)
[INFO] [stdout]           
[INFO] [stdout]           rust-lld: error: undefined symbol: PyExc_ValueError
[INFO] [stdout]           >>> referenced by exceptions.rs:273 (src/exceptions.rs:273)
[INFO] [stdout]           >>>               pyo3-94416e9a2a50c6f8.pyo3.e9916d9d063b59cc-cgu.0.rcgu.o:(_$LT$pyo3..exceptions..PyValueError$u20$as$u20$pyo3..type_object..PyTypeInfo$GT$::type_object_raw::h9ce2a7a1f936d97f) in archive /opt/rustwide/target/debug/deps/libpyo3-94416e9a2a50c6f8.rlib
[INFO] [stdout]           
[INFO] [stdout]           rust-lld: error: undefined symbol: PyErr_Occurred
[INFO] [stdout]           >>> referenced by mod.rs:208 (src/err/mod.rs:208)
[INFO] [stdout]           >>>               pyo3-94416e9a2a50c6f8.pyo3.e9916d9d063b59cc-cgu.2.rcgu.o:(pyo3::err::PyErr::occurred::h0c9967af4be2e1be) in archive /opt/rustwide/target/debug/deps/libpyo3-94416e9a2a50c6f8.rlib
[INFO] [stdout]           
[INFO] [stdout]           rust-lld: error: undefined symbol: PyErr_Fetch
[INFO] [stdout]           >>> referenced by mod.rs:223 (src/err/mod.rs:223)
[INFO] [stdout]           >>>               pyo3-94416e9a2a50c6f8.pyo3.e9916d9d063b59cc-cgu.2.rcgu.o:(pyo3::err::PyErr::fetch::h6380faf74b33f6e2) in archive /opt/rustwide/target/debug/deps/libpyo3-94416e9a2a50c6f8.rlib
[INFO] [stdout]           
[INFO] [stdout]           rust-lld: error: undefined symbol: PyErr_NewException
[INFO] [stdout]           >>> referenced by mod.rs:270 (src/err/mod.rs:270)
[INFO] [stdout]           >>>               pyo3-94416e9a2a50c6f8.pyo3.e9916d9d063b59cc-cgu.2.rcgu.o:(pyo3::err::PyErr::new_type::h827540ea79e66f64) in archive /opt/rustwide/target/debug/deps/libpyo3-94416e9a2a50c6f8.rlib
[INFO] [stdout]           
[INFO] [stdout]           rust-lld: error: undefined symbol: PyTuple_Size
[INFO] [stdout]           >>> referenced by tuple.rs:45 (src/types/tuple.rs:45)
[INFO] [stdout]           >>>               pyo3-94416e9a2a50c6f8.pyo3.e9916d9d063b59cc-cgu.3.rcgu.o:(pyo3::types::tuple::PyTuple::len::ha554acb829ce4f3a) in archive /opt/rustwide/target/debug/deps/libpyo3-94416e9a2a50c6f8.rlib
[INFO] [stdout]           
[INFO] [stdout]           rust-lld: error: undefined symbol: PyErr_PrintEx
[INFO] [stdout]           >>> referenced by mod.rs:302 (src/err/mod.rs:302)
[INFO] [stdout]           >>>               pyo3-94416e9a2a50c6f8.pyo3.e9916d9d063b59cc-cgu.2.rcgu.o:(pyo3::err::PyErr::print::h46601a2ecbbe9ff3) in archive /opt/rustwide/target/debug/deps/libpyo3-94416e9a2a50c6f8.rlib
[INFO] [stdout]           
[INFO] [stdout]           rust-lld: error: undefined symbol: PyErr_Restore
[INFO] [stdout]           >>> referenced by mod.rs:356 (/opt/rustwide/cargo-home/registry/src/index.crates.io-6f17d22bba15001f/pyo3-0.12.4/src/err/mod.rs:356)
[INFO] [stdout]           >>>               /opt/rustwide/target/debug/deps/arcrs-9538c0e33b0a9400.arcrs.a282232941bf224e-cgu.1.rcgu.o:(pyo3::err::PyErr::restore::h070e1333459abda0)
[INFO] [stdout]           >>> referenced by mod.rs:356 (src/err/mod.rs:356)
[INFO] [stdout]           >>>               pyo3-94416e9a2a50c6f8.pyo3.e9916d9d063b59cc-cgu.2.rcgu.o:(pyo3::err::PyErr::restore::he340b77bae84a1b2) in archive /opt/rustwide/target/debug/deps/libpyo3-94416e9a2a50c6f8.rlib
[INFO] [stdout]           
[INFO] [stdout]           rust-lld: error: undefined symbol: PyTuple_GetSlice
[INFO] [stdout]           >>> referenced by tuple.rs:58 (src/types/tuple.rs:58)
[INFO] [stdout]           >>>               pyo3-94416e9a2a50c6f8.pyo3.e9916d9d063b59cc-cgu.3.rcgu.o:(pyo3::types::tuple::PyTuple::slice::h0c7873a58028bff3) in archive /opt/rustwide/target/debug/deps/libpyo3-94416e9a2a50c6f8.rlib
[INFO] [stdout]           
[INFO] [stdout]           rust-lld: error: undefined symbol: PyTuple_GetItem
[INFO] [stdout]           >>> referenced by tuple.rs:77 (src/types/tuple.rs:77)
[INFO] [stdout]           >>>               pyo3-94416e9a2a50c6f8.pyo3.e9916d9d063b59cc-cgu.3.rcgu.o:(pyo3::types::tuple::PyTuple::get_item::h17e628389ae81406) in archive /opt/rustwide/target/debug/deps/libpyo3-94416e9a2a50c6f8.rlib
[INFO] [stdout]           
[INFO] [stdout]           rust-lld: error: undefined symbol: PyErr_NormalizeException
[INFO] [stdout]           >>> referenced by mod.rs:427 (src/err/mod.rs:427)
[INFO] [stdout]           >>>               pyo3-94416e9a2a50c6f8.pyo3.e9916d9d063b59cc-cgu.2.rcgu.o:(pyo3::err::PyErr::normalized::h6953558d6c11601b) in archive /opt/rustwide/target/debug/deps/libpyo3-94416e9a2a50c6f8.rlib
[INFO] [stdout]           
[INFO] [stdout]           rust-lld: error: undefined symbol: _Py_Dealloc
[INFO] [stdout]           >>> referenced by object.rs:943 (/opt/rustwide/cargo-home/registry/src/index.crates.io-6f17d22bba15001f/pyo3-0.12.4/src/ffi/object.rs:943)
[INFO] [stdout]           >>>               /opt/rustwide/target/debug/deps/arcrs-9538c0e33b0a9400.arcrs.a282232941bf224e-cgu.1.rcgu.o:(pyo3::ffi::object::Py_DECREF::h56503dea0a7a0d5d)
[INFO] [stdout]           >>> referenced by object.rs:943 (src/ffi/object.rs:943)
[INFO] [stdout]           >>>               pyo3-94416e9a2a50c6f8.pyo3.e9916d9d063b59cc-cgu.6.rcgu.o:(pyo3::ffi::object::Py_DECREF::hd3b8f9e7a6a3f8fc) in archive /opt/rustwide/target/debug/deps/libpyo3-94416e9a2a50c6f8.rlib
[INFO] [stdout]           
[INFO] [stdout]           rust-lld: error: undefined symbol: PyList_New
[INFO] [stdout]           >>> referenced by list.rs:216 (/opt/rustwide/cargo-home/registry/src/index.crates.io-6f17d22bba15001f/pyo3-0.12.4/src/types/list.rs:216)
[INFO] [stdout]           >>>               /opt/rustwide/target/debug/deps/arcrs-9538c0e33b0a9400.arcrs.a282232941bf224e-cgu.0.rcgu.o:(pyo3::types::list::_$LT$impl$u20$pyo3..conversion..IntoPy$LT$pyo3..instance..Py$LT$pyo3..types..any..PyAny$GT$$GT$$u20$for$u20$alloc..vec..Vec$LT$T$GT$$GT$::into_py::h0b2016ad41c7e46b)
[INFO] [stdout]           >>> referenced by list.rs:216 (/opt/rustwide/cargo-home/registry/src/index.crates.io-6f17d22bba15001f/pyo3-0.12.4/src/types/list.rs:216)
[INFO] [stdout]           >>>               /opt/rustwide/target/debug/deps/arcrs-9538c0e33b0a9400.arcrs.a282232941bf224e-cgu.0.rcgu.o:(pyo3::types::list::_$LT$impl$u20$pyo3..conversion..IntoPy$LT$pyo3..instance..Py$LT$pyo3..types..any..PyAny$GT$$GT$$u20$for$u20$alloc..vec..Vec$LT$T$GT$$GT$::into_py::h8c3acc89b2054115)
[INFO] [stdout]           
[INFO] [stdout]           rust-lld: error: undefined symbol: PyObject_SetAttr
[INFO] [stdout]           >>> referenced by any.rs:116 (/opt/rustwide/cargo-home/registry/src/index.crates.io-6f17d22bba15001f/pyo3-0.12.4/src/types/any.rs:116)
[INFO] [stdout]           >>>               /opt/rustwide/target/debug/deps/arcrs-9538c0e33b0a9400.arcrs.a282232941bf224e-cgu.1.rcgu.o:(pyo3::types::any::PyAny::setattr::_$u7b$$u7b$closure$u7d$$u7d$::_$u7b$$u7b$closure$u7d$$u7d$::h5a1737e46257a219)
[INFO] [stdout]           
[INFO] [stdout]           rust-lld: error: undefined symbol: PyList_SetItem
[INFO] [stdout]           >>> referenced by list.rs:219 (/opt/rustwide/cargo-home/registry/src/index.crates.io-6f17d22bba15001f/pyo3-0.12.4/src/types/list.rs:219)
[INFO] [stdout]           >>>               /opt/rustwide/target/debug/deps/arcrs-9538c0e33b0a9400.arcrs.a282232941bf224e-cgu.0.rcgu.o:(pyo3::types::list::_$LT$impl$u20$pyo3..conversion..IntoPy$LT$pyo3..instance..Py$LT$pyo3..types..any..PyAny$GT$$GT$$u20$for$u20$alloc..vec..Vec$LT$T$GT$$GT$::into_py::h0b2016ad41c7e46b)
[INFO] [stdout]           >>> referenced by list.rs:219 (/opt/rustwide/cargo-home/registry/src/index.crates.io-6f17d22bba15001f/pyo3-0.12.4/src/types/list.rs:219)
[INFO] [stdout]           >>>               /opt/rustwide/target/debug/deps/arcrs-9538c0e33b0a9400.arcrs.a282232941bf224e-cgu.0.rcgu.o:(pyo3::types::list::_$LT$impl$u20$pyo3..conversion..IntoPy$LT$pyo3..instance..Py$LT$pyo3..types..any..PyAny$GT$$GT$$u20$for$u20$alloc..vec..Vec$LT$T$GT$$GT$::into_py::h8c3acc89b2054115)
[INFO] [stdout]           
[INFO] [stdout]           rust-lld: error: too many errors emitted, stopping now (use --error-limit=0 to see all errors)
[INFO] [stdout]           collect2: error: ld returned 1 exit status
[INFO] [stdout]           
[INFO] [stdout] 
[INFO] [stdout] 
[INFO] [stderr] error: could not compile `arcrs` (lib test) due to 1 previous error; 2 warnings emitted
[INFO] running `Command { std: "docker" "inspect" "d9412d076ffbb14d2aa3b8f02255e36c07187f530fdeea965e2e54a637c31764", kill_on_drop: false }`
[INFO] running `Command { std: "docker" "rm" "-f" "d9412d076ffbb14d2aa3b8f02255e36c07187f530fdeea965e2e54a637c31764", kill_on_drop: false }`
[INFO] [stdout] d9412d076ffbb14d2aa3b8f02255e36c07187f530fdeea965e2e54a637c31764
