[INFO] fetching crate arcon_macros 0.2.2...
[INFO] testing arcon_macros-0.2.2 against nightly-2024-10-28 for randomize-layout
[INFO] extracting crate arcon_macros 0.2.2 into /workspace/builds/worker-6-tc1/source
[INFO] validating manifest of crates.io crate arcon_macros 0.2.2 on toolchain nightly-2024-10-28
[INFO] running `Command { std: CARGO_HOME="/workspace/cargo-home" RUSTUP_HOME="/workspace/rustup-home" "/workspace/cargo-home/bin/cargo" "+nightly-2024-10-28" "metadata" "--manifest-path" "Cargo.toml" "--no-deps", kill_on_drop: false }`
[INFO] started tweaking crates.io crate arcon_macros 0.2.2
[INFO] finished tweaking crates.io crate arcon_macros 0.2.2
[INFO] tweaked toml for crates.io crate arcon_macros 0.2.2 written to /workspace/builds/worker-6-tc1/source/Cargo.toml
[INFO] running `Command { std: CARGO_HOME="/workspace/cargo-home" RUSTUP_HOME="/workspace/rustup-home" "/workspace/cargo-home/bin/cargo" "+nightly-2024-10-28" "generate-lockfile" "--manifest-path" "Cargo.toml", kill_on_drop: false }`
[INFO] [stderr]     Blocking waiting for file lock on package cache
[INFO] [stderr]     Updating crates.io index
[INFO] [stderr]      Locking 253 packages to latest compatible versions
[INFO] [stderr]       Adding flatbuffers v2.0.0 (available: v2.1.2)
[INFO] [stderr]       Adding prost v0.9.0 (available: v0.13.3)
[INFO] [stderr]       Adding syn v1.0.109 (available: v2.0.86)
[INFO] [stderr]       Adding zstd-safe v4.1.3+zstd.1.5.1 (available: v4.1.6+zstd.1.5.2)
[INFO] [stderr]       Adding zstd-sys v1.6.2+zstd.1.5.1 (available: v1.6.3+zstd.1.5.2)
[INFO] running `Command { std: CARGO_HOME="/workspace/cargo-home" RUSTUP_HOME="/workspace/rustup-home" "/workspace/cargo-home/bin/cargo" "+nightly-2024-10-28" "fetch" "--manifest-path" "Cargo.toml", kill_on_drop: false }`
[INFO] [stderr]  Downloading crates ...
[INFO] [stderr]   Downloaded prost v0.9.0
[INFO] [stderr]   Downloaded doc-comment v0.3.3
[INFO] [stderr]   Downloaded async-global-executor v2.4.1
[INFO] [stderr]   Downloaded event-listener v5.3.1
[INFO] [stderr]   Downloaded parking v2.2.1
[INFO] [stderr]   Downloaded async-task v4.7.1
[INFO] [stderr]   Downloaded gloo-timers v0.3.0
[INFO] [stderr]   Downloaded arcon_macros v0.2.2
[INFO] [stderr]   Downloaded kv-log-macro v1.0.7
[INFO] [stderr]   Downloaded futures-lite v2.4.0
[INFO] [stderr]   Downloaded crossbeam-utils v0.7.2
[INFO] [stderr]   Downloaded async-executor v1.13.1
[INFO] [stderr]   Downloaded arc-swap v1.7.1
[INFO] [stderr]   Downloaded encoding-index-simpchinese v1.20141219.5
[INFO] [stderr]   Downloaded kompact v0.11.2
[INFO] [stderr]   Downloaded async-std v1.13.0
[INFO] [stderr]   Downloaded parquet v5.5.0
[INFO] [stderr]   Downloaded brotli-decompressor v2.5.1
[INFO] [stderr]   Downloaded polling v3.7.3
[INFO] [stderr]   Downloaded async-io v2.3.4
[INFO] [stderr]   Downloaded async-lock v3.4.0
[INFO] [stderr]   Downloaded encoding-index-tradchinese v1.20141219.5
[INFO] [stderr]   Downloaded lz4-sys v1.11.1+lz4-1.10.0
[INFO] [stderr]   Downloaded hashbrown v0.12.3
[INFO] [stderr]   Downloaded arrow v5.5.0
[INFO] [stderr]   Downloaded flate2 v1.0.34
[INFO] [stderr]   Downloaded time v0.3.36
[INFO] [stderr]   Downloaded parking_lot_core v0.8.6
[INFO] [stderr]   Downloaded parking_lot v0.11.2
[INFO] [stderr]   Downloaded arcon_state v0.2.1
[INFO] [stderr]   Downloaded lexical-core v0.7.6
[INFO] [stderr]   Downloaded as_num v0.2.5
[INFO] [stderr]   Downloaded async-channel v1.9.0
[INFO] [stderr]   Downloaded sled v0.34.7
[INFO] [stderr]   Downloaded atomic-waker v1.1.2
[INFO] [stderr]   Downloaded blocking v1.6.1
[INFO] [stderr]   Downloaded concurrent-queue v2.5.0
[INFO] [stderr]   Downloaded encoding-index-japanese v1.20141219.5
[INFO] [stderr]   Downloaded encoding-index-korean v1.20141219.5
[INFO] [stderr]   Downloaded web-sys v0.3.72
[INFO] [stderr]   Downloaded hashbrown v0.13.2
[INFO] [stderr]   Downloaded mio v0.8.11
[INFO] [stderr]   Downloaded num-bigint v0.4.6
[INFO] [stderr]   Downloaded zstd-sys v1.6.2+zstd.1.5.1
[INFO] [stderr]   Downloaded crossbeam-channel v0.5.13
[INFO] [stderr]   Downloaded fs2 v0.4.3
[INFO] [stderr]   Downloaded mur3 v0.1.0
[INFO] [stderr]   Downloaded cfg-if v0.1.10
[INFO] [stderr]   Downloaded csv v1.3.0
[INFO] [stderr]   Downloaded async-channel v2.3.1
[INFO] [stderr]   Downloaded piper v0.2.4
[INFO] [stderr]   Downloaded encoding v0.2.33
[INFO] [stderr]   Downloaded indexmap v1.9.3
[INFO] [stderr]   Downloaded arcon_allocator v0.2.1
[INFO] [stderr]   Downloaded instant v0.1.13
[INFO] [stderr]   Downloaded arcon_util v0.2.0
[INFO] [stderr]   Downloaded event-listener-strategy v0.5.2
[INFO] [stderr]   Downloaded hocon v0.9.0
[INFO] [stderr]   Downloaded base64 v0.13.1
[INFO] [stderr]   Downloaded value-bag v1.10.0
[INFO] [stderr]   Downloaded slog v2.7.0
[INFO] [stderr]   Downloaded arcon v0.2.1
[INFO] [stderr]   Downloaded itertools v0.10.5
[INFO] [stderr]   Downloaded crossbeam-epoch v0.9.18
[INFO] [stderr]   Downloaded crossbeam-deque v0.8.5
[INFO] [stderr]   Downloaded ipnet v2.10.1
[INFO] [stderr]   Downloaded iprange v0.6.7
[INFO] [stderr]   Downloaded semver v1.0.23
[INFO] [stderr]   Downloaded uuid v1.11.0
[INFO] [stderr]   Downloaded csv-core v0.1.11
[INFO] [stderr]   Downloaded num-complex v0.4.6
[INFO] [stderr]   Downloaded num-rational v0.4.2
[INFO] [stderr]   Downloaded parquet-format v2.6.1
[INFO] [stderr]   Downloaded thrift v0.13.0
[INFO] [stderr]   Downloaded zstd v0.9.2+zstd.1.5.1
[INFO] [stderr]   Downloaded slog-async v2.8.0
[INFO] [stderr]   Downloaded term v0.7.0
[INFO] [stderr]   Downloaded time-macros v0.2.18
[INFO] [stderr]   Downloaded slog-term v2.9.1
[INFO] [stderr]   Downloaded snafu v0.6.10
[INFO] [stderr]   Downloaded uuid v0.8.2
[INFO] [stderr]   Downloaded wasm-bindgen-futures v0.4.45
[INFO] [stderr]   Downloaded brotli v3.5.0
[INFO] [stderr]   Downloaded executors v0.9.0
[INFO] [stderr]   Downloaded hierarchical_hash_wheel_timer v1.3.0
[INFO] [stderr]   Downloaded encoding-index-singlebyte v1.20141219.5
[INFO] [stderr]   Downloaded java-properties v1.4.1
[INFO] [stderr]   Downloaded linked-hash-map v0.5.6
[INFO] [stderr]   Downloaded lru v0.10.1
[INFO] [stderr]   Downloaded rustc_version v0.4.1
[INFO] [stderr]   Downloaded arrayvec v0.5.2
[INFO] [stderr]   Downloaded static_assertions v1.1.0
[INFO] [stderr]   Downloaded multiversion v0.6.1
[INFO] [stderr]   Downloaded num v0.4.3
[INFO] [stderr]   Downloaded alloc-no-stdlib v2.0.4
[INFO] [stderr]   Downloaded crc32fast v1.4.2
[INFO] [stderr]   Downloaded snap v1.1.1
[INFO] [stderr]   Downloaded ordered-float v1.1.1
[INFO] [stderr]   Downloaded num_cpus v1.16.0
[INFO] [stderr]   Downloaded threadpool v1.8.1
[INFO] [stderr]   Downloaded redox_users v0.4.6
[INFO] [stderr]   Downloaded dirs-next v2.0.0
[INFO] [stderr]   Downloaded rustversion v1.0.18
[INFO] [stderr]   Downloaded thread_local v1.1.8
[INFO] [stderr]   Downloaded powerfmt v0.2.0
[INFO] [stderr]   Downloaded snafu-derive v0.6.10
[INFO] [stderr]   Downloaded prost-derive v0.9.0
[INFO] [stderr]   Downloaded bitfields v0.2.0
[INFO] [stderr]   Downloaded arr_macro_impl v0.1.3
[INFO] [stderr]   Downloaded proc-macro-hack v0.5.20+deprecated
[INFO] [stderr]   Downloaded arr_macro v0.1.3
[INFO] [stderr]   Downloaded rustc-hash v2.0.0
[INFO] [stderr]   Downloaded serde_path_to_error v0.1.16
[INFO] [stderr]   Downloaded kompact-actor-derive v0.11.2
[INFO] [stderr]   Downloaded kompact-component-derive v0.11.2
[INFO] [stderr]   Downloaded oncemutex v0.1.1
[INFO] [stderr]   Downloaded stable_deref_trait v1.2.0
[INFO] [stderr]   Downloaded owning_ref v0.4.1
[INFO] [stderr]   Downloaded synchronoise v1.0.1
[INFO] [stderr]   Downloaded flatbuffers v2.0.0
[INFO] [stderr]   Downloaded lz4 v1.28.0
[INFO] [stderr]   Downloaded integer-encoding v1.1.7
[INFO] [stderr]   Downloaded zstd-safe v4.1.3+zstd.1.5.1
[INFO] [stderr]   Downloaded hermit-abi v0.4.0
[INFO] [stderr]   Downloaded is-terminal v0.4.13
[INFO] [stderr]   Downloaded dirs-sys-next v0.1.2
[INFO] [stderr]   Downloaded deranged v0.3.11
[INFO] [stderr]   Downloaded time-core v0.1.2
[INFO] [stderr]   Downloaded encoding_index_tests v0.1.4
[INFO] [stderr]   Downloaded multiversion-macros v0.6.1
[INFO] [stderr]   Downloaded alloc-stdlib v0.2.2
[INFO] [stderr]   Downloaded take_mut v0.2.2
[INFO] [stderr]   Downloaded libredox v0.1.3
[INFO] [stderr]   Downloaded num-conv v0.1.0
[INFO] running `Command { std: "docker" "create" "-v" "/var/lib/crater-agent-workspace/builds/worker-6-tc1/target:/opt/rustwide/target:rw,Z" "-v" "/var/lib/crater-agent-workspace/builds/worker-6-tc1/source:/opt/rustwide/workdir:ro,Z" "-v" "/var/lib/crater-agent-workspace/cargo-home:/opt/rustwide/cargo-home:ro,Z" "-v" "/var/lib/crater-agent-workspace/rustup-home:/opt/rustwide/rustup-home:ro,Z" "-e" "SOURCE_DIR=/opt/rustwide/workdir" "-e" "CARGO_TARGET_DIR=/opt/rustwide/target" "-e" "CARGO_HOME=/opt/rustwide/cargo-home" "-e" "RUSTUP_HOME=/opt/rustwide/rustup-home" "-w" "/opt/rustwide/workdir" "-m" "1610612736" "--user" "0:0" "--network" "none" "ghcr.io/rust-lang/crates-build-env/linux@sha256:4a844ea9eb2546a2d2c7022eacef16ef2e8229c7fbb2c7d4d55a9ceca922f72d" "/opt/rustwide/cargo-home/bin/cargo" "+nightly-2024-10-28" "metadata" "--no-deps" "--format-version=1", kill_on_drop: false }`
[INFO] [stdout] 6ccb6b7eb06cd0ce3bbfed75a455fb7ea5d17af7add30f17455e386591254a39
[INFO] running `Command { std: "docker" "start" "-a" "6ccb6b7eb06cd0ce3bbfed75a455fb7ea5d17af7add30f17455e386591254a39", kill_on_drop: false }`
[INFO] running `Command { std: "docker" "inspect" "6ccb6b7eb06cd0ce3bbfed75a455fb7ea5d17af7add30f17455e386591254a39", kill_on_drop: false }`
[INFO] running `Command { std: "docker" "rm" "-f" "6ccb6b7eb06cd0ce3bbfed75a455fb7ea5d17af7add30f17455e386591254a39", kill_on_drop: false }`
[INFO] [stdout] 6ccb6b7eb06cd0ce3bbfed75a455fb7ea5d17af7add30f17455e386591254a39
[INFO] running `Command { std: "docker" "create" "-v" "/var/lib/crater-agent-workspace/builds/worker-6-tc1/target:/opt/rustwide/target:rw,Z" "-v" "/var/lib/crater-agent-workspace/builds/worker-6-tc1/source:/opt/rustwide/workdir:ro,Z" "-v" "/var/lib/crater-agent-workspace/cargo-home:/opt/rustwide/cargo-home:ro,Z" "-v" "/var/lib/crater-agent-workspace/rustup-home:/opt/rustwide/rustup-home:ro,Z" "-e" "SOURCE_DIR=/opt/rustwide/workdir" "-e" "CARGO_TARGET_DIR=/opt/rustwide/target" "-e" "CARGO_INCREMENTAL=0" "-e" "RUST_BACKTRACE=full" "-e" "RUSTFLAGS=--cap-lints=forbid" "-e" "RUSTDOCFLAGS=--cap-lints=forbid" "-e" "CARGO_HOME=/opt/rustwide/cargo-home" "-e" "RUSTUP_HOME=/opt/rustwide/rustup-home" "-w" "/opt/rustwide/workdir" "-m" "1610612736" "--user" "0:0" "--network" "none" "ghcr.io/rust-lang/crates-build-env/linux@sha256:4a844ea9eb2546a2d2c7022eacef16ef2e8229c7fbb2c7d4d55a9ceca922f72d" "/opt/rustwide/cargo-home/bin/cargo" "+nightly-2024-10-28" "build" "--frozen" "--message-format=json", kill_on_drop: false }`
[INFO] [stdout] 6027a8bc75969bf7fd3c98603260842acdeca763de151acc3c41b1c302b39a5a
[INFO] running `Command { std: "docker" "start" "-a" "6027a8bc75969bf7fd3c98603260842acdeca763de151acc3c41b1c302b39a5a", kill_on_drop: false }`
[INFO] [stderr]    Compiling proc-macro2 v1.0.89
[INFO] [stderr]    Compiling unicode-ident v1.0.13
[INFO] [stderr]    Compiling syn v1.0.109
[INFO] [stderr]    Compiling quote v1.0.37
[INFO] [stderr]    Compiling arcon_macros v0.2.2 (/opt/rustwide/workdir)
[INFO] [stderr]     Finished `dev` profile [unoptimized + debuginfo] target(s) in 9.07s
[INFO] running `Command { std: "docker" "inspect" "6027a8bc75969bf7fd3c98603260842acdeca763de151acc3c41b1c302b39a5a", kill_on_drop: false }`
[INFO] running `Command { std: "docker" "rm" "-f" "6027a8bc75969bf7fd3c98603260842acdeca763de151acc3c41b1c302b39a5a", kill_on_drop: false }`
[INFO] [stdout] 6027a8bc75969bf7fd3c98603260842acdeca763de151acc3c41b1c302b39a5a
[INFO] running `Command { std: "docker" "create" "-v" "/var/lib/crater-agent-workspace/builds/worker-6-tc1/target:/opt/rustwide/target:rw,Z" "-v" "/var/lib/crater-agent-workspace/builds/worker-6-tc1/source:/opt/rustwide/workdir:ro,Z" "-v" "/var/lib/crater-agent-workspace/cargo-home:/opt/rustwide/cargo-home:ro,Z" "-v" "/var/lib/crater-agent-workspace/rustup-home:/opt/rustwide/rustup-home:ro,Z" "-e" "SOURCE_DIR=/opt/rustwide/workdir" "-e" "CARGO_TARGET_DIR=/opt/rustwide/target" "-e" "CARGO_INCREMENTAL=0" "-e" "RUST_BACKTRACE=full" "-e" "RUSTFLAGS=--cap-lints=forbid" "-e" "RUSTDOCFLAGS=--cap-lints=forbid" "-e" "CARGO_HOME=/opt/rustwide/cargo-home" "-e" "RUSTUP_HOME=/opt/rustwide/rustup-home" "-w" "/opt/rustwide/workdir" "-m" "1610612736" "--user" "0:0" "--network" "none" "ghcr.io/rust-lang/crates-build-env/linux@sha256:4a844ea9eb2546a2d2c7022eacef16ef2e8229c7fbb2c7d4d55a9ceca922f72d" "/opt/rustwide/cargo-home/bin/cargo" "+nightly-2024-10-28" "test" "--frozen" "--no-run" "--message-format=json", kill_on_drop: false }`
[INFO] [stdout] f72645bb0b2b7a51737c8919fa5c1c139d4c9fde5b0292f0b2a27d9b92f76f9f
[INFO] running `Command { std: "docker" "start" "-a" "f72645bb0b2b7a51737c8919fa5c1c139d4c9fde5b0292f0b2a27d9b92f76f9f", kill_on_drop: false }`
[INFO] [stderr]    Compiling libc v0.2.161
[INFO] [stderr]    Compiling proc-macro2 v1.0.89
[INFO] [stderr]    Compiling unicode-ident v1.0.13
[INFO] [stderr]    Compiling autocfg v1.4.0
[INFO] [stderr]    Compiling cfg-if v1.0.0
[INFO] [stderr]    Compiling crossbeam-utils v0.8.20
[INFO] [stderr]    Compiling memchr v2.7.4
[INFO] [stderr]    Compiling syn v1.0.109
[INFO] [stderr]    Compiling byteorder v1.5.0
[INFO] [stderr]    Compiling pin-project-lite v0.2.15
[INFO] [stderr]    Compiling futures-core v0.3.31
[INFO] [stderr]    Compiling serde v1.0.214
[INFO] [stderr]    Compiling shlex v1.3.0
[INFO] [stderr]    Compiling futures-io v0.3.31
[INFO] [stderr]    Compiling parking v2.2.1
[INFO] [stderr]    Compiling value-bag v1.10.0
[INFO] [stderr]    Compiling log v0.4.22
[INFO] [stderr]    Compiling num-traits v0.2.19
[INFO] [stderr]    Compiling slab v0.4.9
[INFO] [stderr]    Compiling quote v1.0.37
[INFO] [stderr]    Compiling syn v2.0.86
[INFO] [stderr]    Compiling concurrent-queue v2.5.0
[INFO] [stderr]    Compiling itoa v1.0.11
[INFO] [stderr]    Compiling encoding_index_tests v0.1.4
[INFO] [stderr]    Compiling once_cell v1.20.2
[INFO] [stderr]    Compiling event-listener v5.3.1
[INFO] [stderr]    Compiling fastrand v2.1.1
[INFO] [stderr]    Compiling event-listener-strategy v0.5.2
[INFO] [stderr]    Compiling aho-corasick v1.1.3
[INFO] [stderr]    Compiling rustix v0.38.38
[INFO] [stderr]    Compiling jobserver v0.1.32
[INFO] [stderr]    Compiling getrandom v0.2.15
[INFO] [stderr]    Compiling thiserror v1.0.66
[INFO] [stderr]    Compiling regex-syntax v0.8.5
[INFO] [stderr]    Compiling cc v1.1.31
[INFO] [stderr]    Compiling smallvec v1.13.2
[INFO] [stderr]    Compiling num-integer v0.1.46
[INFO] [stderr]    Compiling rand_core v0.6.4
[INFO] [stderr]    Compiling num_cpus v1.16.0
[INFO] [stderr]    Compiling futures-lite v2.4.0
[INFO] [stderr]    Compiling linux-raw-sys v0.4.14
[INFO] [stderr]    Compiling version_check v0.9.5
[INFO] [stderr]    Compiling proc-macro-hack v0.5.20+deprecated
[INFO] [stderr]    Compiling lazy_static v1.5.0
[INFO] [stderr]    Compiling semver v1.0.23
[INFO] [stderr]    Compiling async-task v4.7.1
[INFO] [stderr]    Compiling zstd-sys v1.6.2+zstd.1.5.1
[INFO] [stderr]    Compiling tracing-core v0.1.32
[INFO] [stderr]    Compiling bitflags v2.6.0
[INFO] [stderr]    Compiling ahash v0.8.11
[INFO] [stderr]    Compiling threadpool v1.8.1
[INFO] [stderr]    Compiling tracing v0.1.40
[INFO] [stderr]    Compiling crossbeam-epoch v0.9.18
[INFO] [stderr]    Compiling lock_api v0.4.12
[INFO] [stderr]    Compiling regex-automata v0.4.8
[INFO] [stderr]    Compiling atomic-waker v1.1.2
[INFO] [stderr]    Compiling version_check v0.1.5
[INFO] [stderr]    Compiling ryu v1.0.18
[INFO] [stderr]    Compiling pin-utils v0.1.0
[INFO] [stderr]    Compiling anyhow v1.0.92
[INFO] [stderr]    Compiling futures-sink v0.3.31
[INFO] [stderr]    Compiling slog v2.7.0
[INFO] [stderr]    Compiling doc-comment v0.3.3
[INFO] [stderr]    Compiling parking_lot_core v0.8.6
[INFO] [stderr]    Compiling futures-channel v0.3.31
[INFO] [stderr]    Compiling nom v4.2.3
[INFO] [stderr]    Compiling piper v0.2.4
[INFO] [stderr]    Compiling zerocopy-derive v0.7.35
[INFO] [stderr]    Compiling thiserror-impl v1.0.66
[INFO] [stderr]    Compiling futures-macro v0.3.31
[INFO] [stderr]    Compiling zerocopy v0.7.35
[INFO] [stderr]    Compiling lz4-sys v1.11.1+lz4-1.10.0
[INFO] [stderr]    Compiling num-bigint v0.4.6
[INFO] [stderr]    Compiling polling v3.7.3
[INFO] [stderr]    Compiling ppv-lite86 v0.2.20
[INFO] [stderr]    Compiling regex v1.11.1
[INFO] [stderr]    Compiling dirs-sys-next v0.1.2
[INFO] [stderr]    Compiling rand_chacha v0.3.1
[INFO] [stderr]    Compiling async-channel v2.3.1
[INFO] [stderr]    Compiling rand v0.8.5
[INFO] [stderr]    Compiling async-lock v3.4.0
[INFO] [stderr]    Compiling encoding-index-singlebyte v1.20141219.5
[INFO] [stderr]    Compiling encoding-index-tradchinese v1.20141219.5
[INFO] [stderr]    Compiling encoding-index-korean v1.20141219.5
[INFO] [stderr]    Compiling encoding-index-japanese v1.20141219.5
[INFO] [stderr]    Compiling encoding-index-simpchinese v1.20141219.5
[INFO] [stderr]    Compiling crossbeam-channel v0.5.13
[INFO] [stderr]    Compiling indexmap v1.9.3
[INFO] [stderr]    Compiling crc32fast v1.4.2
[INFO] [stderr]    Compiling instant v0.1.13
[INFO] [stderr]    Compiling alloc-no-stdlib v2.0.4
[INFO] [stderr]    Compiling equivalent v1.0.1
[INFO] [stderr]    Compiling futures-task v0.3.31
[INFO] [stderr]    Compiling either v1.13.0
[INFO] [stderr]    Compiling zstd-safe v4.1.3+zstd.1.5.1
[INFO] [stderr]    Compiling serde_json v1.0.132
[INFO] [stderr]    Compiling bitflags v1.3.2
[INFO] [stderr]    Compiling time-core v0.1.2
[INFO] [stderr]    Compiling powerfmt v0.2.0
[INFO] [stderr]    Compiling num-conv v0.1.0
[INFO] [stderr]    Compiling hashbrown v0.15.0
[INFO] [stderr]    Compiling lexical-core v0.7.6
[INFO] [stderr]    Compiling scopeguard v1.2.0
[INFO] [stderr]    Compiling deranged v0.3.11
[INFO] [stderr]    Compiling itertools v0.10.5
[INFO] [stderr]    Compiling time-macros v0.2.18
[INFO] [stderr]    Compiling futures-util v0.3.31
[INFO] [stderr]    Compiling alloc-stdlib v0.2.2
[INFO] [stderr]    Compiling encoding v0.2.33
[INFO] [stderr]    Compiling indexmap v2.6.0
[INFO] [stderr]    Compiling async-io v2.3.4
[INFO] [stderr]    Compiling arr_macro_impl v0.1.3
[INFO] [stderr]    Compiling snafu-derive v0.6.10
[INFO] [stderr]    Compiling multiversion-macros v0.6.1
[INFO] [stderr]    Compiling num-rational v0.4.2
[INFO] [stderr]    Compiling blocking v1.6.1
[INFO] [stderr]    Compiling dirs-next v2.0.0
[INFO] [stderr]    Compiling rustc_version v0.4.1
[INFO] [stderr]    Compiling async-executor v1.13.1
[INFO] [stderr]    Compiling bytes v1.8.0
[INFO] [stderr]    Compiling num-iter v0.1.45
[INFO] [stderr]    Compiling num-complex v0.4.6
[INFO] [stderr]    Compiling ordered-float v1.1.1
[INFO] [stderr]    Compiling uuid v1.11.0
[INFO] [stderr]    Compiling thread_local v1.1.8
[INFO] [stderr]    Compiling crossbeam-queue v0.3.11
[INFO] [stderr]    Compiling csv-core v0.1.11
[INFO] [stderr]    Compiling fxhash v0.2.1
[INFO] [stderr]    Compiling slog-async v2.8.0
[INFO] [stderr]    Compiling static_assertions v1.1.0
[INFO] [stderr]    Compiling arrayvec v0.5.2
[INFO] [stderr]    Compiling adler2 v2.0.0
[INFO] [stderr]    Compiling integer-encoding v1.1.7
[INFO] [stderr]    Compiling event-listener v2.5.3
[INFO] [stderr]    Compiling hashbrown v0.12.3
[INFO] [stderr]    Compiling iana-time-zone v0.1.61
[INFO] [stderr]    Compiling snap v1.1.1
[INFO] [stderr]    Compiling chrono v0.4.38
[INFO] [stderr]    Compiling thrift v0.13.0
[INFO] [stderr]    Compiling async-channel v1.9.0
[INFO] [stderr]    Compiling num v0.4.3
[INFO] [stderr]    Compiling miniz_oxide v0.8.0
[INFO] [stderr]    Compiling csv v1.3.0
[INFO] [stderr]    Compiling synchronoise v1.0.1
[INFO] [stderr]    Compiling futures-executor v0.3.31
[INFO] [stderr]    Compiling multiversion v0.6.1
[INFO] [stderr]    Compiling async-global-executor v2.4.1
[INFO] [stderr]    Compiling prost-derive v0.9.0
[INFO] [stderr]    Compiling snafu v0.6.10
[INFO] [stderr]    Compiling kompact v0.11.2
[INFO] [stderr]    Compiling hashbrown v0.13.2
[INFO] [stderr]    Compiling term v0.7.0
[INFO] [stderr]    Compiling time v0.3.36
[INFO] [stderr]    Compiling arr_macro v0.1.3
[INFO] [stderr]    Compiling java-properties v1.4.1
[INFO] [stderr]    Compiling parking_lot v0.11.2
[INFO] [stderr]    Compiling brotli-decompressor v2.5.1
[INFO] [stderr]    Compiling flatbuffers v2.0.0
[INFO] [stderr]    Compiling serde_derive v1.0.214
[INFO] [stderr]    Compiling crossbeam-deque v0.8.5
[INFO] [stderr]    Compiling serde_path_to_error v0.1.16
[INFO] [stderr]    Compiling is-terminal v0.4.13
[INFO] [stderr]    Compiling fs2 v0.4.3
[INFO] [stderr]    Compiling kv-log-macro v1.0.7
[INFO] [stderr]    Compiling crossbeam-utils v0.7.2
[INFO] [stderr]    Compiling aho-corasick v0.7.20
[INFO] [stderr]    Compiling parquet v5.5.0
[INFO] [stderr]    Compiling rustc-hash v2.0.0
[INFO] [stderr]    Compiling ipnet v2.10.1
[INFO] [stderr]    Compiling hex v0.4.3
[INFO] [stderr]    Compiling linked-hash-map v0.5.6
[INFO] [stderr]    Compiling stable_deref_trait v1.2.0
[INFO] [stderr]    Compiling cfg-if v0.1.10
[INFO] [stderr]    Compiling take_mut v0.2.2
[INFO] [stderr]    Compiling hocon v0.9.0
[INFO] [stderr]    Compiling owning_ref v0.4.1
[INFO] [stderr]    Compiling iprange v0.6.7
[INFO] [stderr]    Compiling hierarchical_hash_wheel_timer v1.3.0
[INFO] [stderr]    Compiling async-std v1.13.0
[INFO] [stderr]    Compiling sled v0.34.7
[INFO] [stderr]    Compiling brotli v3.5.0
[INFO] [stderr]    Compiling slog-term v2.9.1
[INFO] [stderr]    Compiling executors v0.9.0
[INFO] [stderr]    Compiling arrow v5.5.0
[INFO] [stderr]    Compiling prost v0.9.0
[INFO] [stderr]    Compiling lru v0.10.1
[INFO] [stderr]    Compiling futures v0.3.31
[INFO] [stderr]    Compiling parquet-format v2.6.1
[INFO] [stderr]    Compiling flate2 v1.0.34
[INFO] [stderr]    Compiling kompact-component-derive v0.11.2
[INFO] [stderr]    Compiling kompact-actor-derive v0.11.2
[INFO] [stderr]    Compiling mio v0.8.11
[INFO] [stderr]    Compiling rustc-hash v1.1.0
[INFO] [stderr]    Compiling base64 v0.13.1
[INFO] [stderr]    Compiling as_num v0.2.5
[INFO] [stderr]    Compiling mur3 v0.1.0
[INFO] [stderr]    Compiling arc-swap v1.7.1
[INFO] [stderr]    Compiling bitfields v0.2.0
[INFO] [stderr]    Compiling oncemutex v0.1.1
[INFO] [stderr]    Compiling arcon_util v0.2.0
[INFO] [stderr]    Compiling arcon_state v0.2.1
[INFO] [stderr]    Compiling arcon_allocator v0.2.1
[INFO] [stderr]    Compiling arcon_macros v0.2.2
[INFO] [stderr]    Compiling uuid v0.8.2
[INFO] [stderr]    Compiling arcon_macros v0.2.2 (/opt/rustwide/workdir)
[INFO] [stderr]    Compiling lz4 v1.28.0
[INFO] [stderr]    Compiling zstd v0.9.2+zstd.1.5.1
[INFO] [stderr]    Compiling arcon v0.2.1
[INFO] [stdout] error[E0599]: no function or associated item named `new_v4` found for struct `Uuid` in the current scope
[INFO] [stdout]    --> /opt/rustwide/cargo-home/registry/src/index.crates.io-6f17d22bba15001f/arcon-0.2.1/src/dataflow/builder.rs:49:41
[INFO] [stdout]     |
[INFO] [stdout] 49  |             let unique_id = uuid::Uuid::new_v4().to_string();
[INFO] [stdout]     |                                         ^^^^^^ function or associated item not found in `Uuid`
[INFO] [stdout]     |
[INFO] [stdout] note: if you're trying to build a new `Uuid` consider using one of the following associated functions:
[INFO] [stdout]       uuid::builder::<impl Uuid>::nil
[INFO] [stdout]       uuid::builder::<impl Uuid>::from_fields
[INFO] [stdout]       uuid::builder::<impl Uuid>::from_fields_le
[INFO] [stdout]       uuid::builder::<impl Uuid>::from_u128
[INFO] [stdout]       and 4 others
[INFO] [stdout]    --> /opt/rustwide/cargo-home/registry/src/index.crates.io-6f17d22bba15001f/uuid-0.8.2/src/builder/mod.rs:43:5
[INFO] [stdout]     |
[INFO] [stdout] 43  |       pub const fn nil() -> Self {
[INFO] [stdout]     |       ^^^^^^^^^^^^^^^^^^^^^^^^^^
[INFO] [stdout] ...
[INFO] [stdout] 70  | /     pub fn from_fields(
[INFO] [stdout] 71  | |         d1: u32,
[INFO] [stdout] 72  | |         d2: u16,
[INFO] [stdout] 73  | |         d3: u16,
[INFO] [stdout] 74  | |         d4: &[u8],
[INFO] [stdout] 75  | |     ) -> Result<Uuid, crate::Error> {
[INFO] [stdout]     | |___________________________________^
[INFO] [stdout] ...
[INFO] [stdout] 127 | /     pub fn from_fields_le(
[INFO] [stdout] 128 | |         d1: u32,
[INFO] [stdout] 129 | |         d2: u16,
[INFO] [stdout] 130 | |         d3: u16,
[INFO] [stdout] 131 | |         d4: &[u8],
[INFO] [stdout] 132 | |     ) -> Result<Uuid, crate::Error> {
[INFO] [stdout]     | |___________________________________^
[INFO] [stdout] ...
[INFO] [stdout] 162 |       pub const fn from_u128(v: u128) -> Self {
[INFO] [stdout]     |       ^^^^^^^^^^^^^^^^^^^^^^^^^^^^^^^^^^^^^^^
[INFO] [stdout] 
[INFO] [stdout] 
[INFO] [stdout] error[E0599]: no function or associated item named `new_v4` found for struct `Uuid` in the current scope
[INFO] [stdout]    --> /opt/rustwide/cargo-home/registry/src/index.crates.io-6f17d22bba15001f/arcon-0.2.1/src/dataflow/conf.rs:119:52
[INFO] [stdout]     |
[INFO] [stdout] 119 |             name: format!("source_{}", uuid::Uuid::new_v4()),
[INFO] [stdout]     |                                                    ^^^^^^ function or associated item not found in `Uuid`
[INFO] [stdout]     |
[INFO] [stdout] note: if you're trying to build a new `Uuid` consider using one of the following associated functions:
[INFO] [stdout]       uuid::builder::<impl Uuid>::nil
[INFO] [stdout]       uuid::builder::<impl Uuid>::from_fields
[INFO] [stdout]       uuid::builder::<impl Uuid>::from_fields_le
[INFO] [stdout]       uuid::builder::<impl Uuid>::from_u128
[INFO] [stdout]       and 4 others
[INFO] [stdout]    --> /opt/rustwide/cargo-home/registry/src/index.crates.io-6f17d22bba15001f/uuid-0.8.2/src/builder/mod.rs:43:5
[INFO] [stdout]     |
[INFO] [stdout] 43  |       pub const fn nil() -> Self {
[INFO] [stdout]     |       ^^^^^^^^^^^^^^^^^^^^^^^^^^
[INFO] [stdout] ...
[INFO] [stdout] 70  | /     pub fn from_fields(
[INFO] [stdout] 71  | |         d1: u32,
[INFO] [stdout] 72  | |         d2: u16,
[INFO] [stdout] 73  | |         d3: u16,
[INFO] [stdout] 74  | |         d4: &[u8],
[INFO] [stdout] 75  | |     ) -> Result<Uuid, crate::Error> {
[INFO] [stdout]     | |___________________________________^
[INFO] [stdout] ...
[INFO] [stdout] 127 | /     pub fn from_fields_le(
[INFO] [stdout] 128 | |         d1: u32,
[INFO] [stdout] 129 | |         d2: u16,
[INFO] [stdout] 130 | |         d3: u16,
[INFO] [stdout] 131 | |         d4: &[u8],
[INFO] [stdout] 132 | |     ) -> Result<Uuid, crate::Error> {
[INFO] [stdout]     | |___________________________________^
[INFO] [stdout] ...
[INFO] [stdout] 162 |       pub const fn from_u128(v: u128) -> Self {
[INFO] [stdout]     |       ^^^^^^^^^^^^^^^^^^^^^^^^^^^^^^^^^^^^^^^
[INFO] [stdout] 
[INFO] [stdout] 
[INFO] [stdout] error[E0004]: non-exhaustive patterns: `Err(kompact::prelude::SerError::ThirdParty { .. })` not covered
[INFO] [stdout]   --> /opt/rustwide/cargo-home/registry/src/index.crates.io-6f17d22bba15001f/arcon-0.2.1/src/stream/node/common.rs:16:15
[INFO] [stdout]    |
[INFO] [stdout] 16 |         match send(&channel, msg, cd) {
[INFO] [stdout]    |               ^^^^^^^^^^^^^^^^^^^^^^^ pattern `Err(kompact::prelude::SerError::ThirdParty { .. })` not covered
[INFO] [stdout]    |
[INFO] [stdout] note: `std::result::Result<(), kompact::prelude::SerError>` defined here
[INFO] [stdout]   --> /rustc/df4ca44d3fbc9301ee17f30f4d474e6ae4b05252/library/core/src/result.rs:527:1
[INFO] [stdout]   ::: /rustc/df4ca44d3fbc9301ee17f30f4d474e6ae4b05252/library/core/src/result.rs:536:5
[INFO] [stdout]    |
[INFO] [stdout]    = note: not covered
[INFO] [stdout]    = note: the matched value is of type `std::result::Result<(), kompact::prelude::SerError>`
[INFO] [stdout] help: ensure that all possible cases are being handled by adding a match arm with a wildcard pattern or an explicit pattern as shown
[INFO] [stdout]    |
[INFO] [stdout] 29 ~             Ok(_) => (),
[INFO] [stdout] 30 ~             Err(kompact::prelude::SerError::ThirdParty { .. }) => todo!(),
[INFO] [stdout]    |
[INFO] [stdout] 
[INFO] [stdout] 
[INFO] [stdout] Some errors have detailed explanations: E0004, E0599.
[INFO] [stdout] 
[INFO] [stdout] For more information about an error, try `rustc --explain E0004`.
[INFO] [stdout] 
[INFO] [stderr] error: could not compile `arcon` (lib) due to 3 previous errors
[INFO] [stderr] warning: build failed, waiting for other jobs to finish...
[INFO] running `Command { std: "docker" "inspect" "f72645bb0b2b7a51737c8919fa5c1c139d4c9fde5b0292f0b2a27d9b92f76f9f", kill_on_drop: false }`
[INFO] running `Command { std: "docker" "rm" "-f" "f72645bb0b2b7a51737c8919fa5c1c139d4c9fde5b0292f0b2a27d9b92f76f9f", kill_on_drop: false }`
[INFO] [stdout] f72645bb0b2b7a51737c8919fa5c1c139d4c9fde5b0292f0b2a27d9b92f76f9f
