[INFO] fetching crate architect-schemars 1.0.0...
[INFO] testing architect-schemars-1.0.0 against nightly-2024-10-28 for randomize-layout
[INFO] extracting crate architect-schemars 1.0.0 into /workspace/builds/worker-3-tc1/source
[INFO] validating manifest of crates.io crate architect-schemars 1.0.0 on toolchain nightly-2024-10-28
[INFO] running `Command { std: CARGO_HOME="/workspace/cargo-home" RUSTUP_HOME="/workspace/rustup-home" "/workspace/cargo-home/bin/cargo" "+nightly-2024-10-28" "metadata" "--manifest-path" "Cargo.toml" "--no-deps", kill_on_drop: false }`
[INFO] started tweaking crates.io crate architect-schemars 1.0.0
[INFO] removed 0 missing tests
[INFO] finished tweaking crates.io crate architect-schemars 1.0.0
[INFO] tweaked toml for crates.io crate architect-schemars 1.0.0 written to /workspace/builds/worker-3-tc1/source/Cargo.toml
[INFO] crate crates.io crate architect-schemars 1.0.0 already has a lockfile, it will not be regenerated
[INFO] running `Command { std: CARGO_HOME="/workspace/cargo-home" RUSTUP_HOME="/workspace/rustup-home" "/workspace/cargo-home/bin/cargo" "+nightly-2024-10-28" "fetch" "--manifest-path" "Cargo.toml", kill_on_drop: false }`
[INFO] [stderr]     Updating crates.io index
[INFO] [stderr]  Downloading crates ...
[INFO] [stderr]   Downloaded termcolor v1.2.0
[INFO] [stderr]   Downloaded serde_derive v1.0.164
[INFO] [stderr]   Downloaded ptr_meta_derive v0.1.4
[INFO] [stderr]   Downloaded enumflags2_derive v0.7.7
[INFO] [stderr]   Downloaded darling_macro v0.20.1
[INFO] [stderr]   Downloaded borsh-derive-internal v0.10.3
[INFO] [stderr]   Downloaded windows-targets v0.48.0
[INFO] [stderr]   Downloaded wyz v0.5.1
[INFO] [stderr]   Downloaded rend v0.4.0
[INFO] [stderr]   Downloaded keccak v0.1.4
[INFO] [stderr]   Downloaded bytecheck v0.6.11
[INFO] [stderr]   Downloaded enumflags2 v0.7.7
[INFO] [stderr]   Downloaded ident_case v1.0.1
[INFO] [stderr]   Downloaded borsh-schema-derive-internal v0.10.3
[INFO] [stderr]   Downloaded architect-schemars_derive v1.0.0
[INFO] [stderr]   Downloaded enumset v1.1.2
[INFO] [stderr]   Downloaded dyn-clone v1.0.11
[INFO] [stderr]   Downloaded either v1.8.1
[INFO] [stderr]   Downloaded bigdecimal v0.3.1
[INFO] [stderr]   Downloaded darling v0.20.1
[INFO] [stderr]   Downloaded anyhow v1.0.71
[INFO] [stderr]   Downloaded darling_core v0.20.1
[INFO] [stderr]   Downloaded crossbeam-channel v0.5.8
[INFO] [stderr]   Downloaded smallvec v1.10.0
[INFO] [stderr]   Downloaded hashbrown v0.13.2
[INFO] [stderr]   Downloaded rkyv v0.7.42
[INFO] [stderr]   Downloaded rust_decimal v1.30.0
[INFO] [stderr]   Downloaded serde_json v1.0.99
[INFO] [stderr]   Downloaded chrono v0.4.26
[INFO] [stderr]   Downloaded basic-toml v0.1.2
[INFO] [stderr]   Downloaded syn v2.0.22
[INFO] [stderr]   Downloaded bitvec v1.0.1
[INFO] [stderr]   Downloaded crossbeam-epoch v0.9.15
[INFO] [stderr]   Downloaded pretty_assertions v1.3.0
[INFO] [stderr]   Downloaded ahash v0.8.3
[INFO] [stderr]   Downloaded simdutf8 v0.1.4
[INFO] [stderr]   Downloaded proc-macro2 v1.0.63
[INFO] [stderr]   Downloaded serde v1.0.164
[INFO] [stderr]   Downloaded arcstr v1.1.5
[INFO] [stderr]   Downloaded crossbeam-utils v0.8.16
[INFO] [stderr]   Downloaded lock_api v0.4.10
[INFO] [stderr]   Downloaded parking_lot_core v0.9.8
[INFO] [stderr]   Downloaded triomphe v0.1.8
[INFO] [stderr]   Downloaded diff v0.1.13
[INFO] [stderr]   Downloaded borsh v0.10.3
[INFO] [stderr]   Downloaded ryu v1.0.13
[INFO] [stderr]   Downloaded quote v1.0.28
[INFO] [stderr]   Downloaded enumset_derive v0.8.1
[INFO] [stderr]   Downloaded iana-time-zone v0.1.57
[INFO] [stderr]   Downloaded crossbeam-deque v0.8.3
[INFO] [stderr]   Downloaded memoffset v0.9.0
[INFO] [stderr]   Downloaded arrayvec v0.7.4
[INFO] [stderr]   Downloaded radium v0.7.0
[INFO] [stderr]   Downloaded tap v1.0.1
[INFO] [stderr]   Downloaded rkyv_derive v0.7.42
[INFO] [stderr]   Downloaded itoa v1.0.6
[INFO] [stderr]   Downloaded trybuild v1.0.80
[INFO] [stderr]   Downloaded uuid v1.3.4
[INFO] [stderr]   Downloaded crossbeam v0.8.2
[INFO] [stderr]   Downloaded cpufeatures v0.2.8
[INFO] [stderr]   Downloaded sha3 v0.10.8
[INFO] [stderr]   Downloaded funty v2.0.0
[INFO] [stderr]   Downloaded seahash v4.1.0
[INFO] [stderr]   Downloaded unicode-ident v1.0.9
[INFO] [stderr]   Downloaded crossbeam-queue v0.3.8
[INFO] [stderr]   Downloaded borsh-derive v0.10.3
[INFO] [stderr]   Downloaded bytecheck_derive v0.6.11
[INFO] [stderr]   Downloaded output_vt100 v0.1.3
[INFO] [stderr]   Downloaded ptr_meta v0.1.4
[INFO] [stderr]   Downloaded smol_str v0.1.24
[INFO] [stderr]   Downloaded netidx-core v0.22.0
[INFO] [stderr]   Downloaded windows v0.48.0
[INFO] running `Command { std: "docker" "create" "-v" "/var/lib/crater-agent-workspace/builds/worker-3-tc1/target:/opt/rustwide/target:rw,Z" "-v" "/var/lib/crater-agent-workspace/builds/worker-3-tc1/source:/opt/rustwide/workdir:ro,Z" "-v" "/var/lib/crater-agent-workspace/cargo-home:/opt/rustwide/cargo-home:ro,Z" "-v" "/var/lib/crater-agent-workspace/rustup-home:/opt/rustwide/rustup-home:ro,Z" "-e" "SOURCE_DIR=/opt/rustwide/workdir" "-e" "CARGO_TARGET_DIR=/opt/rustwide/target" "-e" "CARGO_HOME=/opt/rustwide/cargo-home" "-e" "RUSTUP_HOME=/opt/rustwide/rustup-home" "-w" "/opt/rustwide/workdir" "-m" "1610612736" "--user" "0:0" "--network" "none" "ghcr.io/rust-lang/crates-build-env/linux@sha256:4a844ea9eb2546a2d2c7022eacef16ef2e8229c7fbb2c7d4d55a9ceca922f72d" "/opt/rustwide/cargo-home/bin/cargo" "+nightly-2024-10-28" "metadata" "--no-deps" "--format-version=1", kill_on_drop: false }`
[INFO] [stdout] ad2c44b0dbf5620223cf253de4934a1839ae4254d591d0dd578ffdd03c608a29
[INFO] running `Command { std: "docker" "start" "-a" "ad2c44b0dbf5620223cf253de4934a1839ae4254d591d0dd578ffdd03c608a29", kill_on_drop: false }`
[INFO] running `Command { std: "docker" "inspect" "ad2c44b0dbf5620223cf253de4934a1839ae4254d591d0dd578ffdd03c608a29", kill_on_drop: false }`
[INFO] running `Command { std: "docker" "rm" "-f" "ad2c44b0dbf5620223cf253de4934a1839ae4254d591d0dd578ffdd03c608a29", kill_on_drop: false }`
[INFO] [stdout] ad2c44b0dbf5620223cf253de4934a1839ae4254d591d0dd578ffdd03c608a29
[INFO] running `Command { std: "docker" "create" "-v" "/var/lib/crater-agent-workspace/builds/worker-3-tc1/target:/opt/rustwide/target:rw,Z" "-v" "/var/lib/crater-agent-workspace/builds/worker-3-tc1/source:/opt/rustwide/workdir:ro,Z" "-v" "/var/lib/crater-agent-workspace/cargo-home:/opt/rustwide/cargo-home:ro,Z" "-v" "/var/lib/crater-agent-workspace/rustup-home:/opt/rustwide/rustup-home:ro,Z" "-e" "SOURCE_DIR=/opt/rustwide/workdir" "-e" "CARGO_TARGET_DIR=/opt/rustwide/target" "-e" "CARGO_INCREMENTAL=0" "-e" "RUST_BACKTRACE=full" "-e" "RUSTFLAGS=--cap-lints=forbid" "-e" "RUSTDOCFLAGS=--cap-lints=forbid" "-e" "CARGO_HOME=/opt/rustwide/cargo-home" "-e" "RUSTUP_HOME=/opt/rustwide/rustup-home" "-w" "/opt/rustwide/workdir" "-m" "1610612736" "--user" "0:0" "--network" "none" "ghcr.io/rust-lang/crates-build-env/linux@sha256:4a844ea9eb2546a2d2c7022eacef16ef2e8229c7fbb2c7d4d55a9ceca922f72d" "/opt/rustwide/cargo-home/bin/cargo" "+nightly-2024-10-28" "build" "--frozen" "--message-format=json", kill_on_drop: false }`
[INFO] [stdout] 3a9b71f79adefc026ad58955a525548c1991c8cb164018da493a021d773a3f6a
[INFO] running `Command { std: "docker" "start" "-a" "3a9b71f79adefc026ad58955a525548c1991c8cb164018da493a021d773a3f6a", kill_on_drop: false }`
[INFO] [stderr]    Compiling proc-macro2 v1.0.63
[INFO] [stderr]    Compiling quote v1.0.28
[INFO] [stderr]    Compiling unicode-ident v1.0.9
[INFO] [stderr]    Compiling serde v1.0.164
[INFO] [stderr]    Compiling serde_json v1.0.99
[INFO] [stderr]    Compiling itoa v1.0.6
[INFO] [stderr]    Compiling ryu v1.0.13
[INFO] [stderr]    Compiling architect-schemars v1.0.0 (/opt/rustwide/workdir)
[INFO] [stderr]    Compiling dyn-clone v1.0.11
[INFO] [stderr]    Compiling syn v2.0.22
[INFO] [stderr]    Compiling syn v1.0.109
[INFO] [stderr]    Compiling serde_derive v1.0.164
[INFO] [stderr]    Compiling serde_derive_internals v0.26.0
[INFO] [stderr]    Compiling architect-schemars_derive v1.0.0
[INFO] [stdout] warning: unexpected `cfg` condition name: `std_atomic`
[INFO] [stdout]   --> src/json_schema_impls/mod.rs:43:7
[INFO] [stdout]    |
[INFO] [stdout] 43 | #[cfg(std_atomic)]
[INFO] [stdout]    |       ^^^^^^^^^^
[INFO] [stdout]    |
[INFO] [stdout]    = help: expected names are: `clippy`, `debug_assertions`, `doc`, `docsrs`, `doctest`, `feature`, `fmt_debug`, `miri`, `overflow_checks`, `panic`, `proc_macro`, `relocation_model`, `rustfmt`, `sanitize`, `sanitizer_cfi_generalize_pointers`, `sanitizer_cfi_normalize_integers`, `target_abi`, `target_arch`, `target_endian`, `target_env`, `target_family`, `target_feature`, `target_has_atomic`, `target_has_atomic_equal_alignment`, `target_has_atomic_load_store`, `target_os`, `target_pointer_width`, `target_thread_local`, `target_vendor`, `test`, `ub_checks`, `unix`, and `windows`
[INFO] [stdout]    = help: consider using a Cargo feature instead
[INFO] [stdout]    = help: or consider adding in `Cargo.toml` the `check-cfg` lint config for the lint:
[INFO] [stdout]             [lints.rust]
[INFO] [stdout]             unexpected_cfgs = { level = "warn", check-cfg = ['cfg(std_atomic)'] }
[INFO] [stdout]    = help: or consider adding `println!("cargo::rustc-check-cfg=cfg(std_atomic)");` to the top of the `build.rs`
[INFO] [stdout]    = note: see <https://doc.rust-lang.org/nightly/rustc/check-cfg/cargo-specifics.html> for more information about checking conditional configuration
[INFO] [stdout]    = note: `#[warn(unexpected_cfgs)]` on by default
[INFO] [stdout] 
[INFO] [stdout] 
[INFO] [stdout] warning: unexpected `cfg` condition name: `std_atomic64`
[INFO] [stdout]   --> src/json_schema_impls/atomic.rs:11:7
[INFO] [stdout]    |
[INFO] [stdout] 11 | #[cfg(std_atomic64)]
[INFO] [stdout]    |       ^^^^^^^^^^^^
[INFO] [stdout]    |
[INFO] [stdout]    = help: consider using a Cargo feature instead
[INFO] [stdout]    = help: or consider adding in `Cargo.toml` the `check-cfg` lint config for the lint:
[INFO] [stdout]             [lints.rust]
[INFO] [stdout]             unexpected_cfgs = { level = "warn", check-cfg = ['cfg(std_atomic64)'] }
[INFO] [stdout]    = help: or consider adding `println!("cargo::rustc-check-cfg=cfg(std_atomic64)");` to the top of the `build.rs`
[INFO] [stdout]    = note: see <https://doc.rust-lang.org/nightly/rustc/check-cfg/cargo-specifics.html> for more information about checking conditional configuration
[INFO] [stdout] 
[INFO] [stdout] 
[INFO] [stdout] warning: unexpected `cfg` condition name: `std_atomic64`
[INFO] [stdout]   --> src/json_schema_impls/atomic.rs:18:7
[INFO] [stdout]    |
[INFO] [stdout] 18 | #[cfg(std_atomic64)]
[INFO] [stdout]    |       ^^^^^^^^^^^^
[INFO] [stdout]    |
[INFO] [stdout]    = help: consider using a Cargo feature instead
[INFO] [stdout]    = help: or consider adding in `Cargo.toml` the `check-cfg` lint config for the lint:
[INFO] [stdout]             [lints.rust]
[INFO] [stdout]             unexpected_cfgs = { level = "warn", check-cfg = ['cfg(std_atomic64)'] }
[INFO] [stdout]    = help: or consider adding `println!("cargo::rustc-check-cfg=cfg(std_atomic64)");` to the top of the `build.rs`
[INFO] [stdout]    = note: see <https://doc.rust-lang.org/nightly/rustc/check-cfg/cargo-specifics.html> for more information about checking conditional configuration
[INFO] [stdout] 
[INFO] [stdout] 
[INFO] [stderr]     Finished `dev` profile [unoptimized + debuginfo] target(s) in 6.19s
[INFO] running `Command { std: "docker" "inspect" "3a9b71f79adefc026ad58955a525548c1991c8cb164018da493a021d773a3f6a", kill_on_drop: false }`
[INFO] running `Command { std: "docker" "rm" "-f" "3a9b71f79adefc026ad58955a525548c1991c8cb164018da493a021d773a3f6a", kill_on_drop: false }`
[INFO] [stdout] 3a9b71f79adefc026ad58955a525548c1991c8cb164018da493a021d773a3f6a
[INFO] running `Command { std: "docker" "create" "-v" "/var/lib/crater-agent-workspace/builds/worker-3-tc1/target:/opt/rustwide/target:rw,Z" "-v" "/var/lib/crater-agent-workspace/builds/worker-3-tc1/source:/opt/rustwide/workdir:ro,Z" "-v" "/var/lib/crater-agent-workspace/cargo-home:/opt/rustwide/cargo-home:ro,Z" "-v" "/var/lib/crater-agent-workspace/rustup-home:/opt/rustwide/rustup-home:ro,Z" "-e" "SOURCE_DIR=/opt/rustwide/workdir" "-e" "CARGO_TARGET_DIR=/opt/rustwide/target" "-e" "CARGO_INCREMENTAL=0" "-e" "RUST_BACKTRACE=full" "-e" "RUSTFLAGS=--cap-lints=forbid" "-e" "RUSTDOCFLAGS=--cap-lints=forbid" "-e" "CARGO_HOME=/opt/rustwide/cargo-home" "-e" "RUSTUP_HOME=/opt/rustwide/rustup-home" "-w" "/opt/rustwide/workdir" "-m" "1610612736" "--user" "0:0" "--network" "none" "ghcr.io/rust-lang/crates-build-env/linux@sha256:4a844ea9eb2546a2d2c7022eacef16ef2e8229c7fbb2c7d4d55a9ceca922f72d" "/opt/rustwide/cargo-home/bin/cargo" "+nightly-2024-10-28" "test" "--frozen" "--no-run" "--message-format=json", kill_on_drop: false }`
[INFO] [stdout] 5a0dd63d176b4c45eca952b276df1ef335a5530e33f3c9e70dae5c36cc2553c9
[INFO] running `Command { std: "docker" "start" "-a" "5a0dd63d176b4c45eca952b276df1ef335a5530e33f3c9e70dae5c36cc2553c9", kill_on_drop: false }`
[INFO] [stderr]    Compiling trybuild v1.0.80
[INFO] [stderr]    Compiling diff v0.1.13
[INFO] [stderr]    Compiling once_cell v1.18.0
[INFO] [stderr]    Compiling termcolor v1.2.0
[INFO] [stderr]    Compiling glob v0.3.1
[INFO] [stderr]    Compiling yansi v0.5.1
[INFO] [stderr]    Compiling basic-toml v0.1.2
[INFO] [stdout] warning: unexpected `cfg` condition name: `std_atomic`
[INFO] [stdout]   --> src/json_schema_impls/mod.rs:43:7
[INFO] [stdout]    |
[INFO] [stdout] 43 | #[cfg(std_atomic)]
[INFO] [stdout]    |       ^^^^^^^^^^
[INFO] [stdout]    |
[INFO] [stdout]    = help: expected names are: `clippy`, `debug_assertions`, `doc`, `docsrs`, `doctest`, `feature`, `fmt_debug`, `miri`, `overflow_checks`, `panic`, `proc_macro`, `relocation_model`, `rustfmt`, `sanitize`, `sanitizer_cfi_generalize_pointers`, `sanitizer_cfi_normalize_integers`, `target_abi`, `target_arch`, `target_endian`, `target_env`, `target_family`, `target_feature`, `target_has_atomic`, `target_has_atomic_equal_alignment`, `target_has_atomic_load_store`, `target_os`, `target_pointer_width`, `target_thread_local`, `target_vendor`, `test`, `ub_checks`, `unix`, and `windows`
[INFO] [stdout]    = help: consider using a Cargo feature instead
[INFO] [stdout]    = help: or consider adding in `Cargo.toml` the `check-cfg` lint config for the lint:
[INFO] [stdout]             [lints.rust]
[INFO] [stdout]             unexpected_cfgs = { level = "warn", check-cfg = ['cfg(std_atomic)'] }
[INFO] [stdout]    = help: or consider adding `println!("cargo::rustc-check-cfg=cfg(std_atomic)");` to the top of the `build.rs`
[INFO] [stdout]    = note: see <https://doc.rust-lang.org/nightly/rustc/check-cfg/cargo-specifics.html> for more information about checking conditional configuration
[INFO] [stdout]    = note: `#[warn(unexpected_cfgs)]` on by default
[INFO] [stdout] 
[INFO] [stdout] 
[INFO] [stdout] warning: unexpected `cfg` condition name: `std_atomic64`
[INFO] [stdout]   --> src/json_schema_impls/atomic.rs:11:7
[INFO] [stdout]    |
[INFO] [stdout] 11 | #[cfg(std_atomic64)]
[INFO] [stdout]    |       ^^^^^^^^^^^^
[INFO] [stdout]    |
[INFO] [stdout]    = help: consider using a Cargo feature instead
[INFO] [stdout]    = help: or consider adding in `Cargo.toml` the `check-cfg` lint config for the lint:
[INFO] [stdout]             [lints.rust]
[INFO] [stdout]             unexpected_cfgs = { level = "warn", check-cfg = ['cfg(std_atomic64)'] }
[INFO] [stdout]    = help: or consider adding `println!("cargo::rustc-check-cfg=cfg(std_atomic64)");` to the top of the `build.rs`
[INFO] [stdout]    = note: see <https://doc.rust-lang.org/nightly/rustc/check-cfg/cargo-specifics.html> for more information about checking conditional configuration
[INFO] [stdout] 
[INFO] [stdout] 
[INFO] [stdout] warning: unexpected `cfg` condition name: `std_atomic64`
[INFO] [stdout]   --> src/json_schema_impls/atomic.rs:18:7
[INFO] [stdout]    |
[INFO] [stdout] 18 | #[cfg(std_atomic64)]
[INFO] [stdout]    |       ^^^^^^^^^^^^
[INFO] [stdout]    |
[INFO] [stdout]    = help: consider using a Cargo feature instead
[INFO] [stdout]    = help: or consider adding in `Cargo.toml` the `check-cfg` lint config for the lint:
[INFO] [stdout]             [lints.rust]
[INFO] [stdout]             unexpected_cfgs = { level = "warn", check-cfg = ['cfg(std_atomic64)'] }
[INFO] [stdout]    = help: or consider adding `println!("cargo::rustc-check-cfg=cfg(std_atomic64)");` to the top of the `build.rs`
[INFO] [stdout]    = note: see <https://doc.rust-lang.org/nightly/rustc/check-cfg/cargo-specifics.html> for more information about checking conditional configuration
[INFO] [stdout] 
[INFO] [stdout] 
[INFO] [stderr]    Compiling pretty_assertions v1.3.0
[INFO] [stderr]    Compiling architect-schemars v1.0.0 (/opt/rustwide/workdir)
[INFO] [stdout] error[E0433]: failed to resolve: use of undeclared crate or module `schemars`
[INFO] [stdout]  --> tests/util/mod.rs:2:5
[INFO] [stdout]   |
[INFO] [stdout] 2 | use schemars::{gen::SchemaSettings, schema::RootSchema, schema_for, JsonSchema};
[INFO] [stdout]   |     ^^^^^^^^ use of undeclared crate or module `schemars`
[INFO] [stdout] 
[INFO] [stdout] 
[INFO] [stdout] error[E0433]: failed to resolve: use of undeclared crate or module `schemars`
[INFO] [stdout]  --> tests/util/mod.rs:2:5
[INFO] [stdout]   |
[INFO] [stdout] 2 | use schemars::{gen::SchemaSettings, schema::RootSchema, schema_for, JsonSchema};
[INFO] [stdout]   |     ^^^^^^^^ use of undeclared crate or module `schemars`
[INFO] [stdout] 
[INFO] [stdout] 
[INFO] [stdout] error[E0433]: failed to resolve: use of undeclared crate or module `schemars`
[INFO] [stdout]  --> tests/util/mod.rs:2:5
[INFO] [stdout]   |
[INFO] [stdout] 2 | use schemars::{gen::SchemaSettings, schema::RootSchema, schema_for, JsonSchema};
[INFO] [stdout]   |     ^^^^^^^^ use of undeclared crate or module `schemars`
[INFO] [stdout] 
[INFO] [stdout] 
[INFO] [stdout] error[E0433]: failed to resolve: use of undeclared crate or module `schemars`
[INFO] [stdout]  --> tests/util/mod.rs:2:5
[INFO] [stdout]   |
[INFO] [stdout] 2 | use schemars::{gen::SchemaSettings, schema::RootSchema, schema_for, JsonSchema};
[INFO] [stdout]   |     ^^^^^^^^ use of undeclared crate or module `schemars`
[INFO] [stdout] 
[INFO] [stdout] 
[INFO] [stdout] error[E0433]: failed to resolve: use of undeclared crate or module `schemars`
[INFO] [stdout]  --> tests/util/mod.rs:2:5
[INFO] [stdout]   |
[INFO] [stdout] 2 | use schemars::{gen::SchemaSettings, schema::RootSchema, schema_for, JsonSchema};
[INFO] [stdout]   |     ^^^^^^^^ use of undeclared crate or module `schemars`
[INFO] [stdout] 
[INFO] [stdout] 
[INFO] [stdout] error[E0432]: unresolved import `schemars`
[INFO] [stdout]  --> tests/util/mod.rs:2:5
[INFO] [stdout]   |
[INFO] [stdout] 2 | use schemars::{gen::SchemaSettings, schema::RootSchema, schema_for, JsonSchema};
[INFO] [stdout]   |     ^^^^^^^^ use of undeclared crate or module `schemars`
[INFO] [stdout] 
[INFO] [stdout] 
[INFO] [stdout] error[E0432]: unresolved import `schemars`
[INFO] [stdout]  --> tests/util/mod.rs:2:5
[INFO] [stdout]   |
[INFO] [stdout] 2 | use schemars::{gen::SchemaSettings, schema::RootSchema, schema_for, JsonSchema};
[INFO] [stdout]   |     ^^^^^^^^ use of undeclared crate or module `schemars`
[INFO] [stdout] 
[INFO] [stdout] 
[INFO] [stdout] error[E0432]: unresolved import `schemars`
[INFO] [stdout]  --> tests/range.rs:2:5
[INFO] [stdout]   |
[INFO] [stdout] 2 | use schemars::JsonSchema;
[INFO] [stdout]   |     ^^^^^^^^ use of undeclared crate or module `schemars`
[INFO] [stdout] 
[INFO] [stdout] 
[INFO] [stdout] error[E0432]: unresolved import `schemars`
[INFO] [stdout]  --> tests/util/mod.rs:2:5
[INFO] [stdout]   |
[INFO] [stdout] 2 | use schemars::{gen::SchemaSettings, schema::RootSchema, schema_for, JsonSchema};
[INFO] [stdout]   |     ^^^^^^^^ use of undeclared crate or module `schemars`
[INFO] [stdout] 
[INFO] [stdout] 
[INFO] [stdout] error[E0432]: unresolved import `schemars`
[INFO] [stdout]  --> tests/skip.rs:2:5
[INFO] [stdout]   |
[INFO] [stdout] 2 | use schemars::JsonSchema;
[INFO] [stdout]   |     ^^^^^^^^ use of undeclared crate or module `schemars`
[INFO] [stdout] 
[INFO] [stdout] 
[INFO] [stdout] error[E0432]: unresolved import `schemars`
[INFO] [stdout]  --> tests/util/mod.rs:2:5
[INFO] [stdout]   |
[INFO] [stdout] 2 | use schemars::{gen::SchemaSettings, schema::RootSchema, schema_for, JsonSchema};
[INFO] [stdout]   |     ^^^^^^^^ use of undeclared crate or module `schemars`
[INFO] [stdout] 
[INFO] [stdout] 
[INFO] [stdout] error[E0432]: unresolved import `schemars`
[INFO] [stdout]  --> tests/property_name.rs:2:5
[INFO] [stdout]   |
[INFO] [stdout] 2 | use schemars::JsonSchema;
[INFO] [stdout]   |     ^^^^^^^^ use of undeclared crate or module `schemars`
[INFO] [stdout] 
[INFO] [stdout] 
[INFO] [stdout] error[E0432]: unresolved import `schemars`
[INFO] [stdout]   --> examples/remote_derive.rs:14:5
[INFO] [stdout]    |
[INFO] [stdout] 14 | use schemars::{schema_for, JsonSchema};
[INFO] [stdout]    |     ^^^^^^^^ use of undeclared crate or module `schemars`
[INFO] [stdout] 
[INFO] [stdout] 
[INFO] [stdout] error[E0432]: unresolved import `schemars`
[INFO] [stdout]  --> tests/enum_deny_unknown_fields.rs:2:5
[INFO] [stdout]   |
[INFO] [stdout] 2 | use schemars::{JsonSchema, Map};
[INFO] [stdout]   |     ^^^^^^^^ use of undeclared crate or module `schemars`
[INFO] [stdout] 
[INFO] [stdout] 
[INFO] [stdout] error[E0433]: failed to resolve: use of undeclared crate or module `schemars`
[INFO] [stdout]  --> tests/dereference.rs:1:5
[INFO] [stdout]   |
[INFO] [stdout] 1 | use schemars::{gen::SchemaGenerator, JsonSchema};
[INFO] [stdout]   |     ^^^^^^^^ use of undeclared crate or module `schemars`
[INFO] [stdout] 
[INFO] [stdout] 
[INFO] [stdout] Some errors have detailed explanations: E0432, E0433.
[INFO] [stdout] 
[INFO] [stdout] For more information about an error, try `rustc --explain E0432`.
[INFO] [stdout] 
[INFO] [stdout] error[E0432]: unresolved import `schemars`
[INFO] [stdout]  --> tests/dereference.rs:1:5
[INFO] [stdout]   |
[INFO] [stdout] 1 | use schemars::{gen::SchemaGenerator, JsonSchema};
[INFO] [stdout]   |     ^^^^^^^^ use of undeclared crate or module `schemars`
[INFO] [stdout] 
[INFO] [stdout] 
[INFO] [stdout] error[E0432]: unresolved import `schemars`
[INFO] [stdout]  --> examples/from_value.rs:1:5
[INFO] [stdout]   |
[INFO] [stdout] 1 | use schemars::schema_for_value;
[INFO] [stdout]   |     ^^^^^^^^ use of undeclared crate or module `schemars`
[INFO] [stdout] 
[INFO] [stdout] 
[INFO] [stdout] error: cannot find attribute `schemars` in this scope
[INFO] [stdout]  --> tests/skip.rs:8:7
[INFO] [stdout]   |
[INFO] [stdout] 8 |     #[schemars(skip)]
[INFO] [stdout]   |       ^^^^^^^^
[INFO] [stdout] 
[INFO] [stdout] 
[INFO] [stdout] error: cannot find attribute `serde` in this scope
[INFO] [stdout]   --> tests/skip.rs:10:7
[INFO] [stdout]    |
[INFO] [stdout] 10 |     #[serde(skip)]
[INFO] [stdout]    |       ^^^^^
[INFO] [stdout]    |
[INFO] [stdout]    = note: `serde` is in scope, but it is a crate, not an attribute
[INFO] [stdout] 
[INFO] [stdout] 
[INFO] [stdout] error: cannot find attribute `serde` in this scope
[INFO] [stdout]   --> tests/skip.rs:12:7
[INFO] [stdout]    |
[INFO] [stdout] 12 |     #[serde(skip_deserializing)]
[INFO] [stdout]    |       ^^^^^
[INFO] [stdout]    |
[INFO] [stdout]    = note: `serde` is in scope, but it is a crate, not an attribute
[INFO] [stdout] 
[INFO] [stdout] 
[INFO] [stdout] error: cannot find attribute `serde` in this scope
[INFO] [stdout]   --> tests/skip.rs:14:7
[INFO] [stdout]    |
[INFO] [stdout] 14 |     #[serde(skip_serializing)]
[INFO] [stdout]    |       ^^^^^
[INFO] [stdout]    |
[INFO] [stdout]    = note: `serde` is in scope, but it is a crate, not an attribute
[INFO] [stdout] 
[INFO] [stdout] 
[INFO] [stdout] error: cannot find attribute `schemars` in this scope
[INFO] [stdout]   --> tests/skip.rs:26:7
[INFO] [stdout]    |
[INFO] [stdout] 26 |     #[schemars(skip)] i32,
[INFO] [stdout]    |       ^^^^^^^^
[INFO] [stdout] 
[INFO] [stdout] 
[INFO] [stdout] error[E0432]: unresolved import `schemars`
[INFO] [stdout]  --> tests/util/mod.rs:2:5
[INFO] [stdout]   |
[INFO] [stdout] 2 | use schemars::{gen::SchemaSettings, schema::RootSchema, schema_for, JsonSchema};
[INFO] [stdout]   |     ^^^^^^^^ help: a similar path exists: `crate::schemars`
[INFO] [stdout]   |
[INFO] [stdout]   = note: `use` statements changed in Rust 2018; read more at <https://doc.rust-lang.org/edition-guide/rust-2018/module-system/path-clarity.html>
[INFO] [stdout] 
[INFO] [stdout] 
[INFO] [stdout] error[E0432]: unresolved import `schemars`
[INFO] [stdout]  --> tests/crate_alias.rs:2:5
[INFO] [stdout]   |
[INFO] [stdout] 2 | use ::schemars as not_schemars;
[INFO] [stdout]   |     ^^^^^^^^^^^^^^^^^^^^^^^^^^ no external crate `schemars`
[INFO] [stdout] 
[INFO] [stdout] 
[INFO] [stdout] error: cannot find attribute `serde` in this scope
[INFO] [stdout]   --> tests/skip.rs:27:7
[INFO] [stdout]    |
[INFO] [stdout] 27 |     #[serde(skip)] bool,
[INFO] [stdout]    |       ^^^^^
[INFO] [stdout]    |
[INFO] [stdout]    = note: `serde` is in scope, but it is a crate, not an attribute
[INFO] [stdout] 
[INFO] [stdout] 
[INFO] [stdout] error: cannot find attribute `serde` in this scope
[INFO] [stdout]   --> tests/skip.rs:28:7
[INFO] [stdout]    |
[INFO] [stdout] 28 |     #[serde(skip_deserializing)] String,
[INFO] [stdout]    |       ^^^^^
[INFO] [stdout]    |
[INFO] [stdout]    = note: `serde` is in scope, but it is a crate, not an attribute
[INFO] [stdout] 
[INFO] [stdout] 
[INFO] [stdout] error: cannot find attribute `serde` in this scope
[INFO] [stdout]   --> tests/skip.rs:29:7
[INFO] [stdout]    |
[INFO] [stdout] 29 |     #[serde(skip_serializing)] f32,
[INFO] [stdout]    |       ^^^^^
[INFO] [stdout]    |
[INFO] [stdout]    = note: `serde` is in scope, but it is a crate, not an attribute
[INFO] [stdout] 
[INFO] [stdout] 
[INFO] [stdout] error: cannot find attribute `schemars` in this scope
[INFO] [stdout]   --> tests/skip.rs:40:7
[INFO] [stdout]    |
[INFO] [stdout] 40 |     #[schemars(skip)]
[INFO] [stdout]    |       ^^^^^^^^
[INFO] [stdout] 
[INFO] [stdout] 
[INFO] [stdout] error: cannot find attribute `serde` in this scope
[INFO] [stdout]  --> tests/property_name.rs:7:3
[INFO] [stdout]   |
[INFO] [stdout] 7 | #[serde(rename_all = "camelCase")]
[INFO] [stdout]   |   ^^^^^
[INFO] [stdout]   |
[INFO] [stdout]   = note: `serde` is in scope, but it is a crate, not an attribute
[INFO] [stdout] 
[INFO] [stdout] 
[INFO] [stdout] error: cannot find attribute `serde` in this scope
[INFO] [stdout]   --> tests/skip.rs:42:7
[INFO] [stdout]    |
[INFO] [stdout] 42 |     #[serde(skip)]
[INFO] [stdout]    |       ^^^^^
[INFO] [stdout]    |
[INFO] [stdout]    = note: `serde` is in scope, but it is a crate, not an attribute
[INFO] [stdout] 
[INFO] [stdout] 
[INFO] [stdout] error: cannot find attribute `schemars` in this scope
[INFO] [stdout]   --> tests/crate_alias.rs:10:3
[INFO] [stdout]    |
[INFO] [stdout] 10 | #[schemars(crate = "not_schemars")]
[INFO] [stdout]    |   ^^^^^^^^
[INFO] [stdout]    |
[INFO] [stdout] note: `schemars` is imported here, but it is a crate, not an attribute
[INFO] [stdout]   --> tests/crate_alias.rs:6:5
[INFO] [stdout]    |
[INFO] [stdout] 6  | use std as schemars;
[INFO] [stdout]    |     ^^^^^^^^^^^^^^^
[INFO] [stdout] 
[INFO] [stdout] 
[INFO] [stdout] error: cannot find attribute `serde` in this scope
[INFO] [stdout]   --> tests/skip.rs:44:7
[INFO] [stdout]    |
[INFO] [stdout] 44 |     #[serde(skip_deserializing)]
[INFO] [stdout]    |       ^^^^^
[INFO] [stdout]    |
[INFO] [stdout]    = note: `serde` is in scope, but it is a crate, not an attribute
[INFO] [stdout] 
[INFO] [stdout] 
[INFO] [stdout] error: cannot find attribute `serde` in this scope
[INFO] [stdout]   --> tests/property_name.rs:10:7
[INFO] [stdout]    |
[INFO] [stdout] 10 |     #[serde(rename = "new_name_1")]
[INFO] [stdout]    |       ^^^^^
[INFO] [stdout]    |
[INFO] [stdout]    = note: `serde` is in scope, but it is a crate, not an attribute
[INFO] [stdout] 
[INFO] [stdout] 
[INFO] [stdout] error: cannot find attribute `serde` in this scope
[INFO] [stdout]   --> tests/skip.rs:46:7
[INFO] [stdout]    |
[INFO] [stdout] 46 |     #[serde(skip_serializing)]
[INFO] [stdout]    |       ^^^^^
[INFO] [stdout]    |
[INFO] [stdout]    = note: `serde` is in scope, but it is a crate, not an attribute
[INFO] [stdout] 
[INFO] [stdout] 
[INFO] [stdout] error: cannot find attribute `serde` in this scope
[INFO] [stdout]   --> tests/property_name.rs:12:7
[INFO] [stdout]    |
[INFO] [stdout] 12 |     #[serde(rename = "ignored")]
[INFO] [stdout]    |       ^^^^^
[INFO] [stdout]    |
[INFO] [stdout]    = note: `serde` is in scope, but it is a crate, not an attribute
[INFO] [stdout] 
[INFO] [stdout] 
[INFO] [stdout] For more information about this error, try `rustc --explain E0432`.
[INFO] [stdout] 
[INFO] [stdout] error: cannot find attribute `schemars` in this scope
[INFO] [stdout]   --> tests/property_name.rs:13:7
[INFO] [stdout]    |
[INFO] [stdout] 13 |     #[schemars(rename = "new_name_2")]
[INFO] [stdout]    |       ^^^^^^^^
[INFO] [stdout] 
[INFO] [stdout] 
[INFO] [stderr] error: could not compile `architect-schemars` (test "range") due to 3 previous errors
[INFO] [stderr] warning: build failed, waiting for other jobs to finish...
[INFO] [stdout] Some errors have detailed explanations: E0432, E0433.
[INFO] [stdout] 
[INFO] [stdout] For more information about an error, try `rustc --explain E0432`.
[INFO] [stdout] 
[INFO] [stdout] Some errors have detailed explanations: E0432, E0433.
[INFO] [stdout] 
[INFO] [stdout] For more information about an error, try `rustc --explain E0432`.
[INFO] [stdout] 
[INFO] [stderr] error: could not compile `architect-schemars` (example "from_value") due to 1 previous error
[INFO] [stdout] Some errors have detailed explanations: E0432, E0433.
[INFO] [stdout] 
[INFO] [stdout] For more information about an error, try `rustc --explain E0432`.
[INFO] [stdout] 
[INFO] [stdout] error: cannot find attribute `schemars` in this scope
[INFO] [stdout]   --> tests/enum_deny_unknown_fields.rs:22:3
[INFO] [stdout]    |
[INFO] [stdout] 22 | #[schemars(rename_all = "camelCase", deny_unknown_fields)]
[INFO] [stdout]    |   ^^^^^^^^
[INFO] [stdout] 
[INFO] [stdout] 
[INFO] [stderr] error: could not compile `architect-schemars` (test "crate_alias") due to 4 previous errors
[INFO] [stderr] error: could not compile `architect-schemars` (test "skip") due to 15 previous errors
[INFO] [stdout] error: cannot find attribute `schemars` in this scope
[INFO] [stdout]   --> tests/enum_deny_unknown_fields.rs:34:7
[INFO] [stdout]    |
[INFO] [stdout] 34 |     #[schemars(with = "i32")]
[INFO] [stdout]    |       ^^^^^^^^
[INFO] [stdout] 
[INFO] [stdout] 
[INFO] [stdout] error: cannot find attribute `serde` in this scope
[INFO] [stdout]   --> examples/remote_derive.rs:19:3
[INFO] [stdout]    |
[INFO] [stdout] 19 | #[serde(remote = "Duration")]
[INFO] [stdout]    |   ^^^^^
[INFO] [stdout]    |
[INFO] [stdout]    = note: `serde` is in scope, but it is a crate, not an attribute
[INFO] [stdout] 
[INFO] [stdout] 
[INFO] [stdout] error: cannot find attribute `schemars` in this scope
[INFO] [stdout]   --> tests/enum_deny_unknown_fields.rs:46:3
[INFO] [stdout]    |
[INFO] [stdout] 46 | #[schemars(tag = "typeProperty", deny_unknown_fields)]
[INFO] [stdout]    |   ^^^^^^^^
[INFO] [stdout] 
[INFO] [stdout] 
[INFO] [stderr] error: could not compile `architect-schemars` (test "property_name") due to 7 previous errors
[INFO] [stdout] error: cannot find attribute `serde` in this scope
[INFO] [stdout]   --> examples/remote_derive.rs:32:7
[INFO] [stdout]    |
[INFO] [stdout] 32 |     #[serde(with = "DurationDef")]
[INFO] [stdout]    |       ^^^^^
[INFO] [stdout]    |
[INFO] [stdout]    = note: `serde` is in scope, but it is a crate, not an attribute
[INFO] [stdout] 
[INFO] [stdout] 
[INFO] [stdout] error: cannot find attribute `schemars` in this scope
[INFO] [stdout]   --> tests/enum_deny_unknown_fields.rs:57:7
[INFO] [stdout]    |
[INFO] [stdout] 57 |     #[schemars(with = "i32")]
[INFO] [stdout]    |       ^^^^^^^^
[INFO] [stdout] 
[INFO] [stdout] 
[INFO] [stdout] error: cannot find attribute `serde` in this scope
[INFO] [stdout]   --> examples/remote_derive.rs:35:7
[INFO] [stdout]    |
[INFO] [stdout] 35 |     #[serde(with = "Vec::<DurationDef>")]
[INFO] [stdout]    |       ^^^^^
[INFO] [stdout]    |
[INFO] [stdout]    = note: `serde` is in scope, but it is a crate, not an attribute
[INFO] [stdout] 
[INFO] [stdout] 
[INFO] [stdout] error: cannot find attribute `schemars` in this scope
[INFO] [stdout]   --> tests/enum_deny_unknown_fields.rs:69:3
[INFO] [stdout]    |
[INFO] [stdout] 69 | #[schemars(untagged, deny_unknown_fields)]
[INFO] [stdout]    |   ^^^^^^^^
[INFO] [stdout] 
[INFO] [stdout] 
[INFO] [stdout] error: cannot find attribute `schemars` in this scope
[INFO] [stdout]   --> tests/enum_deny_unknown_fields.rs:80:7
[INFO] [stdout]    |
[INFO] [stdout] 80 |     #[schemars(with = "i32")]
[INFO] [stdout]    |       ^^^^^^^^
[INFO] [stdout] 
[INFO] [stdout] 
[INFO] [stdout] error: cannot find attribute `schemars` in this scope
[INFO] [stdout]   --> tests/enum_deny_unknown_fields.rs:92:3
[INFO] [stdout]    |
[INFO] [stdout] 92 | #[schemars(tag = "t", content = "c", deny_unknown_fields)]
[INFO] [stdout]    |   ^^^^^^^^
[INFO] [stdout] 
[INFO] [stdout] 
[INFO] [stdout] For more information about this error, try `rustc --explain E0432`.
[INFO] [stdout] 
[INFO] [stdout] error: cannot find attribute `schemars` in this scope
[INFO] [stdout]    --> tests/enum_deny_unknown_fields.rs:104:7
[INFO] [stdout]     |
[INFO] [stdout] 104 |     #[schemars(with = "i32")]
[INFO] [stdout]     |       ^^^^^^^^
[INFO] [stdout] 
[INFO] [stdout] 
[INFO] [stdout] error: cannot find attribute `schemars` in this scope
[INFO] [stdout]    --> tests/enum_deny_unknown_fields.rs:115:3
[INFO] [stdout]     |
[INFO] [stdout] 115 | #[schemars(tag = "typeProperty", deny_unknown_fields)]
[INFO] [stdout]     |   ^^^^^^^^
[INFO] [stdout] 
[INFO] [stdout] 
[INFO] [stderr] error: could not compile `architect-schemars` (example "remote_derive") due to 4 previous errors
[INFO] [stdout] error[E0599]: no function or associated item named `schema_name` found for struct `Struct` in the current scope
[INFO] [stdout]   --> tests/dereference.rs:15:58
[INFO] [stdout]    |
[INFO] [stdout] 6  | struct Struct {
[INFO] [stdout]    | ------------- function or associated item `schema_name` not found for this struct
[INFO] [stdout] ...
[INFO] [stdout] 15 |     let struct_schema = gen.definitions().get(&<Struct>::schema_name()).unwrap();
[INFO] [stdout]    |                                                          ^^^^^^^^^^^ function or associated item not found in `Struct`
[INFO] [stdout]    |
[INFO] [stdout]    = help: items from traits can only be used if the trait is implemented and in scope
[INFO] [stdout]    = note: the following trait defines an item `schema_name`, perhaps you need to implement it:
[INFO] [stdout]            candidate #1: `architect_schemars::JsonSchema`
[INFO] [stdout] 
[INFO] [stdout] 
[INFO] [stdout] Some errors have detailed explanations: E0432, E0433.
[INFO] [stdout] 
[INFO] [stdout] For more information about an error, try `rustc --explain E0432`.
[INFO] [stdout] 
[INFO] [stdout] Some errors have detailed explanations: E0432, E0433, E0599.
[INFO] [stdout] 
[INFO] [stdout] For more information about an error, try `rustc --explain E0432`.
[INFO] [stdout] 
[INFO] [stderr] error: could not compile `architect-schemars` (test "enum_deny_unknown_fields") due to 12 previous errors
[INFO] [stderr] error: could not compile `architect-schemars` (test "dereference") due to 3 previous errors
[INFO] running `Command { std: "docker" "inspect" "5a0dd63d176b4c45eca952b276df1ef335a5530e33f3c9e70dae5c36cc2553c9", kill_on_drop: false }`
[INFO] running `Command { std: "docker" "rm" "-f" "5a0dd63d176b4c45eca952b276df1ef335a5530e33f3c9e70dae5c36cc2553c9", kill_on_drop: false }`
[INFO] [stdout] 5a0dd63d176b4c45eca952b276df1ef335a5530e33f3c9e70dae5c36cc2553c9
