[INFO] fetching crate ar_row_derive 1.1.0...
[INFO] testing ar_row_derive-1.1.0 against nightly-2024-10-28 for randomize-layout
[INFO] extracting crate ar_row_derive 1.1.0 into /workspace/builds/worker-1-tc1/source
[INFO] validating manifest of crates.io crate ar_row_derive 1.1.0 on toolchain nightly-2024-10-28
[INFO] running `Command { std: CARGO_HOME="/workspace/cargo-home" RUSTUP_HOME="/workspace/rustup-home" "/workspace/cargo-home/bin/cargo" "+nightly-2024-10-28" "metadata" "--manifest-path" "Cargo.toml" "--no-deps", kill_on_drop: false }`
[INFO] started tweaking crates.io crate ar_row_derive 1.1.0
[INFO] removed 0 missing tests
[INFO] finished tweaking crates.io crate ar_row_derive 1.1.0
[INFO] tweaked toml for crates.io crate ar_row_derive 1.1.0 written to /workspace/builds/worker-1-tc1/source/Cargo.toml
[INFO] running `Command { std: CARGO_HOME="/workspace/cargo-home" RUSTUP_HOME="/workspace/rustup-home" "/workspace/cargo-home/bin/cargo" "+nightly-2024-10-28" "generate-lockfile" "--manifest-path" "Cargo.toml", kill_on_drop: false }`
[INFO] [stderr]     Updating crates.io index
[INFO] [stderr]      Locking 147 packages to latest compatible versions
[INFO] running `Command { std: CARGO_HOME="/workspace/cargo-home" RUSTUP_HOME="/workspace/rustup-home" "/workspace/cargo-home/bin/cargo" "+nightly-2024-10-28" "fetch" "--manifest-path" "Cargo.toml", kill_on_drop: false }`
[INFO] [stderr] warning: no edition set: defaulting to the 2015 edition while the latest is 2021
[INFO] [stderr]  Downloading crates ...
[INFO] [stderr]   Downloaded rust_decimal_macros v1.36.0
[INFO] [stderr]   Downloaded scratch v1.0.7
[INFO] [stderr]   Downloaded cxx-build v1.0.129
[INFO] [stderr]   Downloaded ar_row v1.1.0
[INFO] [stderr]   Downloaded unsafe_unwrap v0.1.0
[INFO] running `Command { std: "docker" "create" "-v" "/var/lib/crater-agent-workspace/builds/worker-1-tc1/target:/opt/rustwide/target:rw,Z" "-v" "/var/lib/crater-agent-workspace/builds/worker-1-tc1/source:/opt/rustwide/workdir:ro,Z" "-v" "/var/lib/crater-agent-workspace/cargo-home:/opt/rustwide/cargo-home:ro,Z" "-v" "/var/lib/crater-agent-workspace/rustup-home:/opt/rustwide/rustup-home:ro,Z" "-e" "SOURCE_DIR=/opt/rustwide/workdir" "-e" "CARGO_TARGET_DIR=/opt/rustwide/target" "-e" "CARGO_HOME=/opt/rustwide/cargo-home" "-e" "RUSTUP_HOME=/opt/rustwide/rustup-home" "-w" "/opt/rustwide/workdir" "-m" "1610612736" "--user" "0:0" "--network" "none" "ghcr.io/rust-lang/crates-build-env/linux@sha256:4a844ea9eb2546a2d2c7022eacef16ef2e8229c7fbb2c7d4d55a9ceca922f72d" "/opt/rustwide/cargo-home/bin/cargo" "+nightly-2024-10-28" "metadata" "--no-deps" "--format-version=1", kill_on_drop: false }`
[INFO] [stdout] 610bf4fb2e2ff9c6bcf217d7cf0b6428e0b503f4baf7e2782f92e28d8bf8cec6
[INFO] running `Command { std: "docker" "start" "-a" "610bf4fb2e2ff9c6bcf217d7cf0b6428e0b503f4baf7e2782f92e28d8bf8cec6", kill_on_drop: false }`
[INFO] running `Command { std: "docker" "inspect" "610bf4fb2e2ff9c6bcf217d7cf0b6428e0b503f4baf7e2782f92e28d8bf8cec6", kill_on_drop: false }`
[INFO] running `Command { std: "docker" "rm" "-f" "610bf4fb2e2ff9c6bcf217d7cf0b6428e0b503f4baf7e2782f92e28d8bf8cec6", kill_on_drop: false }`
[INFO] [stdout] 610bf4fb2e2ff9c6bcf217d7cf0b6428e0b503f4baf7e2782f92e28d8bf8cec6
[INFO] running `Command { std: "docker" "create" "-v" "/var/lib/crater-agent-workspace/builds/worker-1-tc1/target:/opt/rustwide/target:rw,Z" "-v" "/var/lib/crater-agent-workspace/builds/worker-1-tc1/source:/opt/rustwide/workdir:ro,Z" "-v" "/var/lib/crater-agent-workspace/cargo-home:/opt/rustwide/cargo-home:ro,Z" "-v" "/var/lib/crater-agent-workspace/rustup-home:/opt/rustwide/rustup-home:ro,Z" "-e" "SOURCE_DIR=/opt/rustwide/workdir" "-e" "CARGO_TARGET_DIR=/opt/rustwide/target" "-e" "CARGO_INCREMENTAL=0" "-e" "RUST_BACKTRACE=full" "-e" "RUSTFLAGS=--cap-lints=forbid" "-e" "RUSTDOCFLAGS=--cap-lints=forbid" "-e" "CARGO_HOME=/opt/rustwide/cargo-home" "-e" "RUSTUP_HOME=/opt/rustwide/rustup-home" "-w" "/opt/rustwide/workdir" "-m" "1610612736" "--user" "0:0" "--network" "none" "ghcr.io/rust-lang/crates-build-env/linux@sha256:4a844ea9eb2546a2d2c7022eacef16ef2e8229c7fbb2c7d4d55a9ceca922f72d" "/opt/rustwide/cargo-home/bin/cargo" "+nightly-2024-10-28" "build" "--frozen" "--message-format=json", kill_on_drop: false }`
[INFO] [stdout] e512c3cfe25be8388631ab5371d1021f54ce2b15e5e6d5b5d2950e5a38f229b1
[INFO] running `Command { std: "docker" "start" "-a" "e512c3cfe25be8388631ab5371d1021f54ce2b15e5e6d5b5d2950e5a38f229b1", kill_on_drop: false }`
[INFO] [stderr] warning: no edition set: defaulting to the 2015 edition while the latest is 2021
[INFO] [stderr]    Compiling libm v0.2.11
[INFO] [stderr]    Compiling cfg-if v1.0.0
[INFO] [stderr]    Compiling tiny-keccak v2.0.2
[INFO] [stderr]    Compiling bytes v1.8.0
[INFO] [stderr]    Compiling arrow-schema v53.2.0
[INFO] [stderr]    Compiling iana-time-zone v0.1.61
[INFO] [stderr]    Compiling zerocopy v0.7.35
[INFO] [stderr]    Compiling hashbrown v0.14.5
[INFO] [stderr]    Compiling static_assertions v1.1.0
[INFO] [stderr]    Compiling memchr v2.7.4
[INFO] [stderr]    Compiling num-traits v0.2.19
[INFO] [stderr]    Compiling crunchy v0.2.2
[INFO] [stderr]    Compiling libc v0.2.161
[INFO] [stderr]    Compiling ahash v0.8.11
[INFO] [stderr]    Compiling serde v1.0.214
[INFO] [stderr]    Compiling ryu v1.0.18
[INFO] [stderr]    Compiling lexical-util v1.0.3
[INFO] [stderr]    Compiling regex-syntax v0.8.5
[INFO] [stderr]    Compiling itoa v1.0.11
[INFO] [stderr]    Compiling base64 v0.22.1
[INFO] [stderr]    Compiling flatbuffers v24.3.25
[INFO] [stderr]    Compiling serde_json v1.0.132
[INFO] [stderr]    Compiling equivalent v1.0.1
[INFO] [stderr]    Compiling hashbrown v0.15.0
[INFO] [stderr]    Compiling bitflags v1.3.2
[INFO] [stderr]    Compiling syn v2.0.86
[INFO] [stderr]    Compiling lazy_static v1.5.0
[INFO] [stderr]    Compiling thiserror v1.0.66
[INFO] [stderr]    Compiling lexical-parse-integer v1.0.2
[INFO] [stderr]    Compiling lexical-write-integer v1.0.2
[INFO] [stderr]    Compiling unsafe_unwrap v0.1.0
[INFO] [stderr]    Compiling aho-corasick v1.1.3
[INFO] [stderr]    Compiling getrandom v0.2.15
[INFO] [stderr]    Compiling csv-core v0.1.11
[INFO] [stderr]    Compiling lexical-write-float v1.0.2
[INFO] [stderr]    Compiling lexical-parse-float v1.0.2
[INFO] [stderr]    Compiling const-random-macro v0.1.16
[INFO] [stderr]    Compiling indexmap v2.6.0
[INFO] [stderr]    Compiling const-random v0.1.18
[INFO] [stderr]    Compiling lexical-core v1.0.2
[INFO] [stderr]    Compiling num-integer v0.1.46
[INFO] [stderr]    Compiling num-complex v0.4.6
[INFO] [stderr]    Compiling half v2.4.1
[INFO] [stderr]    Compiling chrono v0.4.38
[INFO] [stderr]    Compiling atoi v2.0.0
[INFO] [stderr]    Compiling num-bigint v0.4.6
[INFO] [stderr]    Compiling num-iter v0.1.45
[INFO] [stderr]    Compiling regex-automata v0.4.8
[INFO] [stderr]    Compiling csv v1.3.0
[INFO] [stderr]    Compiling num-rational v0.4.2
[INFO] [stderr]    Compiling num v0.4.3
[INFO] [stderr]    Compiling arrow-buffer v53.2.0
[INFO] [stderr]    Compiling thiserror-impl v1.0.66
[INFO] [stderr]    Compiling arrow-data v53.2.0
[INFO] [stderr]    Compiling regex v1.11.1
[INFO] [stderr]    Compiling arrow-array v53.2.0
[INFO] [stderr]    Compiling arrow-select v53.2.0
[INFO] [stderr]    Compiling arrow-arith v53.2.0
[INFO] [stderr]    Compiling arrow-row v53.2.0
[INFO] [stderr]    Compiling arrow-cast v53.2.0
[INFO] [stderr]    Compiling arrow-string v53.2.0
[INFO] [stderr]    Compiling arrow-ord v53.2.0
[INFO] [stderr]    Compiling arrow-csv v53.2.0
[INFO] [stderr]    Compiling arrow-json v53.2.0
[INFO] [stderr]    Compiling arrow-ipc v53.2.0
[INFO] [stderr]    Compiling arrow v53.2.0
[INFO] [stderr]    Compiling ar_row v1.1.0
[INFO] [stderr]    Compiling ar_row_derive v1.1.0 (/opt/rustwide/workdir)
[INFO] [stderr]     Finished `dev` profile [unoptimized + debuginfo] target(s) in 13.51s
[INFO] running `Command { std: "docker" "inspect" "e512c3cfe25be8388631ab5371d1021f54ce2b15e5e6d5b5d2950e5a38f229b1", kill_on_drop: false }`
[INFO] running `Command { std: "docker" "rm" "-f" "e512c3cfe25be8388631ab5371d1021f54ce2b15e5e6d5b5d2950e5a38f229b1", kill_on_drop: false }`
[INFO] [stdout] e512c3cfe25be8388631ab5371d1021f54ce2b15e5e6d5b5d2950e5a38f229b1
[INFO] running `Command { std: "docker" "create" "-v" "/var/lib/crater-agent-workspace/builds/worker-1-tc1/target:/opt/rustwide/target:rw,Z" "-v" "/var/lib/crater-agent-workspace/builds/worker-1-tc1/source:/opt/rustwide/workdir:ro,Z" "-v" "/var/lib/crater-agent-workspace/cargo-home:/opt/rustwide/cargo-home:ro,Z" "-v" "/var/lib/crater-agent-workspace/rustup-home:/opt/rustwide/rustup-home:ro,Z" "-e" "SOURCE_DIR=/opt/rustwide/workdir" "-e" "CARGO_TARGET_DIR=/opt/rustwide/target" "-e" "CARGO_INCREMENTAL=0" "-e" "RUST_BACKTRACE=full" "-e" "RUSTFLAGS=--cap-lints=forbid" "-e" "RUSTDOCFLAGS=--cap-lints=forbid" "-e" "CARGO_HOME=/opt/rustwide/cargo-home" "-e" "RUSTUP_HOME=/opt/rustwide/rustup-home" "-w" "/opt/rustwide/workdir" "-m" "1610612736" "--user" "0:0" "--network" "none" "ghcr.io/rust-lang/crates-build-env/linux@sha256:4a844ea9eb2546a2d2c7022eacef16ef2e8229c7fbb2c7d4d55a9ceca922f72d" "/opt/rustwide/cargo-home/bin/cargo" "+nightly-2024-10-28" "test" "--frozen" "--no-run" "--message-format=json", kill_on_drop: false }`
[INFO] [stdout] 853aa8e3efec1729099119f83ce67b7acb6d7513924b154cd3b8e0dd02003b85
[INFO] running `Command { std: "docker" "start" "-a" "853aa8e3efec1729099119f83ce67b7acb6d7513924b154cd3b8e0dd02003b85", kill_on_drop: false }`
[INFO] [stderr] warning: no edition set: defaulting to the 2015 edition while the latest is 2021
[INFO] [stderr]    Compiling arrow-schema v53.2.0
[INFO] [stderr]    Compiling zerocopy v0.7.35
[INFO] [stderr]    Compiling hashbrown v0.14.5
[INFO] [stderr]    Compiling lexical-util v1.0.3
[INFO] [stderr]    Compiling serde v1.0.214
[INFO] [stderr]    Compiling aho-corasick v1.1.3
[INFO] [stderr]    Compiling num-traits v0.2.19
[INFO] [stderr]    Compiling ahash v0.8.11
[INFO] [stderr]    Compiling proc-macro2 v1.0.89
[INFO] [stderr]    Compiling regex-syntax v0.8.5
[INFO] [stderr]    Compiling serde_json v1.0.132
[INFO] [stderr]    Compiling csv-core v0.1.11
[INFO] [stderr]    Compiling const-random-macro v0.1.16
[INFO] [stderr]    Compiling indexmap v2.6.0
[INFO] [stderr]    Compiling flatbuffers v24.3.25
[INFO] [stderr]    Compiling rust_decimal v1.36.0
[INFO] [stderr]    Compiling arrayvec v0.7.6
[INFO] [stderr]    Compiling unsafe_unwrap v0.1.0
[INFO] [stderr]    Compiling const-random v0.1.18
[INFO] [stderr]    Compiling lexical-write-integer v1.0.2
[INFO] [stderr]    Compiling lexical-parse-integer v1.0.2
[INFO] [stderr]    Compiling quote v1.0.37
[INFO] [stderr]    Compiling lexical-write-float v1.0.2
[INFO] [stderr]    Compiling lexical-parse-float v1.0.2
[INFO] [stderr]    Compiling syn v2.0.86
[INFO] [stderr]    Compiling num-integer v0.1.46
[INFO] [stderr]    Compiling num-complex v0.4.6
[INFO] [stderr]    Compiling half v2.4.1
[INFO] [stderr]    Compiling chrono v0.4.38
[INFO] [stderr]    Compiling atoi v2.0.0
[INFO] [stderr]    Compiling lexical-core v1.0.2
[INFO] [stderr]    Compiling num-bigint v0.4.6
[INFO] [stderr]    Compiling num-iter v0.1.45
[INFO] [stderr]    Compiling regex-automata v0.4.8
[INFO] [stderr]    Compiling num-rational v0.4.2
[INFO] [stderr]    Compiling num v0.4.3
[INFO] [stderr]    Compiling arrow-buffer v53.2.0
[INFO] [stderr]    Compiling csv v1.3.0
[INFO] [stderr]    Compiling arrow-data v53.2.0
[INFO] [stderr]    Compiling rust_decimal_macros v1.36.0
[INFO] [stderr]    Compiling arrow-array v53.2.0
[INFO] [stderr]    Compiling regex v1.11.1
[INFO] [stderr]    Compiling thiserror-impl v1.0.66
[INFO] [stderr]    Compiling thiserror v1.0.66
[INFO] [stderr]    Compiling arrow-select v53.2.0
[INFO] [stderr]    Compiling arrow-row v53.2.0
[INFO] [stderr]    Compiling arrow-arith v53.2.0
[INFO] [stderr]    Compiling arrow-cast v53.2.0
[INFO] [stderr]    Compiling arrow-string v53.2.0
[INFO] [stderr]    Compiling arrow-ord v53.2.0
[INFO] [stderr]    Compiling arrow-csv v53.2.0
[INFO] [stderr]    Compiling arrow-json v53.2.0
[INFO] [stderr]    Compiling arrow-ipc v53.2.0
[INFO] [stderr]    Compiling arrow v53.2.0
[INFO] [stderr]    Compiling ar_row v1.1.0
[INFO] [stderr]    Compiling ar_row_derive v1.1.0 (/opt/rustwide/workdir)
[INFO] [stdout] error[E0463]: can't find crate for `orc_rust`
[INFO] [stdout]  --> tests/datatypes.rs:8:1
[INFO] [stdout]   |
[INFO] [stdout] 8 | extern crate orc_rust;
[INFO] [stdout]   | ^^^^^^^^^^^^^^^^^^^^^^ can't find crate
[INFO] [stdout] 
[INFO] [stdout] 
[INFO] [stdout] error[E0463]: can't find crate for `orc_rust`
[INFO] [stdout]  --> tests/nulls.rs:8:1
[INFO] [stdout]   |
[INFO] [stdout] 8 | extern crate orc_rust;
[INFO] [stdout]   | ^^^^^^^^^^^^^^^^^^^^^^ can't find crate
[INFO] [stdout] 
[INFO] [stdout] 
[INFO] [stdout] error[E0463]: can't find crate for `orc_rust`
[INFO] [stdout]  --> tests/timestamp.rs:8:1
[INFO] [stdout]   |
[INFO] [stdout] 8 | extern crate orc_rust;
[INFO] [stdout]   | ^^^^^^^^^^^^^^^^^^^^^^ can't find crate
[INFO] [stdout] 
[INFO] [stdout] 
[INFO] [stdout] error[E0463]: can't find crate for `orc_rust`
[INFO] [stdout]  --> tests/test1.rs:8:1
[INFO] [stdout]   |
[INFO] [stdout] 8 | extern crate orc_rust;
[INFO] [stdout]   | ^^^^^^^^^^^^^^^^^^^^^^ can't find crate
[INFO] [stdout] 
[INFO] [stdout] 
[INFO] [stdout] For more information about this error, try `rustc --explain E0463`.
[INFO] [stdout] 
[INFO] [stderr] error: could not compile `ar_row_derive` (test "timestamp") due to 1 previous error
[INFO] [stderr] warning: build failed, waiting for other jobs to finish...
[INFO] [stdout] For more information about this error, try `rustc --explain E0463`.
[INFO] [stdout] 
[INFO] [stdout] For more information about this error, try `rustc --explain E0463`.
[INFO] [stdout] 
[INFO] [stderr] error: could not compile `ar_row_derive` (test "nulls") due to 1 previous error
[INFO] [stderr] error: could not compile `ar_row_derive` (test "datatypes") due to 1 previous error
[INFO] [stdout] For more information about this error, try `rustc --explain E0463`.
[INFO] [stdout] 
[INFO] [stderr] error: could not compile `ar_row_derive` (test "test1") due to 1 previous error
[INFO] running `Command { std: "docker" "inspect" "853aa8e3efec1729099119f83ce67b7acb6d7513924b154cd3b8e0dd02003b85", kill_on_drop: false }`
[INFO] running `Command { std: "docker" "rm" "-f" "853aa8e3efec1729099119f83ce67b7acb6d7513924b154cd3b8e0dd02003b85", kill_on_drop: false }`
[INFO] [stdout] 853aa8e3efec1729099119f83ce67b7acb6d7513924b154cd3b8e0dd02003b85
