[INFO] fetching crate aptos-logger-link 0.1.0...
[INFO] testing aptos-logger-link-0.1.0 against nightly-2024-10-28 for randomize-layout
[INFO] extracting crate aptos-logger-link 0.1.0 into /workspace/builds/worker-6-tc1/source
[INFO] validating manifest of crates.io crate aptos-logger-link 0.1.0 on toolchain nightly-2024-10-28
[INFO] running `Command { std: CARGO_HOME="/workspace/cargo-home" RUSTUP_HOME="/workspace/rustup-home" "/workspace/cargo-home/bin/cargo" "+nightly-2024-10-28" "metadata" "--manifest-path" "Cargo.toml" "--no-deps", kill_on_drop: false }`
[INFO] started tweaking crates.io crate aptos-logger-link 0.1.0
[INFO] finished tweaking crates.io crate aptos-logger-link 0.1.0
[INFO] tweaked toml for crates.io crate aptos-logger-link 0.1.0 written to /workspace/builds/worker-6-tc1/source/Cargo.toml
[INFO] running `Command { std: CARGO_HOME="/workspace/cargo-home" RUSTUP_HOME="/workspace/rustup-home" "/workspace/cargo-home/bin/cargo" "+nightly-2024-10-28" "generate-lockfile" "--manifest-path" "Cargo.toml", kill_on_drop: false }`
[INFO] [stderr]     Updating crates.io index
[INFO] [stderr]      Locking 169 packages to latest compatible versions
[INFO] [stderr]       Adding console-subscriber v0.1.10 (available: v0.4.1)
[INFO] [stderr]       Adding erased-serde v0.3.31 (available: v0.4.5)
[INFO] [stderr]       Adding hostname v0.3.1 (available: v0.4.0)
[INFO] [stderr]       Adding strum v0.24.1 (available: v0.26.3)
[INFO] [stderr]       Adding strum_macros v0.24.3 (available: v0.26.4)
[INFO] running `Command { std: CARGO_HOME="/workspace/cargo-home" RUSTUP_HOME="/workspace/rustup-home" "/workspace/cargo-home/bin/cargo" "+nightly-2024-10-28" "fetch" "--manifest-path" "Cargo.toml", kill_on_drop: false }`
[INFO] [stderr]  Downloading crates ...
[INFO] [stderr]   Downloaded aptos-infallible-link v0.1.0
[INFO] [stderr]   Downloaded aptos-log-derive-link v0.1.0
[INFO] [stderr]   Downloaded console-subscriber v0.1.10
[INFO] [stderr]   Downloaded console-api v0.5.0
[INFO] running `Command { std: "docker" "create" "-v" "/var/lib/crater-agent-workspace/builds/worker-6-tc1/target:/opt/rustwide/target:rw,Z" "-v" "/var/lib/crater-agent-workspace/builds/worker-6-tc1/source:/opt/rustwide/workdir:ro,Z" "-v" "/var/lib/crater-agent-workspace/cargo-home:/opt/rustwide/cargo-home:ro,Z" "-v" "/var/lib/crater-agent-workspace/rustup-home:/opt/rustwide/rustup-home:ro,Z" "-e" "SOURCE_DIR=/opt/rustwide/workdir" "-e" "CARGO_TARGET_DIR=/opt/rustwide/target" "-e" "CARGO_HOME=/opt/rustwide/cargo-home" "-e" "RUSTUP_HOME=/opt/rustwide/rustup-home" "-w" "/opt/rustwide/workdir" "-m" "1610612736" "--user" "0:0" "--network" "none" "ghcr.io/rust-lang/crates-build-env/linux@sha256:4a844ea9eb2546a2d2c7022eacef16ef2e8229c7fbb2c7d4d55a9ceca922f72d" "/opt/rustwide/cargo-home/bin/cargo" "+nightly-2024-10-28" "metadata" "--no-deps" "--format-version=1", kill_on_drop: false }`
[INFO] [stdout] 3499f995d60d177aa6e1d0dcc5728e166a89a2a8fcd2f7d31224aa4db0543c58
[INFO] running `Command { std: "docker" "start" "-a" "3499f995d60d177aa6e1d0dcc5728e166a89a2a8fcd2f7d31224aa4db0543c58", kill_on_drop: false }`
[INFO] running `Command { std: "docker" "inspect" "3499f995d60d177aa6e1d0dcc5728e166a89a2a8fcd2f7d31224aa4db0543c58", kill_on_drop: false }`
[INFO] running `Command { std: "docker" "rm" "-f" "3499f995d60d177aa6e1d0dcc5728e166a89a2a8fcd2f7d31224aa4db0543c58", kill_on_drop: false }`
[INFO] [stdout] 3499f995d60d177aa6e1d0dcc5728e166a89a2a8fcd2f7d31224aa4db0543c58
[INFO] running `Command { std: "docker" "create" "-v" "/var/lib/crater-agent-workspace/builds/worker-6-tc1/target:/opt/rustwide/target:rw,Z" "-v" "/var/lib/crater-agent-workspace/builds/worker-6-tc1/source:/opt/rustwide/workdir:ro,Z" "-v" "/var/lib/crater-agent-workspace/cargo-home:/opt/rustwide/cargo-home:ro,Z" "-v" "/var/lib/crater-agent-workspace/rustup-home:/opt/rustwide/rustup-home:ro,Z" "-e" "SOURCE_DIR=/opt/rustwide/workdir" "-e" "CARGO_TARGET_DIR=/opt/rustwide/target" "-e" "CARGO_INCREMENTAL=0" "-e" "RUST_BACKTRACE=full" "-e" "RUSTFLAGS=--cap-lints=forbid" "-e" "RUSTDOCFLAGS=--cap-lints=forbid" "-e" "CARGO_HOME=/opt/rustwide/cargo-home" "-e" "RUSTUP_HOME=/opt/rustwide/rustup-home" "-w" "/opt/rustwide/workdir" "-m" "1610612736" "--user" "0:0" "--network" "none" "ghcr.io/rust-lang/crates-build-env/linux@sha256:4a844ea9eb2546a2d2c7022eacef16ef2e8229c7fbb2c7d4d55a9ceca922f72d" "/opt/rustwide/cargo-home/bin/cargo" "+nightly-2024-10-28" "build" "--frozen" "--message-format=json", kill_on_drop: false }`
[INFO] [stdout] eef64a7f62d8dfe898363c267d88682c1bfe84e5b6baa98bae63d30ad8ee73da
[INFO] running `Command { std: "docker" "start" "-a" "eef64a7f62d8dfe898363c267d88682c1bfe84e5b6baa98bae63d30ad8ee73da", kill_on_drop: false }`
[INFO] [stderr]    Compiling memchr v2.7.4
[INFO] [stderr]    Compiling libc v0.2.161
[INFO] [stderr]    Compiling pin-project-lite v0.2.15
[INFO] [stderr]    Compiling once_cell v1.20.2
[INFO] [stderr]    Compiling serde v1.0.214
[INFO] [stderr]    Compiling parking_lot_core v0.9.10
[INFO] [stderr]    Compiling futures-sink v0.3.31
[INFO] [stderr]    Compiling smallvec v1.13.2
[INFO] [stderr]    Compiling syn v1.0.109
[INFO] [stderr]    Compiling futures-core v0.3.31
[INFO] [stderr]    Compiling futures-task v0.3.31
[INFO] [stderr]    Compiling scopeguard v1.2.0
[INFO] [stderr]    Compiling slab v0.4.9
[INFO] [stderr]    Compiling lock_api v0.4.12
[INFO] [stderr]    Compiling num-traits v0.2.19
[INFO] [stderr]    Compiling syn v2.0.86
[INFO] [stderr]    Compiling pin-utils v0.1.0
[INFO] [stderr]    Compiling lazy_static v1.5.0
[INFO] [stderr]    Compiling futures-io v0.3.31
[INFO] [stderr]    Compiling futures-channel v0.3.31
[INFO] [stderr]    Compiling adler2 v2.0.0
[INFO] [stderr]    Compiling prometheus v0.13.4
[INFO] [stderr]    Compiling log v0.4.22
[INFO] [stderr]    Compiling tracing-core v0.1.32
[INFO] [stderr]    Compiling overload v0.1.1
[INFO] [stderr]    Compiling gimli v0.31.1
[INFO] [stderr]    Compiling miniz_oxide v0.8.0
[INFO] [stderr]    Compiling thread_local v1.1.8
[INFO] [stderr]    Compiling nu-ansi-term v0.46.0
[INFO] [stderr]    Compiling sharded-slab v0.1.7
[INFO] [stderr]    Compiling fnv v1.0.7
[INFO] [stderr]    Compiling match_cfg v0.1.0
[INFO] [stderr]    Compiling iana-time-zone v0.1.61
[INFO] [stderr]    Compiling rustc-demangle v0.1.24
[INFO] [stderr]    Compiling tokio v1.41.0
[INFO] [stderr]    Compiling strum v0.24.1
[INFO] [stderr]    Compiling aptos-infallible-link v0.1.0
[INFO] [stderr]    Compiling tracing-log v0.2.0
[INFO] [stderr]    Compiling object v0.36.5
[INFO] [stderr]    Compiling tracing-subscriber v0.3.18
[INFO] [stderr]    Compiling chrono v0.4.38
[INFO] [stderr]    Compiling hostname v0.3.1
[INFO] [stderr]    Compiling parking_lot v0.12.3
[INFO] [stderr]    Compiling addr2line v0.24.2
[INFO] [stderr]    Compiling strum_macros v0.24.3
[INFO] [stderr]    Compiling aptos-log-derive-link v0.1.0
[INFO] [stderr]    Compiling serde_derive v1.0.214
[INFO] [stderr]    Compiling futures-macro v0.3.31
[INFO] [stderr]    Compiling thiserror-impl v1.0.66
[INFO] [stderr]    Compiling tracing-attributes v0.1.27
[INFO] [stderr]    Compiling futures-util v0.3.31
[INFO] [stderr]    Compiling tracing v0.1.40
[INFO] [stderr]    Compiling thiserror v1.0.66
[INFO] [stderr]    Compiling futures-executor v0.3.31
[INFO] [stderr]    Compiling futures v0.3.31
[INFO] [stderr]    Compiling backtrace v0.3.74
[INFO] [stderr]    Compiling erased-serde v0.3.31
[INFO] [stderr]    Compiling serde_json v1.0.132
[INFO] [stderr]    Compiling aptos-logger-link v0.1.0 (/opt/rustwide/workdir)
[INFO] [stdout] warning: call to `.borrow()` on a reference in this situation does nothing
[INFO] [stdout]   --> src/kv.rs:34:13
[INFO] [stdout]    |
[INFO] [stdout] 34 |         self.borrow()
[INFO] [stdout]    |             ^^^^^^^^^
[INFO] [stdout]    |
[INFO] [stdout]    = note: the type `Key` does not implement `Borrow`, so calling `borrow` on `&Key` copies the reference, which does not do anything and can be removed
[INFO] [stdout]    = note: `#[warn(noop_method_call)]` on by default
[INFO] [stdout] help: remove this redundant call
[INFO] [stdout]    |
[INFO] [stdout] 34 -         self.borrow()
[INFO] [stdout] 34 +         self
[INFO] [stdout]    |
[INFO] [stdout] help: if you meant to clone `Key`, implement `Clone` for it
[INFO] [stdout]    |
[INFO] [stdout] 22 + #[derive(Clone)]
[INFO] [stdout] 23 | pub struct Key(Cow<'static, str>);
[INFO] [stdout]    |
[INFO] [stdout] 
[INFO] [stdout] 
[INFO] [stderr]     Finished `dev` profile [unoptimized + debuginfo] target(s) in 8.51s
[INFO] running `Command { std: "docker" "inspect" "eef64a7f62d8dfe898363c267d88682c1bfe84e5b6baa98bae63d30ad8ee73da", kill_on_drop: false }`
[INFO] running `Command { std: "docker" "rm" "-f" "eef64a7f62d8dfe898363c267d88682c1bfe84e5b6baa98bae63d30ad8ee73da", kill_on_drop: false }`
[INFO] [stdout] eef64a7f62d8dfe898363c267d88682c1bfe84e5b6baa98bae63d30ad8ee73da
[INFO] running `Command { std: "docker" "create" "-v" "/var/lib/crater-agent-workspace/builds/worker-6-tc1/target:/opt/rustwide/target:rw,Z" "-v" "/var/lib/crater-agent-workspace/builds/worker-6-tc1/source:/opt/rustwide/workdir:ro,Z" "-v" "/var/lib/crater-agent-workspace/cargo-home:/opt/rustwide/cargo-home:ro,Z" "-v" "/var/lib/crater-agent-workspace/rustup-home:/opt/rustwide/rustup-home:ro,Z" "-e" "SOURCE_DIR=/opt/rustwide/workdir" "-e" "CARGO_TARGET_DIR=/opt/rustwide/target" "-e" "CARGO_INCREMENTAL=0" "-e" "RUST_BACKTRACE=full" "-e" "RUSTFLAGS=--cap-lints=forbid" "-e" "RUSTDOCFLAGS=--cap-lints=forbid" "-e" "CARGO_HOME=/opt/rustwide/cargo-home" "-e" "RUSTUP_HOME=/opt/rustwide/rustup-home" "-w" "/opt/rustwide/workdir" "-m" "1610612736" "--user" "0:0" "--network" "none" "ghcr.io/rust-lang/crates-build-env/linux@sha256:4a844ea9eb2546a2d2c7022eacef16ef2e8229c7fbb2c7d4d55a9ceca922f72d" "/opt/rustwide/cargo-home/bin/cargo" "+nightly-2024-10-28" "test" "--frozen" "--no-run" "--message-format=json", kill_on_drop: false }`
[INFO] [stdout] 7d3ee3d20e999d21d961bf92e64e7acabd73357899d73ceb65473b950e4f80b7
[INFO] running `Command { std: "docker" "start" "-a" "7d3ee3d20e999d21d961bf92e64e7acabd73357899d73ceb65473b950e4f80b7", kill_on_drop: false }`
[INFO] [stdout] warning: call to `.borrow()` on a reference in this situation does nothing
[INFO] [stdout]   --> src/kv.rs:34:13
[INFO] [stdout]    |
[INFO] [stdout] 34 |         self.borrow()
[INFO] [stdout]    |             ^^^^^^^^^
[INFO] [stdout]    |
[INFO] [stdout]    = note: the type `Key` does not implement `Borrow`, so calling `borrow` on `&Key` copies the reference, which does not do anything and can be removed
[INFO] [stdout]    = note: `#[warn(noop_method_call)]` on by default
[INFO] [stdout] help: remove this redundant call
[INFO] [stdout]    |
[INFO] [stdout] 34 -         self.borrow()
[INFO] [stdout] 34 +         self
[INFO] [stdout]    |
[INFO] [stdout] help: if you meant to clone `Key`, implement `Clone` for it
[INFO] [stdout]    |
[INFO] [stdout] 22 + #[derive(Clone)]
[INFO] [stdout] 23 | pub struct Key(Cow<'static, str>);
[INFO] [stdout]    |
[INFO] [stdout] 
[INFO] [stdout] 
[INFO] [stderr]    Compiling aptos-logger-link v0.1.0 (/opt/rustwide/workdir)
[INFO] [stdout] error[E0433]: failed to resolve: use of undeclared crate or module `aptos_logger`
[INFO] [stdout]  --> tests/logger.rs:5:5
[INFO] [stdout]   |
[INFO] [stdout] 5 | use aptos_logger::{aptos_logger::AptosData, info, Writer};
[INFO] [stdout]   |     ^^^^^^^^^^^^ use of undeclared crate or module `aptos_logger`
[INFO] [stdout] 
[INFO] [stdout] 
[INFO] [stdout] error[E0433]: failed to resolve: use of undeclared crate or module `aptos_logger`
[INFO] [stdout]  --> tests/remote.rs:4:5
[INFO] [stdout]   |
[INFO] [stdout] 4 | use aptos_logger::{aptos_logger::AptosData, debug, error, trace, Level};
[INFO] [stdout]   |     ^^^^^^^^^^^^ use of undeclared crate or module `aptos_logger`
[INFO] [stdout] 
[INFO] [stdout] 
[INFO] [stdout] error[E0433]: failed to resolve: use of undeclared crate or module `aptos_logger`
[INFO] [stdout]  --> tests/logger_custom_format.rs:5:5
[INFO] [stdout]   |
[INFO] [stdout] 5 | use aptos_logger::{aptos_logger::AptosData, info, Writer};
[INFO] [stdout]   |     ^^^^^^^^^^^^ use of undeclared crate or module `aptos_logger`
[INFO] [stdout] 
[INFO] [stdout] 
[INFO] [stdout] error[E0433]: failed to resolve: could not find `aptos_logger` in the list of imported crates
[INFO] [stdout]   --> tests/derive.rs:90:7
[INFO] [stdout]    |
[INFO] [stdout] 90 |     ::aptos_logger::info!(t);
[INFO] [stdout]    |       ^^^^^^^^^^^^ could not find `aptos_logger` in the list of imported crates
[INFO] [stdout] 
[INFO] [stdout] 
[INFO] [stdout] error[E0433]: failed to resolve: use of undeclared crate or module `aptos_logger`
[INFO] [stdout]  --> tests/tracing_translation_tests.rs:5:5
[INFO] [stdout]   |
[INFO] [stdout] 5 | use aptos_logger::{aptos_logger::AptosData, Writer};
[INFO] [stdout]   |     ^^^^^^^^^^^^ use of undeclared crate or module `aptos_logger`
[INFO] [stdout] 
[INFO] [stdout] 
[INFO] [stdout] error[E0432]: unresolved import `aptos_logger`
[INFO] [stdout]  --> tests/tracing_translation_tests.rs:5:5
[INFO] [stdout]   |
[INFO] [stdout] 5 | use aptos_logger::{aptos_logger::AptosData, Writer};
[INFO] [stdout]   |     ^^^^^^^^^^^^ help: a similar path exists: `aptos_logger_link::aptos_logger`
[INFO] [stdout] 
[INFO] [stdout] 
[INFO] [stdout] error[E0432]: unresolved import `aptos_logger`
[INFO] [stdout]  --> tests/remote.rs:4:5
[INFO] [stdout]   |
[INFO] [stdout] 4 | use aptos_logger::{aptos_logger::AptosData, debug, error, trace, Level};
[INFO] [stdout]   |     ^^^^^^^^^^^^ help: a similar path exists: `aptos_logger_link::aptos_logger`
[INFO] [stdout] 
[INFO] [stdout] 
[INFO] [stdout] error[E0432]: unresolved import `aptos_logger`
[INFO] [stdout]  --> tests/logger_custom_format.rs:5:5
[INFO] [stdout]   |
[INFO] [stdout] 5 | use aptos_logger::{aptos_logger::AptosData, info, Writer};
[INFO] [stdout]   |     ^^^^^^^^^^^^ help: a similar path exists: `aptos_logger_link::aptos_logger`
[INFO] [stdout] 
[INFO] [stdout] 
[INFO] [stdout] error[E0432]: unresolved import `aptos_logger`
[INFO] [stdout]  --> tests/logger.rs:5:5
[INFO] [stdout]   |
[INFO] [stdout] 5 | use aptos_logger::{aptos_logger::AptosData, info, Writer};
[INFO] [stdout]   |     ^^^^^^^^^^^^ help: a similar path exists: `aptos_logger_link::aptos_logger`
[INFO] [stdout] 
[INFO] [stdout] 
[INFO] [stdout] Some errors have detailed explanations: E0432, E0433.
[INFO] [stdout] 
[INFO] [stdout] For more information about an error, try `rustc --explain E0432`.
[INFO] [stdout] 
[INFO] [stdout] Some errors have detailed explanations: E0432, E0433.
[INFO] [stdout] 
[INFO] [stdout] For more information about an error, try `rustc --explain E0432`.
[INFO] [stdout] 
[INFO] [stdout] Some errors have detailed explanations: E0432, E0433.
[INFO] [stdout] 
[INFO] [stdout] For more information about an error, try `rustc --explain E0432`.
[INFO] [stdout] 
[INFO] [stderr] error: could not compile `aptos-logger-link` (test "tracing_translation_tests") due to 2 previous errors
[INFO] [stderr] warning: build failed, waiting for other jobs to finish...
[INFO] [stderr] error: could not compile `aptos-logger-link` (test "logger") due to 2 previous errors
[INFO] [stderr] error: could not compile `aptos-logger-link` (test "logger_custom_format") due to 2 previous errors
[INFO] [stdout] error[E0433]: failed to resolve: could not find `aptos_logger` in the list of imported crates
[INFO] [stdout]  --> tests/derive.rs:8:14
[INFO] [stdout]   |
[INFO] [stdout] 8 |     #[derive(Schema)]
[INFO] [stdout]   |              ^^^^^^ could not find `aptos_logger` in the list of imported crates
[INFO] [stdout]   |
[INFO] [stdout]   = note: this error originates in the derive macro `Schema` (in Nightly builds, run with -Z macro-backtrace for more info)
[INFO] [stdout] 
[INFO] [stdout] 
[INFO] [stdout] error[E0433]: failed to resolve: could not find `aptos_logger` in the list of imported crates
[INFO] [stdout]   --> tests/derive.rs:24:23
[INFO] [stdout]    |
[INFO] [stdout] 24 |     #[derive(Default, Schema)]
[INFO] [stdout]    |                       ^^^^^^ could not find `aptos_logger` in the list of imported crates
[INFO] [stdout]    |
[INFO] [stdout]    = note: this error originates in the derive macro `Schema` (in Nightly builds, run with -Z macro-backtrace for more info)
[INFO] [stdout] 
[INFO] [stdout] 
[INFO] [stdout] error[E0433]: failed to resolve: use of undeclared crate or module `aptos_logger`
[INFO] [stdout]   --> tests/remote.rs:34:9
[INFO] [stdout]    |
[INFO] [stdout] 34 |         aptos_logger::flush();
[INFO] [stdout]    |         ^^^^^^^^^^^^ use of undeclared crate or module `aptos_logger`
[INFO] [stdout] 
[INFO] [stdout] 
[INFO] [stdout] error[E0433]: failed to resolve: could not find `aptos_logger` in the list of imported crates
[INFO] [stdout]   --> tests/derive.rs:36:23
[INFO] [stdout]    |
[INFO] [stdout] 36 |     #[derive(Default, Schema)]
[INFO] [stdout]    |                       ^^^^^^ could not find `aptos_logger` in the list of imported crates
[INFO] [stdout]    |
[INFO] [stdout]    = note: this error originates in the derive macro `Schema` (in Nightly builds, run with -Z macro-backtrace for more info)
[INFO] [stdout] 
[INFO] [stdout] 
[INFO] [stdout] Some errors have detailed explanations: E0432, E0433.
[INFO] [stdout] 
[INFO] [stdout] For more information about an error, try `rustc --explain E0432`.
[INFO] [stdout] 
[INFO] [stdout] error[E0433]: failed to resolve: could not find `aptos_logger` in the list of imported crates
[INFO] [stdout]   --> tests/derive.rs:48:23
[INFO] [stdout]    |
[INFO] [stdout] 48 |     #[derive(Default, Schema)]
[INFO] [stdout]    |                       ^^^^^^ could not find `aptos_logger` in the list of imported crates
[INFO] [stdout]    |
[INFO] [stdout]    = note: this error originates in the derive macro `Schema` (in Nightly builds, run with -Z macro-backtrace for more info)
[INFO] [stdout] 
[INFO] [stdout] 
[INFO] [stderr] error: could not compile `aptos-logger-link` (test "remote") due to 3 previous errors
[INFO] [stdout] error[E0433]: failed to resolve: could not find `aptos_logger` in the list of imported crates
[INFO] [stdout]   --> tests/derive.rs:65:23
[INFO] [stdout]    |
[INFO] [stdout] 65 |     #[derive(Default, Schema)]
[INFO] [stdout]    |                       ^^^^^^ could not find `aptos_logger` in the list of imported crates
[INFO] [stdout]    |
[INFO] [stdout]    = note: this error originates in the derive macro `Schema` (in Nightly builds, run with -Z macro-backtrace for more info)
[INFO] [stdout] 
[INFO] [stdout] 
[INFO] [stdout] error[E0433]: failed to resolve: could not find `aptos_logger` in the list of imported crates
[INFO] [stdout]  --> tests/derive.rs:8:14
[INFO] [stdout]   |
[INFO] [stdout] 8 |     #[derive(Schema)]
[INFO] [stdout]   |              ^^^^^^ could not find `aptos_logger` in the list of imported crates
[INFO] [stdout]   |
[INFO] [stdout]   = note: this error originates in the derive macro `Schema` (in Nightly builds, run with -Z macro-backtrace for more info)
[INFO] [stdout] help: consider importing this struct
[INFO] [stdout]   |
[INFO] [stdout] 4 + use aptos_logger_link::Key;
[INFO] [stdout]   |
[INFO] [stdout] 
[INFO] [stdout] 
[INFO] [stdout] error[E0433]: failed to resolve: could not find `aptos_logger` in the list of imported crates
[INFO] [stdout]  --> tests/derive.rs:8:14
[INFO] [stdout]   |
[INFO] [stdout] 8 |     #[derive(Schema)]
[INFO] [stdout]   |              ^^^^^^ could not find `aptos_logger` in the list of imported crates
[INFO] [stdout]   |
[INFO] [stdout]   = note: this error originates in the derive macro `Schema` (in Nightly builds, run with -Z macro-backtrace for more info)
[INFO] [stdout] help: consider importing one of these items
[INFO] [stdout]   |
[INFO] [stdout] 4 + use aptos_logger_link::Value;
[INFO] [stdout]   |
[INFO] [stdout] 4 + use serde_json::Value;
[INFO] [stdout]   |
[INFO] [stdout] 4 + use tracing::Value;
[INFO] [stdout]   |
[INFO] [stdout] 
[INFO] [stdout] 
[INFO] [stdout] error[E0433]: failed to resolve: could not find `aptos_logger` in the list of imported crates
[INFO] [stdout]   --> tests/derive.rs:24:23
[INFO] [stdout]    |
[INFO] [stdout] 24 |     #[derive(Default, Schema)]
[INFO] [stdout]    |                       ^^^^^^ could not find `aptos_logger` in the list of imported crates
[INFO] [stdout]    |
[INFO] [stdout]    = note: this error originates in the derive macro `Schema` (in Nightly builds, run with -Z macro-backtrace for more info)
[INFO] [stdout] help: consider importing this struct
[INFO] [stdout]    |
[INFO] [stdout] 4  + use aptos_logger_link::Key;
[INFO] [stdout]    |
[INFO] [stdout] 
[INFO] [stdout] 
[INFO] [stdout] error[E0433]: failed to resolve: could not find `aptos_logger` in the list of imported crates
[INFO] [stdout]   --> tests/derive.rs:24:23
[INFO] [stdout]    |
[INFO] [stdout] 24 |     #[derive(Default, Schema)]
[INFO] [stdout]    |                       ^^^^^^ could not find `aptos_logger` in the list of imported crates
[INFO] [stdout]    |
[INFO] [stdout]    = note: this error originates in the derive macro `Schema` (in Nightly builds, run with -Z macro-backtrace for more info)
[INFO] [stdout] help: consider importing one of these items
[INFO] [stdout]    |
[INFO] [stdout] 4  + use aptos_logger_link::Value;
[INFO] [stdout]    |
[INFO] [stdout] 4  + use serde_json::Value;
[INFO] [stdout]    |
[INFO] [stdout] 4  + use tracing::Value;
[INFO] [stdout]    |
[INFO] [stdout] 
[INFO] [stdout] 
[INFO] [stdout] error[E0433]: failed to resolve: could not find `aptos_logger` in the list of imported crates
[INFO] [stdout]   --> tests/derive.rs:36:23
[INFO] [stdout]    |
[INFO] [stdout] 36 |     #[derive(Default, Schema)]
[INFO] [stdout]    |                       ^^^^^^ could not find `aptos_logger` in the list of imported crates
[INFO] [stdout]    |
[INFO] [stdout]    = note: this error originates in the derive macro `Schema` (in Nightly builds, run with -Z macro-backtrace for more info)
[INFO] [stdout] help: consider importing this struct
[INFO] [stdout]    |
[INFO] [stdout] 4  + use aptos_logger_link::Key;
[INFO] [stdout]    |
[INFO] [stdout] 
[INFO] [stdout] 
[INFO] [stdout] error[E0433]: failed to resolve: could not find `aptos_logger` in the list of imported crates
[INFO] [stdout]   --> tests/derive.rs:36:23
[INFO] [stdout]    |
[INFO] [stdout] 36 |     #[derive(Default, Schema)]
[INFO] [stdout]    |                       ^^^^^^ could not find `aptos_logger` in the list of imported crates
[INFO] [stdout]    |
[INFO] [stdout]    = note: this error originates in the derive macro `Schema` (in Nightly builds, run with -Z macro-backtrace for more info)
[INFO] [stdout] help: consider importing one of these items
[INFO] [stdout]    |
[INFO] [stdout] 4  + use aptos_logger_link::Value;
[INFO] [stdout]    |
[INFO] [stdout] 4  + use serde_json::Value;
[INFO] [stdout]    |
[INFO] [stdout] 4  + use tracing::Value;
[INFO] [stdout]    |
[INFO] [stdout] 
[INFO] [stdout] 
[INFO] [stdout] error[E0433]: failed to resolve: could not find `aptos_logger` in the list of imported crates
[INFO] [stdout]   --> tests/derive.rs:48:23
[INFO] [stdout]    |
[INFO] [stdout] 48 |     #[derive(Default, Schema)]
[INFO] [stdout]    |                       ^^^^^^ could not find `aptos_logger` in the list of imported crates
[INFO] [stdout]    |
[INFO] [stdout]    = note: this error originates in the derive macro `Schema` (in Nightly builds, run with -Z macro-backtrace for more info)
[INFO] [stdout] help: consider importing this struct
[INFO] [stdout]    |
[INFO] [stdout] 4  + use aptos_logger_link::Key;
[INFO] [stdout]    |
[INFO] [stdout] 
[INFO] [stdout] 
[INFO] [stdout] error[E0433]: failed to resolve: could not find `aptos_logger` in the list of imported crates
[INFO] [stdout]   --> tests/derive.rs:48:23
[INFO] [stdout]    |
[INFO] [stdout] 48 |     #[derive(Default, Schema)]
[INFO] [stdout]    |                       ^^^^^^ could not find `aptos_logger` in the list of imported crates
[INFO] [stdout]    |
[INFO] [stdout]    = note: this error originates in the derive macro `Schema` (in Nightly builds, run with -Z macro-backtrace for more info)
[INFO] [stdout] help: consider importing one of these items
[INFO] [stdout]    |
[INFO] [stdout] 4  + use aptos_logger_link::Value;
[INFO] [stdout]    |
[INFO] [stdout] 4  + use serde_json::Value;
[INFO] [stdout]    |
[INFO] [stdout] 4  + use tracing::Value;
[INFO] [stdout]    |
[INFO] [stdout] 
[INFO] [stdout] 
[INFO] [stdout] error[E0433]: failed to resolve: could not find `aptos_logger` in the list of imported crates
[INFO] [stdout]   --> tests/derive.rs:65:23
[INFO] [stdout]    |
[INFO] [stdout] 65 |     #[derive(Default, Schema)]
[INFO] [stdout]    |                       ^^^^^^ could not find `aptos_logger` in the list of imported crates
[INFO] [stdout]    |
[INFO] [stdout]    = note: this error originates in the derive macro `Schema` (in Nightly builds, run with -Z macro-backtrace for more info)
[INFO] [stdout] help: consider importing this struct
[INFO] [stdout]    |
[INFO] [stdout] 4  + use aptos_logger_link::Key;
[INFO] [stdout]    |
[INFO] [stdout] 
[INFO] [stdout] 
[INFO] [stdout] error[E0433]: failed to resolve: could not find `aptos_logger` in the list of imported crates
[INFO] [stdout]   --> tests/derive.rs:65:23
[INFO] [stdout]    |
[INFO] [stdout] 65 |     #[derive(Default, Schema)]
[INFO] [stdout]    |                       ^^^^^^ could not find `aptos_logger` in the list of imported crates
[INFO] [stdout]    |
[INFO] [stdout]    = note: this error originates in the derive macro `Schema` (in Nightly builds, run with -Z macro-backtrace for more info)
[INFO] [stdout] help: consider importing one of these items
[INFO] [stdout]    |
[INFO] [stdout] 4  + use aptos_logger_link::Value;
[INFO] [stdout]    |
[INFO] [stdout] 4  + use serde_json::Value;
[INFO] [stdout]    |
[INFO] [stdout] 4  + use tracing::Value;
[INFO] [stdout]    |
[INFO] [stdout] 
[INFO] [stdout] 
[INFO] [stdout] For more information about this error, try `rustc --explain E0433`.
[INFO] [stdout] 
[INFO] [stderr] error: could not compile `aptos-logger-link` (test "derive") due to 16 previous errors
[INFO] [stdout] warning: call to `.borrow()` on a reference in this situation does nothing
[INFO] [stdout]   --> src/kv.rs:34:13
[INFO] [stdout]    |
[INFO] [stdout] 34 |         self.borrow()
[INFO] [stdout]    |             ^^^^^^^^^
[INFO] [stdout]    |
[INFO] [stdout]    = note: the type `Key` does not implement `Borrow`, so calling `borrow` on `&Key` copies the reference, which does not do anything and can be removed
[INFO] [stdout]    = note: `#[warn(noop_method_call)]` on by default
[INFO] [stdout] help: remove this redundant call
[INFO] [stdout]    |
[INFO] [stdout] 34 -         self.borrow()
[INFO] [stdout] 34 +         self
[INFO] [stdout]    |
[INFO] [stdout] help: if you meant to clone `Key`, implement `Clone` for it
[INFO] [stdout]    |
[INFO] [stdout] 22 + #[derive(Clone)]
[INFO] [stdout] 23 | pub struct Key(Cow<'static, str>);
[INFO] [stdout]    |
[INFO] [stdout] 
[INFO] [stdout] 
[INFO] running `Command { std: "docker" "inspect" "7d3ee3d20e999d21d961bf92e64e7acabd73357899d73ceb65473b950e4f80b7", kill_on_drop: false }`
[INFO] running `Command { std: "docker" "rm" "-f" "7d3ee3d20e999d21d961bf92e64e7acabd73357899d73ceb65473b950e4f80b7", kill_on_drop: false }`
[INFO] [stdout] 7d3ee3d20e999d21d961bf92e64e7acabd73357899d73ceb65473b950e4f80b7
