[INFO] fetching crate applevisor 0.1.3...
[INFO] testing applevisor-0.1.3 against nightly-2024-10-28+rustflags=-Zrandomize-layout for randomize-layout
[INFO] extracting crate applevisor 0.1.3 into /workspace/builds/worker-4-tc2/source
[INFO] validating manifest of crates.io crate applevisor 0.1.3 on toolchain nightly-2024-10-28
[INFO] running `Command { std: CARGO_HOME="/workspace/cargo-home" RUSTUP_HOME="/workspace/rustup-home" "/workspace/cargo-home/bin/cargo" "+nightly-2024-10-28" "metadata" "--manifest-path" "Cargo.toml" "--no-deps", kill_on_drop: false }`
[INFO] started tweaking crates.io crate applevisor 0.1.3
[INFO] finished tweaking crates.io crate applevisor 0.1.3
[INFO] tweaked toml for crates.io crate applevisor 0.1.3 written to /workspace/builds/worker-4-tc2/source/Cargo.toml
[INFO] running `Command { std: CARGO_HOME="/workspace/cargo-home" RUSTUP_HOME="/workspace/rustup-home" "/workspace/cargo-home/bin/cargo" "+nightly-2024-10-28" "generate-lockfile" "--manifest-path" "Cargo.toml", kill_on_drop: false }`
[INFO] [stderr]     Updating crates.io index
[INFO] [stderr]      Locking 7 packages to latest compatible versions
[INFO] running `Command { std: CARGO_HOME="/workspace/cargo-home" RUSTUP_HOME="/workspace/rustup-home" "/workspace/cargo-home/bin/cargo" "+nightly-2024-10-28" "fetch" "--manifest-path" "Cargo.toml", kill_on_drop: false }`
[INFO] running `Command { std: "docker" "create" "-v" "/var/lib/crater-agent-workspace/builds/worker-4-tc2/target:/opt/rustwide/target:rw,Z" "-v" "/var/lib/crater-agent-workspace/builds/worker-4-tc2/source:/opt/rustwide/workdir:ro,Z" "-v" "/var/lib/crater-agent-workspace/cargo-home:/opt/rustwide/cargo-home:ro,Z" "-v" "/var/lib/crater-agent-workspace/rustup-home:/opt/rustwide/rustup-home:ro,Z" "-e" "SOURCE_DIR=/opt/rustwide/workdir" "-e" "CARGO_TARGET_DIR=/opt/rustwide/target" "-e" "CARGO_HOME=/opt/rustwide/cargo-home" "-e" "RUSTUP_HOME=/opt/rustwide/rustup-home" "-w" "/opt/rustwide/workdir" "-m" "1610612736" "--user" "0:0" "--network" "none" "ghcr.io/rust-lang/crates-build-env/linux@sha256:4a844ea9eb2546a2d2c7022eacef16ef2e8229c7fbb2c7d4d55a9ceca922f72d" "/opt/rustwide/cargo-home/bin/cargo" "+nightly-2024-10-28" "metadata" "--no-deps" "--format-version=1", kill_on_drop: false }`
[INFO] [stdout] 7048085ce6634e4c88db13178ed40767732868b248b3fd020f562ef10aa33bae
[INFO] running `Command { std: "docker" "start" "-a" "7048085ce6634e4c88db13178ed40767732868b248b3fd020f562ef10aa33bae", kill_on_drop: false }`
[INFO] running `Command { std: "docker" "inspect" "7048085ce6634e4c88db13178ed40767732868b248b3fd020f562ef10aa33bae", kill_on_drop: false }`
[INFO] running `Command { std: "docker" "rm" "-f" "7048085ce6634e4c88db13178ed40767732868b248b3fd020f562ef10aa33bae", kill_on_drop: false }`
[INFO] [stdout] 7048085ce6634e4c88db13178ed40767732868b248b3fd020f562ef10aa33bae
[INFO] running `Command { std: "docker" "create" "-v" "/var/lib/crater-agent-workspace/builds/worker-4-tc2/target:/opt/rustwide/target:rw,Z" "-v" "/var/lib/crater-agent-workspace/builds/worker-4-tc2/source:/opt/rustwide/workdir:ro,Z" "-v" "/var/lib/crater-agent-workspace/cargo-home:/opt/rustwide/cargo-home:ro,Z" "-v" "/var/lib/crater-agent-workspace/rustup-home:/opt/rustwide/rustup-home:ro,Z" "-e" "SOURCE_DIR=/opt/rustwide/workdir" "-e" "CARGO_TARGET_DIR=/opt/rustwide/target" "-e" "CARGO_INCREMENTAL=0" "-e" "RUST_BACKTRACE=full" "-e" "RUSTFLAGS=--cap-lints=forbid -Zrandomize-layout" "-e" "RUSTDOCFLAGS=--cap-lints=forbid" "-e" "CARGO_HOME=/opt/rustwide/cargo-home" "-e" "RUSTUP_HOME=/opt/rustwide/rustup-home" "-w" "/opt/rustwide/workdir" "-m" "1610612736" "--user" "0:0" "--network" "none" "ghcr.io/rust-lang/crates-build-env/linux@sha256:4a844ea9eb2546a2d2c7022eacef16ef2e8229c7fbb2c7d4d55a9ceca922f72d" "/opt/rustwide/cargo-home/bin/cargo" "+nightly-2024-10-28" "build" "--frozen" "--message-format=json", kill_on_drop: false }`
[INFO] [stdout] f09f51a9f928557007c8ca0aa5f5a755a4313ef8a82a012063de1e752195a34b
[INFO] running `Command { std: "docker" "start" "-a" "f09f51a9f928557007c8ca0aa5f5a755a4313ef8a82a012063de1e752195a34b", kill_on_drop: false }`
[INFO] [stderr]    Compiling quote v1.0.37
[INFO] [stderr]    Compiling applevisor-sys v0.1.3
[INFO] [stderr]    Compiling syn v2.0.86
[INFO] [stderr]    Compiling concat-idents v1.1.5
[INFO] [stderr]    Compiling applevisor v0.1.3 (/opt/rustwide/workdir)
[INFO] [stderr]     Finished `dev` profile [unoptimized + debuginfo] target(s) in 2.57s
[INFO] running `Command { std: "docker" "inspect" "f09f51a9f928557007c8ca0aa5f5a755a4313ef8a82a012063de1e752195a34b", kill_on_drop: false }`
[INFO] running `Command { std: "docker" "rm" "-f" "f09f51a9f928557007c8ca0aa5f5a755a4313ef8a82a012063de1e752195a34b", kill_on_drop: false }`
[INFO] [stdout] f09f51a9f928557007c8ca0aa5f5a755a4313ef8a82a012063de1e752195a34b
[INFO] running `Command { std: "docker" "create" "-v" "/var/lib/crater-agent-workspace/builds/worker-4-tc2/target:/opt/rustwide/target:rw,Z" "-v" "/var/lib/crater-agent-workspace/builds/worker-4-tc2/source:/opt/rustwide/workdir:ro,Z" "-v" "/var/lib/crater-agent-workspace/cargo-home:/opt/rustwide/cargo-home:ro,Z" "-v" "/var/lib/crater-agent-workspace/rustup-home:/opt/rustwide/rustup-home:ro,Z" "-e" "SOURCE_DIR=/opt/rustwide/workdir" "-e" "CARGO_TARGET_DIR=/opt/rustwide/target" "-e" "CARGO_INCREMENTAL=0" "-e" "RUST_BACKTRACE=full" "-e" "RUSTFLAGS=--cap-lints=forbid -Zrandomize-layout" "-e" "RUSTDOCFLAGS=--cap-lints=forbid" "-e" "CARGO_HOME=/opt/rustwide/cargo-home" "-e" "RUSTUP_HOME=/opt/rustwide/rustup-home" "-w" "/opt/rustwide/workdir" "-m" "1610612736" "--user" "0:0" "--network" "none" "ghcr.io/rust-lang/crates-build-env/linux@sha256:4a844ea9eb2546a2d2c7022eacef16ef2e8229c7fbb2c7d4d55a9ceca922f72d" "/opt/rustwide/cargo-home/bin/cargo" "+nightly-2024-10-28" "test" "--frozen" "--no-run" "--message-format=json", kill_on_drop: false }`
[INFO] [stdout] ae7b266fb40fe67afe21568a4b824ed97c079bd924c3de1f60abd7d63ebfe350
[INFO] running `Command { std: "docker" "start" "-a" "ae7b266fb40fe67afe21568a4b824ed97c079bd924c3de1f60abd7d63ebfe350", kill_on_drop: false }`
[INFO] [stderr]    Compiling applevisor v0.1.3 (/opt/rustwide/workdir)
[INFO] [stdout] error: linking with `cc` failed: exit status: 1
[INFO] [stdout]   |
[INFO] [stdout]   = note: LC_ALL="C" PATH="/opt/rustwide/rustup-home/toolchains/nightly-2024-10-28-x86_64-unknown-linux-gnu/lib/rustlib/x86_64-unknown-linux-gnu/bin:/opt/rustwide/rustup-home/toolchains/nightly-2024-10-28-x86_64-unknown-linux-gnu/lib/rustlib/x86_64-unknown-linux-gnu/bin/self-contained:/opt/rustwide/cargo-home/bin:/usr/local/sbin:/usr/local/bin:/usr/sbin:/usr/bin:/sbin:/bin" VSLANG="1033" "cc" "-m64" "/tmp/rustcLieBsn/symbols.o" "/opt/rustwide/target/debug/deps/applevisor-4a76d36dd144bccf.applevisor.4ee7a28b2fa6e8f5-cgu.0.rcgu.o" "/opt/rustwide/target/debug/deps/applevisor-4a76d36dd144bccf.applevisor.4ee7a28b2fa6e8f5-cgu.1.rcgu.o" "/opt/rustwide/target/debug/deps/applevisor-4a76d36dd144bccf.applevisor.4ee7a28b2fa6e8f5-cgu.2.rcgu.o" "/opt/rustwide/target/debug/deps/applevisor-4a76d36dd144bccf.applevisor.4ee7a28b2fa6e8f5-cgu.3.rcgu.o" "/opt/rustwide/target/debug/deps/applevisor-4a76d36dd144bccf.9d9km9gqxzw6v1m22uk7v3nxv.rcgu.o" "-Wl,--as-needed" "-Wl,-Bstatic" "/opt/rustwide/rustup-home/toolchains/nightly-2024-10-28-x86_64-unknown-linux-gnu/lib/rustlib/x86_64-unknown-linux-gnu/lib/libtest-a09fad3b5321e7d6.rlib" "/opt/rustwide/rustup-home/toolchains/nightly-2024-10-28-x86_64-unknown-linux-gnu/lib/rustlib/x86_64-unknown-linux-gnu/lib/libgetopts-f9c3dff41ad42661.rlib" "/opt/rustwide/rustup-home/toolchains/nightly-2024-10-28-x86_64-unknown-linux-gnu/lib/rustlib/x86_64-unknown-linux-gnu/lib/libunicode_width-ad2aef31af6addd3.rlib" "/opt/rustwide/rustup-home/toolchains/nightly-2024-10-28-x86_64-unknown-linux-gnu/lib/rustlib/x86_64-unknown-linux-gnu/lib/librustc_std_workspace_std-e3f907dc03deb913.rlib" "/opt/rustwide/target/debug/deps/libapplevisor_sys-98cc9466c3b8b966.rlib" "/opt/rustwide/rustup-home/toolchains/nightly-2024-10-28-x86_64-unknown-linux-gnu/lib/rustlib/x86_64-unknown-linux-gnu/lib/libstd-fb8c387236db3c10.rlib" "/opt/rustwide/rustup-home/toolchains/nightly-2024-10-28-x86_64-unknown-linux-gnu/lib/rustlib/x86_64-unknown-linux-gnu/lib/libpanic_unwind-b251837809b2f64b.rlib" "/opt/rustwide/rustup-home/toolchains/nightly-2024-10-28-x86_64-unknown-linux-gnu/lib/rustlib/x86_64-unknown-linux-gnu/lib/libobject-cbef83eaa4e01f04.rlib" "/opt/rustwide/rustup-home/toolchains/nightly-2024-10-28-x86_64-unknown-linux-gnu/lib/rustlib/x86_64-unknown-linux-gnu/lib/libmemchr-12a772286de2fca7.rlib" "/opt/rustwide/rustup-home/toolchains/nightly-2024-10-28-x86_64-unknown-linux-gnu/lib/rustlib/x86_64-unknown-linux-gnu/lib/libaddr2line-023bbe5ada7abfc3.rlib" "/opt/rustwide/rustup-home/toolchains/nightly-2024-10-28-x86_64-unknown-linux-gnu/lib/rustlib/x86_64-unknown-linux-gnu/lib/libgimli-de2bcdf10ec69c2b.rlib" "/opt/rustwide/rustup-home/toolchains/nightly-2024-10-28-x86_64-unknown-linux-gnu/lib/rustlib/x86_64-unknown-linux-gnu/lib/librustc_demangle-8e1754df350800fd.rlib" "/opt/rustwide/rustup-home/toolchains/nightly-2024-10-28-x86_64-unknown-linux-gnu/lib/rustlib/x86_64-unknown-linux-gnu/lib/libstd_detect-06c2ab7b9c32e037.rlib" "/opt/rustwide/rustup-home/toolchains/nightly-2024-10-28-x86_64-unknown-linux-gnu/lib/rustlib/x86_64-unknown-linux-gnu/lib/libhashbrown-51d2621fc57a281b.rlib" "/opt/rustwide/rustup-home/toolchains/nightly-2024-10-28-x86_64-unknown-linux-gnu/lib/rustlib/x86_64-unknown-linux-gnu/lib/librustc_std_workspace_alloc-54a930408793772f.rlib" "/opt/rustwide/rustup-home/toolchains/nightly-2024-10-28-x86_64-unknown-linux-gnu/lib/rustlib/x86_64-unknown-linux-gnu/lib/libminiz_oxide-0c7d01cba400dcb2.rlib" "/opt/rustwide/rustup-home/toolchains/nightly-2024-10-28-x86_64-unknown-linux-gnu/lib/rustlib/x86_64-unknown-linux-gnu/lib/libadler-b9f84d69e331b75b.rlib" "/opt/rustwide/rustup-home/toolchains/nightly-2024-10-28-x86_64-unknown-linux-gnu/lib/rustlib/x86_64-unknown-linux-gnu/lib/libunwind-eec95493246aae39.rlib" "/opt/rustwide/rustup-home/toolchains/nightly-2024-10-28-x86_64-unknown-linux-gnu/lib/rustlib/x86_64-unknown-linux-gnu/lib/libcfg_if-6f6676c475e08ab0.rlib" "/opt/rustwide/rustup-home/toolchains/nightly-2024-10-28-x86_64-unknown-linux-gnu/lib/rustlib/x86_64-unknown-linux-gnu/lib/liblibc-799d520624f8b2e0.rlib" "/opt/rustwide/rustup-home/toolchains/nightly-2024-10-28-x86_64-unknown-linux-gnu/lib/rustlib/x86_64-unknown-linux-gnu/lib/liballoc-fcf93d4842acd9a9.rlib" "/opt/rustwide/rustup-home/toolchains/nightly-2024-10-28-x86_64-unknown-linux-gnu/lib/rustlib/x86_64-unknown-linux-gnu/lib/librustc_std_workspace_core-395a38b8e0851c9b.rlib" "/opt/rustwide/rustup-home/toolchains/nightly-2024-10-28-x86_64-unknown-linux-gnu/lib/rustlib/x86_64-unknown-linux-gnu/lib/libcore-d453bab70303062c.rlib" "/opt/rustwide/rustup-home/toolchains/nightly-2024-10-28-x86_64-unknown-linux-gnu/lib/rustlib/x86_64-unknown-linux-gnu/lib/libcompiler_builtins-0e6386368b0a24e8.rlib" "-Wl,-Bdynamic" "-lgcc_s" "-lutil" "-lrt" "-lpthread" "-lm" "-ldl" "-lc" "-B/opt/rustwide/rustup-home/toolchains/nightly-2024-10-28-x86_64-unknown-linux-gnu/lib/rustlib/x86_64-unknown-linux-gnu/bin/gcc-ld" "-fuse-ld=lld" "-Wl,--eh-frame-hdr" "-Wl,-z,noexecstack" "-L" "/opt/rustwide/rustup-home/toolchains/nightly-2024-10-28-x86_64-unknown-linux-gnu/lib/rustlib/x86_64-unknown-linux-gnu/lib" "-o" "/opt/rustwide/target/debug/deps/applevisor-4a76d36dd144bccf" "-Wl,--gc-sections" "-pie" "-Wl,-z,relro,-z,now" "-nodefaultlibs"
[INFO] [stdout]   = note: rust-lld: error: undefined symbol: hv_vm_create
[INFO] [stdout]           >>> referenced by lib.rs:804 (src/lib.rs:804)
[INFO] [stdout]           >>>               /opt/rustwide/target/debug/deps/applevisor-4a76d36dd144bccf.applevisor.4ee7a28b2fa6e8f5-cgu.1.rcgu.o:(applevisor::VirtualMachine::new::hc0b11fe896cdcf50)
[INFO] [stdout]           
[INFO] [stdout]           rust-lld: error: undefined symbol: hv_vm_destroy
[INFO] [stdout]           >>> referenced by lib.rs:814 (src/lib.rs:814)
[INFO] [stdout]           >>>               /opt/rustwide/target/debug/deps/applevisor-4a76d36dd144bccf.applevisor.4ee7a28b2fa6e8f5-cgu.1.rcgu.o:(_$LT$applevisor..VirtualMachine$u20$as$u20$core..ops..drop..Drop$GT$::drop::hc1452f7e153f3f16)
[INFO] [stdout]           
[INFO] [stdout]           rust-lld: error: undefined symbol: hv_vm_map
[INFO] [stdout]           >>> referenced by lib.rs:1150 (src/lib.rs:1150)
[INFO] [stdout]           >>>               /opt/rustwide/target/debug/deps/applevisor-4a76d36dd144bccf.applevisor.4ee7a28b2fa6e8f5-cgu.1.rcgu.o:(applevisor::Mappable::map_inner::h1a1c346903ff5882)
[INFO] [stdout]           >>> referenced by lib.rs:1150 (src/lib.rs:1150)
[INFO] [stdout]           >>>               /opt/rustwide/target/debug/deps/applevisor-4a76d36dd144bccf.applevisor.4ee7a28b2fa6e8f5-cgu.1.rcgu.o:(applevisor::Mappable::map_inner::he6f9e35ef77925c2)
[INFO] [stdout]           
[INFO] [stdout]           rust-lld: error: undefined symbol: hv_vm_unmap
[INFO] [stdout]           >>> referenced by lib.rs:1170 (src/lib.rs:1170)
[INFO] [stdout]           >>>               /opt/rustwide/target/debug/deps/applevisor-4a76d36dd144bccf.applevisor.4ee7a28b2fa6e8f5-cgu.1.rcgu.o:(applevisor::Mappable::unmap_inner::hb8f29329e1645810)
[INFO] [stdout]           >>> referenced by lib.rs:1170 (src/lib.rs:1170)
[INFO] [stdout]           >>>               /opt/rustwide/target/debug/deps/applevisor-4a76d36dd144bccf.applevisor.4ee7a28b2fa6e8f5-cgu.1.rcgu.o:(applevisor::Mappable::unmap_inner::hbbbdf24dc81f9b7b)
[INFO] [stdout]           
[INFO] [stdout]           rust-lld: error: undefined symbol: hv_vm_protect
[INFO] [stdout]           >>> referenced by lib.rs:1184 (src/lib.rs:1184)
[INFO] [stdout]           >>>               /opt/rustwide/target/debug/deps/applevisor-4a76d36dd144bccf.applevisor.4ee7a28b2fa6e8f5-cgu.1.rcgu.o:(applevisor::Mappable::protect_inner::h0b90db4c77cce827)
[INFO] [stdout]           
[INFO] [stdout]           rust-lld: error: undefined symbol: hv_vcpu_config_create
[INFO] [stdout]           >>> referenced by lib.rs:1330 (src/lib.rs:1330)
[INFO] [stdout]           >>>               /opt/rustwide/target/debug/deps/applevisor-4a76d36dd144bccf.applevisor.4ee7a28b2fa6e8f5-cgu.1.rcgu.o:(applevisor::VcpuConfig::new::h0fe3bfa8024183d1)
[INFO] [stdout]           
[INFO] [stdout]           rust-lld: error: undefined symbol: hv_vcpu_config_get_feature_reg
[INFO] [stdout]           >>> referenced by lib.rs:1342 (src/lib.rs:1342)
[INFO] [stdout]           >>>               /opt/rustwide/target/debug/deps/applevisor-4a76d36dd144bccf.applevisor.4ee7a28b2fa6e8f5-cgu.1.rcgu.o:(applevisor::VcpuConfig::get_feature_reg::hf88d03e6417c857f)
[INFO] [stdout]           
[INFO] [stdout]           rust-lld: error: undefined symbol: hv_vcpu_config_get_ccsidr_el1_sys_reg_values
[INFO] [stdout]           >>> referenced by lib.rs:1354 (src/lib.rs:1354)
[INFO] [stdout]           >>>               /opt/rustwide/target/debug/deps/applevisor-4a76d36dd144bccf.applevisor.4ee7a28b2fa6e8f5-cgu.1.rcgu.o:(applevisor::VcpuConfig::get_ccsidr_el1_sys_reg_values::h83ccdcbae0d3dee8)
[INFO] [stdout]           
[INFO] [stdout]           rust-lld: error: undefined symbol: hv_vcpu_create
[INFO] [stdout]           >>> referenced by lib.rs:1423 (src/lib.rs:1423)
[INFO] [stdout]           >>>               /opt/rustwide/target/debug/deps/applevisor-4a76d36dd144bccf.applevisor.4ee7a28b2fa6e8f5-cgu.1.rcgu.o:(applevisor::Vcpu::with_config::h827ba34a107329f3)
[INFO] [stdout]           
[INFO] [stdout]           rust-lld: error: undefined symbol: hv_vm_get_max_vcpu_count
[INFO] [stdout]           >>> referenced by lib.rs:1440 (src/lib.rs:1440)
[INFO] [stdout]           >>>               /opt/rustwide/target/debug/deps/applevisor-4a76d36dd144bccf.applevisor.4ee7a28b2fa6e8f5-cgu.1.rcgu.o:(applevisor::Vcpu::get_max_count::hef9c3216c291de71)
[INFO] [stdout]           
[INFO] [stdout]           rust-lld: error: undefined symbol: hv_vcpu_run
[INFO] [stdout]           >>> referenced by lib.rs:1446 (src/lib.rs:1446)
[INFO] [stdout]           >>>               /opt/rustwide/target/debug/deps/applevisor-4a76d36dd144bccf.applevisor.4ee7a28b2fa6e8f5-cgu.1.rcgu.o:(applevisor::Vcpu::run::hc5ef1fb9312ea6cd)
[INFO] [stdout]           
[INFO] [stdout]           rust-lld: error: undefined symbol: hv_vcpu_get_reg
[INFO] [stdout]           >>> referenced by lib.rs:1483 (src/lib.rs:1483)
[INFO] [stdout]           >>>               /opt/rustwide/target/debug/deps/applevisor-4a76d36dd144bccf.applevisor.4ee7a28b2fa6e8f5-cgu.1.rcgu.o:(applevisor::Vcpu::get_reg::hd69f07a3b95d797f)
[INFO] [stdout]           
[INFO] [stdout]           rust-lld: error: undefined symbol: hv_vcpu_set_reg
[INFO] [stdout]           >>> referenced by lib.rs:1493 (src/lib.rs:1493)
[INFO] [stdout]           >>>               /opt/rustwide/target/debug/deps/applevisor-4a76d36dd144bccf.applevisor.4ee7a28b2fa6e8f5-cgu.1.rcgu.o:(applevisor::Vcpu::set_reg::h4c64c14d09ba669e)
[INFO] [stdout]           
[INFO] [stdout]           rust-lld: error: undefined symbol: hv_vcpu_get_simd_fp_reg
[INFO] [stdout]           >>> referenced by lib.rs:1526 (src/lib.rs:1526)
[INFO] [stdout]           >>>               /opt/rustwide/target/debug/deps/applevisor-4a76d36dd144bccf.applevisor.4ee7a28b2fa6e8f5-cgu.1.rcgu.o:(applevisor::Vcpu::get_simd_fp_reg::hd85f05fc1dc9823d)
[INFO] [stdout]           
[INFO] [stdout]           rust-lld: error: undefined symbol: hv_vcpu_set_simd_fp_reg
[INFO] [stdout]           >>> referenced by lib.rs:1537 (src/lib.rs:1537)
[INFO] [stdout]           >>>               /opt/rustwide/target/debug/deps/applevisor-4a76d36dd144bccf.applevisor.4ee7a28b2fa6e8f5-cgu.1.rcgu.o:(applevisor::Vcpu::set_simd_fp_reg::ha29f7f5c2ab3f58c)
[INFO] [stdout]           
[INFO] [stdout]           rust-lld: error: undefined symbol: hv_vcpu_destroy
[INFO] [stdout]           >>> referenced by lib.rs:1622 (src/lib.rs:1622)
[INFO] [stdout]           >>>               /opt/rustwide/target/debug/deps/applevisor-4a76d36dd144bccf.applevisor.4ee7a28b2fa6e8f5-cgu.1.rcgu.o:(_$LT$applevisor..Vcpu$u20$as$u20$core..ops..drop..Drop$GT$::drop::h1345358953ee7589)
[INFO] [stdout]           collect2: error: ld returned 1 exit status
[INFO] [stdout]           
[INFO] [stdout] 
[INFO] [stdout] 
[INFO] [stderr] error: could not compile `applevisor` (lib test) due to 1 previous error
[INFO] running `Command { std: "docker" "inspect" "ae7b266fb40fe67afe21568a4b824ed97c079bd924c3de1f60abd7d63ebfe350", kill_on_drop: false }`
[INFO] running `Command { std: "docker" "rm" "-f" "ae7b266fb40fe67afe21568a4b824ed97c079bd924c3de1f60abd7d63ebfe350", kill_on_drop: false }`
[INFO] [stdout] ae7b266fb40fe67afe21568a4b824ed97c079bd924c3de1f60abd7d63ebfe350
