[INFO] fetching crate append_db 0.3.2...
[INFO] testing append_db-0.3.2 against nightly-2024-10-28 for randomize-layout
[INFO] extracting crate append_db 0.3.2 into /workspace/builds/worker-6-tc1/source
[INFO] validating manifest of crates.io crate append_db 0.3.2 on toolchain nightly-2024-10-28
[INFO] running `Command { std: CARGO_HOME="/workspace/cargo-home" RUSTUP_HOME="/workspace/rustup-home" "/workspace/cargo-home/bin/cargo" "+nightly-2024-10-28" "metadata" "--manifest-path" "Cargo.toml" "--no-deps", kill_on_drop: false }`
[INFO] started tweaking crates.io crate append_db 0.3.2
[INFO] finished tweaking crates.io crate append_db 0.3.2
[INFO] tweaked toml for crates.io crate append_db 0.3.2 written to /workspace/builds/worker-6-tc1/source/Cargo.toml
[INFO] running `Command { std: CARGO_HOME="/workspace/cargo-home" RUSTUP_HOME="/workspace/rustup-home" "/workspace/cargo-home/bin/cargo" "+nightly-2024-10-28" "generate-lockfile" "--manifest-path" "Cargo.toml", kill_on_drop: false }`
[INFO] [stderr]     Updating crates.io index
[INFO] [stderr]      Locking 59 packages to latest compatible versions
[INFO] running `Command { std: CARGO_HOME="/workspace/cargo-home" RUSTUP_HOME="/workspace/rustup-home" "/workspace/cargo-home/bin/cargo" "+nightly-2024-10-28" "fetch" "--manifest-path" "Cargo.toml", kill_on_drop: false }`
[INFO] [stderr]  Downloading crates ...
[INFO] [stderr]   Downloaded stm v0.4.0
[INFO] [stderr]   Downloaded stm-core v0.4.0
[INFO] running `Command { std: "docker" "create" "-v" "/var/lib/crater-agent-workspace/builds/worker-6-tc1/target:/opt/rustwide/target:rw,Z" "-v" "/var/lib/crater-agent-workspace/builds/worker-6-tc1/source:/opt/rustwide/workdir:ro,Z" "-v" "/var/lib/crater-agent-workspace/cargo-home:/opt/rustwide/cargo-home:ro,Z" "-v" "/var/lib/crater-agent-workspace/rustup-home:/opt/rustwide/rustup-home:ro,Z" "-e" "SOURCE_DIR=/opt/rustwide/workdir" "-e" "CARGO_TARGET_DIR=/opt/rustwide/target" "-e" "CARGO_HOME=/opt/rustwide/cargo-home" "-e" "RUSTUP_HOME=/opt/rustwide/rustup-home" "-w" "/opt/rustwide/workdir" "-m" "1610612736" "--user" "0:0" "--network" "none" "ghcr.io/rust-lang/crates-build-env/linux@sha256:4a844ea9eb2546a2d2c7022eacef16ef2e8229c7fbb2c7d4d55a9ceca922f72d" "/opt/rustwide/cargo-home/bin/cargo" "+nightly-2024-10-28" "metadata" "--no-deps" "--format-version=1", kill_on_drop: false }`
[INFO] [stdout] d3391a90d45c2c1fc8b5763f58fd1bae6c57d157e5a00f6d0b4c2088954c405a
[INFO] running `Command { std: "docker" "start" "-a" "d3391a90d45c2c1fc8b5763f58fd1bae6c57d157e5a00f6d0b4c2088954c405a", kill_on_drop: false }`
[INFO] running `Command { std: "docker" "inspect" "d3391a90d45c2c1fc8b5763f58fd1bae6c57d157e5a00f6d0b4c2088954c405a", kill_on_drop: false }`
[INFO] running `Command { std: "docker" "rm" "-f" "d3391a90d45c2c1fc8b5763f58fd1bae6c57d157e5a00f6d0b4c2088954c405a", kill_on_drop: false }`
[INFO] [stdout] d3391a90d45c2c1fc8b5763f58fd1bae6c57d157e5a00f6d0b4c2088954c405a
[INFO] running `Command { std: "docker" "create" "-v" "/var/lib/crater-agent-workspace/builds/worker-6-tc1/target:/opt/rustwide/target:rw,Z" "-v" "/var/lib/crater-agent-workspace/builds/worker-6-tc1/source:/opt/rustwide/workdir:ro,Z" "-v" "/var/lib/crater-agent-workspace/cargo-home:/opt/rustwide/cargo-home:ro,Z" "-v" "/var/lib/crater-agent-workspace/rustup-home:/opt/rustwide/rustup-home:ro,Z" "-e" "SOURCE_DIR=/opt/rustwide/workdir" "-e" "CARGO_TARGET_DIR=/opt/rustwide/target" "-e" "CARGO_INCREMENTAL=0" "-e" "RUST_BACKTRACE=full" "-e" "RUSTFLAGS=--cap-lints=forbid" "-e" "RUSTDOCFLAGS=--cap-lints=forbid" "-e" "CARGO_HOME=/opt/rustwide/cargo-home" "-e" "RUSTUP_HOME=/opt/rustwide/rustup-home" "-w" "/opt/rustwide/workdir" "-m" "1610612736" "--user" "0:0" "--network" "none" "ghcr.io/rust-lang/crates-build-env/linux@sha256:4a844ea9eb2546a2d2c7022eacef16ef2e8229c7fbb2c7d4d55a9ceca922f72d" "/opt/rustwide/cargo-home/bin/cargo" "+nightly-2024-10-28" "build" "--frozen" "--message-format=json", kill_on_drop: false }`
[INFO] [stdout] 8ecef1b5118f3f4c1a8f90c83d807eb25dc95a535993ac8920e39f8ac699e477
[INFO] running `Command { std: "docker" "start" "-a" "8ecef1b5118f3f4c1a8f90c83d807eb25dc95a535993ac8920e39f8ac699e477", kill_on_drop: false }`
[INFO] [stderr]    Compiling maybe-uninit v2.0.0
[INFO] [stderr]    Compiling syn v2.0.86
[INFO] [stderr]    Compiling smallvec v0.6.14
[INFO] [stderr]    Compiling parking_lot_core v0.2.14
[INFO] [stderr]    Compiling parking_lot v0.5.5
[INFO] [stderr]    Compiling stm-core v0.4.0
[INFO] [stderr]    Compiling stm v0.4.0
[INFO] [stderr]    Compiling tokio-macros v2.4.0
[INFO] [stderr]    Compiling thiserror-impl v1.0.66
[INFO] [stderr]    Compiling async-trait v0.1.83
[INFO] [stderr]    Compiling tokio v1.41.0
[INFO] [stderr]    Compiling thiserror v1.0.66
[INFO] [stderr]    Compiling append_db v0.3.2 (/opt/rustwide/workdir)
[INFO] [stderr]     Finished `dev` profile [unoptimized + debuginfo] target(s) in 7.09s
[INFO] running `Command { std: "docker" "inspect" "8ecef1b5118f3f4c1a8f90c83d807eb25dc95a535993ac8920e39f8ac699e477", kill_on_drop: false }`
[INFO] running `Command { std: "docker" "rm" "-f" "8ecef1b5118f3f4c1a8f90c83d807eb25dc95a535993ac8920e39f8ac699e477", kill_on_drop: false }`
[INFO] [stdout] 8ecef1b5118f3f4c1a8f90c83d807eb25dc95a535993ac8920e39f8ac699e477
[INFO] running `Command { std: "docker" "create" "-v" "/var/lib/crater-agent-workspace/builds/worker-6-tc1/target:/opt/rustwide/target:rw,Z" "-v" "/var/lib/crater-agent-workspace/builds/worker-6-tc1/source:/opt/rustwide/workdir:ro,Z" "-v" "/var/lib/crater-agent-workspace/cargo-home:/opt/rustwide/cargo-home:ro,Z" "-v" "/var/lib/crater-agent-workspace/rustup-home:/opt/rustwide/rustup-home:ro,Z" "-e" "SOURCE_DIR=/opt/rustwide/workdir" "-e" "CARGO_TARGET_DIR=/opt/rustwide/target" "-e" "CARGO_INCREMENTAL=0" "-e" "RUST_BACKTRACE=full" "-e" "RUSTFLAGS=--cap-lints=forbid" "-e" "RUSTDOCFLAGS=--cap-lints=forbid" "-e" "CARGO_HOME=/opt/rustwide/cargo-home" "-e" "RUSTUP_HOME=/opt/rustwide/rustup-home" "-w" "/opt/rustwide/workdir" "-m" "1610612736" "--user" "0:0" "--network" "none" "ghcr.io/rust-lang/crates-build-env/linux@sha256:4a844ea9eb2546a2d2c7022eacef16ef2e8229c7fbb2c7d4d55a9ceca922f72d" "/opt/rustwide/cargo-home/bin/cargo" "+nightly-2024-10-28" "test" "--frozen" "--no-run" "--message-format=json", kill_on_drop: false }`
[INFO] [stdout] 1522fd960bf8f9642ae31ca2637d6ab405bbd2c5e162f68c950738770a181273
[INFO] running `Command { std: "docker" "start" "-a" "1522fd960bf8f9642ae31ca2637d6ab405bbd2c5e162f68c950738770a181273", kill_on_drop: false }`
[INFO] [stderr]    Compiling append_db v0.3.2 (/opt/rustwide/workdir)
[INFO] [stdout] error[E0277]: `State0` is not a future
[INFO] [stdout]   --> src/lib.rs:43:29
[INFO] [stdout]    |
[INFO] [stdout] 43 |         assert_eq!(db.get().await.deref(), &state0);
[INFO] [stdout]    |                            -^^^^^
[INFO] [stdout]    |                            ||
[INFO] [stdout]    |                            |`State0` is not a future
[INFO] [stdout]    |                            help: remove the `.await`
[INFO] [stdout]    |
[INFO] [stdout]    = help: the trait `Future` is not implemented for `State0`, which is required by `State0: IntoFuture`
[INFO] [stdout]    = note: State0 must be a future or must implement `IntoFuture` to be awaited
[INFO] [stdout]    = note: required for `State0` to implement `IntoFuture`
[INFO] [stdout] 
[INFO] [stdout] 
[INFO] [stdout] error[E0277]: `State0` is not a future
[INFO] [stdout]   --> src/lib.rs:51:29
[INFO] [stdout]    |
[INFO] [stdout] 51 |         assert_eq!(db.get().await.deref().field, 43);
[INFO] [stdout]    |                            -^^^^^
[INFO] [stdout]    |                            ||
[INFO] [stdout]    |                            |`State0` is not a future
[INFO] [stdout]    |                            help: remove the `.await`
[INFO] [stdout]    |
[INFO] [stdout]    = help: the trait `Future` is not implemented for `State0`, which is required by `State0: IntoFuture`
[INFO] [stdout]    = note: State0 must be a future or must implement `IntoFuture` to be awaited
[INFO] [stdout]    = note: required for `State0` to implement `IntoFuture`
[INFO] [stdout] 
[INFO] [stdout] 
[INFO] [stdout] error[E0277]: `State0` is not a future
[INFO] [stdout]   --> src/lib.rs:53:29
[INFO] [stdout]    |
[INFO] [stdout] 53 |         assert_eq!(db.get().await.deref().field, 4);
[INFO] [stdout]    |                            -^^^^^
[INFO] [stdout]    |                            ||
[INFO] [stdout]    |                            |`State0` is not a future
[INFO] [stdout]    |                            help: remove the `.await`
[INFO] [stdout]    |
[INFO] [stdout]    = help: the trait `Future` is not implemented for `State0`, which is required by `State0: IntoFuture`
[INFO] [stdout]    = note: State0 must be a future or must implement `IntoFuture` to be awaited
[INFO] [stdout]    = note: required for `State0` to implement `IntoFuture`
[INFO] [stdout] 
[INFO] [stdout] 
[INFO] [stdout] error[E0277]: `State0` is not a future
[INFO] [stdout]   --> src/lib.rs:75:29
[INFO] [stdout]    |
[INFO] [stdout] 75 |         assert_eq!(db.get().await.deref().field, 4);
[INFO] [stdout]    |                            -^^^^^
[INFO] [stdout]    |                            ||
[INFO] [stdout]    |                            |`State0` is not a future
[INFO] [stdout]    |                            help: remove the `.await`
[INFO] [stdout]    |
[INFO] [stdout]    = help: the trait `Future` is not implemented for `State0`, which is required by `State0: IntoFuture`
[INFO] [stdout]    = note: State0 must be a future or must implement `IntoFuture` to be awaited
[INFO] [stdout]    = note: required for `State0` to implement `IntoFuture`
[INFO] [stdout] 
[INFO] [stdout] 
[INFO] [stdout] error[E0277]: `State0` is not a future
[INFO] [stdout]   --> src/lib.rs:87:29
[INFO] [stdout]    |
[INFO] [stdout] 87 |         assert_eq!(db.get().await.deref().field, 4);
[INFO] [stdout]    |                            -^^^^^
[INFO] [stdout]    |                            ||
[INFO] [stdout]    |                            |`State0` is not a future
[INFO] [stdout]    |                            help: remove the `.await`
[INFO] [stdout]    |
[INFO] [stdout]    = help: the trait `Future` is not implemented for `State0`, which is required by `State0: IntoFuture`
[INFO] [stdout]    = note: State0 must be a future or must implement `IntoFuture` to be awaited
[INFO] [stdout]    = note: required for `State0` to implement `IntoFuture`
[INFO] [stdout] 
[INFO] [stdout] 
[INFO] [stdout] warning: variable does not need to be mutable
[INFO] [stdout]   --> src/lib.rs:59:13
[INFO] [stdout]    |
[INFO] [stdout] 59 |         let mut db = AppendDb::new(InMemory::new(), state0);
[INFO] [stdout]    |             ----^^
[INFO] [stdout]    |             |
[INFO] [stdout]    |             help: remove this `mut`
[INFO] [stdout]    |
[INFO] [stdout]    = note: `#[warn(unused_mut)]` on by default
[INFO] [stdout] 
[INFO] [stdout] 
[INFO] [stdout] For more information about this error, try `rustc --explain E0277`.
[INFO] [stdout] 
[INFO] [stderr] error: could not compile `append_db` (lib test) due to 5 previous errors; 1 warning emitted
[INFO] running `Command { std: "docker" "inspect" "1522fd960bf8f9642ae31ca2637d6ab405bbd2c5e162f68c950738770a181273", kill_on_drop: false }`
[INFO] running `Command { std: "docker" "rm" "-f" "1522fd960bf8f9642ae31ca2637d6ab405bbd2c5e162f68c950738770a181273", kill_on_drop: false }`
[INFO] [stdout] 1522fd960bf8f9642ae31ca2637d6ab405bbd2c5e162f68c950738770a181273
