[INFO] fetching crate apalis-amqp 0.4.0-rc.1...
[INFO] testing apalis-amqp-0.4.0-rc.1 against nightly-2024-10-28+rustflags=-Zrandomize-layout for randomize-layout
[INFO] extracting crate apalis-amqp 0.4.0-rc.1 into /workspace/builds/worker-7-tc2/source
[INFO] validating manifest of crates.io crate apalis-amqp 0.4.0-rc.1 on toolchain nightly-2024-10-28
[INFO] running `Command { std: CARGO_HOME="/workspace/cargo-home" RUSTUP_HOME="/workspace/rustup-home" "/workspace/cargo-home/bin/cargo" "+nightly-2024-10-28" "metadata" "--manifest-path" "Cargo.toml" "--no-deps", kill_on_drop: false }`
[INFO] started tweaking crates.io crate apalis-amqp 0.4.0-rc.1
[INFO] finished tweaking crates.io crate apalis-amqp 0.4.0-rc.1
[INFO] tweaked toml for crates.io crate apalis-amqp 0.4.0-rc.1 written to /workspace/builds/worker-7-tc2/source/Cargo.toml
[INFO] running `Command { std: CARGO_HOME="/workspace/cargo-home" RUSTUP_HOME="/workspace/rustup-home" "/workspace/cargo-home/bin/cargo" "+nightly-2024-10-28" "generate-lockfile" "--manifest-path" "Cargo.toml", kill_on_drop: false }`
[INFO] [stderr]     Updating crates.io index
[INFO] [stderr]      Locking 241 packages to latest compatible versions
[INFO] [stderr]       Adding deadpool v0.10.0 (available: v0.12.1)
[INFO] [stderr]       Adding deadpool-lapin v0.11.0 (available: v0.12.1)
[INFO] [stderr]       Adding tower v0.4.13 (available: v0.5.1)
[INFO] running `Command { std: CARGO_HOME="/workspace/cargo-home" RUSTUP_HOME="/workspace/rustup-home" "/workspace/cargo-home/bin/cargo" "+nightly-2024-10-28" "fetch" "--manifest-path" "Cargo.toml", kill_on_drop: false }`
[INFO] running `Command { std: "docker" "create" "-v" "/var/lib/crater-agent-workspace/builds/worker-7-tc2/target:/opt/rustwide/target:rw,Z" "-v" "/var/lib/crater-agent-workspace/builds/worker-7-tc2/source:/opt/rustwide/workdir:ro,Z" "-v" "/var/lib/crater-agent-workspace/cargo-home:/opt/rustwide/cargo-home:ro,Z" "-v" "/var/lib/crater-agent-workspace/rustup-home:/opt/rustwide/rustup-home:ro,Z" "-e" "SOURCE_DIR=/opt/rustwide/workdir" "-e" "CARGO_TARGET_DIR=/opt/rustwide/target" "-e" "CARGO_HOME=/opt/rustwide/cargo-home" "-e" "RUSTUP_HOME=/opt/rustwide/rustup-home" "-w" "/opt/rustwide/workdir" "-m" "1610612736" "--user" "0:0" "--network" "none" "ghcr.io/rust-lang/crates-build-env/linux@sha256:4a844ea9eb2546a2d2c7022eacef16ef2e8229c7fbb2c7d4d55a9ceca922f72d" "/opt/rustwide/cargo-home/bin/cargo" "+nightly-2024-10-28" "metadata" "--no-deps" "--format-version=1", kill_on_drop: false }`
[INFO] [stdout] 6db2b4b3aec1ad3ffa3a94c0c02038d1bc9f2cb0214e3f4e1fd918fdef3613ad
[INFO] running `Command { std: "docker" "start" "-a" "6db2b4b3aec1ad3ffa3a94c0c02038d1bc9f2cb0214e3f4e1fd918fdef3613ad", kill_on_drop: false }`
[INFO] running `Command { std: "docker" "inspect" "6db2b4b3aec1ad3ffa3a94c0c02038d1bc9f2cb0214e3f4e1fd918fdef3613ad", kill_on_drop: false }`
[INFO] running `Command { std: "docker" "rm" "-f" "6db2b4b3aec1ad3ffa3a94c0c02038d1bc9f2cb0214e3f4e1fd918fdef3613ad", kill_on_drop: false }`
[INFO] [stdout] 6db2b4b3aec1ad3ffa3a94c0c02038d1bc9f2cb0214e3f4e1fd918fdef3613ad
[INFO] running `Command { std: "docker" "create" "-v" "/var/lib/crater-agent-workspace/builds/worker-7-tc2/target:/opt/rustwide/target:rw,Z" "-v" "/var/lib/crater-agent-workspace/builds/worker-7-tc2/source:/opt/rustwide/workdir:ro,Z" "-v" "/var/lib/crater-agent-workspace/cargo-home:/opt/rustwide/cargo-home:ro,Z" "-v" "/var/lib/crater-agent-workspace/rustup-home:/opt/rustwide/rustup-home:ro,Z" "-e" "SOURCE_DIR=/opt/rustwide/workdir" "-e" "CARGO_TARGET_DIR=/opt/rustwide/target" "-e" "CARGO_INCREMENTAL=0" "-e" "RUST_BACKTRACE=full" "-e" "RUSTFLAGS=--cap-lints=forbid -Zrandomize-layout" "-e" "RUSTDOCFLAGS=--cap-lints=forbid" "-e" "CARGO_HOME=/opt/rustwide/cargo-home" "-e" "RUSTUP_HOME=/opt/rustwide/rustup-home" "-w" "/opt/rustwide/workdir" "-m" "1610612736" "--user" "0:0" "--network" "none" "ghcr.io/rust-lang/crates-build-env/linux@sha256:4a844ea9eb2546a2d2c7022eacef16ef2e8229c7fbb2c7d4d55a9ceca922f72d" "/opt/rustwide/cargo-home/bin/cargo" "+nightly-2024-10-28" "build" "--frozen" "--message-format=json", kill_on_drop: false }`
[INFO] [stdout] 9f72a45f2db07a5f57da486de88c30724ca25badf60b12eb5f088ea0f4c8278b
[INFO] running `Command { std: "docker" "start" "-a" "9f72a45f2db07a5f57da486de88c30724ca25badf60b12eb5f088ea0f4c8278b", kill_on_drop: false }`
[INFO] [stderr]    Compiling pin-project-lite v0.2.15
[INFO] [stderr]    Compiling version_check v0.9.5
[INFO] [stderr]    Compiling futures-core v0.3.31
[INFO] [stderr]    Compiling futures-io v0.3.31
[INFO] [stderr]    Compiling syn v2.0.86
[INFO] [stderr]    Compiling subtle v2.6.1
[INFO] [stderr]    Compiling crossbeam-utils v0.8.20
[INFO] [stderr]    Compiling slab v0.4.9
[INFO] [stderr]    Compiling parking v2.2.1
[INFO] [stderr]    Compiling zeroize v1.8.1
[INFO] [stderr]    Compiling nom v7.1.3
[INFO] [stderr]    Compiling base64ct v1.6.0
[INFO] [stderr]    Compiling tracing-core v0.1.32
[INFO] [stderr]    Compiling powerfmt v0.2.0
[INFO] [stderr]    Compiling generic-array v0.14.7
[INFO] [stderr]    Compiling time-core v0.1.2
[INFO] [stderr]    Compiling pem-rfc7468 v0.7.0
[INFO] [stderr]    Compiling const-oid v0.9.6
[INFO] [stderr]    Compiling flagset v0.4.6
[INFO] [stderr]    Compiling concurrent-queue v2.5.0
[INFO] [stderr]    Compiling num-conv v0.1.0
[INFO] [stderr]    Compiling time-macros v0.2.18
[INFO] [stderr]    Compiling deranged v0.3.11
[INFO] [stderr]    Compiling ring v0.17.8
[INFO] [stderr]    Compiling spin v0.9.8
[INFO] [stderr]    Compiling cpufeatures v0.2.14
[INFO] [stderr]    Compiling crypto-common v0.1.6
[INFO] [stderr]    Compiling block-padding v0.3.3
[INFO] [stderr]    Compiling inout v0.1.3
[INFO] [stderr]    Compiling block-buffer v0.10.4
[INFO] [stderr]    Compiling cipher v0.4.4
[INFO] [stderr]    Compiling digest v0.10.7
[INFO] [stderr]    Compiling futures-sink v0.3.31
[INFO] [stderr]    Compiling rustls-pki-types v1.10.0
[INFO] [stderr]    Compiling hmac v0.12.1
[INFO] [stderr]    Compiling event-listener v5.3.1
[INFO] [stderr]    Compiling num-integer v0.1.46
[INFO] [stderr]    Compiling oid-registry v0.7.1
[INFO] [stderr]    Compiling fastrand v2.1.1
[INFO] [stderr]    Compiling rusticata-macros v4.1.0
[INFO] [stderr]    Compiling num-bigint v0.4.6
[INFO] [stderr]    Compiling event-listener-strategy v0.5.2
[INFO] [stderr]    Compiling pbkdf2 v0.12.2
[INFO] [stderr]    Compiling salsa20 v0.10.2
[INFO] [stderr]    Compiling sha2 v0.10.8
[INFO] [stderr]    Compiling rustls v0.23.16
[INFO] [stderr]    Compiling rustix v0.38.38
[INFO] [stderr]    Compiling time v0.3.36
[INFO] [stderr]    Compiling unicode-normalization v0.1.24
[INFO] [stderr]    Compiling futures-lite v2.4.0
[INFO] [stderr]    Compiling scrypt v0.11.0
[INFO] [stderr]    Compiling rustls-pemfile v2.2.0
[INFO] [stderr]    Compiling aes v0.8.4
[INFO] [stderr]    Compiling cbc v0.1.2
[INFO] [stderr]    Compiling io-lifetimes v1.0.11
[INFO] [stderr]    Compiling lazy_static v1.5.0
[INFO] [stderr]    Compiling linux-raw-sys v0.4.14
[INFO] [stderr]    Compiling unicode-bidi v0.3.17
[INFO] [stderr]    Compiling bitflags v2.6.0
[INFO] [stderr]    Compiling idna v0.5.0
[INFO] [stderr]    Compiling rustls-native-certs v0.7.3
[INFO] [stderr]    Compiling rc2 v0.8.1
[INFO] [stderr]    Compiling des v0.8.1
[INFO] [stderr]    Compiling synstructure v0.13.1
[INFO] [stderr]    Compiling sha1 v0.10.6
[INFO] [stderr]    Compiling polling v2.8.0
[INFO] [stderr]    Compiling atomic-waker v1.1.2
[INFO] [stderr]    Compiling rustix v0.37.27
[INFO] [stderr]    Compiling cookie-factory v0.3.3
[INFO] [stderr]    Compiling async-task v4.7.1
[INFO] [stderr]    Compiling hex v0.4.3
[INFO] [stderr]    Compiling piper v0.2.4
[INFO] [stderr]    Compiling url v2.5.2
[INFO] [stderr]    Compiling async-lock v3.4.0
[INFO] [stderr]    Compiling async-channel v2.3.1
[INFO] [stderr]    Compiling futures-channel v0.3.31
[INFO] [stderr]    Compiling rustls-webpki v0.102.8
[INFO] [stderr]    Compiling async-io v1.13.0
[INFO] [stderr]    Compiling fastrand v1.9.0
[INFO] [stderr]    Compiling waker-fn v1.2.0
[INFO] [stderr]    Compiling linux-raw-sys v0.3.8
[INFO] [stderr]    Compiling futures-task v0.3.31
[INFO] [stderr]    Compiling event-listener v2.5.3
[INFO] [stderr]    Compiling doc-comment v0.3.3
[INFO] [stderr]    Compiling async-lock v2.8.0
[INFO] [stderr]    Compiling futures-lite v1.13.0
[INFO] [stderr]    Compiling blocking v1.6.1
[INFO] [stderr]    Compiling async-executor v1.13.1
[INFO] [stderr]    Compiling tokio v1.41.0
[INFO] [stderr]    Compiling tracing-attributes v0.1.27
[INFO] [stderr]    Compiling thiserror-impl v1.0.66
[INFO] [stderr]    Compiling der_derive v0.7.3
[INFO] [stderr]    Compiling zerocopy-derive v0.7.35
[INFO] [stderr]    Compiling zerocopy v0.7.35
[INFO] [stderr]    Compiling thiserror v1.0.66
[INFO] [stderr]    Compiling der v0.7.9
[INFO] [stderr]    Compiling asn1-rs-impl v0.2.0
[INFO] [stderr]    Compiling tracing v0.1.40
[INFO] [stderr]    Compiling asn1-rs-derive v0.5.1
[INFO] [stderr]    Compiling displaydoc v0.2.5
[INFO] [stderr]    Compiling ppv-lite86 v0.2.20
[INFO] [stderr]    Compiling serde_derive v1.0.214
[INFO] [stderr]    Compiling rand_chacha v0.3.1
[INFO] [stderr]    Compiling async-trait v0.1.83
[INFO] [stderr]    Compiling asn1-rs v0.6.2
[INFO] [stderr]    Compiling spki v0.7.3
[INFO] [stderr]    Compiling x509-cert v0.2.5
[INFO] [stderr]    Compiling rand v0.8.5
[INFO] [stderr]    Compiling pkcs5 v0.7.1
[INFO] [stderr]    Compiling rustls-connector v0.20.1
[INFO] [stderr]    Compiling polling v3.7.3
[INFO] [stderr]    Compiling der-parser v9.0.0
[INFO] [stderr]    Compiling futures-macro v0.3.31
[INFO] [stderr]    Compiling async-io v2.3.4
[INFO] [stderr]    Compiling executor-trait v2.1.2
[INFO] [stderr]    Compiling socket2 v0.4.10
[INFO] [stderr]    Compiling x509-parser v0.16.0
[INFO] [stderr]    Compiling amq-protocol v7.2.2
[INFO] [stderr]    Compiling futures-util v0.3.31
[INFO] [stderr]    Compiling async-global-executor v2.4.1
[INFO] [stderr]    Compiling cms v0.2.3
[INFO] [stderr]    Compiling serde v1.0.214
[INFO] [stderr]    Compiling reactor-trait v1.1.0
[INFO] [stderr]    Compiling pin-project-internal v1.1.7
[INFO] [stderr]    Compiling flume v0.11.1
[INFO] [stderr]    Compiling lapin v2.5.0
[INFO] [stderr]    Compiling pkcs12 v0.1.0
[INFO] [stderr]    Compiling pinky-swear v6.2.0
[INFO] [stderr]    Compiling p12-keystore v0.1.3
[INFO] [stderr]    Compiling async-reactor-trait v1.1.0
[INFO] [stderr]    Compiling async-global-executor-trait v2.1.2
[INFO] [stderr]    Compiling deadpool-runtime v0.1.4
[INFO] [stderr]    Compiling futures-micro v0.5.0
[INFO] [stderr]    Compiling num_cpus v1.16.0
[INFO] [stderr]    Compiling tcp-stream v0.28.0
[INFO] [stderr]    Compiling tower-service v0.3.3
[INFO] [stderr]    Compiling pin-project v1.1.7
[INFO] [stderr]    Compiling tower-layer v0.3.3
[INFO] [stderr]    Compiling deadpool v0.10.0
[INFO] [stderr]    Compiling async-oneshot v0.5.9
[INFO] [stderr]    Compiling tokio-executor-trait v2.1.3
[INFO] [stderr]    Compiling ulid v1.1.3
[INFO] [stderr]    Compiling async-stream-impl v0.3.6
[INFO] [stderr]    Compiling async-stream v0.3.6
[INFO] [stderr]    Compiling futures-executor v0.3.31
[INFO] [stderr]    Compiling tower v0.4.13
[INFO] [stderr]    Compiling futures v0.3.31
[INFO] [stderr]    Compiling serde_json v1.0.132
[INFO] [stderr]    Compiling apalis-core v0.6.0-rc.8
[INFO] [stderr]    Compiling amq-protocol-types v7.2.2
[INFO] [stderr]    Compiling amq-protocol-uri v7.2.2
[INFO] [stderr]    Compiling amq-protocol-tcp v7.2.2
[INFO] [stderr]    Compiling deadpool-lapin v0.11.0
[INFO] [stderr]    Compiling apalis-amqp v0.4.0-rc.1 (/opt/rustwide/workdir)
[INFO] [stdout] error[E0107]: struct takes 2 generic arguments but 1 generic argument was supplied
[INFO] [stdout]    --> src/utils.rs:150:22
[INFO] [stdout]     |
[INFO] [stdout] 150 |     fn into(self) -> Request<T> {
[INFO] [stdout]     |                      ^^^^^^^ - supplied 1 generic argument
[INFO] [stdout]     |                      |
[INFO] [stdout]     |                      expected 2 generic arguments
[INFO] [stdout]     |
[INFO] [stdout] note: struct defined here, with 2 generic parameters: `Args`, `Ctx`
[INFO] [stdout]    --> /opt/rustwide/cargo-home/registry/src/index.crates.io-6f17d22bba15001f/apalis-core-0.6.0-rc.8/src/request.rs:19:12
[INFO] [stdout]     |
[INFO] [stdout] 19  | pub struct Request<Args, Ctx> {
[INFO] [stdout]     |            ^^^^^^^ ----  ---
[INFO] [stdout] help: add missing generic argument
[INFO] [stdout]     |
[INFO] [stdout] 150 |     fn into(self) -> Request<T, Ctx> {
[INFO] [stdout]     |                               +++++
[INFO] [stdout] 
[INFO] [stdout] 
[INFO] [stdout] error[E0107]: struct takes 2 generic arguments but 1 generic argument was supplied
[INFO] [stdout]    --> src/lib.rs:160:57
[INFO] [stdout]     |
[INFO] [stdout] 160 | impl<M: DeserializeOwned + Send + 'static, Res> Backend<Request<M>, Res> for AmqpBackend<M> {
[INFO] [stdout]     |                                                         ^^^^^^^ - supplied 1 generic argument
[INFO] [stdout]     |                                                         |
[INFO] [stdout]     |                                                         expected 2 generic arguments
[INFO] [stdout]     |
[INFO] [stdout] note: struct defined here, with 2 generic parameters: `Args`, `Ctx`
[INFO] [stdout]    --> /opt/rustwide/cargo-home/registry/src/index.crates.io-6f17d22bba15001f/apalis-core-0.6.0-rc.8/src/request.rs:19:12
[INFO] [stdout]     |
[INFO] [stdout] 19  | pub struct Request<Args, Ctx> {
[INFO] [stdout]     |            ^^^^^^^ ----  ---
[INFO] [stdout] help: add missing generic argument
[INFO] [stdout]     |
[INFO] [stdout] 160 | impl<M: DeserializeOwned + Send + 'static, Res> Backend<Request<M, Ctx>, Res> for AmqpBackend<M> {
[INFO] [stdout]     |                                                                  +++++
[INFO] [stdout] 
[INFO] [stdout] 
[INFO] [stdout] error[E0107]: struct takes 2 generic arguments but 1 generic argument was supplied
[INFO] [stdout]    --> src/lib.rs:162:33
[INFO] [stdout]     |
[INFO] [stdout] 162 |     type Stream = RequestStream<Request<M>>;
[INFO] [stdout]     |                                 ^^^^^^^ - supplied 1 generic argument
[INFO] [stdout]     |                                 |
[INFO] [stdout]     |                                 expected 2 generic arguments
[INFO] [stdout]     |
[INFO] [stdout] note: struct defined here, with 2 generic parameters: `Args`, `Ctx`
[INFO] [stdout]    --> /opt/rustwide/cargo-home/registry/src/index.crates.io-6f17d22bba15001f/apalis-core-0.6.0-rc.8/src/request.rs:19:12
[INFO] [stdout]     |
[INFO] [stdout] 19  | pub struct Request<Args, Ctx> {
[INFO] [stdout]     |            ^^^^^^^ ----  ---
[INFO] [stdout] help: add missing generic argument
[INFO] [stdout]     |
[INFO] [stdout] 162 |     type Stream = RequestStream<Request<M, Ctx>>;
[INFO] [stdout]     |                                          +++++
[INFO] [stdout] 
[INFO] [stdout] 
[INFO] [stdout] error[E0053]: method `ack` has an incompatible type for trait
[INFO] [stdout]   --> src/ack.rs:15:15
[INFO] [stdout]    |
[INFO] [stdout] 15 |         _res: &Result<Res, apalis_core::error::Error>,
[INFO] [stdout]    |               ^^^^^^^^^^^^^^^^^^^^^^^^^^^^^^^^^^^^^^^ expected `Response<Res>`, found `Result<Res, Error>`
[INFO] [stdout]    |
[INFO] [stdout]    = note: expected signature `fn(&mut AmqpBackend<_>, &utils::Context, &Response<Res>) -> _`
[INFO] [stdout]               found signature `fn(&mut AmqpBackend<_>, &utils::Context, &Result<Res, apalis_core::error::Error>) -> _`
[INFO] [stdout] help: change the parameter type to match the trait
[INFO] [stdout]    |
[INFO] [stdout] 15 |         _res: &Response<Res>,
[INFO] [stdout]    |               ~~~~~~~~~~~~~~
[INFO] [stdout] 
[INFO] [stdout] 
[INFO] [stdout] error[E0107]: struct takes 2 generic arguments but 1 generic argument was supplied
[INFO] [stdout]    --> src/utils.rs:149:14
[INFO] [stdout]     |
[INFO] [stdout] 149 | impl<T> Into<Request<T>> for AmqpMessage<T> {
[INFO] [stdout]     |              ^^^^^^^ - supplied 1 generic argument
[INFO] [stdout]     |              |
[INFO] [stdout]     |              expected 2 generic arguments
[INFO] [stdout]     |
[INFO] [stdout] note: struct defined here, with 2 generic parameters: `Args`, `Ctx`
[INFO] [stdout]    --> /opt/rustwide/cargo-home/registry/src/index.crates.io-6f17d22bba15001f/apalis-core-0.6.0-rc.8/src/request.rs:19:12
[INFO] [stdout]     |
[INFO] [stdout] 19  | pub struct Request<Args, Ctx> {
[INFO] [stdout]     |            ^^^^^^^ ----  ---
[INFO] [stdout] help: add missing generic argument
[INFO] [stdout]     |
[INFO] [stdout] 149 | impl<T> Into<Request<T, Ctx>> for AmqpMessage<T> {
[INFO] [stdout]     |                       +++++
[INFO] [stdout] 
[INFO] [stdout] 
[INFO] [stdout] error[E0061]: this function takes 3 arguments but 2 arguments were supplied
[INFO] [stdout]    --> src/utils.rs:153:9
[INFO] [stdout]     |
[INFO] [stdout] 153 |         Request::new_with_data(self.msg, data)
[INFO] [stdout]     |         ^^^^^^^^^^^^^^^^^^^^^^---------------- argument #3 is missing
[INFO] [stdout]     |
[INFO] [stdout] note: associated function defined here
[INFO] [stdout]    --> /opt/rustwide/cargo-home/registry/src/index.crates.io-6f17d22bba15001f/apalis-core-0.6.0-rc.8/src/request.rs:71:12
[INFO] [stdout]     |
[INFO] [stdout] 71  |     pub fn new_with_data(req: T, data: Extensions, ctx: Ctx) -> Self {
[INFO] [stdout]     |            ^^^^^^^^^^^^^
[INFO] [stdout] help: provide the argument
[INFO] [stdout]     |
[INFO] [stdout] 153 |         Request::new_with_data(self.msg, data, /* ctx */)
[INFO] [stdout]     |                               ~~~~~~~~~~~~~~~~~~~~~~~~~~~
[INFO] [stdout] 
[INFO] [stdout] 
[INFO] [stdout] Some errors have detailed explanations: E0053, E0061, E0107.
[INFO] [stdout] 
[INFO] [stdout] For more information about an error, try `rustc --explain E0053`.
[INFO] [stdout] 
[INFO] [stderr] error: could not compile `apalis-amqp` (lib) due to 6 previous errors
[INFO] [stderr] warning: build failed, waiting for other jobs to finish...
[INFO] running `Command { std: "docker" "inspect" "9f72a45f2db07a5f57da486de88c30724ca25badf60b12eb5f088ea0f4c8278b", kill_on_drop: false }`
[INFO] running `Command { std: "docker" "rm" "-f" "9f72a45f2db07a5f57da486de88c30724ca25badf60b12eb5f088ea0f4c8278b", kill_on_drop: false }`
[INFO] [stdout] 9f72a45f2db07a5f57da486de88c30724ca25badf60b12eb5f088ea0f4c8278b
