[INFO] fetching crate aorist 0.0.14...
[INFO] testing aorist-0.0.14 against nightly-2024-10-28+rustflags=-Zrandomize-layout for randomize-layout
[INFO] extracting crate aorist 0.0.14 into /workspace/builds/worker-7-tc2/source
[INFO] validating manifest of crates.io crate aorist 0.0.14 on toolchain nightly-2024-10-28
[INFO] running `Command { std: CARGO_HOME="/workspace/cargo-home" RUSTUP_HOME="/workspace/rustup-home" "/workspace/cargo-home/bin/cargo" "+nightly-2024-10-28" "metadata" "--manifest-path" "Cargo.toml" "--no-deps", kill_on_drop: false }`
[INFO] started tweaking crates.io crate aorist 0.0.14
[INFO] finished tweaking crates.io crate aorist 0.0.14
[INFO] tweaked toml for crates.io crate aorist 0.0.14 written to /workspace/builds/worker-7-tc2/source/Cargo.toml
[INFO] running `Command { std: CARGO_HOME="/workspace/cargo-home" RUSTUP_HOME="/workspace/rustup-home" "/workspace/cargo-home/bin/cargo" "+nightly-2024-10-28" "generate-lockfile" "--manifest-path" "Cargo.toml", kill_on_drop: false }`
[INFO] [stderr]     Updating crates.io index
[INFO] [stderr]      Locking 147 packages to latest compatible versions
[INFO] [stderr]       Adding indoc-impl v0.3.6 (available: v0.3.7)
[INFO] [stderr]       Adding pyo3 v0.14.5 (available: v0.22.5)
[INFO] [stderr]       Adding uuid v0.8.2 (available: v1.11.0)
[INFO] running `Command { std: CARGO_HOME="/workspace/cargo-home" RUSTUP_HOME="/workspace/rustup-home" "/workspace/cargo-home/bin/cargo" "+nightly-2024-10-28" "fetch" "--manifest-path" "Cargo.toml", kill_on_drop: false }`
[INFO] running `Command { std: "docker" "create" "-v" "/var/lib/crater-agent-workspace/builds/worker-7-tc2/target:/opt/rustwide/target:rw,Z" "-v" "/var/lib/crater-agent-workspace/builds/worker-7-tc2/source:/opt/rustwide/workdir:ro,Z" "-v" "/var/lib/crater-agent-workspace/cargo-home:/opt/rustwide/cargo-home:ro,Z" "-v" "/var/lib/crater-agent-workspace/rustup-home:/opt/rustwide/rustup-home:ro,Z" "-e" "SOURCE_DIR=/opt/rustwide/workdir" "-e" "CARGO_TARGET_DIR=/opt/rustwide/target" "-e" "CARGO_HOME=/opt/rustwide/cargo-home" "-e" "RUSTUP_HOME=/opt/rustwide/rustup-home" "-w" "/opt/rustwide/workdir" "-m" "1610612736" "--user" "0:0" "--network" "none" "ghcr.io/rust-lang/crates-build-env/linux@sha256:4a844ea9eb2546a2d2c7022eacef16ef2e8229c7fbb2c7d4d55a9ceca922f72d" "/opt/rustwide/cargo-home/bin/cargo" "+nightly-2024-10-28" "metadata" "--no-deps" "--format-version=1", kill_on_drop: false }`
[INFO] [stdout] b353615242fc5824d8b69fba0b57bb01908d3ee1c7d99288ca23dd91845d2f0e
[INFO] running `Command { std: "docker" "start" "-a" "b353615242fc5824d8b69fba0b57bb01908d3ee1c7d99288ca23dd91845d2f0e", kill_on_drop: false }`
[INFO] running `Command { std: "docker" "inspect" "b353615242fc5824d8b69fba0b57bb01908d3ee1c7d99288ca23dd91845d2f0e", kill_on_drop: false }`
[INFO] running `Command { std: "docker" "rm" "-f" "b353615242fc5824d8b69fba0b57bb01908d3ee1c7d99288ca23dd91845d2f0e", kill_on_drop: false }`
[INFO] [stdout] b353615242fc5824d8b69fba0b57bb01908d3ee1c7d99288ca23dd91845d2f0e
[INFO] running `Command { std: "docker" "create" "-v" "/var/lib/crater-agent-workspace/builds/worker-7-tc2/target:/opt/rustwide/target:rw,Z" "-v" "/var/lib/crater-agent-workspace/builds/worker-7-tc2/source:/opt/rustwide/workdir:ro,Z" "-v" "/var/lib/crater-agent-workspace/cargo-home:/opt/rustwide/cargo-home:ro,Z" "-v" "/var/lib/crater-agent-workspace/rustup-home:/opt/rustwide/rustup-home:ro,Z" "-e" "SOURCE_DIR=/opt/rustwide/workdir" "-e" "CARGO_TARGET_DIR=/opt/rustwide/target" "-e" "CARGO_INCREMENTAL=0" "-e" "RUST_BACKTRACE=full" "-e" "RUSTFLAGS=--cap-lints=forbid -Zrandomize-layout" "-e" "RUSTDOCFLAGS=--cap-lints=forbid" "-e" "CARGO_HOME=/opt/rustwide/cargo-home" "-e" "RUSTUP_HOME=/opt/rustwide/rustup-home" "-w" "/opt/rustwide/workdir" "-m" "1610612736" "--user" "0:0" "--network" "none" "ghcr.io/rust-lang/crates-build-env/linux@sha256:4a844ea9eb2546a2d2c7022eacef16ef2e8229c7fbb2c7d4d55a9ceca922f72d" "/opt/rustwide/cargo-home/bin/cargo" "+nightly-2024-10-28" "build" "--frozen" "--message-format=json", kill_on_drop: false }`
[INFO] [stdout] e648c66471807faeb997676da13886a5e6e395a2e906af1025852efcacd4bdfc
[INFO] running `Command { std: "docker" "start" "-a" "e648c66471807faeb997676da13886a5e6e395a2e906af1025852efcacd4bdfc", kill_on_drop: false }`
[INFO] [stderr]    Compiling syn v1.0.109
[INFO] [stderr]    Compiling serde v1.0.214
[INFO] [stderr]    Compiling num-traits v0.2.19
[INFO] [stderr]    Compiling indexmap v1.9.3
[INFO] [stderr]    Compiling tracing-core v0.1.32
[INFO] [stderr]    Compiling syn v2.0.86
[INFO] [stderr]    Compiling hashbrown v0.12.3
[INFO] [stderr]    Compiling smallvec v1.13.2
[INFO] [stderr]    Compiling proc-macro-error-attr v1.0.4
[INFO] [stderr]    Compiling linked-hash-map v0.5.6
[INFO] [stderr]    Compiling regex-syntax v0.6.29
[INFO] [stderr]    Compiling ryu v1.0.18
[INFO] [stderr]    Compiling pin-project-lite v0.2.15
[INFO] [stderr]    Compiling serde_json v1.0.132
[INFO] [stderr]    Compiling proc-macro-error v1.0.4
[INFO] [stderr]    Compiling pyo3-build-config v0.14.5
[INFO] [stderr]    Compiling thiserror v1.0.66
[INFO] [stderr]    Compiling itoa v1.0.11
[INFO] [stderr]    Compiling proc-macro-hack v0.5.20+deprecated
[INFO] [stderr]    Compiling tracing-log v0.1.4
[INFO] [stderr]    Compiling chrono v0.4.38
[INFO] [stderr]    Compiling yaml-rust v0.4.5
[INFO] [stderr]    Compiling sharded-slab v0.1.7
[INFO] [stderr]    Compiling thread_local v1.1.8
[INFO] [stderr]    Compiling ansi_term v0.12.1
[INFO] [stderr]    Compiling lock_api v0.4.12
[INFO] [stderr]    Compiling regex-automata v0.1.10
[INFO] [stderr]    Compiling parking_lot_core v0.8.6
[INFO] [stderr]    Compiling instant v0.1.13
[INFO] [stderr]    Compiling scopeguard v1.2.0
[INFO] [stderr]    Compiling inventory v0.1.11
[INFO] [stderr]    Compiling unindent v0.1.11
[INFO] [stderr]    Compiling paste-impl v0.1.18
[INFO] [stderr]    Compiling pyo3 v0.14.5
[INFO] [stderr]    Compiling codegen v0.1.3
[INFO] [stderr]    Compiling getrandom v0.2.15
[INFO] [stderr]    Compiling matchers v0.0.1
[INFO] [stderr]    Compiling libR-sys v0.2.2
[INFO] [stderr]    Compiling paste v0.1.18
[INFO] [stderr]    Compiling parking_lot v0.11.2
[INFO] [stderr]    Compiling num-integer v0.1.46
[INFO] [stderr]    Compiling aorist_extendr-engine v0.0.1
[INFO] [stderr]    Compiling sqlparser v0.9.0
[INFO] [stderr]    Compiling Inflector v0.11.4
[INFO] [stderr]    Compiling byteorder v1.5.0
[INFO] [stderr]    Compiling num-bigint v0.4.6
[INFO] [stderr]    Compiling linked_hash_set v0.1.4
[INFO] [stderr]    Compiling indoc v1.0.9
[INFO] [stderr]    Compiling pyo3-macros-backend v0.14.5
[INFO] [stderr]    Compiling aorist_paste v0.0.1
[INFO] [stderr]    Compiling siphasher v0.3.11
[INFO] [stderr]    Compiling either v1.13.0
[INFO] [stderr]    Compiling minimal-lexical v0.2.1
[INFO] [stderr]    Compiling itertools v0.10.5
[INFO] [stderr]    Compiling nom v7.1.3
[INFO] [stderr]    Compiling num-iter v0.1.45
[INFO] [stderr]    Compiling num-rational v0.4.2
[INFO] [stderr]    Compiling rand_core v0.6.4
[INFO] [stderr]    Compiling num-complex v0.4.6
[INFO] [stderr]    Compiling unicode_categories v0.1.1
[INFO] [stderr]    Compiling ordered-float v2.10.1
[INFO] [stderr]    Compiling base64 v0.13.1
[INFO] [stderr]    Compiling maplit v1.0.2
[INFO] [stderr]    Compiling serde_derive v1.0.214
[INFO] [stderr]    Compiling tracing-attributes v0.1.27
[INFO] [stderr]    Compiling pin-project-internal v1.1.7
[INFO] [stderr]    Compiling thiserror-impl v1.0.66
[INFO] [stderr]    Compiling ghost v0.1.17
[INFO] [stderr]    Compiling zerocopy-derive v0.7.35
[INFO] [stderr]    Compiling sqlformat v0.1.8
[INFO] [stderr]    Compiling num v0.4.3
[INFO] [stderr]    Compiling enum_dispatch v0.3.13
[INFO] [stderr]    Compiling inventory-impl v0.1.11
[INFO] [stderr]    Compiling indoc-impl v0.3.6
[INFO] [stderr]    Compiling ctor v0.1.26
[INFO] [stderr]    Compiling pin-project v1.1.7
[INFO] [stderr]    Compiling pyo3-macros v0.14.5
[INFO] [stderr]    Compiling zerocopy v0.7.35
[INFO] [stderr]    Compiling indoc v0.3.6
[INFO] [stderr]    Compiling aorist_extendr-macros v0.0.1
[INFO] [stderr]    Compiling tracing v0.1.40
[INFO] [stderr]    Compiling tracing-futures v0.2.5
[INFO] [stderr]    Compiling derivative v2.2.0
[INFO] [stderr]    Compiling ppv-lite86 v0.2.20
[INFO] [stderr]    Compiling aorist_extendr-api v0.0.1
[INFO] [stderr]    Compiling rand_chacha v0.3.1
[INFO] [stderr]    Compiling rand v0.8.5
[INFO] [stderr]    Compiling tracing-serde v0.1.3
[INFO] [stderr]    Compiling serde_yaml v0.8.26
[INFO] [stderr]    Compiling uuid v0.8.2
[INFO] [stderr]    Compiling toml v0.5.11
[INFO] [stderr]    Compiling tracing-subscriber v0.2.25
[INFO] [stderr]    Compiling aorist_core v0.0.14
[INFO] [stderr]    Compiling aorist_util v0.0.1
[INFO] [stderr]    Compiling aorist_derive v0.0.1
[INFO] [stderr]    Compiling aorist_attributes v0.0.14
[INFO] [stderr]    Compiling aorist_concept v0.0.1
[INFO] [stderr]    Compiling aorist_constraint v0.0.14
[INFO] [stderr]    Compiling aorist_primitives v0.0.14
[INFO] [stderr]    Compiling aorist_ast v0.0.14
[INFO] [stderr]    Compiling aorist v0.0.14 (/opt/rustwide/workdir)
[INFO] [stderr]     Finished `dev` profile [unoptimized + debuginfo] target(s) in 34.60s
[INFO] running `Command { std: "docker" "inspect" "e648c66471807faeb997676da13886a5e6e395a2e906af1025852efcacd4bdfc", kill_on_drop: false }`
[INFO] running `Command { std: "docker" "rm" "-f" "e648c66471807faeb997676da13886a5e6e395a2e906af1025852efcacd4bdfc", kill_on_drop: false }`
[INFO] [stdout] e648c66471807faeb997676da13886a5e6e395a2e906af1025852efcacd4bdfc
[INFO] running `Command { std: "docker" "create" "-v" "/var/lib/crater-agent-workspace/builds/worker-7-tc2/target:/opt/rustwide/target:rw,Z" "-v" "/var/lib/crater-agent-workspace/builds/worker-7-tc2/source:/opt/rustwide/workdir:ro,Z" "-v" "/var/lib/crater-agent-workspace/cargo-home:/opt/rustwide/cargo-home:ro,Z" "-v" "/var/lib/crater-agent-workspace/rustup-home:/opt/rustwide/rustup-home:ro,Z" "-e" "SOURCE_DIR=/opt/rustwide/workdir" "-e" "CARGO_TARGET_DIR=/opt/rustwide/target" "-e" "CARGO_INCREMENTAL=0" "-e" "RUST_BACKTRACE=full" "-e" "RUSTFLAGS=--cap-lints=forbid -Zrandomize-layout" "-e" "RUSTDOCFLAGS=--cap-lints=forbid" "-e" "CARGO_HOME=/opt/rustwide/cargo-home" "-e" "RUSTUP_HOME=/opt/rustwide/rustup-home" "-w" "/opt/rustwide/workdir" "-m" "1610612736" "--user" "0:0" "--network" "none" "ghcr.io/rust-lang/crates-build-env/linux@sha256:4a844ea9eb2546a2d2c7022eacef16ef2e8229c7fbb2c7d4d55a9ceca922f72d" "/opt/rustwide/cargo-home/bin/cargo" "+nightly-2024-10-28" "test" "--frozen" "--no-run" "--message-format=json", kill_on_drop: false }`
[INFO] [stdout] 626b3ac5d2772e9fb8b2573e3d5347bf49b52c0a38a7df21c40d9d9d4b7dd659
[INFO] running `Command { std: "docker" "start" "-a" "626b3ac5d2772e9fb8b2573e3d5347bf49b52c0a38a7df21c40d9d9d4b7dd659", kill_on_drop: false }`
[INFO] [stderr]    Compiling aorist v0.0.14 (/opt/rustwide/workdir)
[INFO] [stdout] error: linking with `cc` failed: exit status: 1
[INFO] [stdout]   |
[INFO] [stdout]   = note: LC_ALL="C" PATH="/opt/rustwide/rustup-home/toolchains/nightly-2024-10-28-x86_64-unknown-linux-gnu/lib/rustlib/x86_64-unknown-linux-gnu/bin:/opt/rustwide/rustup-home/toolchains/nightly-2024-10-28-x86_64-unknown-linux-gnu/lib/rustlib/x86_64-unknown-linux-gnu/bin/self-contained:/opt/rustwide/cargo-home/bin:/usr/local/sbin:/usr/local/bin:/usr/sbin:/usr/bin:/sbin:/bin" VSLANG="1033" "cc" "-m64" "/tmp/rustcbTxM3P/symbols.o" "/opt/rustwide/target/debug/deps/aorist-6962abad591afaa7.aorist.76f55d098807fd74-cgu.00.rcgu.o" "/opt/rustwide/target/debug/deps/aorist-6962abad591afaa7.aorist.76f55d098807fd74-cgu.01.rcgu.o" "/opt/rustwide/target/debug/deps/aorist-6962abad591afaa7.aorist.76f55d098807fd74-cgu.02.rcgu.o" "/opt/rustwide/target/debug/deps/aorist-6962abad591afaa7.aorist.76f55d098807fd74-cgu.03.rcgu.o" "/opt/rustwide/target/debug/deps/aorist-6962abad591afaa7.aorist.76f55d098807fd74-cgu.04.rcgu.o" "/opt/rustwide/target/debug/deps/aorist-6962abad591afaa7.aorist.76f55d098807fd74-cgu.05.rcgu.o" "/opt/rustwide/target/debug/deps/aorist-6962abad591afaa7.aorist.76f55d098807fd74-cgu.06.rcgu.o" "/opt/rustwide/target/debug/deps/aorist-6962abad591afaa7.aorist.76f55d098807fd74-cgu.07.rcgu.o" "/opt/rustwide/target/debug/deps/aorist-6962abad591afaa7.aorist.76f55d098807fd74-cgu.08.rcgu.o" "/opt/rustwide/target/debug/deps/aorist-6962abad591afaa7.aorist.76f55d098807fd74-cgu.09.rcgu.o" "/opt/rustwide/target/debug/deps/aorist-6962abad591afaa7.aorist.76f55d098807fd74-cgu.10.rcgu.o" "/opt/rustwide/target/debug/deps/aorist-6962abad591afaa7.aorist.76f55d098807fd74-cgu.11.rcgu.o" "/opt/rustwide/target/debug/deps/aorist-6962abad591afaa7.aorist.76f55d098807fd74-cgu.12.rcgu.o" "/opt/rustwide/target/debug/deps/aorist-6962abad591afaa7.aorist.76f55d098807fd74-cgu.13.rcgu.o" "/opt/rustwide/target/debug/deps/aorist-6962abad591afaa7.aorist.76f55d098807fd74-cgu.14.rcgu.o" "/opt/rustwide/target/debug/deps/aorist-6962abad591afaa7.aorist.76f55d098807fd74-cgu.15.rcgu.o" "/opt/rustwide/target/debug/deps/aorist-6962abad591afaa7.bsk2a3s7811si7eluvmqn8wsk.rcgu.o" "-Wl,--as-needed" "-Wl,-Bstatic" "/opt/rustwide/rustup-home/toolchains/nightly-2024-10-28-x86_64-unknown-linux-gnu/lib/rustlib/x86_64-unknown-linux-gnu/lib/libtest-a09fad3b5321e7d6.rlib" "/opt/rustwide/rustup-home/toolchains/nightly-2024-10-28-x86_64-unknown-linux-gnu/lib/rustlib/x86_64-unknown-linux-gnu/lib/libgetopts-f9c3dff41ad42661.rlib" "/opt/rustwide/rustup-home/toolchains/nightly-2024-10-28-x86_64-unknown-linux-gnu/lib/rustlib/x86_64-unknown-linux-gnu/lib/libunicode_width-ad2aef31af6addd3.rlib" "/opt/rustwide/rustup-home/toolchains/nightly-2024-10-28-x86_64-unknown-linux-gnu/lib/rustlib/x86_64-unknown-linux-gnu/lib/librustc_std_workspace_std-e3f907dc03deb913.rlib" "/opt/rustwide/target/debug/deps/libaorist_constraint-07f93f3b1f401786.rlib" "/opt/rustwide/target/debug/deps/libmaplit-0bdfb58050f15c6b.rlib" "/opt/rustwide/target/debug/deps/libaorist_util-0d27e9a64175896d.rlib" "/opt/rustwide/target/debug/deps/libtracing_subscriber-246098c05bde392d.rlib" "/opt/rustwide/target/debug/deps/libchrono-54a8defd267005a6.rlib" "/opt/rustwide/target/debug/deps/libiana_time_zone-b5af8e0c24ee252c.rlib" "/opt/rustwide/target/debug/deps/libthread_local-cd16fe5a28833775.rlib" "/opt/rustwide/target/debug/deps/libsharded_slab-95991d1034e4c6b5.rlib" "/opt/rustwide/target/debug/deps/libtracing_serde-2ec2bda87e104b59.rlib" "/opt/rustwide/target/debug/deps/libtracing_log-1d4310f7864ca52e.rlib" "/opt/rustwide/target/debug/deps/libansi_term-bb169c4f46faf8a6.rlib" "/opt/rustwide/target/debug/deps/libmatchers-1cd9bf000da487b3.rlib" "/opt/rustwide/target/debug/deps/libregex_automata-76d9ee70e58e8db4.rlib" "/opt/rustwide/target/debug/deps/libregex_syntax-5ceaa91920579a46.rlib" "/opt/rustwide/target/debug/deps/libsyn-7ac72b6ffbb13561.rlib" "/opt/rustwide/target/debug/deps/libquote-bb6dc0d46103b674.rlib" "/opt/rustwide/target/debug/deps/libproc_macro2-2b8b1541a225e02e.rlib" "/opt/rustwide/target/debug/deps/libunicode_ident-1b46019ecac45a4e.rlib" "/opt/rustwide/rustup-home/toolchains/nightly-2024-10-28-x86_64-unknown-linux-gnu/lib/rustlib/x86_64-unknown-linux-gnu/lib/libproc_macro-48fdbe75ea06e368.rlib" "/opt/rustwide/target/debug/deps/libaorist_core-4d6931c6afc70c64.rlib" "/opt/rustwide/target/debug/deps/libserde_yaml-507961d5fdee9bf4.rlib" "/opt/rustwide/target/debug/deps/libindexmap-2f7e9c8b83b719ab.rlib" "/opt/rustwide/target/debug/deps/libhashbrown-b50da1c079e7685f.rlib" "/opt/rustwide/target/debug/deps/libyaml_rust-6d60ab237de14ae0.rlib" "/opt/rustwide/target/debug/deps/libthiserror-a40806e5b4008132.rlib" "/opt/rustwide/target/debug/deps/libtracing-84beea08baf5631a.rlib" "/opt/rustwide/target/debug/deps/libpin_project_lite-2633596a5f246a3b.rlib" "/opt/rustwide/target/debug/deps/libtracing_core-7beae75ea3209279.rlib" "/opt/rustwide/target/debug/deps/libonce_cell-6dc575c335e8f5a1.rlib" "/opt/rustwide/target/debug/deps/liblinked_hash_set-ec449abc7d657c74.rlib" "/opt/rustwide/target/debug/deps/libaorist_ast-f6e7e903571f34e5.rlib" "/opt/rustwide/target/debug/deps/liblinked_hash_map-4155900399b65b23.rlib" "/opt/rustwide/target/debug/deps/libaorist_extendr_api-b2a291fc8b451190.rlib" "/opt/rustwide/target/debug/deps/liblibR_sys-57866001ee38af4f.rlib" "/opt/rustwide/target/debug/deps/libinflector-1e9eeae488c3d4bd.rlib" "/opt/rustwide/target/debug/deps/liblazy_static-7af2f34f8b124b26.rlib" "/opt/rustwide/target/debug/deps/libregex-61b2e6ecb3882e3e.rlib" "/opt/rustwide/target/debug/deps/libregex_automata-6caf4f6caeb54f48.rlib" "/opt/rustwide/target/debug/deps/libaho_corasick-0c323ca373dc9a3a.rlib" "/opt/rustwide/target/debug/deps/libregex_syntax-eddb13b0f2ea78f9.rlib" "/opt/rustwide/target/debug/deps/libanyhow-c6bfdd57e897141e.rlib" "/opt/rustwide/target/debug/deps/libaorist_attributes-6b7cb914fca76c2e.rlib" "/opt/rustwide/target/debug/deps/libserde_json-168ab7c1496e120e.rlib" "/opt/rustwide/target/debug/deps/libmemchr-34eb650b64c0b1fd.rlib" "/opt/rustwide/target/debug/deps/libitoa-add5260810035b6e.rlib" "/opt/rustwide/target/debug/deps/libryu-2ae7af5af0bb88e0.rlib" "/opt/rustwide/target/debug/deps/libaorist_primitives-9942992f489bb4bf.rlib" "/opt/rustwide/target/debug/deps/libuuid-4508b0a7d941747f.rlib" "/opt/rustwide/target/debug/deps/libgetrandom-54cd17dd5507d029.rlib" "/opt/rustwide/target/debug/deps/libserde-1a0ae7b41a24ac47.rlib" "/opt/rustwide/target/debug/deps/libsiphasher-b9c790f685f59773.rlib" "/opt/rustwide/target/debug/deps/libsqlparser-6f0abae22b9f5c99.rlib" "/opt/rustwide/target/debug/deps/liblog-e7e7e8ec9ff686da.rlib" "/opt/rustwide/target/debug/deps/libpyo3-d4fe83e4805362fe.rlib" "/opt/rustwide/target/debug/deps/libparking_lot-e36f3d87b8e5eee7.rlib" "/opt/rustwide/target/debug/deps/libparking_lot_core-0609ea5729740051.rlib" "/opt/rustwide/target/debug/deps/libsmallvec-756ee87804f0eec5.rlib" "/opt/rustwide/target/debug/deps/liblock_api-e2cb0d427dfba242.rlib" "/opt/rustwide/target/debug/deps/libscopeguard-003ee3b9b09cebdb.rlib" "/opt/rustwide/target/debug/deps/libinstant-969d032a10606262.rlib" "/opt/rustwide/target/debug/deps/libcfg_if-57bf25c23e31efdb.rlib" "/opt/rustwide/target/debug/deps/liblibc-663f09ba3db1840e.rlib" "/opt/rustwide/target/debug/deps/libinventory-165393921db266dd.rlib" "/opt/rustwide/target/debug/deps/libunindent-1e23dff4ebeeb400.rlib" "/opt/rustwide/target/debug/deps/libpaste-4723de8a0398679a.rlib" "/opt/rustwide/target/debug/deps/libindoc-5718335252568f9d.rlib" "/opt/rustwide/target/debug/deps/libnum-d789a30c8f8bc8d2.rlib" "/opt/rustwide/target/debug/deps/libnum_iter-9f610af8ae8f255a.rlib" "/opt/rustwide/target/debug/deps/libnum_rational-03dd5a2a46665b39.rlib" "/opt/rustwide/target/debug/deps/libnum_complex-ce9e8b62de413cfa.rlib" "/opt/rustwide/target/debug/deps/libnum_bigint-7d5fed33d0e1367f.rlib" "/opt/rustwide/target/debug/deps/libnum_integer-fa6db5f03e61b627.rlib" "/opt/rustwide/target/debug/deps/libnum_traits-a581670d454dc91e.rlib" "/opt/rustwide/rustup-home/toolchains/nightly-2024-10-28-x86_64-unknown-linux-gnu/lib/rustlib/x86_64-unknown-linux-gnu/lib/libstd-fb8c387236db3c10.rlib" "/opt/rustwide/rustup-home/toolchains/nightly-2024-10-28-x86_64-unknown-linux-gnu/lib/rustlib/x86_64-unknown-linux-gnu/lib/libpanic_unwind-b251837809b2f64b.rlib" "/opt/rustwide/rustup-home/toolchains/nightly-2024-10-28-x86_64-unknown-linux-gnu/lib/rustlib/x86_64-unknown-linux-gnu/lib/libobject-cbef83eaa4e01f04.rlib" "/opt/rustwide/rustup-home/toolchains/nightly-2024-10-28-x86_64-unknown-linux-gnu/lib/rustlib/x86_64-unknown-linux-gnu/lib/libmemchr-12a772286de2fca7.rlib" "/opt/rustwide/rustup-home/toolchains/nightly-2024-10-28-x86_64-unknown-linux-gnu/lib/rustlib/x86_64-unknown-linux-gnu/lib/libaddr2line-023bbe5ada7abfc3.rlib" "/opt/rustwide/rustup-home/toolchains/nightly-2024-10-28-x86_64-unknown-linux-gnu/lib/rustlib/x86_64-unknown-linux-gnu/lib/libgimli-de2bcdf10ec69c2b.rlib" "/opt/rustwide/rustup-home/toolchains/nightly-2024-10-28-x86_64-unknown-linux-gnu/lib/rustlib/x86_64-unknown-linux-gnu/lib/librustc_demangle-8e1754df350800fd.rlib" "/opt/rustwide/rustup-home/toolchains/nightly-2024-10-28-x86_64-unknown-linux-gnu/lib/rustlib/x86_64-unknown-linux-gnu/lib/libstd_detect-06c2ab7b9c32e037.rlib" "/opt/rustwide/rustup-home/toolchains/nightly-2024-10-28-x86_64-unknown-linux-gnu/lib/rustlib/x86_64-unknown-linux-gnu/lib/libhashbrown-51d2621fc57a281b.rlib" "/opt/rustwide/rustup-home/toolchains/nightly-2024-10-28-x86_64-unknown-linux-gnu/lib/rustlib/x86_64-unknown-linux-gnu/lib/librustc_std_workspace_alloc-54a930408793772f.rlib" "/opt/rustwide/rustup-home/toolchains/nightly-2024-10-28-x86_64-unknown-linux-gnu/lib/rustlib/x86_64-unknown-linux-gnu/lib/libminiz_oxide-0c7d01cba400dcb2.rlib" "/opt/rustwide/rustup-home/toolchains/nightly-2024-10-28-x86_64-unknown-linux-gnu/lib/rustlib/x86_64-unknown-linux-gnu/lib/libadler-b9f84d69e331b75b.rlib" "/opt/rustwide/rustup-home/toolchains/nightly-2024-10-28-x86_64-unknown-linux-gnu/lib/rustlib/x86_64-unknown-linux-gnu/lib/libunwind-eec95493246aae39.rlib" "/opt/rustwide/rustup-home/toolchains/nightly-2024-10-28-x86_64-unknown-linux-gnu/lib/rustlib/x86_64-unknown-linux-gnu/lib/libcfg_if-6f6676c475e08ab0.rlib" "/opt/rustwide/rustup-home/toolchains/nightly-2024-10-28-x86_64-unknown-linux-gnu/lib/rustlib/x86_64-unknown-linux-gnu/lib/liblibc-799d520624f8b2e0.rlib" "/opt/rustwide/rustup-home/toolchains/nightly-2024-10-28-x86_64-unknown-linux-gnu/lib/rustlib/x86_64-unknown-linux-gnu/lib/liballoc-fcf93d4842acd9a9.rlib" "/opt/rustwide/rustup-home/toolchains/nightly-2024-10-28-x86_64-unknown-linux-gnu/lib/rustlib/x86_64-unknown-linux-gnu/lib/librustc_std_workspace_core-395a38b8e0851c9b.rlib" "/opt/rustwide/rustup-home/toolchains/nightly-2024-10-28-x86_64-unknown-linux-gnu/lib/rustlib/x86_64-unknown-linux-gnu/lib/libcore-d453bab70303062c.rlib" "/opt/rustwide/rustup-home/toolchains/nightly-2024-10-28-x86_64-unknown-linux-gnu/lib/rustlib/x86_64-unknown-linux-gnu/lib/libcompiler_builtins-0e6386368b0a24e8.rlib" "-Wl,-Bdynamic" "-lR" "-lgcc_s" "-lutil" "-lrt" "-lpthread" "-lm" "-ldl" "-lc" "-B/opt/rustwide/rustup-home/toolchains/nightly-2024-10-28-x86_64-unknown-linux-gnu/lib/rustlib/x86_64-unknown-linux-gnu/bin/gcc-ld" "-fuse-ld=lld" "-Wl,--eh-frame-hdr" "-Wl,-z,noexecstack" "-L" "/usr/lib/R/lib" "-L" "/opt/rustwide/rustup-home/toolchains/nightly-2024-10-28-x86_64-unknown-linux-gnu/lib/rustlib/x86_64-unknown-linux-gnu/lib" "-o" "/opt/rustwide/target/debug/deps/aorist-6962abad591afaa7" "-Wl,--gc-sections" "-pie" "-Wl,-z,relro,-z,now" "-nodefaultlibs"
[INFO] [stdout]   = note: rust-lld: error: undefined symbol: PyBaseObject_Type
[INFO] [stdout]           >>> referenced by mod.rs:147 (/opt/rustwide/cargo-home/registry/src/index.crates.io-6f17d22bba15001f/pyo3-0.14.5/src/types/mod.rs:147)
[INFO] [stdout]           >>>               aorist_constraint-07f93f3b1f401786.aorist_constraint.b4a888ab498e84db-cgu.07.rcgu.o:(_$LT$pyo3..types..any..PyAny$u20$as$u20$pyo3..type_object..PyTypeInfo$GT$::type_object_raw::h359901a3636620e6) in archive /opt/rustwide/target/debug/deps/libaorist_constraint-07f93f3b1f401786.rlib
[INFO] [stdout]           >>> referenced by pyclass_init.rs:44 (/opt/rustwide/cargo-home/registry/src/index.crates.io-6f17d22bba15001f/pyo3-0.14.5/src/pyclass_init.rs:44)
[INFO] [stdout]           >>>               aorist_primitives-9942992f489bb4bf.aorist_primitives.38f8eaed34943ad8-cgu.5.rcgu.o:(_$LT$pyo3..pyclass_init..PyNativeTypeInitializer$LT$T$GT$$u20$as$u20$pyo3..pyclass_init..PyObjectInit$LT$T$GT$$GT$::into_new_object::hc56d504713e34aa4) in archive /opt/rustwide/target/debug/deps/libaorist_primitives-9942992f489bb4bf.rlib
[INFO] [stdout]           >>> referenced by pycell.rs:755 (/opt/rustwide/cargo-home/registry/src/index.crates.io-6f17d22bba15001f/pyo3-0.14.5/src/pycell.rs:755)
[INFO] [stdout]           >>>               aorist_primitives-9942992f489bb4bf.aorist_primitives.38f8eaed34943ad8-cgu.4.rcgu.o:(_$LT$pyo3..pycell..PyCellBase$LT$U$GT$$u20$as$u20$pyo3..pycell..PyCellLayout$LT$T$GT$$GT$::tp_dealloc::h14f2597cc9195697) in archive /opt/rustwide/target/debug/deps/libaorist_primitives-9942992f489bb4bf.rlib
[INFO] [stdout]           >>> referenced 3 more times
[INFO] [stdout]           
[INFO] [stdout]           rust-lld: error: undefined symbol: PyUnicode_FromStringAndSize
[INFO] [stdout]           >>> referenced by string.rs:145 (src/types/string.rs:145)
[INFO] [stdout]           >>>               pyo3-d4fe83e4805362fe.pyo3.fe17960c95facda3-cgu.14.rcgu.o:(pyo3::types::string::PyString::new::h3930ba04ca4d13b1) in archive /opt/rustwide/target/debug/deps/libpyo3-d4fe83e4805362fe.rlib
[INFO] [stdout]           
[INFO] [stdout]           rust-lld: error: undefined symbol: PyUnicode_AsUTF8AndSize
[INFO] [stdout]           >>> referenced by string.rs:173 (src/types/string.rs:173)
[INFO] [stdout]           >>>               pyo3-d4fe83e4805362fe.pyo3.fe17960c95facda3-cgu.14.rcgu.o:(pyo3::types::string::PyString::to_str::h5de23486f35a6858) in archive /opt/rustwide/target/debug/deps/libpyo3-d4fe83e4805362fe.rlib
[INFO] [stdout]           >>> referenced by string.rs:173 (/opt/rustwide/cargo-home/registry/src/index.crates.io-6f17d22bba15001f/pyo3-0.14.5/src/types/string.rs:173)
[INFO] [stdout]           >>>               aorist_primitives-9942992f489bb4bf.aorist_primitives.38f8eaed34943ad8-cgu.7.rcgu.o:(pyo3::types::string::PyString::to_str::h5ac103cb6972b953) in archive /opt/rustwide/target/debug/deps/libaorist_primitives-9942992f489bb4bf.rlib
[INFO] [stdout]           >>> referenced by string.rs:173 (/opt/rustwide/cargo-home/registry/src/index.crates.io-6f17d22bba15001f/pyo3-0.14.5/src/types/string.rs:173)
[INFO] [stdout]           >>>               aorist_core-4d6931c6afc70c64.aorist_core.90f21223b5277d92-cgu.11.rcgu.o:(pyo3::types::string::PyString::to_str::h20029406d3692566) in archive /opt/rustwide/target/debug/deps/libaorist_core-4d6931c6afc70c64.rlib
[INFO] [stdout]           
[INFO] [stdout]           rust-lld: error: undefined symbol: PyUnicode_AsEncodedString
[INFO] [stdout]           >>> referenced by string.rs:200 (src/types/string.rs:200)
[INFO] [stdout]           >>>               pyo3-d4fe83e4805362fe.pyo3.fe17960c95facda3-cgu.14.rcgu.o:(pyo3::types::string::PyString::to_string_lossy::hc65878d5de592335) in archive /opt/rustwide/target/debug/deps/libpyo3-d4fe83e4805362fe.rlib
[INFO] [stdout]           
[INFO] [stdout]           rust-lld: error: undefined symbol: PyDict_New
[INFO] [stdout]           >>> referenced by dict.rs:29 (src/types/dict.rs:29)
[INFO] [stdout]           >>>               pyo3-d4fe83e4805362fe.pyo3.fe17960c95facda3-cgu.15.rcgu.o:(pyo3::types::dict::PyDict::new::hab93b0e16728792a) in archive /opt/rustwide/target/debug/deps/libpyo3-d4fe83e4805362fe.rlib
[INFO] [stdout]           
[INFO] [stdout]           rust-lld: error: undefined symbol: PyDict_Size
[INFO] [stdout]           >>> referenced by dict.rs:71 (src/types/dict.rs:71)
[INFO] [stdout]           >>>               pyo3-d4fe83e4805362fe.pyo3.fe17960c95facda3-cgu.15.rcgu.o:(pyo3::types::dict::PyDict::len::h17da553aa9dfdb91) in archive /opt/rustwide/target/debug/deps/libpyo3-d4fe83e4805362fe.rlib
[INFO] [stdout]           
[INFO] [stdout]           rust-lld: error: undefined symbol: Py_IsInitialized
[INFO] [stdout]           >>> referenced by gil.rs:81 (src/gil.rs:81)
[INFO] [stdout]           >>>               pyo3-d4fe83e4805362fe.pyo3.fe17960c95facda3-cgu.12.rcgu.o:(pyo3::gil::prepare_freethreaded_python::_$u7b$$u7b$closure$u7d$$u7d$::ha9a8389daf5a3f87) in archive /opt/rustwide/target/debug/deps/libpyo3-d4fe83e4805362fe.rlib
[INFO] [stdout]           
[INFO] [stdout]           rust-lld: error: undefined symbol: Py_InitializeEx
[INFO] [stdout]           >>> referenced by gil.rs:86 (src/gil.rs:86)
[INFO] [stdout]           >>>               pyo3-d4fe83e4805362fe.pyo3.fe17960c95facda3-cgu.12.rcgu.o:(pyo3::gil::prepare_freethreaded_python::_$u7b$$u7b$closure$u7d$$u7d$::ha9a8389daf5a3f87) in archive /opt/rustwide/target/debug/deps/libpyo3-d4fe83e4805362fe.rlib
[INFO] [stdout]           
[INFO] [stdout]           rust-lld: error: undefined symbol: PyEval_SaveThread
[INFO] [stdout]           >>> referenced by gil.rs:97 (src/gil.rs:97)
[INFO] [stdout]           >>>               pyo3-d4fe83e4805362fe.pyo3.fe17960c95facda3-cgu.12.rcgu.o:(pyo3::gil::prepare_freethreaded_python::_$u7b$$u7b$closure$u7d$$u7d$::ha9a8389daf5a3f87) in archive /opt/rustwide/target/debug/deps/libpyo3-d4fe83e4805362fe.rlib
[INFO] [stdout]           
[INFO] [stdout]           rust-lld: error: undefined symbol: PyEval_ThreadsInitialized
[INFO] [stdout]           >>> referenced by gil.rs:84 (src/gil.rs:84)
[INFO] [stdout]           >>>               pyo3-d4fe83e4805362fe.pyo3.fe17960c95facda3-cgu.12.rcgu.o:(pyo3::gil::prepare_freethreaded_python::_$u7b$$u7b$closure$u7d$$u7d$::ha9a8389daf5a3f87) in archive /opt/rustwide/target/debug/deps/libpyo3-d4fe83e4805362fe.rlib
[INFO] [stdout]           
[INFO] [stdout]           rust-lld: error: undefined symbol: PyGILState_Ensure
[INFO] [stdout]           >>> referenced by gil.rs:253 (src/gil.rs:253)
[INFO] [stdout]           >>>               pyo3-d4fe83e4805362fe.pyo3.fe17960c95facda3-cgu.12.rcgu.o:(pyo3::gil::GILGuard::acquire_unchecked::hd9b071a683c6aa28) in archive /opt/rustwide/target/debug/deps/libpyo3-d4fe83e4805362fe.rlib
[INFO] [stdout]           
[INFO] [stdout]           rust-lld: error: undefined symbol: PyGILState_Release
[INFO] [stdout]           >>> referenced by gil.rs:299 (src/gil.rs:299)
[INFO] [stdout]           >>>               pyo3-d4fe83e4805362fe.pyo3.fe17960c95facda3-cgu.12.rcgu.o:(_$LT$pyo3..gil..GILGuard$u20$as$u20$core..ops..drop..Drop$GT$::drop::h2c7a16c57e907ea2) in archive /opt/rustwide/target/debug/deps/libpyo3-d4fe83e4805362fe.rlib
[INFO] [stdout]           
[INFO] [stdout]           rust-lld: error: undefined symbol: PyTuple_New
[INFO] [stdout]           >>> referenced by tuple.rs:181 (src/types/tuple.rs:181)
[INFO] [stdout]           >>>               pyo3-d4fe83e4805362fe.pyo3.fe17960c95facda3-cgu.10.rcgu.o:(pyo3::types::tuple::_$LT$impl$u20$pyo3..conversion..IntoPy$LT$pyo3..instance..Py$LT$pyo3..types..any..PyAny$GT$$GT$$u20$for$u20$$LP$T0$C$$RP$$GT$::into_py::h324c532c90c6c6c5) in archive /opt/rustwide/target/debug/deps/libpyo3-d4fe83e4805362fe.rlib
[INFO] [stdout]           >>> referenced by tuple.rs:181 (src/types/tuple.rs:181)
[INFO] [stdout]           >>>               pyo3-d4fe83e4805362fe.pyo3.fe17960c95facda3-cgu.07.rcgu.o:(pyo3::types::tuple::_$LT$impl$u20$pyo3..conversion..IntoPy$LT$pyo3..instance..Py$LT$pyo3..types..any..PyAny$GT$$GT$$u20$for$u20$$LP$T0$C$$RP$$GT$::into_py::h84d1afe3926f5cfe) in archive /opt/rustwide/target/debug/deps/libpyo3-d4fe83e4805362fe.rlib
[INFO] [stdout]           >>> referenced by tuple.rs:27 (/opt/rustwide/cargo-home/registry/src/index.crates.io-6f17d22bba15001f/pyo3-0.14.5/src/types/tuple.rs:27)
[INFO] [stdout]           >>>               aorist_primitives-9942992f489bb4bf.aorist_primitives.38f8eaed34943ad8-cgu.6.rcgu.o:(pyo3::types::tuple::PyTuple::new::hf644b3aa50e04abc) in archive /opt/rustwide/target/debug/deps/libaorist_primitives-9942992f489bb4bf.rlib
[INFO] [stdout]           >>> referenced 2 more times
[INFO] [stdout]           
[INFO] [stdout]           rust-lld: error: undefined symbol: PyObject_GenericGetDict
[INFO] [stdout]           >>> referenced by pyclass.rs:317 (src/pyclass.rs:317)
[INFO] [stdout]           >>>               pyo3-d4fe83e4805362fe.pyo3.fe17960c95facda3-cgu.09.rcgu.o:(pyo3::pyclass::push_dict_getset::h7979e5fb1a66df0f) in archive /opt/rustwide/target/debug/deps/libpyo3-d4fe83e4805362fe.rlib
[INFO] [stdout]           
[INFO] [stdout]           rust-lld: error: undefined symbol: PyTuple_SetItem
[INFO] [stdout]           >>> referenced by tuple.rs:182 (src/types/tuple.rs:182)
[INFO] [stdout]           >>>               pyo3-d4fe83e4805362fe.pyo3.fe17960c95facda3-cgu.10.rcgu.o:(pyo3::types::tuple::_$LT$impl$u20$pyo3..conversion..IntoPy$LT$pyo3..instance..Py$LT$pyo3..types..any..PyAny$GT$$GT$$u20$for$u20$$LP$T0$C$$RP$$GT$::into_py::h324c532c90c6c6c5) in archive /opt/rustwide/target/debug/deps/libpyo3-d4fe83e4805362fe.rlib
[INFO] [stdout]           >>> referenced by tuple.rs:182 (src/types/tuple.rs:182)
[INFO] [stdout]           >>>               pyo3-d4fe83e4805362fe.pyo3.fe17960c95facda3-cgu.07.rcgu.o:(pyo3::types::tuple::_$LT$impl$u20$pyo3..conversion..IntoPy$LT$pyo3..instance..Py$LT$pyo3..types..any..PyAny$GT$$GT$$u20$for$u20$$LP$T0$C$$RP$$GT$::into_py::h84d1afe3926f5cfe) in archive /opt/rustwide/target/debug/deps/libpyo3-d4fe83e4805362fe.rlib
[INFO] [stdout]           >>> referenced by tuple.rs:182 (/opt/rustwide/cargo-home/registry/src/index.crates.io-6f17d22bba15001f/pyo3-0.14.5/src/types/tuple.rs:182)
[INFO] [stdout]           >>>               aorist_core-4d6931c6afc70c64.aorist_core.90f21223b5277d92-cgu.15.rcgu.o:(pyo3::types::tuple::_$LT$impl$u20$pyo3..conversion..IntoPy$LT$pyo3..instance..Py$LT$pyo3..types..any..PyAny$GT$$GT$$u20$for$u20$$LP$T0$C$T1$RP$$GT$::into_py::he179a10484097235) in archive /opt/rustwide/target/debug/deps/libaorist_core-4d6931c6afc70c64.rlib
[INFO] [stdout]           >>> referenced 1 more times
[INFO] [stdout]           
[INFO] [stdout]           rust-lld: error: undefined symbol: PyObject_GenericSetDict
[INFO] [stdout]           >>> referenced by pyclass.rs:318 (src/pyclass.rs:318)
[INFO] [stdout]           >>>               pyo3-d4fe83e4805362fe.pyo3.fe17960c95facda3-cgu.09.rcgu.o:(pyo3::pyclass::push_dict_getset::h7979e5fb1a66df0f) in archive /opt/rustwide/target/debug/deps/libpyo3-d4fe83e4805362fe.rlib
[INFO] [stdout]           
[INFO] [stdout]           rust-lld: error: undefined symbol: PyLong_FromUnsignedLongLong
[INFO] [stdout]           >>> referenced by num.rs:104 (src/types/num.rs:104)
[INFO] [stdout]           >>>               pyo3-d4fe83e4805362fe.pyo3.fe17960c95facda3-cgu.08.rcgu.o:(pyo3::types::num::_$LT$impl$u20$pyo3..conversion..IntoPy$LT$pyo3..instance..Py$LT$pyo3..types..any..PyAny$GT$$GT$$u20$for$u20$u64$GT$::into_py::hfeb019b34ee706a6) in archive /opt/rustwide/target/debug/deps/libpyo3-d4fe83e4805362fe.rlib
[INFO] [stdout]           
[INFO] [stdout]           rust-lld: error: undefined symbol: PyNumber_Index
[INFO] [stdout]           >>> referenced by num.rs:111 (src/types/num.rs:111)
[INFO] [stdout]           >>>               pyo3-d4fe83e4805362fe.pyo3.fe17960c95facda3-cgu.08.rcgu.o:(pyo3::types::num::_$LT$impl$u20$pyo3..conversion..FromPyObject$u20$for$u20$u64$GT$::extract::h36cae1df1d9f5841) in archive /opt/rustwide/target/debug/deps/libpyo3-d4fe83e4805362fe.rlib
[INFO] [stdout]           
[INFO] [stdout]           rust-lld: error: undefined symbol: PyLong_AsUnsignedLongLong
[INFO] [stdout]           >>> referenced by num.rs:115 (src/types/num.rs:115)
[INFO] [stdout]           >>>               pyo3-d4fe83e4805362fe.pyo3.fe17960c95facda3-cgu.08.rcgu.o:(pyo3::types::num::_$LT$impl$u20$pyo3..conversion..FromPyObject$u20$for$u20$u64$GT$::extract::h36cae1df1d9f5841) in archive /opt/rustwide/target/debug/deps/libpyo3-d4fe83e4805362fe.rlib
[INFO] [stdout]           
[INFO] [stdout]           rust-lld: error: undefined symbol: PyObject_GetAttr
[INFO] [stdout]           >>> referenced by any.rs:111 (src/types/any.rs:111)
[INFO] [stdout]           >>>               pyo3-d4fe83e4805362fe.pyo3.fe17960c95facda3-cgu.09.rcgu.o:(pyo3::types::any::PyAny::getattr::_$u7b$$u7b$closure$u7d$$u7d$::h639ade21a234d0ce) in archive /opt/rustwide/target/debug/deps/libpyo3-d4fe83e4805362fe.rlib
[INFO] [stdout]           
[INFO] [stdout]           rust-lld: error: too many errors emitted, stopping now (use --error-limit=0 to see all errors)
[INFO] [stdout]           collect2: error: ld returned 1 exit status
[INFO] [stdout]           
[INFO] [stdout] 
[INFO] [stdout] 
[INFO] [stderr] error: could not compile `aorist` (lib test) due to 1 previous error
[INFO] running `Command { std: "docker" "inspect" "626b3ac5d2772e9fb8b2573e3d5347bf49b52c0a38a7df21c40d9d9d4b7dd659", kill_on_drop: false }`
[INFO] running `Command { std: "docker" "rm" "-f" "626b3ac5d2772e9fb8b2573e3d5347bf49b52c0a38a7df21c40d9d9d4b7dd659", kill_on_drop: false }`
[INFO] [stdout] 626b3ac5d2772e9fb8b2573e3d5347bf49b52c0a38a7df21c40d9d9d4b7dd659
