[INFO] fetching crate annembed 0.1.3...
[INFO] testing annembed-0.1.3 against nightly-2024-10-28+rustflags=-Zrandomize-layout for randomize-layout
[INFO] extracting crate annembed 0.1.3 into /workspace/builds/worker-7-tc2/source
[INFO] validating manifest of crates.io crate annembed 0.1.3 on toolchain nightly-2024-10-28
[INFO] running `Command { std: CARGO_HOME="/workspace/cargo-home" RUSTUP_HOME="/workspace/rustup-home" "/workspace/cargo-home/bin/cargo" "+nightly-2024-10-28" "metadata" "--manifest-path" "Cargo.toml" "--no-deps", kill_on_drop: false }`
[INFO] started tweaking crates.io crate annembed 0.1.3
[INFO] finished tweaking crates.io crate annembed 0.1.3
[INFO] tweaked toml for crates.io crate annembed 0.1.3 written to /workspace/builds/worker-7-tc2/source/Cargo.toml
[INFO] crate crates.io crate annembed 0.1.3 already has a lockfile, it will not be regenerated
[INFO] running `Command { std: CARGO_HOME="/workspace/cargo-home" RUSTUP_HOME="/workspace/rustup-home" "/workspace/cargo-home/bin/cargo" "+nightly-2024-10-28" "fetch" "--manifest-path" "Cargo.toml", kill_on_drop: false }`
[INFO] running `Command { std: "docker" "create" "-v" "/var/lib/crater-agent-workspace/builds/worker-7-tc2/target:/opt/rustwide/target:rw,Z" "-v" "/var/lib/crater-agent-workspace/builds/worker-7-tc2/source:/opt/rustwide/workdir:ro,Z" "-v" "/var/lib/crater-agent-workspace/cargo-home:/opt/rustwide/cargo-home:ro,Z" "-v" "/var/lib/crater-agent-workspace/rustup-home:/opt/rustwide/rustup-home:ro,Z" "-e" "SOURCE_DIR=/opt/rustwide/workdir" "-e" "CARGO_TARGET_DIR=/opt/rustwide/target" "-e" "CARGO_HOME=/opt/rustwide/cargo-home" "-e" "RUSTUP_HOME=/opt/rustwide/rustup-home" "-w" "/opt/rustwide/workdir" "-m" "1610612736" "--user" "0:0" "--network" "none" "ghcr.io/rust-lang/crates-build-env/linux@sha256:4a844ea9eb2546a2d2c7022eacef16ef2e8229c7fbb2c7d4d55a9ceca922f72d" "/opt/rustwide/cargo-home/bin/cargo" "+nightly-2024-10-28" "metadata" "--no-deps" "--format-version=1", kill_on_drop: false }`
[INFO] [stdout] a817d5cc3b81acbdcecec908e2b644638582e5d214bf4fd8c19ab9cea911fe4f
[INFO] running `Command { std: "docker" "start" "-a" "a817d5cc3b81acbdcecec908e2b644638582e5d214bf4fd8c19ab9cea911fe4f", kill_on_drop: false }`
[INFO] running `Command { std: "docker" "inspect" "a817d5cc3b81acbdcecec908e2b644638582e5d214bf4fd8c19ab9cea911fe4f", kill_on_drop: false }`
[INFO] running `Command { std: "docker" "rm" "-f" "a817d5cc3b81acbdcecec908e2b644638582e5d214bf4fd8c19ab9cea911fe4f", kill_on_drop: false }`
[INFO] [stdout] a817d5cc3b81acbdcecec908e2b644638582e5d214bf4fd8c19ab9cea911fe4f
[INFO] running `Command { std: "docker" "create" "-v" "/var/lib/crater-agent-workspace/builds/worker-7-tc2/target:/opt/rustwide/target:rw,Z" "-v" "/var/lib/crater-agent-workspace/builds/worker-7-tc2/source:/opt/rustwide/workdir:ro,Z" "-v" "/var/lib/crater-agent-workspace/cargo-home:/opt/rustwide/cargo-home:ro,Z" "-v" "/var/lib/crater-agent-workspace/rustup-home:/opt/rustwide/rustup-home:ro,Z" "-e" "SOURCE_DIR=/opt/rustwide/workdir" "-e" "CARGO_TARGET_DIR=/opt/rustwide/target" "-e" "CARGO_INCREMENTAL=0" "-e" "RUST_BACKTRACE=full" "-e" "RUSTFLAGS=--cap-lints=forbid -Zrandomize-layout" "-e" "RUSTDOCFLAGS=--cap-lints=forbid" "-e" "CARGO_HOME=/opt/rustwide/cargo-home" "-e" "RUSTUP_HOME=/opt/rustwide/rustup-home" "-w" "/opt/rustwide/workdir" "-m" "1610612736" "--user" "0:0" "--network" "none" "ghcr.io/rust-lang/crates-build-env/linux@sha256:4a844ea9eb2546a2d2c7022eacef16ef2e8229c7fbb2c7d4d55a9ceca922f72d" "/opt/rustwide/cargo-home/bin/cargo" "+nightly-2024-10-28" "build" "--frozen" "--message-format=json", kill_on_drop: false }`
[INFO] [stdout] 741f1603266da3f02107f72b9c966e5b378e2ed90de4191f2fbc7ece6564312e
[INFO] running `Command { std: "docker" "start" "-a" "741f1603266da3f02107f72b9c966e5b378e2ed90de4191f2fbc7ece6564312e", kill_on_drop: false }`
[INFO] [stderr]    Compiling libc v0.2.154
[INFO] [stderr]    Compiling autocfg v1.3.0
[INFO] [stderr]    Compiling proc-macro2 v1.0.81
[INFO] [stderr]    Compiling unicode-ident v1.0.12
[INFO] [stderr]    Compiling libm v0.2.8
[INFO] [stderr]    Compiling serde v1.0.200
[INFO] [stderr]    Compiling memchr v2.7.2
[INFO] [stderr]    Compiling crossbeam-utils v0.8.19
[INFO] [stderr]    Compiling ppv-lite86 v0.2.17
[INFO] [stderr]    Compiling version_check v0.9.4
[INFO] [stderr]    Compiling rayon-core v1.12.1
[INFO] [stderr]    Compiling regex-syntax v0.8.3
[INFO] [stderr]    Compiling thiserror v1.0.59
[INFO] [stderr]    Compiling zerocopy v0.7.33
[INFO] [stderr]    Compiling once_cell v1.19.0
[INFO] [stderr]    Compiling either v1.11.0
[INFO] [stderr]    Compiling allocator-api2 v0.2.18
[INFO] [stderr]    Compiling log v0.4.21
[INFO] [stderr]    Compiling utf8parse v0.2.1
[INFO] [stderr]    Compiling syn v1.0.109
[INFO] [stderr]    Compiling rawpointer v0.2.1
[INFO] [stderr]    Compiling anstyle-parse v0.2.4
[INFO] [stderr]    Compiling anstyle v1.0.7
[INFO] [stderr]    Compiling parking_lot_core v0.9.10
[INFO] [stderr]    Compiling ahash v0.8.11
[INFO] [stderr]    Compiling num-traits v0.2.19
[INFO] [stderr]    Compiling memoffset v0.7.1
[INFO] [stderr]    Compiling matrixmultiply v0.3.8
[INFO] [stderr]    Compiling num-complex v0.2.4
[INFO] [stderr]    Compiling lock_api v0.4.12
[INFO] [stderr]    Compiling colorchoice v1.0.1
[INFO] [stderr]    Compiling crc32fast v1.4.0
[INFO] [stderr]    Compiling humantime v2.1.0
[INFO] [stderr]    Compiling same-file v1.0.6
[INFO] [stderr]    Compiling smallvec v1.13.2
[INFO] [stderr]    Compiling aho-corasick v1.1.3
[INFO] [stderr]    Compiling byteorder v1.5.0
[INFO] [stderr]    Compiling is_terminal_polyfill v1.70.0
[INFO] [stderr]    Compiling anstyle-query v1.0.3
[INFO] [stderr]    Compiling radium v0.7.0
[INFO] [stderr]    Compiling anyhow v1.0.82
[INFO] [stderr]    Compiling crossbeam-epoch v0.9.18
[INFO] [stderr]    Compiling anstream v0.6.14
[INFO] [stderr]    Compiling walkdir v2.5.0
[INFO] [stderr]    Compiling quote v1.0.36
[INFO] [stderr]    Compiling crossbeam-deque v0.8.5
[INFO] [stderr]    Compiling bitflags v2.5.0
[INFO] [stderr]    Compiling powerfmt v0.2.0
[INFO] [stderr]    Compiling tap v1.0.1
[INFO] [stderr]    Compiling time-core v0.1.2
[INFO] [stderr]    Compiling scopeguard v1.2.0
[INFO] [stderr]    Compiling syn v2.0.60
[INFO] [stderr]    Compiling ryu v1.0.17
[INFO] [stderr]    Compiling termcolor v1.4.1
[INFO] [stderr]    Compiling bytes v1.6.0
[INFO] [stderr]    Compiling num-conv v0.1.0
[INFO] [stderr]    Compiling serde_json v1.0.116
[INFO] [stderr]    Compiling adler v1.0.2
[INFO] [stderr]    Compiling deranged v0.3.11
[INFO] [stderr]    Compiling time-macros v0.2.18
[INFO] [stderr]    Compiling miniz_oxide v0.7.2
[INFO] [stderr]    Compiling wyz v0.5.1
[INFO] [stderr]    Compiling rayon v1.10.0
[INFO] [stderr]    Compiling combine v4.6.7
[INFO] [stderr]    Compiling approx v0.4.0
[INFO] [stderr]    Compiling num-integer v0.1.46
[INFO] [stderr]    Compiling regex-automata v0.4.6
[INFO] [stderr]    Compiling getrandom v0.2.14
[INFO] [stderr]    Compiling is-terminal v0.4.12
[INFO] [stderr]    Compiling num_cpus v1.16.0
[INFO] [stderr]    Compiling rand_core v0.6.4
[INFO] [stderr]    Compiling cblas-sys v0.1.4
[INFO] [stderr]    Compiling nix v0.26.4
[INFO] [stderr]    Compiling lapack-sys v0.14.0
[INFO] [stderr]    Compiling cpu-time v1.0.0
[INFO] [stderr]    Compiling rand_chacha v0.3.1
[INFO] [stderr]    Compiling approx v0.3.2
[INFO] [stderr]    Compiling hashbrown v0.14.5
[INFO] [stderr]    Compiling strsim v0.11.1
[INFO] [stderr]    Compiling funty v2.0.0
[INFO] [stderr]    Compiling heck v0.5.0
[INFO] [stderr]    Compiling rand v0.8.5
[INFO] [stderr]    Compiling clap_lex v0.7.0
[INFO] [stderr]    Compiling nom v7.1.3
[INFO] [stderr]    Compiling bitvec v1.0.1
[INFO] [stderr]    Compiling clap_builder v4.5.2
[INFO] [stderr]    Compiling alga v0.9.3
[INFO] [stderr]    Compiling time v0.3.36
[INFO] [stderr]    Compiling indexmap v2.2.6
[INFO] [stderr]    Compiling parking_lot v0.12.2
[INFO] [stderr]    Compiling flate2 v1.0.30
[INFO] [stderr]    Compiling crossbeam-channel v0.5.12
[INFO] [stderr]    Compiling csv-core v0.1.11
[INFO] [stderr]    Compiling annembed v0.1.3 (/opt/rustwide/workdir)
[INFO] [stderr]    Compiling base64 v0.13.1
[INFO] [stderr]    Compiling hex v0.4.3
[INFO] [stderr]    Compiling rand_distr v0.4.3
[INFO] [stderr]    Compiling rand_xoshiro v0.6.0
[INFO] [stderr]    Compiling quantiles v0.7.1
[INFO] [stderr]    Compiling indxvec v1.9.0
[INFO] [stderr]    Compiling regex v1.10.4
[INFO] [stderr]    Compiling hdrhistogram v7.5.4
[INFO] [stderr]    Compiling serde_derive v1.0.200
[INFO] [stderr]    Compiling thiserror-impl v1.0.59
[INFO] [stderr]    Compiling enum-as-inner v0.6.0
[INFO] [stderr]    Compiling env_logger v0.10.2
[INFO] [stderr]    Compiling env_filter v0.1.0
[INFO] [stderr]    Compiling clap_derive v4.5.4
[INFO] [stderr]    Compiling anndists v0.1.2
[INFO] [stderr]    Compiling env_logger v0.11.3
[INFO] [stderr]    Compiling katexit v0.1.4
[INFO] [stderr]    Compiling sysctl v0.5.5
[INFO] [stderr]    Compiling clap v4.5.4
[INFO] [stderr]    Compiling mmap-rs v0.6.1
[INFO] [stderr]    Compiling num-complex v0.4.5
[INFO] [stderr]    Compiling bincode v1.3.3
[INFO] [stderr]    Compiling uuid v1.8.0
[INFO] [stderr]    Compiling serde_bytes v0.11.14
[INFO] [stderr]    Compiling csv v1.3.0
[INFO] [stderr]    Compiling hnsw_rs v0.3.0
[INFO] [stderr]    Compiling cauchy v0.4.0
[INFO] [stderr]    Compiling ndarray v0.15.6
[INFO] [stderr]    Compiling lax v0.16.0
[INFO] [stderr]    Compiling bson v2.10.0
[INFO] [stderr]    Compiling ndarray-linalg v0.16.0
[INFO] [stderr]    Compiling sprs v0.11.1
[INFO] [stdout] error: linking with `cc` failed: exit status: 1
[INFO] [stdout]   |
[INFO] [stdout]   = note: LC_ALL="C" PATH="/opt/rustwide/rustup-home/toolchains/nightly-2024-10-28-x86_64-unknown-linux-gnu/lib/rustlib/x86_64-unknown-linux-gnu/bin:/opt/rustwide/rustup-home/toolchains/nightly-2024-10-28-x86_64-unknown-linux-gnu/lib/rustlib/x86_64-unknown-linux-gnu/bin/self-contained:/opt/rustwide/cargo-home/bin:/usr/local/sbin:/usr/local/bin:/usr/sbin:/usr/bin:/sbin:/bin" VSLANG="1033" "cc" "-m64" "/tmp/rustcpnpsij/symbols.o" "/opt/rustwide/target/debug/deps/embed-8e523a301a1c4b77.embed.c10377d2a05fb0b-cgu.00.rcgu.o" "/opt/rustwide/target/debug/deps/embed-8e523a301a1c4b77.embed.c10377d2a05fb0b-cgu.01.rcgu.o" "/opt/rustwide/target/debug/deps/embed-8e523a301a1c4b77.embed.c10377d2a05fb0b-cgu.02.rcgu.o" "/opt/rustwide/target/debug/deps/embed-8e523a301a1c4b77.embed.c10377d2a05fb0b-cgu.03.rcgu.o" "/opt/rustwide/target/debug/deps/embed-8e523a301a1c4b77.embed.c10377d2a05fb0b-cgu.04.rcgu.o" "/opt/rustwide/target/debug/deps/embed-8e523a301a1c4b77.embed.c10377d2a05fb0b-cgu.05.rcgu.o" "/opt/rustwide/target/debug/deps/embed-8e523a301a1c4b77.embed.c10377d2a05fb0b-cgu.06.rcgu.o" "/opt/rustwide/target/debug/deps/embed-8e523a301a1c4b77.embed.c10377d2a05fb0b-cgu.07.rcgu.o" "/opt/rustwide/target/debug/deps/embed-8e523a301a1c4b77.embed.c10377d2a05fb0b-cgu.08.rcgu.o" "/opt/rustwide/target/debug/deps/embed-8e523a301a1c4b77.embed.c10377d2a05fb0b-cgu.09.rcgu.o" "/opt/rustwide/target/debug/deps/embed-8e523a301a1c4b77.embed.c10377d2a05fb0b-cgu.10.rcgu.o" "/opt/rustwide/target/debug/deps/embed-8e523a301a1c4b77.embed.c10377d2a05fb0b-cgu.11.rcgu.o" "/opt/rustwide/target/debug/deps/embed-8e523a301a1c4b77.embed.c10377d2a05fb0b-cgu.12.rcgu.o" "/opt/rustwide/target/debug/deps/embed-8e523a301a1c4b77.embed.c10377d2a05fb0b-cgu.13.rcgu.o" "/opt/rustwide/target/debug/deps/embed-8e523a301a1c4b77.embed.c10377d2a05fb0b-cgu.14.rcgu.o" "/opt/rustwide/target/debug/deps/embed-8e523a301a1c4b77.embed.c10377d2a05fb0b-cgu.15.rcgu.o" "/opt/rustwide/target/debug/deps/embed-8e523a301a1c4b77.320apnvw5gv2668a95fw2swk0.rcgu.o" "-Wl,--as-needed" "-Wl,-Bstatic" "/opt/rustwide/target/debug/deps/libannembed-0039c9d2d186bd86.rlib" "/opt/rustwide/target/debug/deps/libenv_logger-e487781357d8cdee.rlib" "/opt/rustwide/target/debug/deps/libenv_filter-164b733ceb6e5daa.rlib" "/opt/rustwide/target/debug/deps/libbson-bc1f2ab1a9aa1ca9.rlib" "/opt/rustwide/target/debug/deps/libuuid-8409060da821bd71.rlib" "/opt/rustwide/target/debug/deps/libbase64-f062755f48da8a6d.rlib" "/opt/rustwide/target/debug/deps/libhex-718b4f18bb2e7953.rlib" "/opt/rustwide/target/debug/deps/libbitvec-67f62ffe6b205391.rlib" "/opt/rustwide/target/debug/deps/libwyz-e7ca56cbff34450c.rlib" "/opt/rustwide/target/debug/deps/libtap-4aa41518670171b0.rlib" "/opt/rustwide/target/debug/deps/libradium-be172b6c6285dd74.rlib" "/opt/rustwide/target/debug/deps/libfunty-cecc45592d9132cc.rlib" "/opt/rustwide/target/debug/deps/libserde_bytes-b35d9d68ab48dc32.rlib" "/opt/rustwide/target/debug/deps/libtime-c5a0efc5ac1aae59.rlib" "/opt/rustwide/target/debug/deps/libtime_core-f088bdeda82daaaf.rlib" "/opt/rustwide/target/debug/deps/libnum_conv-c07d2bc8a05763c7.rlib" "/opt/rustwide/target/debug/deps/libderanged-268d6cdc91cf6c69.rlib" "/opt/rustwide/target/debug/deps/libpowerfmt-b5bd7be737233b4b.rlib" "/opt/rustwide/target/debug/deps/libserde_json-65092dfe5eb57d88.rlib" "/opt/rustwide/target/debug/deps/libindxvec-a2b0e5484e8f009f.rlib" "/opt/rustwide/target/debug/deps/libhdrhistogram-bbea6bcf926ae2b5.rlib" "/opt/rustwide/target/debug/deps/libcrossbeam_channel-2c40e8f2e42efce5.rlib" "/opt/rustwide/target/debug/deps/libbase64-309ef582bd843d33.rlib" "/opt/rustwide/target/debug/deps/libflate2-1763fdad6eb5f950.rlib" "/opt/rustwide/target/debug/deps/libminiz_oxide-fa21b699486f5963.rlib" "/opt/rustwide/target/debug/deps/libadler-c1df679d243ed5d4.rlib" "/opt/rustwide/target/debug/deps/libcrc32fast-f6e9d52e862c22de.rlib" "/opt/rustwide/target/debug/deps/libnom-5baa9d1c5542c28b.rlib" "/opt/rustwide/target/debug/deps/libquantiles-bd08562fc4a0c4e6.rlib" "/opt/rustwide/target/debug/deps/libcsv-0ff87be45ff74d1b.rlib" "/opt/rustwide/target/debug/deps/libryu-fc6cbebb9d6eeca5.rlib" "/opt/rustwide/target/debug/deps/libitoa-add5260810035b6e.rlib" "/opt/rustwide/target/debug/deps/libcsv_core-903289cf394b95da.rlib" "/opt/rustwide/target/debug/deps/libsprs-6280d3b9e747897a.rlib" "/opt/rustwide/target/debug/deps/libnum_cpus-14835ae553aff9d9.rlib" "/opt/rustwide/target/debug/deps/libalga-bce1feb34470e511.rlib" "/opt/rustwide/target/debug/deps/libnum_complex-0e73bf30daf8df00.rlib" "/opt/rustwide/target/debug/deps/libapprox-b81e707f7ed286d5.rlib" "/opt/rustwide/target/debug/deps/libndarray_linalg-cd3615841e70a1ad.rlib" "/opt/rustwide/target/debug/deps/liblax-d26353c1d998f4ac.rlib" "/opt/rustwide/target/debug/deps/liblapack_sys-3eff26ac89f2b294.rlib" "/opt/rustwide/target/debug/deps/libcauchy-0db24db960f83ba8.rlib" "/opt/rustwide/target/debug/deps/libndarray-631fa5971125671b.rlib" "/opt/rustwide/target/debug/deps/libmatrixmultiply-9451ec86e87027dc.rlib" "/opt/rustwide/target/debug/deps/libapprox-514deab71d4055d7.rlib" "/opt/rustwide/target/debug/deps/libnum_complex-170469f3f65dca21.rlib" "/opt/rustwide/target/debug/deps/libnum_integer-4b4236539941d89d.rlib" "/opt/rustwide/target/debug/deps/librawpointer-9a82b3d0237eca24.rlib" "/opt/rustwide/target/debug/deps/libcblas_sys-80461e139a0d1fe6.rlib" "/opt/rustwide/target/debug/deps/librand_xoshiro-340f89692d1af176.rlib" "/opt/rustwide/target/debug/deps/librand_distr-c046bcda36c2758b.rlib" "/opt/rustwide/target/debug/deps/libhnsw_rs-b95e13bec7f30563.rlib" "/opt/rustwide/target/debug/deps/libbincode-0f6ad5f55bac4341.rlib" "/opt/rustwide/target/debug/deps/librand-c51891cbc6d1e77d.rlib" "/opt/rustwide/target/debug/deps/librand_chacha-f0f4adfca5e91563.rlib" "/opt/rustwide/target/debug/deps/libppv_lite86-905fd835b337451d.rlib" "/opt/rustwide/target/debug/deps/librand_core-f0038fb74512ac2e.rlib" "/opt/rustwide/target/debug/deps/librayon-9d098c363e302a79.rlib" "/opt/rustwide/target/debug/deps/librayon_core-f23d05b62c81faa8.rlib" "/opt/rustwide/target/debug/deps/libcrossbeam_deque-c6e1785b68690343.rlib" "/opt/rustwide/target/debug/deps/libcrossbeam_epoch-c171b400ee23aaa7.rlib" "/opt/rustwide/target/debug/deps/libcrossbeam_utils-f78a4e4154289a13.rlib" "/opt/rustwide/target/debug/deps/libeither-8ba4b84f7704ada5.rlib" "/opt/rustwide/target/debug/deps/libparking_lot-dd6be2cf77306be5.rlib" "/opt/rustwide/target/debug/deps/libparking_lot_core-695821d6f5bea509.rlib" "/opt/rustwide/target/debug/deps/libsmallvec-756ee87804f0eec5.rlib" "/opt/rustwide/target/debug/deps/liblock_api-4bfa6e5802bfd45b.rlib" "/opt/rustwide/target/debug/deps/libscopeguard-003ee3b9b09cebdb.rlib" "/opt/rustwide/target/debug/deps/libmmap_rs-6760207c707154a1.rlib" "/opt/rustwide/target/debug/deps/libsysctl-7f031842f2cb49dc.rlib" "/opt/rustwide/target/debug/deps/libwalkdir-099221edb7b94a9e.rlib" "/opt/rustwide/target/debug/deps/libsame_file-3c36b17025d91add.rlib" "/opt/rustwide/target/debug/deps/libbyteorder-921e9eb05e03d6ac.rlib" "/opt/rustwide/target/debug/deps/libbitflags-587d8e547c38cd0e.rlib" "/opt/rustwide/target/debug/deps/libcombine-ba90348f250ddd6d.rlib" "/opt/rustwide/target/debug/deps/libbytes-30dacc79d7337c17.rlib" "/opt/rustwide/target/debug/deps/libnix-d1073379a3484567.rlib" "/opt/rustwide/target/debug/deps/libmemoffset-3ff37fd8094e6755.rlib" "/opt/rustwide/target/debug/deps/libpin_utils-76c2785263cdb1c1.rlib" "/opt/rustwide/target/debug/deps/libthiserror-a3368b21d6cef0ca.rlib" "/opt/rustwide/target/debug/deps/libbitflags-560efdb99b117eef.rlib" "/opt/rustwide/target/debug/deps/libindexmap-c193ac26e9c3202f.rlib" "/opt/rustwide/target/debug/deps/libequivalent-9e89cbd86631a94f.rlib" "/opt/rustwide/target/debug/deps/libhashbrown-91400b095db510cd.rlib" "/opt/rustwide/target/debug/deps/libahash-5941422140ffb43d.rlib" "/opt/rustwide/target/debug/deps/libgetrandom-fc6ad98261e4d034.rlib" "/opt/rustwide/target/debug/deps/libonce_cell-795d6939e3fe8636.rlib" "/opt/rustwide/target/debug/deps/libzerocopy-c77456959a89439b.rlib" "/opt/rustwide/target/debug/deps/liballocator_api2-8e4287854e2d1221.rlib" "/opt/rustwide/target/debug/deps/libanndists-70683d5ae55ec506.rlib" "/opt/rustwide/target/debug/deps/libcfg_if-57bf25c23e31efdb.rlib" "/opt/rustwide/target/debug/deps/libnum_traits-a3a38b2bbfcd825e.rlib" "/opt/rustwide/target/debug/deps/libserde-c05cf3c7d77f892f.rlib" "/opt/rustwide/target/debug/deps/liblazy_static-b82c15677deef9e2.rlib" "/opt/rustwide/target/debug/deps/libenv_logger-b947a80090f34d4d.rlib" "/opt/rustwide/target/debug/deps/libtermcolor-116a8f6e8f4ddb54.rlib" "/opt/rustwide/target/debug/deps/libis_terminal-a3c46e210e312163.rlib" "/opt/rustwide/target/debug/deps/libhumantime-28a5c7939082a25f.rlib" "/opt/rustwide/target/debug/deps/liblog-a00a231d50da9d95.rlib" "/opt/rustwide/target/debug/deps/libregex-8a133213c8323bbe.rlib" "/opt/rustwide/target/debug/deps/libregex_automata-e7a892d823e216a2.rlib" "/opt/rustwide/target/debug/deps/libaho_corasick-d6ae87b60482edca.rlib" "/opt/rustwide/target/debug/deps/libmemchr-941200f9d917ff64.rlib" "/opt/rustwide/target/debug/deps/libregex_syntax-7f8a024146d9d554.rlib" "/opt/rustwide/target/debug/deps/libclap-00f946ca8239e507.rlib" "/opt/rustwide/target/debug/deps/libclap_builder-574881ac6d05fd70.rlib" "/opt/rustwide/target/debug/deps/libstrsim-0c998b0290db27b9.rlib" "/opt/rustwide/target/debug/deps/libanstream-747070cc42598c52.rlib" "/opt/rustwide/target/debug/deps/libanstyle_query-f928d2b832a5213d.rlib" "/opt/rustwide/target/debug/deps/libis_terminal_polyfill-b597e53a3abf9b93.rlib" "/opt/rustwide/target/debug/deps/libcolorchoice-59ec4f279830c8c8.rlib" "/opt/rustwide/target/debug/deps/libanstyle_parse-87a998c918a6f34f.rlib" "/opt/rustwide/target/debug/deps/libutf8parse-f46d75c45027b5b7.rlib" "/opt/rustwide/target/debug/deps/libclap_lex-58171dd949fdaa29.rlib" "/opt/rustwide/target/debug/deps/libanstyle-a9f033361773f9f4.rlib" "/opt/rustwide/target/debug/deps/libanyhow-36728677cfb22d86.rlib" "/opt/rustwide/target/debug/deps/libcpu_time-f7090ad0ca5c3a5e.rlib" "/opt/rustwide/target/debug/deps/liblibc-dbea2c60e104c878.rlib" "/opt/rustwide/rustup-home/toolchains/nightly-2024-10-28-x86_64-unknown-linux-gnu/lib/rustlib/x86_64-unknown-linux-gnu/lib/libstd-fb8c387236db3c10.rlib" "/opt/rustwide/rustup-home/toolchains/nightly-2024-10-28-x86_64-unknown-linux-gnu/lib/rustlib/x86_64-unknown-linux-gnu/lib/libpanic_unwind-b251837809b2f64b.rlib" "/opt/rustwide/rustup-home/toolchains/nightly-2024-10-28-x86_64-unknown-linux-gnu/lib/rustlib/x86_64-unknown-linux-gnu/lib/libobject-cbef83eaa4e01f04.rlib" "/opt/rustwide/rustup-home/toolchains/nightly-2024-10-28-x86_64-unknown-linux-gnu/lib/rustlib/x86_64-unknown-linux-gnu/lib/libmemchr-12a772286de2fca7.rlib" "/opt/rustwide/rustup-home/toolchains/nightly-2024-10-28-x86_64-unknown-linux-gnu/lib/rustlib/x86_64-unknown-linux-gnu/lib/libaddr2line-023bbe5ada7abfc3.rlib" "/opt/rustwide/rustup-home/toolchains/nightly-2024-10-28-x86_64-unknown-linux-gnu/lib/rustlib/x86_64-unknown-linux-gnu/lib/libgimli-de2bcdf10ec69c2b.rlib" "/opt/rustwide/rustup-home/toolchains/nightly-2024-10-28-x86_64-unknown-linux-gnu/lib/rustlib/x86_64-unknown-linux-gnu/lib/librustc_demangle-8e1754df350800fd.rlib" "/opt/rustwide/rustup-home/toolchains/nightly-2024-10-28-x86_64-unknown-linux-gnu/lib/rustlib/x86_64-unknown-linux-gnu/lib/libstd_detect-06c2ab7b9c32e037.rlib" "/opt/rustwide/rustup-home/toolchains/nightly-2024-10-28-x86_64-unknown-linux-gnu/lib/rustlib/x86_64-unknown-linux-gnu/lib/libhashbrown-51d2621fc57a281b.rlib" "/opt/rustwide/rustup-home/toolchains/nightly-2024-10-28-x86_64-unknown-linux-gnu/lib/rustlib/x86_64-unknown-linux-gnu/lib/librustc_std_workspace_alloc-54a930408793772f.rlib" "/opt/rustwide/rustup-home/toolchains/nightly-2024-10-28-x86_64-unknown-linux-gnu/lib/rustlib/x86_64-unknown-linux-gnu/lib/libminiz_oxide-0c7d01cba400dcb2.rlib" "/opt/rustwide/rustup-home/toolchains/nightly-2024-10-28-x86_64-unknown-linux-gnu/lib/rustlib/x86_64-unknown-linux-gnu/lib/libadler-b9f84d69e331b75b.rlib" "/opt/rustwide/rustup-home/toolchains/nightly-2024-10-28-x86_64-unknown-linux-gnu/lib/rustlib/x86_64-unknown-linux-gnu/lib/libunwind-eec95493246aae39.rlib" "/opt/rustwide/rustup-home/toolchains/nightly-2024-10-28-x86_64-unknown-linux-gnu/lib/rustlib/x86_64-unknown-linux-gnu/lib/libcfg_if-6f6676c475e08ab0.rlib" "/opt/rustwide/rustup-home/toolchains/nightly-2024-10-28-x86_64-unknown-linux-gnu/lib/rustlib/x86_64-unknown-linux-gnu/lib/liblibc-799d520624f8b2e0.rlib" "/opt/rustwide/rustup-home/toolchains/nightly-2024-10-28-x86_64-unknown-linux-gnu/lib/rustlib/x86_64-unknown-linux-gnu/lib/liballoc-fcf93d4842acd9a9.rlib" "/opt/rustwide/rustup-home/toolchains/nightly-2024-10-28-x86_64-unknown-linux-gnu/lib/rustlib/x86_64-unknown-linux-gnu/lib/librustc_std_workspace_core-395a38b8e0851c9b.rlib" "/opt/rustwide/rustup-home/toolchains/nightly-2024-10-28-x86_64-unknown-linux-gnu/lib/rustlib/x86_64-unknown-linux-gnu/lib/libcore-d453bab70303062c.rlib" "/opt/rustwide/rustup-home/toolchains/nightly-2024-10-28-x86_64-unknown-linux-gnu/lib/rustlib/x86_64-unknown-linux-gnu/lib/libcompiler_builtins-0e6386368b0a24e8.rlib" "-Wl,-Bdynamic" "-lgcc_s" "-lutil" "-lrt" "-lpthread" "-lm" "-ldl" "-lc" "-B/opt/rustwide/rustup-home/toolchains/nightly-2024-10-28-x86_64-unknown-linux-gnu/lib/rustlib/x86_64-unknown-linux-gnu/bin/gcc-ld" "-fuse-ld=lld" "-Wl,--eh-frame-hdr" "-Wl,-z,noexecstack" "-L" "/opt/rustwide/rustup-home/toolchains/nightly-2024-10-28-x86_64-unknown-linux-gnu/lib/rustlib/x86_64-unknown-linux-gnu/lib" "-o" "/opt/rustwide/target/debug/deps/embed-8e523a301a1c4b77" "-Wl,--gc-sections" "-pie" "-Wl,-z,relro,-z,now" "-nodefaultlibs"
[INFO] [stdout]   = note: rust-lld: error: undefined symbol: cblas_ddot
[INFO] [stdout]           >>> referenced by impl_linalg.rs:122 (/opt/rustwide/cargo-home/registry/src/index.crates.io-6f17d22bba15001f/ndarray-0.15.6/src/linalg/impl_linalg.rs:122)
[INFO] [stdout]           >>>               annembed-0039c9d2d186bd86.annembed.81e1f8ebd1d1a77a-cgu.01.rcgu.o:(ndarray::linalg::impl_linalg::_$LT$impl$u20$ndarray..ArrayBase$LT$S$C$ndarray..dimension..dim..Dim$LT$$u5b$usize$u3b$$u20$1$u5d$$GT$$GT$$GT$::dot_impl::h54cf68807134c507) in archive /opt/rustwide/target/debug/deps/libannembed-0039c9d2d186bd86.rlib
[INFO] [stdout]           >>> referenced by impl_linalg.rs:122 (/opt/rustwide/cargo-home/registry/src/index.crates.io-6f17d22bba15001f/ndarray-0.15.6/src/linalg/impl_linalg.rs:122)
[INFO] [stdout]           >>>               annembed-0039c9d2d186bd86.annembed.81e1f8ebd1d1a77a-cgu.01.rcgu.o:(ndarray::linalg::impl_linalg::_$LT$impl$u20$ndarray..ArrayBase$LT$S$C$ndarray..dimension..dim..Dim$LT$$u5b$usize$u3b$$u20$1$u5d$$GT$$GT$$GT$::dot_impl::hec382724821292d5) in archive /opt/rustwide/target/debug/deps/libannembed-0039c9d2d186bd86.rlib
[INFO] [stdout]           
[INFO] [stdout]           rust-lld: error: undefined symbol: cblas_sdot
[INFO] [stdout]           >>> referenced by impl_linalg.rs:122 (/opt/rustwide/cargo-home/registry/src/index.crates.io-6f17d22bba15001f/ndarray-0.15.6/src/linalg/impl_linalg.rs:122)
[INFO] [stdout]           >>>               annembed-0039c9d2d186bd86.annembed.81e1f8ebd1d1a77a-cgu.01.rcgu.o:(ndarray::linalg::impl_linalg::_$LT$impl$u20$ndarray..ArrayBase$LT$S$C$ndarray..dimension..dim..Dim$LT$$u5b$usize$u3b$$u20$1$u5d$$GT$$GT$$GT$::dot_impl::h54cf68807134c507) in archive /opt/rustwide/target/debug/deps/libannembed-0039c9d2d186bd86.rlib
[INFO] [stdout]           >>> referenced by impl_linalg.rs:122 (/opt/rustwide/cargo-home/registry/src/index.crates.io-6f17d22bba15001f/ndarray-0.15.6/src/linalg/impl_linalg.rs:122)
[INFO] [stdout]           >>>               annembed-0039c9d2d186bd86.annembed.81e1f8ebd1d1a77a-cgu.01.rcgu.o:(ndarray::linalg::impl_linalg::_$LT$impl$u20$ndarray..ArrayBase$LT$S$C$ndarray..dimension..dim..Dim$LT$$u5b$usize$u3b$$u20$1$u5d$$GT$$GT$$GT$::dot_impl::hec382724821292d5) in archive /opt/rustwide/target/debug/deps/libannembed-0039c9d2d186bd86.rlib
[INFO] [stdout]           
[INFO] [stdout]           rust-lld: error: undefined symbol: sgelqf_
[INFO] [stdout]           >>> referenced by qr.rs:48 (src/qr.rs:48)
[INFO] [stdout]           >>>               lax-d26353c1d998f4ac.lax.a944475f74046324-cgu.03.rcgu.o:(_$LT$lax..qr..HouseholderWork$LT$f32$GT$$u20$as$u20$lax..qr..HouseholderWorkImpl$GT$::new::h04e1cb9d8b71fb7b) in archive /opt/rustwide/target/debug/deps/liblax-d26353c1d998f4ac.rlib
[INFO] [stdout]           >>> referenced by qr.rs:89 (src/qr.rs:89)
[INFO] [stdout]           >>>               lax-d26353c1d998f4ac.lax.a944475f74046324-cgu.03.rcgu.o:(_$LT$lax..qr..HouseholderWork$LT$f32$GT$$u20$as$u20$lax..qr..HouseholderWorkImpl$GT$::calc::h1d3b065e0defc176) in archive /opt/rustwide/target/debug/deps/liblax-d26353c1d998f4ac.rlib
[INFO] [stdout]           
[INFO] [stdout]           rust-lld: error: undefined symbol: sgeqrf_
[INFO] [stdout]           >>> referenced by qr.rs:36 (src/qr.rs:36)
[INFO] [stdout]           >>>               lax-d26353c1d998f4ac.lax.a944475f74046324-cgu.03.rcgu.o:(_$LT$lax..qr..HouseholderWork$LT$f32$GT$$u20$as$u20$lax..qr..HouseholderWorkImpl$GT$::new::h04e1cb9d8b71fb7b) in archive /opt/rustwide/target/debug/deps/liblax-d26353c1d998f4ac.rlib
[INFO] [stdout]           >>> referenced by qr.rs:77 (src/qr.rs:77)
[INFO] [stdout]           >>>               lax-d26353c1d998f4ac.lax.a944475f74046324-cgu.03.rcgu.o:(_$LT$lax..qr..HouseholderWork$LT$f32$GT$$u20$as$u20$lax..qr..HouseholderWorkImpl$GT$::calc::h1d3b065e0defc176) in archive /opt/rustwide/target/debug/deps/liblax-d26353c1d998f4ac.rlib
[INFO] [stdout]           
[INFO] [stdout]           rust-lld: error: undefined symbol: sgesdd_
[INFO] [stdout]           >>> referenced by svddc.rs:207 (src/svddc.rs:207)
[INFO] [stdout]           >>>               lax-d26353c1d998f4ac.lax.a944475f74046324-cgu.04.rcgu.o:(_$LT$lax..svddc..SvdDcWork$LT$f32$GT$$u20$as$u20$lax..svddc..SvdDcWorkImpl$GT$::new::he1f510005f8f6988) in archive /opt/rustwide/target/debug/deps/liblax-d26353c1d998f4ac.rlib
[INFO] [stdout]           >>> referenced by svddc.rs:251 (src/svddc.rs:251)
[INFO] [stdout]           >>>               lax-d26353c1d998f4ac.lax.a944475f74046324-cgu.04.rcgu.o:(_$LT$lax..svddc..SvdDcWork$LT$f32$GT$$u20$as$u20$lax..svddc..SvdDcWorkImpl$GT$::calc::h41afc42f7c02bd8a) in archive /opt/rustwide/target/debug/deps/liblax-d26353c1d998f4ac.rlib
[INFO] [stdout]           
[INFO] [stdout]           rust-lld: error: undefined symbol: sorglq_
[INFO] [stdout]           >>> referenced by qr.rs:154 (src/qr.rs:154)
[INFO] [stdout]           >>>               lax-d26353c1d998f4ac.lax.a944475f74046324-cgu.03.rcgu.o:(_$LT$lax..qr..QWork$LT$f32$GT$$u20$as$u20$lax..qr..QWorkImpl$GT$::new::h626c58a8cea22c0b) in archive /opt/rustwide/target/debug/deps/liblax-d26353c1d998f4ac.rlib
[INFO] [stdout]           >>> referenced by qr.rs:193 (src/qr.rs:193)
[INFO] [stdout]           >>>               lax-d26353c1d998f4ac.lax.a944475f74046324-cgu.03.rcgu.o:(_$LT$lax..qr..QWork$LT$f32$GT$$u20$as$u20$lax..qr..QWorkImpl$GT$::calc::h1ce9572b8f072fc8) in archive /opt/rustwide/target/debug/deps/liblax-d26353c1d998f4ac.rlib
[INFO] [stdout]           
[INFO] [stdout]           rust-lld: error: undefined symbol: sorgqr_
[INFO] [stdout]           >>> referenced by qr.rs:141 (src/qr.rs:141)
[INFO] [stdout]           >>>               lax-d26353c1d998f4ac.lax.a944475f74046324-cgu.03.rcgu.o:(_$LT$lax..qr..QWork$LT$f32$GT$$u20$as$u20$lax..qr..QWorkImpl$GT$::new::h626c58a8cea22c0b) in archive /opt/rustwide/target/debug/deps/liblax-d26353c1d998f4ac.rlib
[INFO] [stdout]           >>> referenced by qr.rs:180 (src/qr.rs:180)
[INFO] [stdout]           >>>               lax-d26353c1d998f4ac.lax.a944475f74046324-cgu.03.rcgu.o:(_$LT$lax..qr..QWork$LT$f32$GT$$u20$as$u20$lax..qr..QWorkImpl$GT$::calc::h1ce9572b8f072fc8) in archive /opt/rustwide/target/debug/deps/liblax-d26353c1d998f4ac.rlib
[INFO] [stdout]           
[INFO] [stdout]           rust-lld: error: undefined symbol: cblas_zgemm
[INFO] [stdout]           >>> referenced by impl_linalg.rs:459 (/opt/rustwide/cargo-home/registry/src/index.crates.io-6f17d22bba15001f/ndarray-0.15.6/src/linalg/impl_linalg.rs:459)
[INFO] [stdout]           >>>               annembed-0039c9d2d186bd86.annembed.81e1f8ebd1d1a77a-cgu.08.rcgu.o:(ndarray::linalg::impl_linalg::mat_mul_impl::he10294159e7bd0eb) in archive /opt/rustwide/target/debug/deps/libannembed-0039c9d2d186bd86.rlib
[INFO] [stdout]           
[INFO] [stdout]           rust-lld: error: undefined symbol: cblas_cgemm
[INFO] [stdout]           >>> referenced by impl_linalg.rs:459 (/opt/rustwide/cargo-home/registry/src/index.crates.io-6f17d22bba15001f/ndarray-0.15.6/src/linalg/impl_linalg.rs:459)
[INFO] [stdout]           >>>               annembed-0039c9d2d186bd86.annembed.81e1f8ebd1d1a77a-cgu.08.rcgu.o:(ndarray::linalg::impl_linalg::mat_mul_impl::he10294159e7bd0eb) in archive /opt/rustwide/target/debug/deps/libannembed-0039c9d2d186bd86.rlib
[INFO] [stdout]           
[INFO] [stdout]           rust-lld: error: undefined symbol: cblas_dgemm
[INFO] [stdout]           >>> referenced by impl_linalg.rs:459 (/opt/rustwide/cargo-home/registry/src/index.crates.io-6f17d22bba15001f/ndarray-0.15.6/src/linalg/impl_linalg.rs:459)
[INFO] [stdout]           >>>               annembed-0039c9d2d186bd86.annembed.81e1f8ebd1d1a77a-cgu.08.rcgu.o:(ndarray::linalg::impl_linalg::mat_mul_impl::he10294159e7bd0eb) in archive /opt/rustwide/target/debug/deps/libannembed-0039c9d2d186bd86.rlib
[INFO] [stdout]           
[INFO] [stdout]           rust-lld: error: undefined symbol: cblas_sgemm
[INFO] [stdout]           >>> referenced by impl_linalg.rs:459 (/opt/rustwide/cargo-home/registry/src/index.crates.io-6f17d22bba15001f/ndarray-0.15.6/src/linalg/impl_linalg.rs:459)
[INFO] [stdout]           >>>               annembed-0039c9d2d186bd86.annembed.81e1f8ebd1d1a77a-cgu.08.rcgu.o:(ndarray::linalg::impl_linalg::mat_mul_impl::he10294159e7bd0eb) in archive /opt/rustwide/target/debug/deps/libannembed-0039c9d2d186bd86.rlib
[INFO] [stdout]           
[INFO] [stdout]           rust-lld: error: undefined symbol: cblas_sgemv
[INFO] [stdout]           >>> referenced by impl_linalg.rs:731 (/opt/rustwide/cargo-home/registry/src/index.crates.io-6f17d22bba15001f/ndarray-0.15.6/src/linalg/impl_linalg.rs:731)
[INFO] [stdout]           >>>               annembed-0039c9d2d186bd86.annembed.81e1f8ebd1d1a77a-cgu.08.rcgu.o:(ndarray::linalg::impl_linalg::general_mat_vec_mul_impl::h93cd23adcc01ea20) in archive /opt/rustwide/target/debug/deps/libannembed-0039c9d2d186bd86.rlib
[INFO] [stdout]           
[INFO] [stdout]           rust-lld: error: undefined symbol: cblas_dgemv
[INFO] [stdout]           >>> referenced by impl_linalg.rs:731 (/opt/rustwide/cargo-home/registry/src/index.crates.io-6f17d22bba15001f/ndarray-0.15.6/src/linalg/impl_linalg.rs:731)
[INFO] [stdout]           >>>               annembed-0039c9d2d186bd86.annembed.81e1f8ebd1d1a77a-cgu.08.rcgu.o:(ndarray::linalg::impl_linalg::general_mat_vec_mul_impl::h93cd23adcc01ea20) in archive /opt/rustwide/target/debug/deps/libannembed-0039c9d2d186bd86.rlib
[INFO] [stdout]           collect2: error: ld returned 1 exit status
[INFO] [stdout]           
[INFO] [stdout] 
[INFO] [stdout] 
[INFO] [stderr] error: could not compile `annembed` (bin "embed") due to 1 previous error
[INFO] running `Command { std: "docker" "inspect" "741f1603266da3f02107f72b9c966e5b378e2ed90de4191f2fbc7ece6564312e", kill_on_drop: false }`
[INFO] running `Command { std: "docker" "rm" "-f" "741f1603266da3f02107f72b9c966e5b378e2ed90de4191f2fbc7ece6564312e", kill_on_drop: false }`
[INFO] [stdout] 741f1603266da3f02107f72b9c966e5b378e2ed90de4191f2fbc7ece6564312e
