[INFO] fetching crate anki_bridge 0.8.0...
[INFO] testing anki_bridge-0.8.0 against nightly-2024-10-28 for randomize-layout
[INFO] extracting crate anki_bridge 0.8.0 into /workspace/builds/worker-0-tc1/source
[INFO] validating manifest of crates.io crate anki_bridge 0.8.0 on toolchain nightly-2024-10-28
[INFO] running `Command { std: CARGO_HOME="/workspace/cargo-home" RUSTUP_HOME="/workspace/rustup-home" "/workspace/cargo-home/bin/cargo" "+nightly-2024-10-28" "metadata" "--manifest-path" "Cargo.toml" "--no-deps", kill_on_drop: false }`
[INFO] started tweaking crates.io crate anki_bridge 0.8.0
[INFO] finished tweaking crates.io crate anki_bridge 0.8.0
[INFO] tweaked toml for crates.io crate anki_bridge 0.8.0 written to /workspace/builds/worker-0-tc1/source/Cargo.toml
[INFO] running `Command { std: CARGO_HOME="/workspace/cargo-home" RUSTUP_HOME="/workspace/rustup-home" "/workspace/cargo-home/bin/cargo" "+nightly-2024-10-28" "generate-lockfile" "--manifest-path" "Cargo.toml", kill_on_drop: false }`
[INFO] [stderr]     Updating crates.io index
[INFO] [stderr]      Locking 112 packages to latest compatible versions
[INFO] [stderr]       Adding reqwest v0.11.27 (available: v0.12.9)
[INFO] [stderr]       Adding serde_tuple v0.5.0 (available: v1.0.0)
[INFO] running `Command { std: CARGO_HOME="/workspace/cargo-home" RUSTUP_HOME="/workspace/rustup-home" "/workspace/cargo-home/bin/cargo" "+nightly-2024-10-28" "fetch" "--manifest-path" "Cargo.toml", kill_on_drop: false }`
[INFO] [stderr]  Downloading crates ...
[INFO] [stderr]   Downloaded serde_tuple v0.5.0
[INFO] [stderr]   Downloaded ureq v2.10.1
[INFO] [stderr]   Downloaded maybe-async v0.2.10
[INFO] [stderr]   Downloaded serde_tuple_macros v0.5.0
[INFO] running `Command { std: "docker" "create" "-v" "/var/lib/crater-agent-workspace/builds/worker-0-tc1/target:/opt/rustwide/target:rw,Z" "-v" "/var/lib/crater-agent-workspace/builds/worker-0-tc1/source:/opt/rustwide/workdir:ro,Z" "-v" "/var/lib/crater-agent-workspace/cargo-home:/opt/rustwide/cargo-home:ro,Z" "-v" "/var/lib/crater-agent-workspace/rustup-home:/opt/rustwide/rustup-home:ro,Z" "-e" "SOURCE_DIR=/opt/rustwide/workdir" "-e" "CARGO_TARGET_DIR=/opt/rustwide/target" "-e" "CARGO_HOME=/opt/rustwide/cargo-home" "-e" "RUSTUP_HOME=/opt/rustwide/rustup-home" "-w" "/opt/rustwide/workdir" "-m" "1610612736" "--user" "0:0" "--network" "none" "ghcr.io/rust-lang/crates-build-env/linux@sha256:4a844ea9eb2546a2d2c7022eacef16ef2e8229c7fbb2c7d4d55a9ceca922f72d" "/opt/rustwide/cargo-home/bin/cargo" "+nightly-2024-10-28" "metadata" "--no-deps" "--format-version=1", kill_on_drop: false }`
[INFO] [stdout] 0395b2de0cbd362e89370f2f6c50d4c0d2bf48f5f8e95c9d6b6ab3d84217aafb
[INFO] running `Command { std: "docker" "start" "-a" "0395b2de0cbd362e89370f2f6c50d4c0d2bf48f5f8e95c9d6b6ab3d84217aafb", kill_on_drop: false }`
[INFO] running `Command { std: "docker" "inspect" "0395b2de0cbd362e89370f2f6c50d4c0d2bf48f5f8e95c9d6b6ab3d84217aafb", kill_on_drop: false }`
[INFO] running `Command { std: "docker" "rm" "-f" "0395b2de0cbd362e89370f2f6c50d4c0d2bf48f5f8e95c9d6b6ab3d84217aafb", kill_on_drop: false }`
[INFO] [stdout] 0395b2de0cbd362e89370f2f6c50d4c0d2bf48f5f8e95c9d6b6ab3d84217aafb
[INFO] running `Command { std: "docker" "create" "-v" "/var/lib/crater-agent-workspace/builds/worker-0-tc1/target:/opt/rustwide/target:rw,Z" "-v" "/var/lib/crater-agent-workspace/builds/worker-0-tc1/source:/opt/rustwide/workdir:ro,Z" "-v" "/var/lib/crater-agent-workspace/cargo-home:/opt/rustwide/cargo-home:ro,Z" "-v" "/var/lib/crater-agent-workspace/rustup-home:/opt/rustwide/rustup-home:ro,Z" "-e" "SOURCE_DIR=/opt/rustwide/workdir" "-e" "CARGO_TARGET_DIR=/opt/rustwide/target" "-e" "CARGO_INCREMENTAL=0" "-e" "RUST_BACKTRACE=full" "-e" "RUSTFLAGS=--cap-lints=forbid" "-e" "RUSTDOCFLAGS=--cap-lints=forbid" "-e" "CARGO_HOME=/opt/rustwide/cargo-home" "-e" "RUSTUP_HOME=/opt/rustwide/rustup-home" "-w" "/opt/rustwide/workdir" "-m" "1610612736" "--user" "0:0" "--network" "none" "ghcr.io/rust-lang/crates-build-env/linux@sha256:4a844ea9eb2546a2d2c7022eacef16ef2e8229c7fbb2c7d4d55a9ceca922f72d" "/opt/rustwide/cargo-home/bin/cargo" "+nightly-2024-10-28" "build" "--frozen" "--message-format=json", kill_on_drop: false }`
[INFO] [stdout] 7830ff6fd52ddbf55d48a95893dde783067bb4abf680ad4072b16b9cdbf74e03
[INFO] running `Command { std: "docker" "start" "-a" "7830ff6fd52ddbf55d48a95893dde783067bb4abf680ad4072b16b9cdbf74e03", kill_on_drop: false }`
[INFO] [stderr]    Compiling syn v2.0.86
[INFO] [stderr]    Compiling syn v1.0.109
[INFO] [stderr]    Compiling serde_derive v1.0.214
[INFO] [stderr]    Compiling thiserror-impl v1.0.66
[INFO] [stderr]    Compiling async-trait v0.1.83
[INFO] [stderr]    Compiling serde_tuple_macros v0.5.0
[INFO] [stderr]    Compiling thiserror v1.0.66
[INFO] [stderr]    Compiling serde v1.0.214
[INFO] [stderr]    Compiling serde_tuple v0.5.0
[INFO] [stderr]    Compiling serde_json v1.0.132
[INFO] [stderr]    Compiling anki_bridge v0.8.0 (/opt/rustwide/workdir)
[INFO] [stdout] error: Please include EXACTLY ONE of the following client features: 'reqwest_async', 'reqwest_blocking' or 'ureq_blocking'
[INFO] [stdout]   --> src/lib.rs:31:1
[INFO] [stdout]    |
[INFO] [stdout] 31 | compile_error!("Please include EXACTLY ONE of the following client features: 'reqwest_async', 'reqwest_blocking' or 'ureq_blocking'");
[INFO] [stdout]    | ^^^^^^^^^^^^^^^^^^^^^^^^^^^^^^^^^^^^^^^^^^^^^^^^^^^^^^^^^^^^^^^^^^^^^^^^^^^^^^^^^^^^^^^^^^^^^^^^^^^^^^^^^^^^^^^^^^^^^^^^^^^^^^^^^^^^^
[INFO] [stdout] 
[INFO] [stdout] 
[INFO] [stdout] error[E0428]: the name `AnkiRequestable` is defined multiple times
[INFO] [stdout]    --> src/lib.rs:146:1
[INFO] [stdout]     |
[INFO] [stdout] 140 | pub trait AnkiRequestable<Request: AnkiRequest> {
[INFO] [stdout]     | ----------------------------------------------- previous definition of the trait `AnkiRequestable` here
[INFO] [stdout] ...
[INFO] [stdout] 146 | pub trait AnkiRequestable<Request: AnkiRequest + Send> {
[INFO] [stdout]     | ^^^^^^^^^^^^^^^^^^^^^^^^^^^^^^^^^^^^^^^^^^^^^^^^^^^^^^ `AnkiRequestable` redefined here
[INFO] [stdout]     |
[INFO] [stdout]     = note: `AnkiRequestable` must be defined only once in the type namespace of this module
[INFO] [stdout] 
[INFO] [stdout] 
[INFO] [stdout] error[E0433]: failed to resolve: use of undeclared crate or module `maybe_async`
[INFO] [stdout]   --> src/mock.rs:50:3
[INFO] [stdout]    |
[INFO] [stdout] 50 | #[maybe_async::sync_impl]
[INFO] [stdout]    |   ^^^^^^^^^^^ use of undeclared crate or module `maybe_async`
[INFO] [stdout] 
[INFO] [stdout] 
[INFO] [stdout] error[E0433]: failed to resolve: use of undeclared crate or module `maybe_async`
[INFO] [stdout]   --> src/mock.rs:61:3
[INFO] [stdout]    |
[INFO] [stdout] 61 | #[maybe_async::async_impl]
[INFO] [stdout]    |   ^^^^^^^^^^^ use of undeclared crate or module `maybe_async`
[INFO] [stdout] 
[INFO] [stdout] 
[INFO] [stdout] error[E0433]: failed to resolve: use of undeclared crate or module `maybe_async`
[INFO] [stdout]    --> src/lib.rs:139:3
[INFO] [stdout]     |
[INFO] [stdout] 139 | #[maybe_async::sync_impl]
[INFO] [stdout]     |   ^^^^^^^^^^^ use of undeclared crate or module `maybe_async`
[INFO] [stdout] 
[INFO] [stdout] 
[INFO] [stdout] error[E0433]: failed to resolve: use of undeclared crate or module `maybe_async`
[INFO] [stdout]    --> src/lib.rs:144:3
[INFO] [stdout]     |
[INFO] [stdout] 144 | #[maybe_async::async_impl]
[INFO] [stdout]     |   ^^^^^^^^^^^ use of undeclared crate or module `maybe_async`
[INFO] [stdout] 
[INFO] [stdout] 
[INFO] [stdout] error[E0433]: failed to resolve: use of undeclared crate or module `maybe_async`
[INFO] [stdout]    --> src/lib.rs:172:3
[INFO] [stdout]     |
[INFO] [stdout] 172 | #[maybe_async::sync_impl]
[INFO] [stdout]     |   ^^^^^^^^^^^ use of undeclared crate or module `maybe_async`
[INFO] [stdout] 
[INFO] [stdout] 
[INFO] [stdout] error[E0433]: failed to resolve: use of undeclared crate or module `maybe_async`
[INFO] [stdout]    --> src/lib.rs:204:3
[INFO] [stdout]     |
[INFO] [stdout] 204 | #[maybe_async::async_impl]
[INFO] [stdout]     |   ^^^^^^^^^^^ use of undeclared crate or module `maybe_async`
[INFO] [stdout] 
[INFO] [stdout] 
[INFO] [stdout] error[E0425]: cannot find value `response` in this scope
[INFO] [stdout]    --> src/lib.rs:194:30
[INFO] [stdout]     |
[INFO] [stdout] 194 |         if let Some(error) = response.error {
[INFO] [stdout]     |                              ^^^^^^^^ not found in this scope
[INFO] [stdout] 
[INFO] [stdout] 
[INFO] [stdout] error[E0425]: cannot find value `response` in this scope
[INFO] [stdout]    --> src/lib.rs:196:38
[INFO] [stdout]     |
[INFO] [stdout] 196 |         } else if let Some(result) = response.result {
[INFO] [stdout]     |                                      ^^^^^^^^ not found in this scope
[INFO] [stdout] 
[INFO] [stdout] 
[INFO] [stdout] error[E0425]: cannot find value `response` in this scope
[INFO] [stdout]    --> src/lib.rs:223:30
[INFO] [stdout]     |
[INFO] [stdout] 223 |         if let Some(error) = response.error {
[INFO] [stdout]     |                              ^^^^^^^^ not found in this scope
[INFO] [stdout] 
[INFO] [stdout] 
[INFO] [stdout] error[E0425]: cannot find value `response` in this scope
[INFO] [stdout]    --> src/lib.rs:225:38
[INFO] [stdout]     |
[INFO] [stdout] 225 |         } else if let Some(result) = response.result {
[INFO] [stdout]     |                                      ^^^^^^^^ not found in this scope
[INFO] [stdout] 
[INFO] [stdout] 
[INFO] [stdout] error[E0119]: conflicting implementations of trait `AnkiRequestable<_>` for type `MockAnkiClient<_, _>`
[INFO] [stdout]   --> src/mock.rs:63:1
[INFO] [stdout]    |
[INFO] [stdout] 51 | / impl<'a, Request, F> AnkiRequestable<Request> for MockAnkiClient<Request, F>
[INFO] [stdout] 52 | | where
[INFO] [stdout] 53 | |     Request: AnkiRequest + Send + Sync + 'a,
[INFO] [stdout] 54 | |     F: FnOnce(Request) -> Result<Request::Response> + Send + Sync + Copy,
[INFO] [stdout]    | |_________________________________________________________________________- first implementation here
[INFO] [stdout] ...
[INFO] [stdout] 63 | / impl<'a, Request, F> AnkiRequestable<Request> for MockAnkiClient<Request, F>
[INFO] [stdout] 64 | | where
[INFO] [stdout] 65 | |     Request: AnkiRequest + Send + Sync + 'a,
[INFO] [stdout] 66 | |     F: FnOnce(Request) -> Result<Request::Response> + Send + Sync + Copy,
[INFO] [stdout]    | |_________________________________________________________________________^ conflicting implementation for `MockAnkiClient<_, _>`
[INFO] [stdout] 
[INFO] [stdout] 
[INFO] [stdout] error[E0119]: conflicting implementations of trait `AnkiRequestable<_>` for type `AnkiClient<'_>`
[INFO] [stdout]    --> src/lib.rs:206:1
[INFO] [stdout]     |
[INFO] [stdout] 173 | impl<'a, Request: AnkiRequest> AnkiRequestable<Request> for AnkiClient<'a> {
[INFO] [stdout]     | -------------------------------------------------------------------------- first implementation here
[INFO] [stdout] ...
[INFO] [stdout] 206 | impl<'a, Request: AnkiRequest + Send + 'a> AnkiRequestable<Request> for AnkiClient<'a> {
[INFO] [stdout]     | ^^^^^^^^^^^^^^^^^^^^^^^^^^^^^^^^^^^^^^^^^^^^^^^^^^^^^^^^^^^^^^^^^^^^^^^^^^^^^^^^^^^^^^ conflicting implementation for `AnkiClient<'_>`
[INFO] [stdout] 
[INFO] [stdout] 
[INFO] [stdout] Some errors have detailed explanations: E0119, E0425, E0428, E0433.
[INFO] [stdout] 
[INFO] [stdout] For more information about an error, try `rustc --explain E0119`.
[INFO] [stdout] 
[INFO] [stderr] error: could not compile `anki_bridge` (lib) due to 14 previous errors
[INFO] running `Command { std: "docker" "inspect" "7830ff6fd52ddbf55d48a95893dde783067bb4abf680ad4072b16b9cdbf74e03", kill_on_drop: false }`
[INFO] running `Command { std: "docker" "rm" "-f" "7830ff6fd52ddbf55d48a95893dde783067bb4abf680ad4072b16b9cdbf74e03", kill_on_drop: false }`
[INFO] [stdout] 7830ff6fd52ddbf55d48a95893dde783067bb4abf680ad4072b16b9cdbf74e03
