[INFO] fetching crate angular-units 0.2.4...
[INFO] testing angular-units-0.2.4 against nightly-2024-10-28 for randomize-layout
[INFO] extracting crate angular-units 0.2.4 into /workspace/builds/worker-5-tc1/source
[INFO] validating manifest of crates.io crate angular-units 0.2.4 on toolchain nightly-2024-10-28
[INFO] running `Command { std: CARGO_HOME="/workspace/cargo-home" RUSTUP_HOME="/workspace/rustup-home" "/workspace/cargo-home/bin/cargo" "+nightly-2024-10-28" "metadata" "--manifest-path" "Cargo.toml" "--no-deps", kill_on_drop: false }`
[INFO] started tweaking crates.io crate angular-units 0.2.4
[INFO] finished tweaking crates.io crate angular-units 0.2.4
[INFO] tweaked toml for crates.io crate angular-units 0.2.4 written to /workspace/builds/worker-5-tc1/source/Cargo.toml
[INFO] running `Command { std: CARGO_HOME="/workspace/cargo-home" RUSTUP_HOME="/workspace/rustup-home" "/workspace/cargo-home/bin/cargo" "+nightly-2024-10-28" "generate-lockfile" "--manifest-path" "Cargo.toml", kill_on_drop: false }`
[INFO] [stderr]     Updating crates.io index
[INFO] [stderr]      Locking 10 packages to latest compatible versions
[INFO] [stderr]       Adding approx v0.3.2 (available: v0.5.1)
[INFO] running `Command { std: CARGO_HOME="/workspace/cargo-home" RUSTUP_HOME="/workspace/rustup-home" "/workspace/cargo-home/bin/cargo" "+nightly-2024-10-28" "fetch" "--manifest-path" "Cargo.toml", kill_on_drop: false }`
[INFO] [stderr] warning: no edition set: defaulting to the 2015 edition while the latest is 2021
[INFO] [stderr]  Downloading crates ...
[INFO] [stderr]   Downloaded serde_test v1.0.177
[INFO] running `Command { std: "docker" "create" "-v" "/var/lib/crater-agent-workspace/builds/worker-5-tc1/target:/opt/rustwide/target:rw,Z" "-v" "/var/lib/crater-agent-workspace/builds/worker-5-tc1/source:/opt/rustwide/workdir:ro,Z" "-v" "/var/lib/crater-agent-workspace/cargo-home:/opt/rustwide/cargo-home:ro,Z" "-v" "/var/lib/crater-agent-workspace/rustup-home:/opt/rustwide/rustup-home:ro,Z" "-e" "SOURCE_DIR=/opt/rustwide/workdir" "-e" "CARGO_TARGET_DIR=/opt/rustwide/target" "-e" "CARGO_HOME=/opt/rustwide/cargo-home" "-e" "RUSTUP_HOME=/opt/rustwide/rustup-home" "-w" "/opt/rustwide/workdir" "-m" "1610612736" "--user" "0:0" "--network" "none" "ghcr.io/rust-lang/crates-build-env/linux@sha256:4a844ea9eb2546a2d2c7022eacef16ef2e8229c7fbb2c7d4d55a9ceca922f72d" "/opt/rustwide/cargo-home/bin/cargo" "+nightly-2024-10-28" "metadata" "--no-deps" "--format-version=1", kill_on_drop: false }`
[INFO] [stdout] 810686f021a52c0293cf12e99e3a94b4fd871be71dbfb6f55caec43838b17fbb
[INFO] running `Command { std: "docker" "start" "-a" "810686f021a52c0293cf12e99e3a94b4fd871be71dbfb6f55caec43838b17fbb", kill_on_drop: false }`
[INFO] running `Command { std: "docker" "inspect" "810686f021a52c0293cf12e99e3a94b4fd871be71dbfb6f55caec43838b17fbb", kill_on_drop: false }`
[INFO] running `Command { std: "docker" "rm" "-f" "810686f021a52c0293cf12e99e3a94b4fd871be71dbfb6f55caec43838b17fbb", kill_on_drop: false }`
[INFO] [stdout] 810686f021a52c0293cf12e99e3a94b4fd871be71dbfb6f55caec43838b17fbb
[INFO] running `Command { std: "docker" "create" "-v" "/var/lib/crater-agent-workspace/builds/worker-5-tc1/target:/opt/rustwide/target:rw,Z" "-v" "/var/lib/crater-agent-workspace/builds/worker-5-tc1/source:/opt/rustwide/workdir:ro,Z" "-v" "/var/lib/crater-agent-workspace/cargo-home:/opt/rustwide/cargo-home:ro,Z" "-v" "/var/lib/crater-agent-workspace/rustup-home:/opt/rustwide/rustup-home:ro,Z" "-e" "SOURCE_DIR=/opt/rustwide/workdir" "-e" "CARGO_TARGET_DIR=/opt/rustwide/target" "-e" "CARGO_INCREMENTAL=0" "-e" "RUST_BACKTRACE=full" "-e" "RUSTFLAGS=--cap-lints=forbid" "-e" "RUSTDOCFLAGS=--cap-lints=forbid" "-e" "CARGO_HOME=/opt/rustwide/cargo-home" "-e" "RUSTUP_HOME=/opt/rustwide/rustup-home" "-w" "/opt/rustwide/workdir" "-m" "1610612736" "--user" "0:0" "--network" "none" "ghcr.io/rust-lang/crates-build-env/linux@sha256:4a844ea9eb2546a2d2c7022eacef16ef2e8229c7fbb2c7d4d55a9ceca922f72d" "/opt/rustwide/cargo-home/bin/cargo" "+nightly-2024-10-28" "build" "--frozen" "--message-format=json", kill_on_drop: false }`
[INFO] [stdout] b6d90a96e63aa30b007646e3199a4da45fe245dd2ab63ddb644fcdf9b79269ef
[INFO] running `Command { std: "docker" "start" "-a" "b6d90a96e63aa30b007646e3199a4da45fe245dd2ab63ddb644fcdf9b79269ef", kill_on_drop: false }`
[INFO] [stderr] warning: no edition set: defaulting to the 2015 edition while the latest is 2021
[INFO] [stderr]    Compiling autocfg v1.4.0
[INFO] [stderr]    Compiling num-traits v0.2.19
[INFO] [stderr]    Compiling approx v0.3.2
[INFO] [stderr]    Compiling angular-units v0.2.4 (/opt/rustwide/workdir)
[INFO] [stdout] warning: unused `#[macro_use]` import
[INFO] [stdout]   --> src/lib.rs:32:1
[INFO] [stdout]    |
[INFO] [stdout] 32 | #[macro_use]
[INFO] [stdout]    | ^^^^^^^^^^^^
[INFO] [stdout]    |
[INFO] [stdout]    = note: `#[warn(unused_imports)]` on by default
[INFO] [stdout] 
[INFO] [stdout] 
[INFO] [stderr]     Finished `dev` profile [unoptimized + debuginfo] target(s) in 0.96s
[INFO] running `Command { std: "docker" "inspect" "b6d90a96e63aa30b007646e3199a4da45fe245dd2ab63ddb644fcdf9b79269ef", kill_on_drop: false }`
[INFO] running `Command { std: "docker" "rm" "-f" "b6d90a96e63aa30b007646e3199a4da45fe245dd2ab63ddb644fcdf9b79269ef", kill_on_drop: false }`
[INFO] [stdout] b6d90a96e63aa30b007646e3199a4da45fe245dd2ab63ddb644fcdf9b79269ef
[INFO] running `Command { std: "docker" "create" "-v" "/var/lib/crater-agent-workspace/builds/worker-5-tc1/target:/opt/rustwide/target:rw,Z" "-v" "/var/lib/crater-agent-workspace/builds/worker-5-tc1/source:/opt/rustwide/workdir:ro,Z" "-v" "/var/lib/crater-agent-workspace/cargo-home:/opt/rustwide/cargo-home:ro,Z" "-v" "/var/lib/crater-agent-workspace/rustup-home:/opt/rustwide/rustup-home:ro,Z" "-e" "SOURCE_DIR=/opt/rustwide/workdir" "-e" "CARGO_TARGET_DIR=/opt/rustwide/target" "-e" "CARGO_INCREMENTAL=0" "-e" "RUST_BACKTRACE=full" "-e" "RUSTFLAGS=--cap-lints=forbid" "-e" "RUSTDOCFLAGS=--cap-lints=forbid" "-e" "CARGO_HOME=/opt/rustwide/cargo-home" "-e" "RUSTUP_HOME=/opt/rustwide/rustup-home" "-w" "/opt/rustwide/workdir" "-m" "1610612736" "--user" "0:0" "--network" "none" "ghcr.io/rust-lang/crates-build-env/linux@sha256:4a844ea9eb2546a2d2c7022eacef16ef2e8229c7fbb2c7d4d55a9ceca922f72d" "/opt/rustwide/cargo-home/bin/cargo" "+nightly-2024-10-28" "test" "--frozen" "--no-run" "--message-format=json", kill_on_drop: false }`
[INFO] [stdout] 046176b2b2eb733c7b796126d99e29f7d7a97e38085d25618a361f1d269dffb2
[INFO] running `Command { std: "docker" "start" "-a" "046176b2b2eb733c7b796126d99e29f7d7a97e38085d25618a361f1d269dffb2", kill_on_drop: false }`
[INFO] [stderr] warning: no edition set: defaulting to the 2015 edition while the latest is 2021
[INFO] [stderr]    Compiling serde_test v1.0.177
[INFO] [stdout] warning: unused `#[macro_use]` import
[INFO] [stdout]   --> src/lib.rs:32:1
[INFO] [stdout]    |
[INFO] [stdout] 32 | #[macro_use]
[INFO] [stdout]    | ^^^^^^^^^^^^
[INFO] [stdout]    |
[INFO] [stdout]    = note: `#[warn(unused_imports)]` on by default
[INFO] [stdout] 
[INFO] [stdout] 
[INFO] [stderr]    Compiling angular-units v0.2.4 (/opt/rustwide/workdir)
[INFO] [stdout] error[E0284]: type annotations needed
[INFO] [stdout]    --> src/lib.rs:645:47
[INFO] [stdout]     |
[INFO] [stdout] 645 |         assert_relative_eq!(ArcMinutes(120.0).into_angle(), Deg(2.0), epsilon=1e-6);
[INFO] [stdout]     |                                               ^^^^^^^^^^
[INFO] [stdout]     |
[INFO] [stdout]     = note: cannot satisfy `<_ as Angle>::Scalar == f64`
[INFO] [stdout] note: required for `ArcMinutes<f64>` to implement `IntoAngle<_>`
[INFO] [stdout]    --> src/lib.rs:558:12
[INFO] [stdout]     |
[INFO] [stdout] 558 | impl<T, U> IntoAngle<U> for T
[INFO] [stdout]     |            ^^^^^^^^^^^^     ^
[INFO] [stdout] 559 |     where U: Angle<Scalar = T::Scalar> + FromAngle<T>,
[INFO] [stdout]     |                    ------------------ unsatisfied trait bound introduced here
[INFO] [stdout] help: try using a fully qualified path to specify the expected types
[INFO] [stdout]     |
[INFO] [stdout] 645 |         assert_relative_eq!(<ArcMinutes<f64> as IntoAngle<To>>::into_angle(ArcMinutes(120.0)), Deg(2.0), epsilon=1e-6);
[INFO] [stdout]     |                             +++++++++++++++++++++++++++++++++++++++++++++++                 ~
[INFO] [stdout] 
[INFO] [stdout] 
[INFO] [stdout] error[E0284]: type annotations needed
[INFO] [stdout]    --> src/lib.rs:764:52
[INFO] [stdout]     |
[INFO] [stdout] 764 |         assert_relative_eq!(Gon(725.0).normalize().into_angle(), Deg(292.5), epsilon=1e-6);
[INFO] [stdout]     |                                                    ^^^^^^^^^^
[INFO] [stdout]     |
[INFO] [stdout]     = note: cannot satisfy `<_ as Angle>::Scalar == f64`
[INFO] [stdout] note: required for `Gon<f64>` to implement `IntoAngle<_>`
[INFO] [stdout]    --> src/lib.rs:558:12
[INFO] [stdout]     |
[INFO] [stdout] 558 | impl<T, U> IntoAngle<U> for T
[INFO] [stdout]     |            ^^^^^^^^^^^^     ^
[INFO] [stdout] 559 |     where U: Angle<Scalar = T::Scalar> + FromAngle<T>,
[INFO] [stdout]     |                    ------------------ unsatisfied trait bound introduced here
[INFO] [stdout] help: try using a fully qualified path to specify the expected types
[INFO] [stdout]     |
[INFO] [stdout] 764 |         assert_relative_eq!(<Gon<f64> as IntoAngle<To>>::into_angle(Gon(725.0).normalize()), Deg(292.5), epsilon=1e-6);
[INFO] [stdout]     |                             ++++++++++++++++++++++++++++++++++++++++                      ~
[INFO] [stdout] 
[INFO] [stdout] 
[INFO] [stdout] error[E0283]: type annotations needed
[INFO] [stdout]    --> src/lib.rs:835:29
[INFO] [stdout]     |
[INFO] [stdout] 835 |         assert_relative_eq!(mean(vec![Deg(280.0), Deg(10.0)].into_iter()), Deg(325.0));
[INFO] [stdout]     |                             ^^^^ cannot infer type of the type parameter `Out` declared on the function `mean`
[INFO] [stdout]     |
[INFO] [stdout]     = note: cannot satisfy `_: Angle`
[INFO] [stdout]     = help: the following types implement trait `Angle`:
[INFO] [stdout]               ArcMinutes<T>
[INFO] [stdout]               ArcSeconds<T>
[INFO] [stdout]               Deg<T>
[INFO] [stdout]               Gon<T>
[INFO] [stdout]               Rad<T>
[INFO] [stdout]               Turns<T>
[INFO] [stdout] note: required by a bound in `mean`
[INFO] [stdout]    --> src/lib.rs:606:16
[INFO] [stdout]     |
[INFO] [stdout] 602 | pub fn mean<T, Scalar, Out>(iter: T) -> Out
[INFO] [stdout]     |        ---- required by a bound in this function
[INFO] [stdout] ...
[INFO] [stdout] 606 |           Out: Angle<Scalar=Scalar> + FromAngle<Rad<Scalar>>,
[INFO] [stdout]     |                ^^^^^^^^^^^^^^^^^^^^ required by this bound in `mean`
[INFO] [stdout] help: consider specifying the generic arguments
[INFO] [stdout]     |
[INFO] [stdout] 835 |         assert_relative_eq!(mean::<std::vec::IntoIter<Deg<f64>>, f64, Out>(vec![Deg(280.0), Deg(10.0)].into_iter()), Deg(325.0));
[INFO] [stdout]     |                                 ++++++++++++++++++++++++++++++++++++++++++
[INFO] [stdout] 
[INFO] [stdout] 
[INFO] [stdout] Some errors have detailed explanations: E0283, E0284.
[INFO] [stdout] 
[INFO] [stdout] For more information about an error, try `rustc --explain E0283`.
[INFO] [stdout] 
[INFO] [stderr] error: could not compile `angular-units` (lib test) due to 3 previous errors
[INFO] running `Command { std: "docker" "inspect" "046176b2b2eb733c7b796126d99e29f7d7a97e38085d25618a361f1d269dffb2", kill_on_drop: false }`
[INFO] running `Command { std: "docker" "rm" "-f" "046176b2b2eb733c7b796126d99e29f7d7a97e38085d25618a361f1d269dffb2", kill_on_drop: false }`
[INFO] [stdout] 046176b2b2eb733c7b796126d99e29f7d7a97e38085d25618a361f1d269dffb2
