[INFO] fetching crate amd-ext-d3d 0.3.1...
[INFO] testing amd-ext-d3d-0.3.1 against nightly-2024-10-28+rustflags=-Zrandomize-layout for randomize-layout
[INFO] extracting crate amd-ext-d3d 0.3.1 into /workspace/builds/worker-7-tc2/source
[INFO] validating manifest of crates.io crate amd-ext-d3d 0.3.1 on toolchain nightly-2024-10-28
[INFO] running `Command { std: CARGO_HOME="/workspace/cargo-home" RUSTUP_HOME="/workspace/rustup-home" "/workspace/cargo-home/bin/cargo" "+nightly-2024-10-28" "metadata" "--manifest-path" "Cargo.toml" "--no-deps", kill_on_drop: false }`
[INFO] started tweaking crates.io crate amd-ext-d3d 0.3.1
[INFO] finished tweaking crates.io crate amd-ext-d3d 0.3.1
[INFO] tweaked toml for crates.io crate amd-ext-d3d 0.3.1 written to /workspace/builds/worker-7-tc2/source/Cargo.toml
[INFO] running `Command { std: CARGO_HOME="/workspace/cargo-home" RUSTUP_HOME="/workspace/rustup-home" "/workspace/cargo-home/bin/cargo" "+nightly-2024-10-28" "generate-lockfile" "--manifest-path" "Cargo.toml", kill_on_drop: false }`
[INFO] [stderr]     Updating crates.io index
[INFO] [stderr]      Locking 22 packages to latest compatible versions
[INFO] running `Command { std: CARGO_HOME="/workspace/cargo-home" RUSTUP_HOME="/workspace/rustup-home" "/workspace/cargo-home/bin/cargo" "+nightly-2024-10-28" "fetch" "--manifest-path" "Cargo.toml", kill_on_drop: false }`
[INFO] running `Command { std: "docker" "create" "-v" "/var/lib/crater-agent-workspace/builds/worker-7-tc2/target:/opt/rustwide/target:rw,Z" "-v" "/var/lib/crater-agent-workspace/builds/worker-7-tc2/source:/opt/rustwide/workdir:ro,Z" "-v" "/var/lib/crater-agent-workspace/cargo-home:/opt/rustwide/cargo-home:ro,Z" "-v" "/var/lib/crater-agent-workspace/rustup-home:/opt/rustwide/rustup-home:ro,Z" "-e" "SOURCE_DIR=/opt/rustwide/workdir" "-e" "CARGO_TARGET_DIR=/opt/rustwide/target" "-e" "CARGO_HOME=/opt/rustwide/cargo-home" "-e" "RUSTUP_HOME=/opt/rustwide/rustup-home" "-w" "/opt/rustwide/workdir" "-m" "1610612736" "--user" "0:0" "--network" "none" "ghcr.io/rust-lang/crates-build-env/linux@sha256:4a844ea9eb2546a2d2c7022eacef16ef2e8229c7fbb2c7d4d55a9ceca922f72d" "/opt/rustwide/cargo-home/bin/cargo" "+nightly-2024-10-28" "metadata" "--no-deps" "--format-version=1", kill_on_drop: false }`
[INFO] [stdout] 1d563172b2bdcdf27c7fd9db61f25414f0d6638dce4ce998c6a760da7ecda06f
[INFO] running `Command { std: "docker" "start" "-a" "1d563172b2bdcdf27c7fd9db61f25414f0d6638dce4ce998c6a760da7ecda06f", kill_on_drop: false }`
[INFO] running `Command { std: "docker" "inspect" "1d563172b2bdcdf27c7fd9db61f25414f0d6638dce4ce998c6a760da7ecda06f", kill_on_drop: false }`
[INFO] running `Command { std: "docker" "rm" "-f" "1d563172b2bdcdf27c7fd9db61f25414f0d6638dce4ce998c6a760da7ecda06f", kill_on_drop: false }`
[INFO] [stdout] 1d563172b2bdcdf27c7fd9db61f25414f0d6638dce4ce998c6a760da7ecda06f
[INFO] running `Command { std: "docker" "create" "-v" "/var/lib/crater-agent-workspace/builds/worker-7-tc2/target:/opt/rustwide/target:rw,Z" "-v" "/var/lib/crater-agent-workspace/builds/worker-7-tc2/source:/opt/rustwide/workdir:ro,Z" "-v" "/var/lib/crater-agent-workspace/cargo-home:/opt/rustwide/cargo-home:ro,Z" "-v" "/var/lib/crater-agent-workspace/rustup-home:/opt/rustwide/rustup-home:ro,Z" "-e" "SOURCE_DIR=/opt/rustwide/workdir" "-e" "CARGO_TARGET_DIR=/opt/rustwide/target" "-e" "CARGO_INCREMENTAL=0" "-e" "RUST_BACKTRACE=full" "-e" "RUSTFLAGS=--cap-lints=forbid -Zrandomize-layout" "-e" "RUSTDOCFLAGS=--cap-lints=forbid" "-e" "CARGO_HOME=/opt/rustwide/cargo-home" "-e" "RUSTUP_HOME=/opt/rustwide/rustup-home" "-w" "/opt/rustwide/workdir" "-m" "1610612736" "--user" "0:0" "--network" "none" "ghcr.io/rust-lang/crates-build-env/linux@sha256:4a844ea9eb2546a2d2c7022eacef16ef2e8229c7fbb2c7d4d55a9ceca922f72d" "/opt/rustwide/cargo-home/bin/cargo" "+nightly-2024-10-28" "build" "--frozen" "--message-format=json", kill_on_drop: false }`
[INFO] [stdout] 96d1aa80c6cfbfc578db7513db2e54b2a16dcc525ef57540871378ef1cd5f061
[INFO] running `Command { std: "docker" "start" "-a" "96d1aa80c6cfbfc578db7513db2e54b2a16dcc525ef57540871378ef1cd5f061", kill_on_drop: false }`
[INFO] [stderr]    Compiling windows_x86_64_gnu v0.52.6
[INFO] [stderr]    Compiling anyhow v1.0.92
[INFO] [stderr]    Compiling libloading v0.8.5
[INFO] [stderr]    Compiling syn v2.0.86
[INFO] [stderr]    Compiling windows-targets v0.52.6
[INFO] [stderr]    Compiling windows-result v0.2.0
[INFO] [stderr]    Compiling windows-strings v0.1.0
[INFO] [stderr]    Compiling windows-implement v0.58.0
[INFO] [stderr]    Compiling windows-interface v0.58.0
[INFO] [stderr]    Compiling windows-core v0.58.0
[INFO] [stderr]    Compiling windows v0.58.0
[INFO] [stderr]    Compiling amd-ext-d3d v0.3.1 (/opt/rustwide/workdir)
[INFO] [stdout] error[E0433]: failed to resolve: could not find `Win32` in `windows`
[INFO] [stdout]  --> src/lib.rs:8:5
[INFO] [stdout]   |
[INFO] [stdout] 8 |     Win32::Graphics::Direct3D12,
[INFO] [stdout]   |     ^^^^^ could not find `Win32` in `windows`
[INFO] [stdout] 
[INFO] [stdout] 
[INFO] [stdout] error[E0432]: unresolved import `windows::core`
[INFO] [stdout]  --> src/lib.rs:7:5
[INFO] [stdout]   |
[INFO] [stdout] 7 |     core::{IUnknown, Interface, Param, Type, PCSTR},
[INFO] [stdout]   |     ^^^^ could not find `core` in `windows`
[INFO] [stdout] 
[INFO] [stdout] 
[INFO] [stdout] error[E0433]: failed to resolve: could not find `Win32` in `windows`
[INFO] [stdout]   --> src/Amd.rs:28:41
[INFO] [stdout]    |
[INFO] [stdout] 28 |                 pdesc : *const windows::Win32::Graphics::Direct3D12:: D3D12_GRAPHICS_PIPELINE_STATE_DESC,
[INFO] [stdout]    |                                         ^^^^^ could not find `Win32` in `windows`
[INFO] [stdout] 
[INFO] [stdout] 
[INFO] [stdout] error[E0433]: failed to resolve: could not find `Win32` in `windows`
[INFO] [stdout]   --> src/Amd.rs:50:33
[INFO] [stdout]    |
[INFO] [stdout] 50 |                 *const windows::Win32::Graphics::Direct3D12::D3D12_GRAPHICS_PIPELINE_STATE_DESC,
[INFO] [stdout]    |                                 ^^^^^ could not find `Win32` in `windows`
[INFO] [stdout] 
[INFO] [stdout] 
[INFO] [stdout] error[E0433]: failed to resolve: could not find `Win32` in `windows`
[INFO] [stdout]   --> src/Amd.rs:76:30
[INFO] [stdout]    |
[INFO] [stdout] 76 |                     windows::Win32::Graphics::Direct3D12::ID3D12GraphicsCommandList,
[INFO] [stdout]    |                              ^^^^^ could not find `Win32` in `windows`
[INFO] [stdout] 
[INFO] [stdout] 
[INFO] [stdout] error[E0433]: failed to resolve: could not find `Win32` in `windows`
[INFO] [stdout]   --> src/Amd.rs:89:30
[INFO] [stdout]    |
[INFO] [stdout] 89 |                     windows::Win32::Graphics::Direct3D12::ID3D12GraphicsCommandList,
[INFO] [stdout]    |                              ^^^^^ could not find `Win32` in `windows`
[INFO] [stdout] 
[INFO] [stdout] 
[INFO] [stdout] error[E0433]: failed to resolve: could not find `Win32` in `windows`
[INFO] [stdout]    --> src/Amd.rs:100:30
[INFO] [stdout]     |
[INFO] [stdout] 100 |                     windows::Win32::Graphics::Direct3D12::ID3D12GraphicsCommandList,
[INFO] [stdout]     |                              ^^^^^ could not find `Win32` in `windows`
[INFO] [stdout] 
[INFO] [stdout] 
[INFO] [stdout] error[E0412]: cannot find type `PCSTR` in crate `windows_core`
[INFO] [stdout]   --> src/Amd.rs:78:55
[INFO] [stdout]    |
[INFO] [stdout] 78 |                 P1: windows_core::Param<windows_core::PCSTR>,
[INFO] [stdout]    |                                                       ^^^^^ not found in `windows_core`
[INFO] [stdout] 
[INFO] [stdout] 
[INFO] [stdout] error[E0412]: cannot find type `PCSTR` in crate `windows_core`
[INFO] [stdout]    --> src/Amd.rs:102:55
[INFO] [stdout]     |
[INFO] [stdout] 102 |                 P1: windows_core::Param<windows_core::PCSTR>,
[INFO] [stdout]     |                                                       ^^^^^ not found in `windows_core`
[INFO] [stdout] 
[INFO] [stdout] 
[INFO] [stdout] error[E0412]: cannot find type `PCSTR` in crate `windows_core`
[INFO] [stdout]    --> src/Amd.rs:117:31
[INFO] [stdout]     |
[INFO] [stdout] 117 |                 windows_core::PCSTR,
[INFO] [stdout]     |                               ^^^^^ not found in `windows_core`
[INFO] [stdout] 
[INFO] [stdout] 
[INFO] [stdout] error[E0412]: cannot find type `PCSTR` in crate `windows_core`
[INFO] [stdout]    --> src/Amd.rs:124:31
[INFO] [stdout]     |
[INFO] [stdout] 124 |                 windows_core::PCSTR,
[INFO] [stdout]     |                               ^^^^^ not found in `windows_core`
[INFO] [stdout] 
[INFO] [stdout] 
[INFO] [stdout] Some errors have detailed explanations: E0412, E0432, E0433.
[INFO] [stdout] 
[INFO] [stdout] For more information about an error, try `rustc --explain E0412`.
[INFO] [stdout] 
[INFO] [stderr] error: could not compile `amd-ext-d3d` (lib) due to 11 previous errors
[INFO] running `Command { std: "docker" "inspect" "96d1aa80c6cfbfc578db7513db2e54b2a16dcc525ef57540871378ef1cd5f061", kill_on_drop: false }`
[INFO] running `Command { std: "docker" "rm" "-f" "96d1aa80c6cfbfc578db7513db2e54b2a16dcc525ef57540871378ef1cd5f061", kill_on_drop: false }`
[INFO] [stdout] 96d1aa80c6cfbfc578db7513db2e54b2a16dcc525ef57540871378ef1cd5f061
