[INFO] fetching crate alloy-flashbots-rs 0.1.0...
[INFO] testing alloy-flashbots-rs-0.1.0 against nightly-2024-10-28 for randomize-layout
[INFO] extracting crate alloy-flashbots-rs 0.1.0 into /workspace/builds/worker-3-tc1/source
[INFO] validating manifest of crates.io crate alloy-flashbots-rs 0.1.0 on toolchain nightly-2024-10-28
[INFO] running `Command { std: CARGO_HOME="/workspace/cargo-home" RUSTUP_HOME="/workspace/rustup-home" "/workspace/cargo-home/bin/cargo" "+nightly-2024-10-28" "metadata" "--manifest-path" "Cargo.toml" "--no-deps", kill_on_drop: false }`
[INFO] started tweaking crates.io crate alloy-flashbots-rs 0.1.0
[INFO] removed 0 missing examples
[INFO] finished tweaking crates.io crate alloy-flashbots-rs 0.1.0
[INFO] tweaked toml for crates.io crate alloy-flashbots-rs 0.1.0 written to /workspace/builds/worker-3-tc1/source/Cargo.toml
[INFO] crate crates.io crate alloy-flashbots-rs 0.1.0 already has a lockfile, it will not be regenerated
[INFO] running `Command { std: CARGO_HOME="/workspace/cargo-home" RUSTUP_HOME="/workspace/rustup-home" "/workspace/cargo-home/bin/cargo" "+nightly-2024-10-28" "fetch" "--manifest-path" "Cargo.toml", kill_on_drop: false }`
[INFO] [stderr]     Blocking waiting for file lock on package cache
[INFO] [stderr]     Updating crates.io index
[INFO] [stderr]  Downloading crates ...
[INFO] [stderr]   Downloaded log v0.4.21
[INFO] [stderr]   Downloaded windows-targets v0.52.5
[INFO] [stderr]   Downloaded keccak-asm v0.1.1
[INFO] [stderr]   Downloaded tokio-macros v2.3.0
[INFO] [stderr]   Downloaded alloy-transport-http v0.1.2
[INFO] [stderr]   Downloaded async-stream v0.3.5
[INFO] [stderr]   Downloaded futures-utils-wasm v0.1.0
[INFO] [stderr]   Downloaded num_enum v0.7.2
[INFO] [stderr]   Downloaded alloy-core v0.7.6
[INFO] [stderr]   Downloaded alloy-sol-macro-expander v0.7.6
[INFO] [stderr]   Downloaded alloy-json-abi v0.7.6
[INFO] [stderr]   Downloaded alloy-sol-type-parser v0.7.6
[INFO] [stderr]   Downloaded alloy-transport v0.1.2
[INFO] [stderr]   Downloaded num_enum_derive v0.7.2
[INFO] [stderr]   Downloaded lru v0.12.3
[INFO] [stderr]   Downloaded alloy-chains v0.1.22
[INFO] [stderr]   Downloaded alloy-dyn-abi v0.7.6
[INFO] [stderr]   Downloaded alloy-consensus v0.1.2
[INFO] [stderr]   Downloaded k256 v0.13.3
[INFO] [stderr]   Downloaded toml_edit v0.21.1
[INFO] [stderr]   Downloaded zerocopy v0.7.34
[INFO] [stderr]   Downloaded winnow v0.6.13
[INFO] [stderr]   Downloaded winnow v0.5.40
[INFO] [stderr]   Downloaded reqwest v0.12.5
[INFO] [stderr]   Downloaded serde_json v1.0.117
[INFO] [stderr]   Downloaded unicode-normalization v0.1.23
[INFO] [stderr]   Downloaded mio v0.8.11
[INFO] [stderr]   Downloaded syn v2.0.68
[INFO] [stderr]   Downloaded alloy-genesis v0.1.2
[INFO] [stderr]   Downloaded num-bigint v0.4.5
[INFO] [stderr]   Downloaded cc v1.0.100
[INFO] [stderr]   Downloaded blst v0.3.12
[INFO] [stderr]   Downloaded syn-solidity v0.7.6
[INFO] [stderr]   Downloaded sha3-asm v0.1.1
[INFO] [stderr]   Downloaded alloy-primitives v0.7.6
[INFO] [stderr]   Downloaded windows_aarch64_gnullvm v0.52.5
[INFO] [stderr]   Downloaded windows_x86_64_gnullvm v0.52.5
[INFO] [stderr]   Downloaded alloy-eips v0.1.2
[INFO] [stderr]   Downloaded windows_i686_gnullvm v0.52.5
[INFO] [stderr]   Downloaded allocator-api2 v0.2.18
[INFO] [stderr]   Downloaded serde v1.0.203
[INFO] [stderr]   Downloaded alloy-rpc-types-eth v0.1.2
[INFO] [stderr]   Downloaded alloy-sol-types v0.7.6
[INFO] [stderr]   Downloaded async-trait v0.1.80
[INFO] [stderr]   Downloaded unicode-bidi v0.3.15
[INFO] [stderr]   Downloaded serde_derive v1.0.203
[INFO] [stderr]   Downloaded dashmap v5.5.3
[INFO] [stderr]   Downloaded alloy-provider v0.1.2
[INFO] [stderr]   Downloaded futures v0.3.30
[INFO] [stderr]   Downloaded alloy-rpc-client v0.1.2
[INFO] [stderr]   Downloaded alloy-signer v0.1.2
[INFO] [stderr]   Downloaded arrayvec v0.7.4
[INFO] [stderr]   Downloaded windows_x86_64_msvc v0.52.5
[INFO] [stderr]   Downloaded tokio v1.38.0
[INFO] [stderr]   Downloaded zerocopy-derive v0.7.34
[INFO] [stderr]   Downloaded alloy-sol-macro v0.7.6
[INFO] [stderr]   Downloaded windows_aarch64_msvc v0.52.5
[INFO] [stderr]   Downloaded alloy-signer-local v0.1.2
[INFO] [stderr]   Downloaded alloy v0.1.2
[INFO] [stderr]   Downloaded windows_i686_msvc v0.52.5
[INFO] [stderr]   Downloaded windows_x86_64_gnu v0.52.5
[INFO] [stderr]   Downloaded windows_i686_gnu v0.52.5
[INFO] [stderr]   Downloaded alloy-rlp v0.3.5
[INFO] [stderr]   Downloaded c-kzg v1.0.2
[INFO] [stderr]   Downloaded ahash v0.8.11
[INFO] [stderr]   Downloaded tinyvec v1.6.0
[INFO] [stderr]   Downloaded alloy-serde v0.1.2
[INFO] [stderr]   Downloaded alloy-rlp-derive v0.3.5
[INFO] [stderr]   Downloaded winreg v0.52.0
[INFO] [stderr]   Downloaded proc-macro2 v1.0.86
[INFO] [stderr]   Downloaded futures-executor v0.3.30
[INFO] [stderr]   Downloaded tokio-stream v0.1.15
[INFO] [stderr]   Downloaded dunce v1.0.4
[INFO] [stderr]   Downloaded futures-io v0.3.30
[INFO] [stderr]   Downloaded alloy-rpc-types-anvil v0.1.2
[INFO] [stderr]   Downloaded async-stream-impl v0.3.5
[INFO] [stderr]   Downloaded alloy-rpc-types v0.1.2
[INFO] [stderr]   Downloaded alloy-node-bindings v0.1.2
[INFO] [stderr]   Downloaded alloy-network v0.1.2
[INFO] [stderr]   Downloaded alloy-json-rpc v0.1.2
[INFO] [stderr]   Downloaded proc-macro-crate v3.1.0
[INFO] [stderr]   Downloaded subtle v2.6.0
[INFO] [stderr]   Downloaded threadpool v1.8.1
[INFO] [stderr]   Downloaded alloy-sol-macro-input v0.7.6
[INFO] [stderr]   Downloaded const-hex v1.12.0
[INFO] [stderr]   Downloaded rustc_version v0.4.0
[INFO] [stderr]   Downloaded toml_datetime v0.6.6
[INFO] [stderr]   Downloaded futures-macro v0.3.30
[INFO] running `Command { std: "docker" "create" "-v" "/var/lib/crater-agent-workspace/builds/worker-3-tc1/target:/opt/rustwide/target:rw,Z" "-v" "/var/lib/crater-agent-workspace/builds/worker-3-tc1/source:/opt/rustwide/workdir:ro,Z" "-v" "/var/lib/crater-agent-workspace/cargo-home:/opt/rustwide/cargo-home:ro,Z" "-v" "/var/lib/crater-agent-workspace/rustup-home:/opt/rustwide/rustup-home:ro,Z" "-e" "SOURCE_DIR=/opt/rustwide/workdir" "-e" "CARGO_TARGET_DIR=/opt/rustwide/target" "-e" "CARGO_HOME=/opt/rustwide/cargo-home" "-e" "RUSTUP_HOME=/opt/rustwide/rustup-home" "-w" "/opt/rustwide/workdir" "-m" "1610612736" "--user" "0:0" "--network" "none" "ghcr.io/rust-lang/crates-build-env/linux@sha256:4a844ea9eb2546a2d2c7022eacef16ef2e8229c7fbb2c7d4d55a9ceca922f72d" "/opt/rustwide/cargo-home/bin/cargo" "+nightly-2024-10-28" "metadata" "--no-deps" "--format-version=1", kill_on_drop: false }`
[INFO] [stdout] 66784349a090f0aaf92e1f99ef19db493968f0587c6c3685bdfba99fd43e0cff
[INFO] running `Command { std: "docker" "start" "-a" "66784349a090f0aaf92e1f99ef19db493968f0587c6c3685bdfba99fd43e0cff", kill_on_drop: false }`
[INFO] running `Command { std: "docker" "inspect" "66784349a090f0aaf92e1f99ef19db493968f0587c6c3685bdfba99fd43e0cff", kill_on_drop: false }`
[INFO] running `Command { std: "docker" "rm" "-f" "66784349a090f0aaf92e1f99ef19db493968f0587c6c3685bdfba99fd43e0cff", kill_on_drop: false }`
[INFO] [stdout] 66784349a090f0aaf92e1f99ef19db493968f0587c6c3685bdfba99fd43e0cff
[INFO] running `Command { std: "docker" "create" "-v" "/var/lib/crater-agent-workspace/builds/worker-3-tc1/target:/opt/rustwide/target:rw,Z" "-v" "/var/lib/crater-agent-workspace/builds/worker-3-tc1/source:/opt/rustwide/workdir:ro,Z" "-v" "/var/lib/crater-agent-workspace/cargo-home:/opt/rustwide/cargo-home:ro,Z" "-v" "/var/lib/crater-agent-workspace/rustup-home:/opt/rustwide/rustup-home:ro,Z" "-e" "SOURCE_DIR=/opt/rustwide/workdir" "-e" "CARGO_TARGET_DIR=/opt/rustwide/target" "-e" "CARGO_INCREMENTAL=0" "-e" "RUST_BACKTRACE=full" "-e" "RUSTFLAGS=--cap-lints=forbid" "-e" "RUSTDOCFLAGS=--cap-lints=forbid" "-e" "CARGO_HOME=/opt/rustwide/cargo-home" "-e" "RUSTUP_HOME=/opt/rustwide/rustup-home" "-w" "/opt/rustwide/workdir" "-m" "1610612736" "--user" "0:0" "--network" "none" "ghcr.io/rust-lang/crates-build-env/linux@sha256:4a844ea9eb2546a2d2c7022eacef16ef2e8229c7fbb2c7d4d55a9ceca922f72d" "/opt/rustwide/cargo-home/bin/cargo" "+nightly-2024-10-28" "build" "--frozen" "--message-format=json", kill_on_drop: false }`
[INFO] [stdout] d174e54b33a1875cb3a8d8dae8ba40d62a03933d4e8d642563d78b40cd096458
[INFO] running `Command { std: "docker" "start" "-a" "d174e54b33a1875cb3a8d8dae8ba40d62a03933d4e8d642563d78b40cd096458", kill_on_drop: false }`
[INFO] [stderr]    Compiling proc-macro2 v1.0.86
[INFO] [stderr]    Compiling unicode-ident v1.0.12
[INFO] [stderr]    Compiling cfg-if v1.0.0
[INFO] [stderr]    Compiling version_check v0.9.4
[INFO] [stderr]    Compiling libc v0.2.155
[INFO] [stderr]    Compiling serde v1.0.203
[INFO] [stderr]    Compiling zeroize v1.8.1
[INFO] [stderr]    Compiling typenum v1.17.0
[INFO] [stderr]    Compiling subtle v2.6.0
[INFO] [stderr]    Compiling const-oid v0.9.6
[INFO] [stderr]    Compiling cpufeatures v0.2.12
[INFO] [stderr]    Compiling autocfg v1.3.0
[INFO] [stderr]    Compiling once_cell v1.19.0
[INFO] [stderr]    Compiling der v0.7.9
[INFO] [stderr]    Compiling crunchy v0.2.2
[INFO] [stderr]    Compiling generic-array v0.14.7
[INFO] [stderr]    Compiling pin-project-lite v0.2.14
[INFO] [stderr]    Compiling tiny-keccak v2.0.2
[INFO] [stderr]    Compiling base16ct v0.2.0
[INFO] [stderr]    Compiling arrayvec v0.7.4
[INFO] [stderr]    Compiling ruint-macro v1.2.1
[INFO] [stderr]    Compiling quote v1.0.36
[INFO] [stderr]    Compiling convert_case v0.4.0
[INFO] [stderr]    Compiling hex-literal v0.4.1
[INFO] [stderr]    Compiling getrandom v0.2.15
[INFO] [stderr]    Compiling syn v2.0.68
[INFO] [stderr]    Compiling lock_api v0.4.12
[INFO] [stderr]    Compiling parking_lot_core v0.9.10
[INFO] [stderr]    Compiling serde_json v1.0.117
[INFO] [stderr]    Compiling rand_core v0.6.4
[INFO] [stderr]    Compiling futures-core v0.3.30
[INFO] [stderr]    Compiling equivalent v1.0.1
[INFO] [stderr]    Compiling futures-sink v0.3.30
[INFO] [stderr]    Compiling smallvec v1.13.2
[INFO] [stderr]    Compiling ff v0.13.0
[INFO] [stderr]    Compiling log v0.4.21
[INFO] [stderr]    Compiling scopeguard v1.2.0
[INFO] [stderr]    Compiling slab v0.4.9
[INFO] [stderr]    Compiling group v0.13.0
[INFO] [stderr]    Compiling spki v0.7.3
[INFO] [stderr]    Compiling tracing-core v0.1.32
[INFO] [stderr]    Compiling num_cpus v1.16.0
[INFO] [stderr]    Compiling socket2 v0.5.7
[INFO] [stderr]    Compiling parking_lot v0.12.3
[INFO] [stderr]    Compiling signal-hook-registry v1.4.2
[INFO] [stderr]    Compiling crypto-common v0.1.6
[INFO] [stderr]    Compiling block-buffer v0.10.4
[INFO] [stderr]    Compiling sec1 v0.7.3
[INFO] [stderr]    Compiling crypto-bigint v0.5.5
[INFO] [stderr]    Compiling digest v0.10.7
[INFO] [stderr]    Compiling mio v0.8.11
[INFO] [stderr]    Compiling hmac v0.12.1
[INFO] [stderr]    Compiling signature v2.2.0
[INFO] [stderr]    Compiling sha2 v0.10.8
[INFO] [stderr]    Compiling ahash v0.8.11
[INFO] [stderr]    Compiling rfc6979 v0.4.0
[INFO] [stderr]    Compiling futures-channel v0.3.30
[INFO] [stderr]    Compiling zerocopy v0.7.34
[INFO] [stderr]    Compiling pin-utils v0.1.0
[INFO] [stderr]    Compiling futures-task v0.3.30
[INFO] [stderr]    Compiling futures-io v0.3.30
[INFO] [stderr]    Compiling memchr v2.7.4
[INFO] [stderr]    Compiling thiserror v1.0.61
[INFO] [stderr]    Compiling cc v1.0.100
[INFO] [stderr]    Compiling vcpkg v0.2.15
[INFO] [stderr]    Compiling pkg-config v0.3.30
[INFO] [stderr]    Compiling heck v0.5.0
[INFO] [stderr]    Compiling paste v1.0.15
[INFO] [stderr]    Compiling allocator-api2 v0.2.18
[INFO] [stderr]    Compiling proc-macro-error-attr v1.0.4
[INFO] [stderr]    Compiling syn v1.0.109
[INFO] [stderr]    Compiling hashbrown v0.14.5
[INFO] [stderr]    Compiling fnv v1.0.7
[INFO] [stderr]    Compiling bitflags v2.5.0
[INFO] [stderr]    Compiling proc-macro-error v1.0.4
[INFO] [stderr]    Compiling elliptic-curve v0.13.8
[INFO] [stderr]    Compiling tinyvec_macros v0.1.1
[INFO] [stderr]    Compiling tinyvec v1.6.0
[INFO] [stderr]    Compiling ecdsa v0.16.9
[INFO] [stderr]    Compiling const-hex v1.12.0
[INFO] [stderr]    Compiling openssl-sys v0.9.102
[INFO] [stderr]    Compiling percent-encoding v2.3.1
[INFO] [stderr]    Compiling openssl v0.10.64
[INFO] [stderr]    Compiling dunce v1.0.4
[INFO] [stderr]    Compiling foreign-types-shared v0.1.1
[INFO] [stderr]    Compiling httparse v1.9.4
[INFO] [stderr]    Compiling foreign-types v0.3.2
[INFO] [stderr]    Compiling unicode-normalization v0.1.23
[INFO] [stderr]    Compiling indexmap v2.2.6
[INFO] [stderr]    Compiling k256 v0.13.3
[INFO] [stderr]    Compiling form_urlencoded v1.2.1
[INFO] [stderr]    Compiling syn-solidity v0.7.6
[INFO] [stderr]    Compiling tower-service v0.3.2
[INFO] [stderr]    Compiling atomic-waker v1.1.2
[INFO] [stderr]    Compiling try-lock v0.2.5
[INFO] [stderr]    Compiling native-tls v0.2.12
[INFO] [stderr]    Compiling tower-layer v0.3.2
[INFO] [stderr]    Compiling unicode-bidi v0.3.15
[INFO] [stderr]    Compiling want v0.3.1
[INFO] [stderr]    Compiling openssl-probe v0.1.5
[INFO] [stderr]    Compiling either v1.12.0
[INFO] [stderr]    Compiling rustversion v1.0.17
[INFO] [stderr]    Compiling futures-utils-wasm v0.1.0
[INFO] [stderr]    Compiling base64 v0.22.1
[INFO] [stderr]    Compiling itertools v0.13.0
[INFO] [stderr]    Compiling idna v0.5.0
[INFO] [stderr]    Compiling rustix v0.38.34
[INFO] [stderr]    Compiling rustls-pki-types v1.7.0
[INFO] [stderr]    Compiling encoding_rs v0.8.34
[INFO] [stderr]    Compiling rustls-pemfile v2.1.2
[INFO] [stderr]    Compiling url v2.5.2
[INFO] [stderr]    Compiling mime v0.3.17
[INFO] [stderr]    Compiling linux-raw-sys v0.4.14
[INFO] [stderr]    Compiling sync_wrapper v1.0.1
[INFO] [stderr]    Compiling ppv-lite86 v0.2.17
[INFO] [stderr]    Compiling ipnet v2.9.0
[INFO] [stderr]    Compiling rand_chacha v0.3.1
[INFO] [stderr]    Compiling serde_derive v1.0.203
[INFO] [stderr]    Compiling alloy-rlp-derive v0.3.5
[INFO] [stderr]    Compiling derive_more v0.99.18
[INFO] [stderr]    Compiling tracing-attributes v0.1.27
[INFO] [stderr]    Compiling tokio-macros v2.3.0
[INFO] [stderr]    Compiling futures-macro v0.3.30
[INFO] [stderr]    Compiling thiserror-impl v1.0.61
[INFO] [stderr]    Compiling futures-util v0.3.30
[INFO] [stderr]    Compiling pin-project-internal v1.1.5
[INFO] [stderr]    Compiling alloy-sol-macro-input v0.7.6
[INFO] [stderr]    Compiling tracing v0.1.40
[INFO] [stderr]    Compiling openssl-macros v0.1.1
[INFO] [stderr]    Compiling alloy-sol-macro-expander v0.7.6
[INFO] [stderr]    Compiling auto_impl v1.2.0
[INFO] [stderr]    Compiling async-trait v0.1.80
[INFO] [stderr]    Compiling pin-project v1.1.5
[INFO] [stderr]    Compiling strum_macros v0.26.4
[INFO] [stderr]    Compiling num_enum_derive v0.7.2
[INFO] [stderr]    Compiling fastrand v2.1.0
[INFO] [stderr]    Compiling rand v0.8.5
[INFO] [stderr]    Compiling tempfile v3.10.1
[INFO] [stderr]    Compiling num_enum v0.7.2
[INFO] [stderr]    Compiling async-stream-impl v0.3.5
[INFO] [stderr]    Compiling dashmap v5.5.3
[INFO] [stderr]    Compiling lru v0.12.3
[INFO] [stderr]    Compiling eyre v0.6.12
[INFO] [stderr]    Compiling async-stream v0.3.5
[INFO] [stderr]    Compiling indenter v0.3.3
[INFO] [stderr]    Compiling alloy-sol-macro v0.7.6
[INFO] [stderr]    Compiling futures-executor v0.3.30
[INFO] [stderr]    Compiling strum v0.26.3
[INFO] [stderr]    Compiling futures v0.3.30
[INFO] [stderr]    Compiling alloy-chains v0.1.22
[INFO] [stderr]    Compiling bytes v1.6.0
[INFO] [stderr]    Compiling serde_urlencoded v0.7.1
[INFO] [stderr]    Compiling alloy-rlp v0.3.5
[INFO] [stderr]    Compiling tokio v1.38.0
[INFO] [stderr]    Compiling http v1.1.0
[INFO] [stderr]    Compiling ruint v1.12.3
[INFO] [stderr]    Compiling http-body v1.0.0
[INFO] [stderr]    Compiling alloy-primitives v0.7.6
[INFO] [stderr]    Compiling http-body-util v0.1.2
[INFO] [stderr]    Compiling alloy-serde v0.1.2
[INFO] [stderr]    Compiling alloy-json-rpc v0.1.2
[INFO] [stderr]    Compiling alloy-sol-types v0.7.6
[INFO] [stderr]    Compiling alloy-signer v0.1.2
[INFO] [stderr]    Compiling alloy-core v0.7.6
[INFO] [stderr]    Compiling alloy-eips v0.1.2
[INFO] [stderr]    Compiling alloy-genesis v0.1.2
[INFO] [stderr]    Compiling alloy-rpc-types-anvil v0.1.2
[INFO] [stderr]    Compiling alloy-consensus v0.1.2
[INFO] [stderr]    Compiling alloy-node-bindings v0.1.2
[INFO] [stderr]    Compiling alloy-rpc-types-eth v0.1.2
[INFO] [stderr]    Compiling tokio-util v0.7.11
[INFO] [stderr]    Compiling tower v0.4.13
[INFO] [stderr]    Compiling tokio-native-tls v0.3.1
[INFO] [stderr]    Compiling alloy-transport v0.1.2
[INFO] [stderr]    Compiling h2 v0.4.5
[INFO] [stderr]    Compiling tokio-stream v0.1.15
[INFO] [stderr]    Compiling alloy-network v0.1.2
[INFO] [stderr]    Compiling alloy-rpc-types v0.1.2
[INFO] [stderr]    Compiling alloy-signer-local v0.1.2
[INFO] [stderr]    Compiling hyper v1.3.1
[INFO] [stderr]    Compiling hyper-util v0.1.5
[INFO] [stderr]    Compiling hyper-tls v0.6.0
[INFO] [stderr]    Compiling reqwest v0.12.5
[INFO] [stderr]    Compiling alloy-transport-http v0.1.2
[INFO] [stderr]    Compiling alloy-rpc-client v0.1.2
[INFO] [stderr]    Compiling alloy-provider v0.1.2
[INFO] [stderr]    Compiling alloy v0.1.2
[INFO] [stderr]    Compiling alloy-flashbots-rs v0.1.0 (/opt/rustwide/workdir)
[INFO] [stderr]     Finished `dev` profile [unoptimized + debuginfo] target(s) in 1m 16s
[INFO] running `Command { std: "docker" "inspect" "d174e54b33a1875cb3a8d8dae8ba40d62a03933d4e8d642563d78b40cd096458", kill_on_drop: false }`
[INFO] running `Command { std: "docker" "rm" "-f" "d174e54b33a1875cb3a8d8dae8ba40d62a03933d4e8d642563d78b40cd096458", kill_on_drop: false }`
[INFO] [stdout] d174e54b33a1875cb3a8d8dae8ba40d62a03933d4e8d642563d78b40cd096458
[INFO] running `Command { std: "docker" "create" "-v" "/var/lib/crater-agent-workspace/builds/worker-3-tc1/target:/opt/rustwide/target:rw,Z" "-v" "/var/lib/crater-agent-workspace/builds/worker-3-tc1/source:/opt/rustwide/workdir:ro,Z" "-v" "/var/lib/crater-agent-workspace/cargo-home:/opt/rustwide/cargo-home:ro,Z" "-v" "/var/lib/crater-agent-workspace/rustup-home:/opt/rustwide/rustup-home:ro,Z" "-e" "SOURCE_DIR=/opt/rustwide/workdir" "-e" "CARGO_TARGET_DIR=/opt/rustwide/target" "-e" "CARGO_INCREMENTAL=0" "-e" "RUST_BACKTRACE=full" "-e" "RUSTFLAGS=--cap-lints=forbid" "-e" "RUSTDOCFLAGS=--cap-lints=forbid" "-e" "CARGO_HOME=/opt/rustwide/cargo-home" "-e" "RUSTUP_HOME=/opt/rustwide/rustup-home" "-w" "/opt/rustwide/workdir" "-m" "1610612736" "--user" "0:0" "--network" "none" "ghcr.io/rust-lang/crates-build-env/linux@sha256:4a844ea9eb2546a2d2c7022eacef16ef2e8229c7fbb2c7d4d55a9ceca922f72d" "/opt/rustwide/cargo-home/bin/cargo" "+nightly-2024-10-28" "test" "--frozen" "--no-run" "--message-format=json", kill_on_drop: false }`
[INFO] [stdout] d9eb9c366b2b8d77b8a058a2ac34565669e0bc9a1a082c01d70452b2c1e3aba8
[INFO] running `Command { std: "docker" "start" "-a" "d9eb9c366b2b8d77b8a058a2ac34565669e0bc9a1a082c01d70452b2c1e3aba8", kill_on_drop: false }`
[INFO] [stderr]    Compiling alloy-flashbots-rs v0.1.0 (/opt/rustwide/workdir)
[INFO] [stdout] error[E0433]: failed to resolve: use of undeclared crate or module `alloy_flashbots`
[INFO] [stdout]  --> examples/sim_bundle.rs:7:5
[INFO] [stdout]   |
[INFO] [stdout] 7 | use alloy_flashbots::rpc::mev::{Inclusion, SendBundleRequest, SimBundleOverrides};
[INFO] [stdout]   |     ^^^^^^^^^^^^^^^ use of undeclared crate or module `alloy_flashbots`
[INFO] [stdout]   |
[INFO] [stdout] help: there is a crate or module with a similar name
[INFO] [stdout]   |
[INFO] [stdout] 7 | use alloy_flashbots_rs::rpc::mev::{Inclusion, SendBundleRequest, SimBundleOverrides};
[INFO] [stdout]   |     ~~~~~~~~~~~~~~~~~~
[INFO] [stdout] 
[INFO] [stdout] 
[INFO] [stdout] error[E0432]: unresolved import `alloy_flashbots`
[INFO] [stdout]  --> examples/sim_bundle.rs:8:5
[INFO] [stdout]   |
[INFO] [stdout] 8 | use alloy_flashbots::{MEVProviderBuilderExt, MEVProviderExt};
[INFO] [stdout]   |     ^^^^^^^^^^^^^^^ use of undeclared crate or module `alloy_flashbots`
[INFO] [stdout]   |
[INFO] [stdout] help: there is a crate or module with a similar name
[INFO] [stdout]   |
[INFO] [stdout] 8 | use alloy_flashbots_rs::{MEVProviderBuilderExt, MEVProviderExt};
[INFO] [stdout]   |     ~~~~~~~~~~~~~~~~~~
[INFO] [stdout] 
[INFO] [stdout] 
[INFO] [stdout] error[E0433]: failed to resolve: use of undeclared crate or module `alloy_flashbots`
[INFO] [stdout]  --> examples/anvil_sim_bundle.rs:9:5
[INFO] [stdout]   |
[INFO] [stdout] 9 | use alloy_flashbots::rpc::mev::{Inclusion, SendBundleRequest, SimBundleOverrides};
[INFO] [stdout]   |     ^^^^^^^^^^^^^^^ use of undeclared crate or module `alloy_flashbots`
[INFO] [stdout]   |
[INFO] [stdout] help: there is a crate or module with a similar name
[INFO] [stdout]   |
[INFO] [stdout] 9 | use alloy_flashbots_rs::rpc::mev::{Inclusion, SendBundleRequest, SimBundleOverrides};
[INFO] [stdout]   |     ~~~~~~~~~~~~~~~~~~
[INFO] [stdout] 
[INFO] [stdout] 
[INFO] [stdout] error[E0432]: unresolved import `alloy_flashbots`
[INFO] [stdout]   --> examples/anvil_sim_bundle.rs:10:5
[INFO] [stdout]    |
[INFO] [stdout] 10 | use alloy_flashbots::{MEVProviderBuilderExt, MEVProviderExt};
[INFO] [stdout]    |     ^^^^^^^^^^^^^^^ use of undeclared crate or module `alloy_flashbots`
[INFO] [stdout]    |
[INFO] [stdout] help: there is a crate or module with a similar name
[INFO] [stdout]    |
[INFO] [stdout] 10 | use alloy_flashbots_rs::{MEVProviderBuilderExt, MEVProviderExt};
[INFO] [stdout]    |     ~~~~~~~~~~~~~~~~~~
[INFO] [stdout] 
[INFO] [stdout] 
[INFO] [stdout] error[E0599]: no method named `with_mev` found for struct `ProviderBuilder` in the current scope
[INFO] [stdout]   --> examples/anvil_sim_bundle.rs:24:10
[INFO] [stdout]    |
[INFO] [stdout] 21 |       let provider = ProviderBuilder::new()
[INFO] [stdout]    |  ____________________-
[INFO] [stdout] 22 | |         .with_recommended_fillers()
[INFO] [stdout] 23 | |         .wallet(wallet.clone())
[INFO] [stdout] 24 | |         .with_mev()
[INFO] [stdout]    | |         -^^^^^^^^ method not found in `ProviderBuilder<Identity, JoinFill<JoinFill<JoinFill<JoinFill<Identity, GasFiller>, NonceFiller>, ...>, ...>>`
[INFO] [stdout]    | |_________|
[INFO] [stdout]    |
[INFO] [stdout]    |
[INFO] [stdout]   ::: /opt/rustwide/workdir/src/provider_ext.rs:14:8
[INFO] [stdout]    |
[INFO] [stdout] 14 |       fn with_mev(self) -> MEVProviderBuilder<L, F, N, S>;
[INFO] [stdout]    |          -------- the method is available for `ProviderBuilder<alloy::providers::Identity, JoinFill<JoinFill<JoinFill<JoinFill<alloy::providers::Identity, GasFiller>, NonceFiller>, ChainIdFiller>, WalletFiller<EthereumWallet>>>` here
[INFO] [stdout]    |
[INFO] [stdout]    = note: the full type name has been written to '/opt/rustwide/target/debug/examples/anvil_sim_bundle-59d687c816c64c9b.long-type-7892711136056183655.txt'
[INFO] [stdout]    = note: consider using `--verbose` to print the full type name to the console
[INFO] [stdout]    = help: items from traits can only be used if the trait is in scope
[INFO] [stdout] help: trait `MEVProviderBuilderExt` which provides `with_mev` is implemented but not in scope; perhaps you want to import it
[INFO] [stdout]    |
[INFO] [stdout] 1  + use alloy_flashbots_rs::MEVProviderBuilderExt;
[INFO] [stdout]    |
[INFO] [stdout] 
[INFO] [stdout] 
[INFO] [stdout] error[E0599]: no method named `with_mev` found for struct `ProviderBuilder` in the current scope
[INFO] [stdout]   --> examples/sim_bundle.rs:24:10
[INFO] [stdout]    |
[INFO] [stdout] 21 |       let provider = ProviderBuilder::new()
[INFO] [stdout]    |  ____________________-
[INFO] [stdout] 22 | |         .with_recommended_fillers()
[INFO] [stdout] 23 | |         .wallet(wallet.clone())
[INFO] [stdout] 24 | |         .with_mev()
[INFO] [stdout]    | |         -^^^^^^^^ method not found in `ProviderBuilder<Identity, JoinFill<JoinFill<JoinFill<JoinFill<Identity, GasFiller>, NonceFiller>, ...>, ...>>`
[INFO] [stdout]    | |_________|
[INFO] [stdout]    |
[INFO] [stdout]    |
[INFO] [stdout]   ::: /opt/rustwide/workdir/src/provider_ext.rs:14:8
[INFO] [stdout]    |
[INFO] [stdout] 14 |       fn with_mev(self) -> MEVProviderBuilder<L, F, N, S>;
[INFO] [stdout]    |          -------- the method is available for `ProviderBuilder<alloy::providers::Identity, JoinFill<JoinFill<JoinFill<JoinFill<alloy::providers::Identity, GasFiller>, NonceFiller>, ChainIdFiller>, WalletFiller<EthereumWallet>>>` here
[INFO] [stdout]    |
[INFO] [stdout]    = note: the full type name has been written to '/opt/rustwide/target/debug/examples/sim_bundle-26f0ac1073e20ae8.long-type-16522811012668380879.txt'
[INFO] [stdout]    = note: consider using `--verbose` to print the full type name to the console
[INFO] [stdout]    = help: items from traits can only be used if the trait is in scope
[INFO] [stdout] help: trait `MEVProviderBuilderExt` which provides `with_mev` is implemented but not in scope; perhaps you want to import it
[INFO] [stdout]    |
[INFO] [stdout] 1  + use alloy_flashbots_rs::MEVProviderBuilderExt;
[INFO] [stdout]    |
[INFO] [stdout] 
[INFO] [stdout] 
[INFO] [stdout] Some errors have detailed explanations: E0432, E0433, E0599.
[INFO] [stdout] 
[INFO] [stdout] For more information about an error, try `rustc --explain E0432`.
[INFO] [stdout] 
[INFO] [stderr] error: could not compile `alloy-flashbots-rs` (example "anvil_sim_bundle") due to 3 previous errors
[INFO] [stderr] warning: build failed, waiting for other jobs to finish...
[INFO] [stdout] Some errors have detailed explanations: E0432, E0433, E0599.
[INFO] [stdout] 
[INFO] [stdout] For more information about an error, try `rustc --explain E0432`.
[INFO] [stdout] 
[INFO] [stderr] error: could not compile `alloy-flashbots-rs` (example "sim_bundle") due to 3 previous errors
[INFO] running `Command { std: "docker" "inspect" "d9eb9c366b2b8d77b8a058a2ac34565669e0bc9a1a082c01d70452b2c1e3aba8", kill_on_drop: false }`
[INFO] running `Command { std: "docker" "rm" "-f" "d9eb9c366b2b8d77b8a058a2ac34565669e0bc9a1a082c01d70452b2c1e3aba8", kill_on_drop: false }`
[INFO] [stdout] d9eb9c366b2b8d77b8a058a2ac34565669e0bc9a1a082c01d70452b2c1e3aba8
