[INFO] fetching crate allen 0.2.0...
[INFO] testing allen-0.2.0 against nightly-2024-10-28+rustflags=-Zrandomize-layout for randomize-layout
[INFO] extracting crate allen 0.2.0 into /workspace/builds/worker-5-tc2/source
[INFO] validating manifest of crates.io crate allen 0.2.0 on toolchain nightly-2024-10-28
[INFO] running `Command { std: CARGO_HOME="/workspace/cargo-home" RUSTUP_HOME="/workspace/rustup-home" "/workspace/cargo-home/bin/cargo" "+nightly-2024-10-28" "metadata" "--manifest-path" "Cargo.toml" "--no-deps", kill_on_drop: false }`
[INFO] started tweaking crates.io crate allen 0.2.0
[INFO] finished tweaking crates.io crate allen 0.2.0
[INFO] tweaked toml for crates.io crate allen 0.2.0 written to /workspace/builds/worker-5-tc2/source/Cargo.toml
[INFO] crate crates.io crate allen 0.2.0 already has a lockfile, it will not be regenerated
[INFO] running `Command { std: CARGO_HOME="/workspace/cargo-home" RUSTUP_HOME="/workspace/rustup-home" "/workspace/cargo-home/bin/cargo" "+nightly-2024-10-28" "fetch" "--manifest-path" "Cargo.toml", kill_on_drop: false }`
[INFO] running `Command { std: "docker" "create" "-v" "/var/lib/crater-agent-workspace/builds/worker-5-tc2/target:/opt/rustwide/target:rw,Z" "-v" "/var/lib/crater-agent-workspace/builds/worker-5-tc2/source:/opt/rustwide/workdir:ro,Z" "-v" "/var/lib/crater-agent-workspace/cargo-home:/opt/rustwide/cargo-home:ro,Z" "-v" "/var/lib/crater-agent-workspace/rustup-home:/opt/rustwide/rustup-home:ro,Z" "-e" "SOURCE_DIR=/opt/rustwide/workdir" "-e" "CARGO_TARGET_DIR=/opt/rustwide/target" "-e" "CARGO_HOME=/opt/rustwide/cargo-home" "-e" "RUSTUP_HOME=/opt/rustwide/rustup-home" "-w" "/opt/rustwide/workdir" "-m" "1610612736" "--user" "0:0" "--network" "none" "ghcr.io/rust-lang/crates-build-env/linux@sha256:4a844ea9eb2546a2d2c7022eacef16ef2e8229c7fbb2c7d4d55a9ceca922f72d" "/opt/rustwide/cargo-home/bin/cargo" "+nightly-2024-10-28" "metadata" "--no-deps" "--format-version=1", kill_on_drop: false }`
[INFO] [stdout] 6b0d7df77f2d1288696a22e230054f72c6038a568943835eb81248495f5adef4
[INFO] running `Command { std: "docker" "start" "-a" "6b0d7df77f2d1288696a22e230054f72c6038a568943835eb81248495f5adef4", kill_on_drop: false }`
[INFO] running `Command { std: "docker" "inspect" "6b0d7df77f2d1288696a22e230054f72c6038a568943835eb81248495f5adef4", kill_on_drop: false }`
[INFO] running `Command { std: "docker" "rm" "-f" "6b0d7df77f2d1288696a22e230054f72c6038a568943835eb81248495f5adef4", kill_on_drop: false }`
[INFO] [stdout] 6b0d7df77f2d1288696a22e230054f72c6038a568943835eb81248495f5adef4
[INFO] running `Command { std: "docker" "create" "-v" "/var/lib/crater-agent-workspace/builds/worker-5-tc2/target:/opt/rustwide/target:rw,Z" "-v" "/var/lib/crater-agent-workspace/builds/worker-5-tc2/source:/opt/rustwide/workdir:ro,Z" "-v" "/var/lib/crater-agent-workspace/cargo-home:/opt/rustwide/cargo-home:ro,Z" "-v" "/var/lib/crater-agent-workspace/rustup-home:/opt/rustwide/rustup-home:ro,Z" "-e" "SOURCE_DIR=/opt/rustwide/workdir" "-e" "CARGO_TARGET_DIR=/opt/rustwide/target" "-e" "CARGO_INCREMENTAL=0" "-e" "RUST_BACKTRACE=full" "-e" "RUSTFLAGS=--cap-lints=forbid -Zrandomize-layout" "-e" "RUSTDOCFLAGS=--cap-lints=forbid" "-e" "CARGO_HOME=/opt/rustwide/cargo-home" "-e" "RUSTUP_HOME=/opt/rustwide/rustup-home" "-w" "/opt/rustwide/workdir" "-m" "1610612736" "--user" "0:0" "--network" "none" "ghcr.io/rust-lang/crates-build-env/linux@sha256:4a844ea9eb2546a2d2c7022eacef16ef2e8229c7fbb2c7d4d55a9ceca922f72d" "/opt/rustwide/cargo-home/bin/cargo" "+nightly-2024-10-28" "build" "--frozen" "--message-format=json", kill_on_drop: false }`
[INFO] [stdout] fb6100b8b3175288aa552efac24a9290113cdb8b71a95edb223eb8f862d3f9e3
[INFO] running `Command { std: "docker" "start" "-a" "fb6100b8b3175288aa552efac24a9290113cdb8b71a95edb223eb8f862d3f9e3", kill_on_drop: false }`
[INFO] [stderr]    Compiling libc v0.2.132
[INFO] [stderr]    Compiling memchr v2.5.0
[INFO] [stderr]    Compiling autocfg v1.1.0
[INFO] [stderr]    Compiling proc-macro2 v1.0.43
[INFO] [stderr]    Compiling unicode-ident v1.0.3
[INFO] [stderr]    Compiling quote v1.0.21
[INFO] [stderr]    Compiling glob v0.3.0
[INFO] [stderr]    Compiling cfg-if v1.0.0
[INFO] [stderr]    Compiling log v0.4.17
[INFO] [stderr]    Compiling regex-syntax v0.6.27
[INFO] [stderr]    Compiling os_str_bytes v6.3.0
[INFO] [stderr]    Compiling termcolor v1.1.3
[INFO] [stderr]    Compiling hashbrown v0.12.3
[INFO] [stderr]    Compiling syn v1.0.99
[INFO] [stderr]    Compiling minimal-lexical v0.2.1
[INFO] [stderr]    Compiling textwrap v0.15.0
[INFO] [stderr]    Compiling libloading v0.7.3
[INFO] [stderr]    Compiling bindgen v0.60.1
[INFO] [stderr]    Compiling clap_lex v0.2.4
[INFO] [stderr]    Compiling either v1.8.0
[INFO] [stderr]    Compiling strsim v0.10.0
[INFO] [stderr]    Compiling bitflags v1.3.2
[INFO] [stderr]    Compiling humantime v2.1.0
[INFO] [stderr]    Compiling rustc-hash v1.1.0
[INFO] [stderr]    Compiling peeking_take_while v0.1.2
[INFO] [stderr]    Compiling cc v1.0.73
[INFO] [stderr]    Compiling lazycell v1.3.0
[INFO] [stderr]    Compiling indexmap v1.9.1
[INFO] [stderr]    Compiling clang-sys v1.3.3
[INFO] [stderr]    Compiling shlex v1.1.0
[INFO] [stderr]    Compiling num-traits v0.2.15
[INFO] [stderr]    Compiling aho-corasick v0.7.19
[INFO] [stderr]    Compiling nom v7.1.1
[INFO] [stderr]    Compiling cmake v0.1.48
[INFO] [stderr]    Compiling atty v0.2.14
[INFO] [stderr]    Compiling which v4.3.0
[INFO] [stderr]    Compiling clap v3.2.20
[INFO] [stderr]    Compiling regex v1.6.0
[INFO] [stderr]    Compiling cexpr v0.6.0
[INFO] [stderr]    Compiling thiserror-impl v1.0.34
[INFO] [stderr]    Compiling num-derive v0.3.3
[INFO] [stderr]    Compiling env_logger v0.9.0
[INFO] [stderr]    Compiling thiserror v1.0.34
[INFO] [stderr]    Compiling allen v0.2.0 (/opt/rustwide/workdir)
[INFO] [stderr] error: failed to run custom build command for `allen v0.2.0 (/opt/rustwide/workdir)`
[INFO] [stderr] note: To improve backtraces for build dependencies, set the CARGO_PROFILE_DEV_BUILD_OVERRIDE_DEBUG=true environment variable to enable debug information generation.
[INFO] [stderr] 
[INFO] [stderr] Caused by:
[INFO] [stderr]   process didn't exit successfully: `/opt/rustwide/target/debug/build/allen-e36c05b098775924/build-script-build` (exit status: 101)
[INFO] [stderr]   --- stdout
[INFO] [stderr]   CMAKE_TOOLCHAIN_FILE_x86_64-unknown-linux-gnu = None
[INFO] [stderr]   CMAKE_TOOLCHAIN_FILE_x86_64_unknown_linux_gnu = None
[INFO] [stderr]   HOST_CMAKE_TOOLCHAIN_FILE = None
[INFO] [stderr]   CMAKE_TOOLCHAIN_FILE = None
[INFO] [stderr]   CMAKE_GENERATOR_x86_64-unknown-linux-gnu = None
[INFO] [stderr]   CMAKE_GENERATOR_x86_64_unknown_linux_gnu = None
[INFO] [stderr]   HOST_CMAKE_GENERATOR = None
[INFO] [stderr]   CMAKE_GENERATOR = None
[INFO] [stderr]   CMAKE_PREFIX_PATH_x86_64-unknown-linux-gnu = None
[INFO] [stderr]   CMAKE_PREFIX_PATH_x86_64_unknown_linux_gnu = None
[INFO] [stderr]   HOST_CMAKE_PREFIX_PATH = None
[INFO] [stderr]   CMAKE_PREFIX_PATH = None
[INFO] [stderr]   CMAKE_x86_64-unknown-linux-gnu = None
[INFO] [stderr]   CMAKE_x86_64_unknown_linux_gnu = None
[INFO] [stderr]   HOST_CMAKE = None
[INFO] [stderr]   CMAKE = None
[INFO] [stderr]   running: cd "/opt/rustwide/target/debug/build/allen-679377def87d3eb1/out/build" && CMAKE_PREFIX_PATH="" "cmake" "/opt/rustwide/workdir/openal-soft" "-DALSOFT_UTILS=OFF" "-DALSOFT_EXAMPLES=OFF" "-DALSOFT_TESTS=OFF" "-DALSOFT_INSTALL=OFF" "-DCMAKE_INSTALL_PREFIX=/opt/rustwide/target/debug/build/allen-679377def87d3eb1/out" "-DCMAKE_C_FLAGS= -ffunction-sections -fdata-sections -fPIC -m64" "-DCMAKE_C_COMPILER=/usr/bin/cc" "-DCMAKE_CXX_FLAGS= -ffunction-sections -fdata-sections -fPIC -m64" "-DCMAKE_CXX_COMPILER=/usr/bin/c++" "-DCMAKE_ASM_FLAGS= -ffunction-sections -fdata-sections -fPIC -m64" "-DCMAKE_ASM_COMPILER=/usr/bin/cc" "-DCMAKE_BUILD_TYPE=Release"
[INFO] [stderr]   -- The C compiler identification is GNU 11.4.0
[INFO] [stderr]   -- The CXX compiler identification is GNU 11.4.0
[INFO] [stderr]   -- Detecting C compiler ABI info
[INFO] [stderr]   -- Detecting C compiler ABI info - done
[INFO] [stderr]   -- Check for working C compiler: /usr/bin/cc - skipped
[INFO] [stderr]   -- Detecting C compile features
[INFO] [stderr]   -- Detecting C compile features - done
[INFO] [stderr]   -- Detecting CXX compiler ABI info
[INFO] [stderr]   -- Detecting CXX compiler ABI info - done
[INFO] [stderr]   -- Check for working CXX compiler: /usr/bin/c++ - skipped
[INFO] [stderr]   -- Detecting CXX compile features
[INFO] [stderr]   -- Detecting CXX compile features - done
[INFO] [stderr]   -- Found PkgConfig: /usr/bin/pkg-config (found version "0.29.2") 
[INFO] [stderr]   -- Looking for posix_memalign
[INFO] [stderr]   -- Looking for posix_memalign - found
[INFO] [stderr]   -- Performing Test HAVE___RESTRICT
[INFO] [stderr]   -- Performing Test HAVE___RESTRICT - Success
[INFO] [stderr]   -- Performing Test HAVE_LIBATOMIC
[INFO] [stderr]   -- Performing Test HAVE_LIBATOMIC - Success
[INFO] [stderr]   -- Performing Test HAVE_FNO_MATH_ERRNO
[INFO] [stderr]   -- Performing Test HAVE_FNO_MATH_ERRNO - Success
[INFO] [stderr]   -- Performing Test HAVE_GCC_PROTECTED_VISIBILITY
[INFO] [stderr]   -- Performing Test HAVE_GCC_PROTECTED_VISIBILITY - Success
[INFO] [stderr]   -- Performing Test HAVE_VISIBILITY_HIDDEN_SWITCH
[INFO] [stderr]   -- Performing Test HAVE_VISIBILITY_HIDDEN_SWITCH - Success
[INFO] [stderr]   -- Performing Test HAVE_MSSE2_SWITCH
[INFO] [stderr]   -- Performing Test HAVE_MSSE2_SWITCH - Success
[INFO] [stderr]   -- Looking for xmmintrin.h
[INFO] [stderr]   -- Looking for xmmintrin.h - found
[INFO] [stderr]   -- Looking for emmintrin.h
[INFO] [stderr]   -- Looking for emmintrin.h - found
[INFO] [stderr]   -- Looking for pmmintrin.h
[INFO] [stderr]   -- Looking for pmmintrin.h - found
[INFO] [stderr]   -- Looking for smmintrin.h
[INFO] [stderr]   -- Looking for smmintrin.h - found
[INFO] [stderr]   -- Looking for arm_neon.h
[INFO] [stderr]   -- Looking for arm_neon.h - not found
[INFO] [stderr]   -- Performing Test HAVE_SSE_INTRINSICS
[INFO] [stderr]   -- Performing Test HAVE_SSE_INTRINSICS - Success
[INFO] [stderr]   -- Looking for malloc.h
[INFO] [stderr]   -- Looking for malloc.h - found
[INFO] [stderr]   -- Looking for cpuid.h
[INFO] [stderr]   -- Looking for cpuid.h - found
[INFO] [stderr]   -- Looking for intrin.h
[INFO] [stderr]   -- Looking for intrin.h - not found
[INFO] [stderr]   -- Looking for guiddef.h
[INFO] [stderr]   -- Looking for guiddef.h - not found
[INFO] [stderr]   -- Looking for initguid.h
[INFO] [stderr]   -- Looking for initguid.h - not found
[INFO] [stderr]   -- Looking for pow in m
[INFO] [stderr]   -- Looking for pow in m - found
[INFO] [stderr]   -- Looking for clock_gettime in rt
[INFO] [stderr]   -- Looking for clock_gettime in rt - found
[INFO] [stderr]   -- Looking for dlfcn.h
[INFO] [stderr]   -- Looking for dlfcn.h - found
[INFO] [stderr]   -- Looking for dlopen in dl
[INFO] [stderr]   -- Looking for dlopen in dl - found
[INFO] [stderr]   -- Performing Test HAVE_GCC_GET_CPUID
[INFO] [stderr]   -- Performing Test HAVE_GCC_GET_CPUID - Success
[INFO] [stderr]   -- Looking for posix_memalign
[INFO] [stderr]   -- Looking for posix_memalign - found
[INFO] [stderr]   -- Looking for _aligned_malloc
[INFO] [stderr]   -- Looking for _aligned_malloc - not found
[INFO] [stderr]   -- Looking for proc_pidpath
[INFO] [stderr]   -- Looking for proc_pidpath - not found
[INFO] [stderr]   -- Looking for pthread.h
[INFO] [stderr]   -- Looking for pthread.h - found
[INFO] [stderr]   -- Performing Test HAVE_PTHREAD
[INFO] [stderr]   -- Performing Test HAVE_PTHREAD - Success
[INFO] [stderr]   -- Looking for pthread_setschedparam
[INFO] [stderr]   -- Looking for pthread_setschedparam - found
[INFO] [stderr]   -- Looking for include files pthread.h, pthread_np.h
[INFO] [stderr]   -- Looking for include files pthread.h, pthread_np.h - not found
[INFO] [stderr]   -- Looking for pthread_setname_np
[INFO] [stderr]   -- Looking for pthread_setname_np - not found
[INFO] [stderr]   -- Looking for pthread_set_name_np
[INFO] [stderr]   -- Looking for pthread_set_name_np - not found
[INFO] [stderr]   -- Looking for getopt
[INFO] [stderr]   -- Looking for getopt - found
[INFO] [stderr]   -- Found ALSA: /usr/lib/x86_64-linux-gnu/libasound.so (found version "1.2.6.1") 
[INFO] [stderr]   -- Found OSS: /usr/include/x86_64-linux-gnu  
[INFO] [stderr]   -- Checking for module 'libpipewire-0.3>=0.3.23'
[INFO] [stderr]   --   No package 'libpipewire-0.3' found
[INFO] [stderr]   -- Could NOT find AudioIO (missing: AUDIOIO_INCLUDE_DIR) 
[INFO] [stderr]   -- Found SoundIO: /usr/lib/x86_64-linux-gnu/libsndio.so  
[INFO] [stderr]   -- Could NOT find PortAudio (missing: PORTAUDIO_LIBRARY PORTAUDIO_INCLUDE_DIR) 
[INFO] [stderr]   -- Found PulseAudio: /usr/lib/x86_64-linux-gnu/libpulse.so (found version "15.99.0") 
[INFO] [stderr]   -- Found JACK: /usr/lib/x86_64-linux-gnu/libjack.so  
[INFO] [stderr]   -- Could NOT find OpenSL (missing: OPENSL_LIBRARY OPENSL_INCLUDE_DIR OPENSL_ANDROID_INCLUDE_DIR) 
[INFO] [stderr]   -- Looking for pthread.h
[INFO] [stderr]   -- Looking for pthread.h - found
[INFO] [stderr]   -- Performing Test CMAKE_HAVE_LIBC_PTHREAD
[INFO] [stderr]   -- Performing Test CMAKE_HAVE_LIBC_PTHREAD - Success
[INFO] [stderr]   -- Found Threads: TRUE  
[INFO] [stderr]   -- Found SDL2: /usr/lib/x86_64-linux-gnu/libSDL2main.a;/usr/lib/x86_64-linux-gnu/libSDL2.so  
[INFO] [stderr]   -- Found Git: /usr/bin/git (found version "2.34.1") 
[INFO] [stderr]   -- 
[INFO] [stderr]   -- Building OpenAL with support for the following backends:
[INFO] [stderr]   --     ALSA, OSS, SndIO (linked), PulseAudio, JACK, WaveFile, Null
[INFO] [stderr]   -- 
[INFO] [stderr]   -- Building with support for CPU extensions:
[INFO] [stderr]   --     Default, SSE, SSE2, SSE3, SSE4.1
[INFO] [stderr]   -- 
[INFO] [stderr]   -- Embedding HRTF datasets
[INFO] [stderr]   -- 
[INFO] [stderr]   -- NOT installing library and headers
[INFO] [stderr]   -- Installing sample configuration
[INFO] [stderr]   -- Installing HRTF data files
[INFO] [stderr]   -- Installing AmbDec presets
[INFO] [stderr]   -- 
[INFO] [stderr]   -- Configuring done
[INFO] [stderr]   -- Generating done
[INFO] [stderr]   -- Build files have been written to: /opt/rustwide/target/debug/build/allen-679377def87d3eb1/out/build
[INFO] [stderr]   running: cd "/opt/rustwide/target/debug/build/allen-679377def87d3eb1/out/build" && MAKEFLAGS="-j --jobserver-fds=8,9 --jobserver-auth=8,9" "cmake" "--build" "." "--target" "install" "--config" "Release" "--parallel" "16"
[INFO] [stderr]   [  2%] Building CXX object CMakeFiles/common.dir/common/alfstream.cpp.o
[INFO] [stderr]   [  2%] Building CXX object CMakeFiles/common.dir/common/almalloc.cpp.o
[INFO] [stderr]   [  3%] Building CXX object CMakeFiles/common.dir/common/dynload.cpp.o
[INFO] [stderr]   [  4%] Building CXX object CMakeFiles/common.dir/common/polyphase_resampler.cpp.o
[INFO] [stderr]   [  5%] Building CXX object CMakeFiles/common.dir/common/ringbuffer.cpp.o
[INFO] [stderr]   [  6%] Building CXX object CMakeFiles/common.dir/common/strutils.cpp.o
[INFO] [stderr]   [  7%] Building CXX object CMakeFiles/common.dir/common/alcomplex.cpp.o
[INFO] [stderr]   [  8%] Building CXX object CMakeFiles/common.dir/common/alstring.cpp.o
[INFO] [stderr]   [  9%] Building CXX object CMakeFiles/common.dir/common/threads.cpp.o
[INFO] [stderr]   [ 10%] Linking CXX static library libcommon.a
[INFO] [stderr]   [ 10%] Built target common
[INFO] [stderr]   [ 10%] Generating hrtf_default.h
[INFO] [stderr]   [ 13%] Building CXX object CMakeFiles/OpenAL.dir/al/effect.cpp.o
[INFO] [stderr]   [ 13%] Building CXX object CMakeFiles/OpenAL.dir/al/effects/chorus.cpp.o
[INFO] [stderr]   [ 13%] Building CXX object CMakeFiles/OpenAL.dir/al/buffer.cpp.o
[INFO] [stderr]   [ 14%] Building CXX object CMakeFiles/OpenAL.dir/al/auxeffectslot.cpp.o
[INFO] [stderr]   [ 15%] Building CXX object CMakeFiles/OpenAL.dir/al/effects/autowah.cpp.o
[INFO] [stderr]   [ 16%] Building CXX object CMakeFiles/OpenAL.dir/al/effects/compressor.cpp.o
[INFO] [stderr]   [ 17%] Building CXX object CMakeFiles/OpenAL.dir/al/effects/dedicated.cpp.o
[INFO] [stderr]   [ 18%] Building CXX object CMakeFiles/OpenAL.dir/al/effects/convolution.cpp.o
[INFO] [stderr]   [ 19%] Building CXX object CMakeFiles/OpenAL.dir/al/effects/distortion.cpp.o
[INFO] [stderr]   [ 20%] Building CXX object CMakeFiles/OpenAL.dir/al/effects/echo.cpp.o
[INFO] [stderr]   [ 22%] Building CXX object CMakeFiles/OpenAL.dir/al/effects/effects.cpp.o
[INFO] [stderr]   [ 22%] Building CXX object CMakeFiles/OpenAL.dir/al/effects/equalizer.cpp.o
[INFO] [stderr]   [ 23%] Building CXX object CMakeFiles/OpenAL.dir/al/effects/fshifter.cpp.o
[INFO] [stderr]   [ 25%] Building CXX object CMakeFiles/OpenAL.dir/al/effects/null.cpp.o
[INFO] [stderr]   [ 25%] Building CXX object CMakeFiles/OpenAL.dir/al/effects/modulator.cpp.o
[INFO] [stderr]   [ 26%] Building CXX object CMakeFiles/OpenAL.dir/al/effects/pshifter.cpp.o
[INFO] [stderr]   [ 27%] Building CXX object CMakeFiles/OpenAL.dir/al/effects/reverb.cpp.o
[INFO] [stderr]   [ 28%] Building CXX object CMakeFiles/OpenAL.dir/al/effects/vmorpher.cpp.o
[INFO] [stderr]   [ 29%] Building CXX object CMakeFiles/OpenAL.dir/al/error.cpp.o
[INFO] [stderr]   [ 30%] Building CXX object CMakeFiles/OpenAL.dir/al/event.cpp.o
[INFO] [stderr]   [ 31%] Building CXX object CMakeFiles/OpenAL.dir/al/extension.cpp.o
[INFO] [stderr]   [ 32%] Building CXX object CMakeFiles/OpenAL.dir/al/filter.cpp.o
[INFO] [stderr]   [ 33%] Building CXX object CMakeFiles/OpenAL.dir/al/listener.cpp.o
[INFO] [stderr]   [ 34%] Building CXX object CMakeFiles/OpenAL.dir/al/source.cpp.o
[INFO] [stderr]   [ 35%] Building CXX object CMakeFiles/OpenAL.dir/al/state.cpp.o
[INFO] [stderr]   [ 36%] Building CXX object CMakeFiles/OpenAL.dir/alc/alc.cpp.o
[INFO] [stderr]   [ 37%] Building CXX object CMakeFiles/OpenAL.dir/alc/alu.cpp.o
[INFO] [stderr]   [ 38%] Building CXX object CMakeFiles/OpenAL.dir/alc/alconfig.cpp.o
[INFO] [stderr]   [ 39%] Building CXX object CMakeFiles/OpenAL.dir/alc/context.cpp.o
[INFO] [stderr]   [ 40%] Building CXX object CMakeFiles/OpenAL.dir/alc/device.cpp.o
[INFO] [stderr]   [ 41%] Building CXX object CMakeFiles/OpenAL.dir/alc/effects/autowah.cpp.o
[INFO] [stderr]   [ 42%] Building CXX object CMakeFiles/OpenAL.dir/alc/effects/chorus.cpp.o
[INFO] [stderr]   [ 43%] Building CXX object CMakeFiles/OpenAL.dir/alc/effects/compressor.cpp.o
[INFO] [stderr]   [ 45%] Building CXX object CMakeFiles/OpenAL.dir/alc/effects/convolution.cpp.o
[INFO] [stderr]   [ 45%] Building CXX object CMakeFiles/OpenAL.dir/alc/effects/dedicated.cpp.o
[INFO] [stderr]   [ 46%] Building CXX object CMakeFiles/OpenAL.dir/alc/effects/distortion.cpp.o
[INFO] [stderr]   [ 47%] Building CXX object CMakeFiles/OpenAL.dir/alc/effects/echo.cpp.o
[INFO] [stderr]   [ 48%] Building CXX object CMakeFiles/OpenAL.dir/alc/effects/equalizer.cpp.o
[INFO] [stderr]   [ 50%] Building CXX object CMakeFiles/OpenAL.dir/alc/effects/fshifter.cpp.o
[INFO] [stderr]   [ 51%] Building CXX object CMakeFiles/OpenAL.dir/alc/effects/modulator.cpp.o
[INFO] [stderr]   [ 52%] Building CXX object CMakeFiles/OpenAL.dir/alc/effects/null.cpp.o
[INFO] [stderr]   [ 53%] Building CXX object CMakeFiles/OpenAL.dir/alc/effects/pshifter.cpp.o
[INFO] [stderr]   [ 54%] Building CXX object CMakeFiles/OpenAL.dir/alc/effects/reverb.cpp.o
[INFO] [stderr]   [ 55%] Building CXX object CMakeFiles/OpenAL.dir/alc/effects/vmorpher.cpp.o
[INFO] [stderr]   [ 56%] Building CXX object CMakeFiles/OpenAL.dir/alc/panning.cpp.o
[INFO] [stderr]   [ 57%] Building CXX object CMakeFiles/OpenAL.dir/alc/backends/base.cpp.o
[INFO] [stderr]   [ 58%] Building CXX object CMakeFiles/OpenAL.dir/alc/backends/loopback.cpp.o
[INFO] [stderr]   [ 59%] Building CXX object CMakeFiles/OpenAL.dir/alc/backends/null.cpp.o
[INFO] [stderr]   [ 60%] Building CXX object CMakeFiles/OpenAL.dir/alc/backends/alsa.cpp.o
[INFO] [stderr]   [ 61%] Building CXX object CMakeFiles/OpenAL.dir/alc/backends/oss.cpp.o
[INFO] [stderr]   [ 62%] Building CXX object CMakeFiles/OpenAL.dir/alc/backends/sndio.cpp.o
[INFO] [stderr]   [ 63%] Building CXX object CMakeFiles/OpenAL.dir/alc/backends/pulseaudio.cpp.o
[INFO] [stderr]   [ 64%] Building CXX object CMakeFiles/OpenAL.dir/alc/backends/jack.cpp.o
[INFO] [stderr]   [ 65%] Building CXX object CMakeFiles/OpenAL.dir/alc/backends/wave.cpp.o
[INFO] [stderr]   [ 66%] Building CXX object CMakeFiles/OpenAL.dir/core/ambdec.cpp.o
[INFO] [stderr]   [ 67%] Building CXX object CMakeFiles/OpenAL.dir/core/ambidefs.cpp.o
[INFO] [stderr]   [ 68%] Building CXX object CMakeFiles/OpenAL.dir/core/bformatdec.cpp.o
[INFO] [stderr]   [ 69%] Building CXX object CMakeFiles/OpenAL.dir/core/bs2b.cpp.o
[INFO] [stderr]   [ 70%] Building CXX object CMakeFiles/OpenAL.dir/core/bsinc_tables.cpp.o
[INFO] [stderr]   [ 71%] Building CXX object CMakeFiles/OpenAL.dir/core/buffer_storage.cpp.o
[INFO] [stderr]   [ 72%] Building CXX object CMakeFiles/OpenAL.dir/core/context.cpp.o
[INFO] [stderr] 
[INFO] [stderr]   --- stderr
[INFO] [stderr]   CMake Warning:
[INFO] [stderr]     Manually-specified variables were not used by the project:
[INFO] [stderr] 
[INFO] [stderr]       ALSOFT_TESTS
[INFO] [stderr]       CMAKE_ASM_COMPILER
[INFO] [stderr]       CMAKE_ASM_FLAGS
[INFO] [stderr] 
[INFO] [stderr] 
[INFO] [stderr]   gmake: warning: -j16 forced in submake: resetting jobserver mode.
[INFO] [stderr]   /opt/rustwide/workdir/openal-soft/alc/backends/alsa.cpp: In function 'int {anonymous}::verify_state(snd_pcm_t*)':
[INFO] [stderr]   /opt/rustwide/workdir/openal-soft/alc/backends/alsa.cpp:391:11: warning: enumeration value 'SND_PCM_STATE_PRIVATE1' not handled in switch [-Wswitch]
[INFO] [stderr]     391 |     switch(state)
[INFO] [stderr]         |           ^
[INFO] [stderr]   c++: fatal error: Killed signal terminated program cc1plus
[INFO] [stderr]   compilation terminated.
[INFO] [stderr]   gmake[2]: *** [CMakeFiles/OpenAL.dir/build.make:431: CMakeFiles/OpenAL.dir/alc/alc.cpp.o] Error 1
[INFO] [stderr]   gmake[2]: *** Waiting for unfinished jobs....
[INFO] [stderr]   /opt/rustwide/workdir/openal-soft/alc/backends/alsa.cpp: In function 'al::vector<{anonymous}::DevMap> {anonymous}::probe_devices(snd_pcm_stream_t)':
[INFO] [stderr]   /opt/rustwide/workdir/openal-soft/alc/backends/alsa.cpp:241:8: warning: inlining failed in call to '{anonymous}::DevMap::~DevMap() noexcept': call is unlikely and code size would grow [-Winline]
[INFO] [stderr]     241 | struct DevMap {
[INFO] [stderr]         |        ^~~~~~
[INFO] [stderr]   /opt/rustwide/workdir/openal-soft/alc/backends/alsa.cpp:267:26: note: called from here
[INFO] [stderr]     267 |     devlist.emplace_back(DevMap{alsaDevice, defname ? defname->c_str() : "default"});
[INFO] [stderr]         |                          ^~~~~~~~~~~~~~~~~~~~~~~~~~~~~~~~~~~~~~~~~~~~~~~~~~~~~~~~~~
[INFO] [stderr]   /opt/rustwide/workdir/openal-soft/alc/backends/alsa.cpp:241:8: warning: inlining failed in call to '{anonymous}::DevMap::~DevMap() noexcept': call is unlikely and code size would grow [-Winline]
[INFO] [stderr]     241 | struct DevMap {
[INFO] [stderr]         |        ^~~~~~
[INFO] [stderr]   /opt/rustwide/workdir/openal-soft/alc/backends/alsa.cpp:286:38: note: called from here
[INFO] [stderr]     286 |                 devlist.emplace_back(DevMap{customdevs->substr(curpos, seppos-curpos),
[INFO] [stderr]         |                                      ^~~~~~~~~~~~~~~~~~~~~~~~~~~~~~~~~~~~~~~~~~~~~~~~~
[INFO] [stderr]     287 |                     customdevs->substr(seppos+1, nextpos-seppos-1)});
[INFO] [stderr]         |                     ~~~~~~~~~~~~~~~~~~~~~~~~~~~~~~~~~~~~~~~~~~~~~~~
[INFO] [stderr]   /opt/rustwide/workdir/openal-soft/alc/backends/alsa.cpp:241:8: warning: inlining failed in call to '{anonymous}::DevMap::~DevMap() noexcept': call is unlikely and code size would grow [-Winline]
[INFO] [stderr]     241 | struct DevMap {
[INFO] [stderr]         |        ^~~~~~
[INFO] [stderr]   /opt/rustwide/workdir/openal-soft/alc/backends/alsa.cpp:370:34: note: called from here
[INFO] [stderr]     370 |             devlist.emplace_back(DevMap{std::move(name), std::move(device)});
[INFO] [stderr]         |                                  ^~~~~~~~~~~~~~~~~~~~~~~~~~~~~~~~~~~~~~~~~~
[INFO] [stderr]   /opt/rustwide/workdir/openal-soft/alc/backends/jack.cpp: In function 'void {anonymous}::EnumerateDevices(jack_client_t*, al::vector<{anonymous}::DeviceEntry>&)':
[INFO] [stderr]   /opt/rustwide/workdir/openal-soft/alc/backends/jack.cpp:160:8: warning: inlining failed in call to '{anonymous}::DeviceEntry::~DeviceEntry() noexcept': call is unlikely and code size would grow [-Winline]
[INFO] [stderr]     160 | struct DeviceEntry {
[INFO] [stderr]         |        ^~~~~~~~~~~
[INFO] [stderr]   /opt/rustwide/workdir/openal-soft/alc/backends/jack.cpp:190:31: note: called from here
[INFO] [stderr]     190 |             list.emplace_back(DeviceEntry{name, name+":"});
[INFO] [stderr]         |                               ^~~~~~~~~~~~~~~~~~~~~~~~~~~
[INFO] [stderr]   /opt/rustwide/workdir/openal-soft/alc/backends/jack.cpp:160:8: warning: inlining failed in call to '{anonymous}::DeviceEntry::~DeviceEntry() noexcept': call is unlikely and code size would grow [-Winline]
[INFO] [stderr]     160 | struct DeviceEntry {
[INFO] [stderr]         |        ^~~~~~~~~~~
[INFO] [stderr]   /opt/rustwide/workdir/openal-soft/alc/backends/jack.cpp:200:31: note: called from here
[INFO] [stderr]     200 |             list.emplace_back(DeviceEntry{"JACK", ""});
[INFO] [stderr]         |                               ^~~~~~~~~~~~~~~~~~~~~~~
[INFO] [stderr]   /opt/rustwide/workdir/openal-soft/alc/backends/jack.cpp:160:8: warning: inlining failed in call to '{anonymous}::DeviceEntry::~DeviceEntry() noexcept': call is unlikely and code size would grow [-Winline]
[INFO] [stderr]     160 | struct DeviceEntry {
[INFO] [stderr]         |        ^~~~~~~~~~~
[INFO] [stderr]   /opt/rustwide/workdir/openal-soft/alc/backends/jack.cpp:241:35: note: called from here
[INFO] [stderr]     241 |                 list.emplace_back(DeviceEntry{std::string{name.data(), name.size()},
[INFO] [stderr]         |                                   ^~~~~~~~~~~~~~~~~~~~~~~~~~~~~~~~~~~~~~~~~~~~~~~~~~
[INFO] [stderr]     242 |                     std::string{pattern.data(), pattern.size()}});
[INFO] [stderr]         |                     ~~~~~~~~~~~~~~~~~~~~~~~~~~~~~~~~~~~~~~~~~~~~
[INFO] [stderr]   gmake[1]: *** [CMakeFiles/Makefile2:111: CMakeFiles/OpenAL.dir/all] Error 2
[INFO] [stderr]   gmake: *** [Makefile:136: all] Error 2
[INFO] [stderr]   thread 'main' panicked at /opt/rustwide/cargo-home/registry/src/index.crates.io-6f17d22bba15001f/cmake-0.1.48/src/lib.rs:975:5:
[INFO] [stderr] 
[INFO] [stderr]   command did not execute successfully, got: exit status: 2
[INFO] [stderr] 
[INFO] [stderr]   build script failed, must exit now
[INFO] [stderr]   stack backtrace:
[INFO] [stderr]      0:     0x6072712346da - std::backtrace_rs::backtrace::libunwind::trace::h207520d6e9873551
[INFO] [stderr]                                  at /rustc/df4ca44d3fbc9301ee17f30f4d474e6ae4b05252/library/std/src/../../backtrace/src/backtrace/libunwind.rs:116:5
[INFO] [stderr]      1:     0x6072712346da - std::backtrace_rs::backtrace::trace_unsynchronized::h2ed7433f370e3eca
[INFO] [stderr]                                  at /rustc/df4ca44d3fbc9301ee17f30f4d474e6ae4b05252/library/std/src/../../backtrace/src/backtrace/mod.rs:66:5
[INFO] [stderr]      2:     0x6072712346da - std::sys::backtrace::_print_fmt::h916fac51166b18d7
[INFO] [stderr]                                  at /rustc/df4ca44d3fbc9301ee17f30f4d474e6ae4b05252/library/std/src/sys/backtrace.rs:66:9
[INFO] [stderr]      3:     0x6072712346da - <std::sys::backtrace::BacktraceLock::print::DisplayBacktrace as core::fmt::Display>::fmt::ha0a4c9b8ce3802e6
[INFO] [stderr]                                  at /rustc/df4ca44d3fbc9301ee17f30f4d474e6ae4b05252/library/std/src/sys/backtrace.rs:39:26
[INFO] [stderr]      4:     0x60727125de13 - core::fmt::rt::Argument::fmt::h4cfc8587d52b3eb5
[INFO] [stderr]                                  at /rustc/df4ca44d3fbc9301ee17f30f4d474e6ae4b05252/library/core/src/fmt/rt.rs:177:76
[INFO] [stderr]      5:     0x60727125de13 - core::fmt::write::h522cc39e5b36ae9f
[INFO] [stderr]                                  at /rustc/df4ca44d3fbc9301ee17f30f4d474e6ae4b05252/library/core/src/fmt/mod.rs:1190:21
[INFO] [stderr]      6:     0x607271230fd3 - std::io::Write::write_fmt::hf1c1dcc8cc1287f0
[INFO] [stderr]                                  at /rustc/df4ca44d3fbc9301ee17f30f4d474e6ae4b05252/library/std/src/io/mod.rs:1839:15
[INFO] [stderr]      7:     0x607271234522 - std::sys::backtrace::BacktraceLock::print::h4b9e00b29e9c0942
[INFO] [stderr]                                  at /rustc/df4ca44d3fbc9301ee17f30f4d474e6ae4b05252/library/std/src/sys/backtrace.rs:42:9
[INFO] [stderr]      8:     0x60727123571c - std::panicking::default_hook::{{closure}}::hb59b88280d0324d9
[INFO] [stderr]                                  at /rustc/df4ca44d3fbc9301ee17f30f4d474e6ae4b05252/library/std/src/panicking.rs:268:22
[INFO] [stderr]      9:     0x607271235562 - std::panicking::default_hook::he1dd496665be4a29
[INFO] [stderr]                                  at /rustc/df4ca44d3fbc9301ee17f30f4d474e6ae4b05252/library/std/src/panicking.rs:295:9
[INFO] [stderr]     10:     0x607271235d57 - std::panicking::rust_panic_with_hook::h2ff17fe8f26dfcf8
[INFO] [stderr]                                  at /rustc/df4ca44d3fbc9301ee17f30f4d474e6ae4b05252/library/std/src/panicking.rs:801:13
[INFO] [stderr]     11:     0x607271235bea - std::panicking::begin_panic_handler::{{closure}}::h4fad77951c07e101
[INFO] [stderr]                                  at /rustc/df4ca44d3fbc9301ee17f30f4d474e6ae4b05252/library/std/src/panicking.rs:674:13
[INFO] [stderr]     12:     0x607271234bb9 - std::sys::backtrace::__rust_end_short_backtrace::hb1a25b3da5d0ea08
[INFO] [stderr]                                  at /rustc/df4ca44d3fbc9301ee17f30f4d474e6ae4b05252/library/std/src/sys/backtrace.rs:170:18
[INFO] [stderr]     13:     0x60727123587c - rust_begin_unwind
[INFO] [stderr]                                  at /rustc/df4ca44d3fbc9301ee17f30f4d474e6ae4b05252/library/std/src/panicking.rs:665:5
[INFO] [stderr]     14:     0x60727125c160 - core::panicking::panic_fmt::ha9db07b529f9b256
[INFO] [stderr]                                  at /rustc/df4ca44d3fbc9301ee17f30f4d474e6ae4b05252/library/core/src/panicking.rs:75:14
[INFO] [stderr]     15:     0x6072711cd542 - cmake::fail::haea954cdaa07f6c2
[INFO] [stderr]     16:     0x6072711ccc79 - cmake::run::ha89da20ce8471d26
[INFO] [stderr]     17:     0x6072711c9e5a - cmake::Config::build::he9681c4bd80c2942
[INFO] [stderr]     18:     0x607270e2cf12 - build_script_build::main::h0f8bf7843201019c
[INFO] [stderr]     19:     0x607270e29de3 - core::ops::function::FnOnce::call_once::hba5088be5610751e
[INFO] [stderr]     20:     0x607270e29d36 - std::sys::backtrace::__rust_begin_short_backtrace::h770cd20bbae15e39
[INFO] [stderr]     21:     0x607270e29c99 - std::rt::lang_start::{{closure}}::he0d1ef511db51013
[INFO] [stderr]     22:     0x60727122c9f7 - core::ops::function::impls::<impl core::ops::function::FnOnce<A> for &F>::call_once::hd87d66b906e0ccaf
[INFO] [stderr]                                  at /rustc/df4ca44d3fbc9301ee17f30f4d474e6ae4b05252/library/core/src/ops/function.rs:284:13
[INFO] [stderr]     23:     0x60727122c9f7 - std::panicking::try::do_call::hae3703de71fc9e3a
[INFO] [stderr]                                  at /rustc/df4ca44d3fbc9301ee17f30f4d474e6ae4b05252/library/std/src/panicking.rs:557:40
[INFO] [stderr]     24:     0x60727122c9f7 - std::panicking::try::h1178330e9a2b2645
[INFO] [stderr]                                  at /rustc/df4ca44d3fbc9301ee17f30f4d474e6ae4b05252/library/std/src/panicking.rs:520:19
[INFO] [stderr]     25:     0x60727122c9f7 - std::panic::catch_unwind::h0acf49d2305d32ad
[INFO] [stderr]                                  at /rustc/df4ca44d3fbc9301ee17f30f4d474e6ae4b05252/library/std/src/panic.rs:358:14
[INFO] [stderr]     26:     0x60727122c9f7 - std::rt::lang_start_internal::{{closure}}::h2d95182d798177be
[INFO] [stderr]                                  at /rustc/df4ca44d3fbc9301ee17f30f4d474e6ae4b05252/library/std/src/rt.rs:174:48
[INFO] [stderr]     27:     0x60727122c9f7 - std::panicking::try::do_call::hb506f5bfe11fd30c
[INFO] [stderr]                                  at /rustc/df4ca44d3fbc9301ee17f30f4d474e6ae4b05252/library/std/src/panicking.rs:557:40
[INFO] [stderr]     28:     0x60727122c9f7 - std::panicking::try::h54d825c46bd0fa95
[INFO] [stderr]                                  at /rustc/df4ca44d3fbc9301ee17f30f4d474e6ae4b05252/library/std/src/panicking.rs:520:19
[INFO] [stderr]     29:     0x60727122c9f7 - std::panic::catch_unwind::hffbb0ad20c4e9fac
[INFO] [stderr]                                  at /rustc/df4ca44d3fbc9301ee17f30f4d474e6ae4b05252/library/std/src/panic.rs:358:14
[INFO] [stderr]     30:     0x60727122c9f7 - std::rt::lang_start_internal::h52c291ef1962c925
[INFO] [stderr]                                  at /rustc/df4ca44d3fbc9301ee17f30f4d474e6ae4b05252/library/std/src/rt.rs:174:20
[INFO] [stderr]     31:     0x607270e29c77 - std::rt::lang_start::h0e7af4532e324a69
[INFO] [stderr]     32:     0x607270e2db45 - main
[INFO] [stderr]     33:     0x7ead04517d90 - <unknown>
[INFO] [stderr]     34:     0x7ead04517e40 - __libc_start_main
[INFO] [stderr]     35:     0x607270e29205 - _start
[INFO] [stderr]     36:                0x0 - <unknown>
[INFO] running `Command { std: "docker" "inspect" "fb6100b8b3175288aa552efac24a9290113cdb8b71a95edb223eb8f862d3f9e3", kill_on_drop: false }`
[INFO] running `Command { std: "docker" "rm" "-f" "fb6100b8b3175288aa552efac24a9290113cdb8b71a95edb223eb8f862d3f9e3", kill_on_drop: false }`
[INFO] [stdout] fb6100b8b3175288aa552efac24a9290113cdb8b71a95edb223eb8f862d3f9e3
