[INFO] fetching crate aligned-buffer-pool 0.0.6...
[INFO] testing aligned-buffer-pool-0.0.6 against nightly-2024-10-28 for randomize-layout
[INFO] extracting crate aligned-buffer-pool 0.0.6 into /workspace/builds/worker-1-tc1/source
[INFO] validating manifest of crates.io crate aligned-buffer-pool 0.0.6 on toolchain nightly-2024-10-28
[INFO] running `Command { std: CARGO_HOME="/workspace/cargo-home" RUSTUP_HOME="/workspace/rustup-home" "/workspace/cargo-home/bin/cargo" "+nightly-2024-10-28" "metadata" "--manifest-path" "Cargo.toml" "--no-deps", kill_on_drop: false }`
[INFO] started tweaking crates.io crate aligned-buffer-pool 0.0.6
[INFO] finished tweaking crates.io crate aligned-buffer-pool 0.0.6
[INFO] tweaked toml for crates.io crate aligned-buffer-pool 0.0.6 written to /workspace/builds/worker-1-tc1/source/Cargo.toml
[INFO] running `Command { std: CARGO_HOME="/workspace/cargo-home" RUSTUP_HOME="/workspace/rustup-home" "/workspace/cargo-home/bin/cargo" "+nightly-2024-10-28" "generate-lockfile" "--manifest-path" "Cargo.toml", kill_on_drop: false }`
[INFO] [stderr]     Updating crates.io index
[INFO] [stderr]      Locking 32 packages to latest compatible versions
[INFO] running `Command { std: CARGO_HOME="/workspace/cargo-home" RUSTUP_HOME="/workspace/rustup-home" "/workspace/cargo-home/bin/cargo" "+nightly-2024-10-28" "fetch" "--manifest-path" "Cargo.toml", kill_on_drop: false }`
[INFO] [stderr]  Downloading crates ...
[INFO] [stderr]   Downloaded ptr_meta v0.3.0
[INFO] [stderr]   Downloaded ptr_meta_derive v0.3.0
[INFO] [stderr]   Downloaded rkyv_derive v0.8.8
[INFO] [stderr]   Downloaded munge_macro v0.4.1
[INFO] [stderr]   Downloaded munge v0.4.1
[INFO] [stderr]   Downloaded bytecheck_derive v0.8.0
[INFO] [stderr]   Downloaded rancor v0.1.0
[INFO] [stderr]   Downloaded aligned-buffer v0.0.9
[INFO] [stderr]   Downloaded rkyv v0.8.8
[INFO] [stderr]   Downloaded bytecheck v0.8.0
[INFO] [stderr]   Downloaded const_panic v0.2.10
[INFO] [stderr]   Downloaded rend v0.5.2
[INFO] running `Command { std: "docker" "create" "-v" "/var/lib/crater-agent-workspace/builds/worker-1-tc1/target:/opt/rustwide/target:rw,Z" "-v" "/var/lib/crater-agent-workspace/builds/worker-1-tc1/source:/opt/rustwide/workdir:ro,Z" "-v" "/var/lib/crater-agent-workspace/cargo-home:/opt/rustwide/cargo-home:ro,Z" "-v" "/var/lib/crater-agent-workspace/rustup-home:/opt/rustwide/rustup-home:ro,Z" "-e" "SOURCE_DIR=/opt/rustwide/workdir" "-e" "CARGO_TARGET_DIR=/opt/rustwide/target" "-e" "CARGO_HOME=/opt/rustwide/cargo-home" "-e" "RUSTUP_HOME=/opt/rustwide/rustup-home" "-w" "/opt/rustwide/workdir" "-m" "1610612736" "--user" "0:0" "--network" "none" "ghcr.io/rust-lang/crates-build-env/linux@sha256:4a844ea9eb2546a2d2c7022eacef16ef2e8229c7fbb2c7d4d55a9ceca922f72d" "/opt/rustwide/cargo-home/bin/cargo" "+nightly-2024-10-28" "metadata" "--no-deps" "--format-version=1", kill_on_drop: false }`
[INFO] [stdout] 9769ea7ff409fb0df0fe9012414d8157af84e4c0b5fa1e10dda674a414ac302a
[INFO] running `Command { std: "docker" "start" "-a" "9769ea7ff409fb0df0fe9012414d8157af84e4c0b5fa1e10dda674a414ac302a", kill_on_drop: false }`
[INFO] running `Command { std: "docker" "inspect" "9769ea7ff409fb0df0fe9012414d8157af84e4c0b5fa1e10dda674a414ac302a", kill_on_drop: false }`
[INFO] running `Command { std: "docker" "rm" "-f" "9769ea7ff409fb0df0fe9012414d8157af84e4c0b5fa1e10dda674a414ac302a", kill_on_drop: false }`
[INFO] [stdout] 9769ea7ff409fb0df0fe9012414d8157af84e4c0b5fa1e10dda674a414ac302a
[INFO] running `Command { std: "docker" "create" "-v" "/var/lib/crater-agent-workspace/builds/worker-1-tc1/target:/opt/rustwide/target:rw,Z" "-v" "/var/lib/crater-agent-workspace/builds/worker-1-tc1/source:/opt/rustwide/workdir:ro,Z" "-v" "/var/lib/crater-agent-workspace/cargo-home:/opt/rustwide/cargo-home:ro,Z" "-v" "/var/lib/crater-agent-workspace/rustup-home:/opt/rustwide/rustup-home:ro,Z" "-e" "SOURCE_DIR=/opt/rustwide/workdir" "-e" "CARGO_TARGET_DIR=/opt/rustwide/target" "-e" "CARGO_INCREMENTAL=0" "-e" "RUST_BACKTRACE=full" "-e" "RUSTFLAGS=--cap-lints=forbid" "-e" "RUSTDOCFLAGS=--cap-lints=forbid" "-e" "CARGO_HOME=/opt/rustwide/cargo-home" "-e" "RUSTUP_HOME=/opt/rustwide/rustup-home" "-w" "/opt/rustwide/workdir" "-m" "1610612736" "--user" "0:0" "--network" "none" "ghcr.io/rust-lang/crates-build-env/linux@sha256:4a844ea9eb2546a2d2c7022eacef16ef2e8229c7fbb2c7d4d55a9ceca922f72d" "/opt/rustwide/cargo-home/bin/cargo" "+nightly-2024-10-28" "build" "--frozen" "--message-format=json", kill_on_drop: false }`
[INFO] [stdout] 0e95024a481a3c0a8d642b45cdb9c33469587bc8940dca221cb94628110a3b15
[INFO] running `Command { std: "docker" "start" "-a" "0e95024a481a3c0a8d642b45cdb9c33469587bc8940dca221cb94628110a3b15", kill_on_drop: false }`
[INFO] [stderr]    Compiling simdutf8 v0.1.5
[INFO] [stderr]    Compiling crossbeam-utils v0.8.20
[INFO] [stderr]    Compiling hashbrown v0.14.5
[INFO] [stderr]    Compiling const_panic v0.2.10
[INFO] [stderr]    Compiling fxhash v0.2.1
[INFO] [stderr]    Compiling ptr_meta_derive v0.3.0
[INFO] [stderr]    Compiling bytecheck_derive v0.8.0
[INFO] [stderr]    Compiling munge_macro v0.4.1
[INFO] [stderr]    Compiling thiserror-impl v1.0.66
[INFO] [stderr]    Compiling rkyv_derive v0.8.8
[INFO] [stderr]    Compiling ptr_meta v0.3.0
[INFO] [stderr]    Compiling rancor v0.1.0
[INFO] [stderr]    Compiling munge v0.4.1
[INFO] [stderr]    Compiling bytecheck v0.8.0
[INFO] [stderr]    Compiling crossbeam-queue v0.3.11
[INFO] [stderr]    Compiling rend v0.5.2
[INFO] [stderr]    Compiling thiserror v1.0.66
[INFO] [stderr]    Compiling rkyv v0.8.8
[INFO] [stderr]    Compiling aligned-buffer v0.0.9
[INFO] [stdout] error[E0404]: expected trait, found struct `rkyv::rancor::Error`
[INFO] [stdout]   --> /opt/rustwide/cargo-home/registry/src/index.crates.io-6f17d22bba15001f/aligned-buffer-0.0.9/src/rkyv.rs:55:26
[INFO] [stdout]    |
[INFO] [stdout] 55 |     <C as Fallible>::Error: rkyv::rancor::Error,
[INFO] [stdout]    |                             ^^^^^^^^^^^^^^^^^^^ not a trait
[INFO] [stdout]    |
[INFO] [stdout] help: consider importing this trait instead
[INFO] [stdout]    |
[INFO] [stdout] 1  + use std::error::Error;
[INFO] [stdout]    |
[INFO] [stdout] help: if you import `Error`, refer to it directly
[INFO] [stdout]    |
[INFO] [stdout] 55 -     <C as Fallible>::Error: rkyv::rancor::Error,
[INFO] [stdout] 55 +     <C as Fallible>::Error: Error,
[INFO] [stdout]    |
[INFO] [stdout] 
[INFO] [stdout] 
[INFO] [stdout] error[E0050]: method `resolve` has 4 parameters but the declaration in trait `resolve` has 3
[INFO] [stdout]   --> /opt/rustwide/cargo-home/registry/src/index.crates.io-6f17d22bba15001f/aligned-buffer-0.0.9/src/rkyv.rs:86:20
[INFO] [stdout]    |
[INFO] [stdout] 86 |     unsafe fn resolve(&self, pos: usize, resolver: Self::Resolver, out: *mut Self::Archived) {
[INFO] [stdout]    |                       ^^^^^^^^^^^^^^^^^^^^^^^^^^^^^^^^^^^^^^^^^^^^^^^^^^^^^^^^^^^^^^^^^^^^^ expected 3 parameters, found 4
[INFO] [stdout]    |
[INFO] [stdout]    = note: `resolve` from trait: `fn(&Self, <Self as Archive>::Resolver, Place<<Self as Archive>::Archived>)`
[INFO] [stdout] 
[INFO] [stdout] 
[INFO] [stdout] error[E0050]: method `resolve` has 4 parameters but the declaration in trait `resolve` has 3
[INFO] [stdout]    --> /opt/rustwide/cargo-home/registry/src/index.crates.io-6f17d22bba15001f/aligned-buffer-0.0.9/src/rkyv.rs:100:20
[INFO] [stdout]     |
[INFO] [stdout] 100 |     unsafe fn resolve(&self, pos: usize, resolver: Self::Resolver, out: *mut Self::Archived) {
[INFO] [stdout]     |                       ^^^^^^^^^^^^^^^^^^^^^^^^^^^^^^^^^^^^^^^^^^^^^^^^^^^^^^^^^^^^^^^^^^^^^ expected 3 parameters, found 4
[INFO] [stdout]     |
[INFO] [stdout]     = note: `resolve` from trait: `fn(&Self, <Self as Archive>::Resolver, Place<<Self as Archive>::Archived>)`
[INFO] [stdout] 
[INFO] [stdout] 
[INFO] [stdout] Some errors have detailed explanations: E0050, E0404.
[INFO] [stdout] 
[INFO] [stdout] For more information about an error, try `rustc --explain E0050`.
[INFO] [stdout] 
[INFO] [stderr] error: could not compile `aligned-buffer` (lib) due to 3 previous errors
[INFO] running `Command { std: "docker" "inspect" "0e95024a481a3c0a8d642b45cdb9c33469587bc8940dca221cb94628110a3b15", kill_on_drop: false }`
[INFO] running `Command { std: "docker" "rm" "-f" "0e95024a481a3c0a8d642b45cdb9c33469587bc8940dca221cb94628110a3b15", kill_on_drop: false }`
[INFO] [stdout] 0e95024a481a3c0a8d642b45cdb9c33469587bc8940dca221cb94628110a3b15
