[INFO] fetching crate aldrin 0.8.0...
[INFO] testing aldrin-0.8.0 against nightly-2024-10-28 for randomize-layout
[INFO] extracting crate aldrin 0.8.0 into /workspace/builds/worker-0-tc1/source
[INFO] validating manifest of crates.io crate aldrin 0.8.0 on toolchain nightly-2024-10-28
[INFO] running `Command { std: CARGO_HOME="/workspace/cargo-home" RUSTUP_HOME="/workspace/rustup-home" "/workspace/cargo-home/bin/cargo" "+nightly-2024-10-28" "metadata" "--manifest-path" "Cargo.toml" "--no-deps", kill_on_drop: false }`
[INFO] started tweaking crates.io crate aldrin 0.8.0
[INFO] finished tweaking crates.io crate aldrin 0.8.0
[INFO] tweaked toml for crates.io crate aldrin 0.8.0 written to /workspace/builds/worker-0-tc1/source/Cargo.toml
[INFO] running `Command { std: CARGO_HOME="/workspace/cargo-home" RUSTUP_HOME="/workspace/rustup-home" "/workspace/cargo-home/bin/cargo" "+nightly-2024-10-28" "generate-lockfile" "--manifest-path" "Cargo.toml", kill_on_drop: false }`
[INFO] [stderr]     Updating crates.io index
[INFO] [stderr]      Locking 72 packages to latest compatible versions
[INFO] running `Command { std: CARGO_HOME="/workspace/cargo-home" RUSTUP_HOME="/workspace/rustup-home" "/workspace/cargo-home/bin/cargo" "+nightly-2024-10-28" "fetch" "--manifest-path" "Cargo.toml", kill_on_drop: false }`
[INFO] [stderr]  Downloading crates ...
[INFO] [stderr]   Downloaded unicode-ident v1.0.13
[INFO] [stderr]   Downloaded proc-macro2 v1.0.89
[INFO] [stderr]   Downloaded serde v1.0.214
[INFO] [stderr]   Downloaded windows-targets v0.52.6
[INFO] [stderr]   Downloaded sha1_smol v1.0.1
[INFO] [stderr]   Downloaded pest_generator v2.7.14
[INFO] [stderr]   Downloaded tokio-macros v2.4.0
[INFO] [stderr]   Downloaded digest v0.10.7
[INFO] [stderr]   Downloaded manyhow-macros v0.11.4
[INFO] [stderr]   Downloaded generic-array v0.14.7
[INFO] [stderr]   Downloaded quote v1.0.37
[INFO] [stderr]   Downloaded cpufeatures v0.2.14
[INFO] [stderr]   Downloaded diffy v0.4.0
[INFO] [stderr]   Downloaded num_enum_derive v0.7.3
[INFO] [stderr]   Downloaded aldrin-core v0.8.0
[INFO] [stderr]   Downloaded bytes v1.8.0
[INFO] [stderr]   Downloaded memchr v2.7.4
[INFO] [stderr]   Downloaded unicode-segmentation v1.12.0
[INFO] [stderr]   Downloaded backtrace v0.3.74
[INFO] [stderr]   Downloaded pest v2.7.14
[INFO] [stderr]   Downloaded futures-util v0.3.31
[INFO] [stderr]   Downloaded miniz_oxide v0.8.0
[INFO] [stderr]   Downloaded pin-project-lite v0.2.15
[INFO] [stderr]   Downloaded syn v2.0.86
[INFO] [stderr]   Downloaded ucd-trie v0.1.7
[INFO] [stderr]   Downloaded typenum v1.17.0
[INFO] [stderr]   Downloaded unicode-width v0.1.14
[INFO] [stderr]   Downloaded gimli v0.31.1
[INFO] [stderr]   Downloaded object v0.36.5
[INFO] [stderr]   Downloaded pest_meta v2.7.14
[INFO] [stderr]   Downloaded pest_derive v2.7.14
[INFO] [stderr]   Downloaded aldrin-parser v0.8.0
[INFO] [stderr]   Downloaded windows_x86_64_gnullvm v0.52.6
[INFO] [stderr]   Downloaded windows_aarch64_gnullvm v0.52.6
[INFO] [stderr]   Downloaded windows_i686_gnullvm v0.52.6
[INFO] [stderr]   Downloaded rustc-demangle v0.1.24
[INFO] [stderr]   Downloaded wasi v0.11.0+wasi-snapshot-preview1
[INFO] [stderr]   Downloaded getrandom v0.2.15
[INFO] [stderr]   Downloaded num_enum v0.7.3
[INFO] [stderr]   Downloaded nu-ansi-term v0.50.1
[INFO] [stderr]   Downloaded sha2 v0.10.8
[INFO] [stderr]   Downloaded futures-channel v0.3.31
[INFO] [stderr]   Downloaded addr2line v0.24.2
[INFO] [stderr]   Downloaded cfg-if v1.0.0
[INFO] [stderr]   Downloaded heck v0.4.1
[INFO] [stderr]   Downloaded once_cell v1.20.2
[INFO] [stderr]   Downloaded version_check v0.9.5
[INFO] [stderr]   Downloaded crypto-common v0.1.6
[INFO] [stderr]   Downloaded libc v0.2.161
[INFO] [stderr]   Downloaded strsim v0.10.0
[INFO] [stderr]   Downloaded proc-macro-utils v0.10.0
[INFO] [stderr]   Downloaded tokio v1.41.0
[INFO] [stderr]   Downloaded windows_x86_64_gnu v0.52.6
[INFO] [stderr]   Downloaded windows_x86_64_msvc v0.52.6
[INFO] [stderr]   Downloaded windows_aarch64_msvc v0.52.6
[INFO] [stderr]   Downloaded windows_i686_gnu v0.52.6
[INFO] [stderr]   Downloaded windows_i686_msvc v0.52.6
[INFO] [stderr]   Downloaded aldrin-macros v0.8.0
[INFO] [stderr]   Downloaded futures-sink v0.3.31
[INFO] [stderr]   Downloaded pin-utils v0.1.0
[INFO] [stderr]   Downloaded thiserror v1.0.66
[INFO] [stderr]   Downloaded adler2 v2.0.0
[INFO] [stderr]   Downloaded serde_derive v1.0.214
[INFO] [stderr]   Downloaded uuid v1.11.0
[INFO] [stderr]   Downloaded block-buffer v0.10.4
[INFO] [stderr]   Downloaded smallvec v1.13.2
[INFO] [stderr]   Downloaded futures-task v0.3.31
[INFO] [stderr]   Downloaded manyhow v0.11.4
[INFO] [stderr]   Downloaded futures-core v0.3.31
[INFO] [stderr]   Downloaded thiserror-impl v1.0.66
[INFO] [stderr]   Downloaded windows-sys v0.52.0
[INFO] [stderr]   Downloaded aldrin-codegen v0.8.2
[INFO] running `Command { std: "docker" "create" "-v" "/var/lib/crater-agent-workspace/builds/worker-0-tc1/target:/opt/rustwide/target:rw,Z" "-v" "/var/lib/crater-agent-workspace/builds/worker-0-tc1/source:/opt/rustwide/workdir:ro,Z" "-v" "/var/lib/crater-agent-workspace/cargo-home:/opt/rustwide/cargo-home:ro,Z" "-v" "/var/lib/crater-agent-workspace/rustup-home:/opt/rustwide/rustup-home:ro,Z" "-e" "SOURCE_DIR=/opt/rustwide/workdir" "-e" "CARGO_TARGET_DIR=/opt/rustwide/target" "-e" "CARGO_HOME=/opt/rustwide/cargo-home" "-e" "RUSTUP_HOME=/opt/rustwide/rustup-home" "-w" "/opt/rustwide/workdir" "-m" "1610612736" "--user" "0:0" "--network" "none" "ghcr.io/rust-lang/crates-build-env/linux@sha256:4a844ea9eb2546a2d2c7022eacef16ef2e8229c7fbb2c7d4d55a9ceca922f72d" "/opt/rustwide/cargo-home/bin/cargo" "+nightly-2024-10-28" "metadata" "--no-deps" "--format-version=1", kill_on_drop: false }`
[INFO] [stdout] a7dd2c3baa8de967e6ab2e920ab0fadcd6b7ae62c6777b47f94d631c0d169d14
[INFO] running `Command { std: "docker" "start" "-a" "a7dd2c3baa8de967e6ab2e920ab0fadcd6b7ae62c6777b47f94d631c0d169d14", kill_on_drop: false }`
[INFO] running `Command { std: "docker" "inspect" "a7dd2c3baa8de967e6ab2e920ab0fadcd6b7ae62c6777b47f94d631c0d169d14", kill_on_drop: false }`
[INFO] running `Command { std: "docker" "rm" "-f" "a7dd2c3baa8de967e6ab2e920ab0fadcd6b7ae62c6777b47f94d631c0d169d14", kill_on_drop: false }`
[INFO] [stdout] a7dd2c3baa8de967e6ab2e920ab0fadcd6b7ae62c6777b47f94d631c0d169d14
[INFO] running `Command { std: "docker" "create" "-v" "/var/lib/crater-agent-workspace/builds/worker-0-tc1/target:/opt/rustwide/target:rw,Z" "-v" "/var/lib/crater-agent-workspace/builds/worker-0-tc1/source:/opt/rustwide/workdir:ro,Z" "-v" "/var/lib/crater-agent-workspace/cargo-home:/opt/rustwide/cargo-home:ro,Z" "-v" "/var/lib/crater-agent-workspace/rustup-home:/opt/rustwide/rustup-home:ro,Z" "-e" "SOURCE_DIR=/opt/rustwide/workdir" "-e" "CARGO_TARGET_DIR=/opt/rustwide/target" "-e" "CARGO_INCREMENTAL=0" "-e" "RUST_BACKTRACE=full" "-e" "RUSTFLAGS=--cap-lints=forbid" "-e" "RUSTDOCFLAGS=--cap-lints=forbid" "-e" "CARGO_HOME=/opt/rustwide/cargo-home" "-e" "RUSTUP_HOME=/opt/rustwide/rustup-home" "-w" "/opt/rustwide/workdir" "-m" "1610612736" "--user" "0:0" "--network" "none" "ghcr.io/rust-lang/crates-build-env/linux@sha256:4a844ea9eb2546a2d2c7022eacef16ef2e8229c7fbb2c7d4d55a9ceca922f72d" "/opt/rustwide/cargo-home/bin/cargo" "+nightly-2024-10-28" "build" "--frozen" "--message-format=json", kill_on_drop: false }`
[INFO] [stdout] 5e0e2cedc32f4a4f1ea46aabbc2f1f579f7d8dc71db1caa504f322cf298278fd
[INFO] running `Command { std: "docker" "start" "-a" "5e0e2cedc32f4a4f1ea46aabbc2f1f579f7d8dc71db1caa504f322cf298278fd", kill_on_drop: false }`
[INFO] [stderr]    Compiling proc-macro2 v1.0.89
[INFO] [stderr]    Compiling unicode-ident v1.0.13
[INFO] [stderr]    Compiling libc v0.2.161
[INFO] [stderr]    Compiling thiserror v1.0.66
[INFO] [stderr]    Compiling cfg-if v1.0.0
[INFO] [stderr]    Compiling pin-project-lite v0.2.15
[INFO] [stderr]    Compiling futures-core v0.3.31
[INFO] [stderr]    Compiling pin-utils v0.1.0
[INFO] [stderr]    Compiling bytes v1.8.0
[INFO] [stderr]    Compiling futures-task v0.3.31
[INFO] [stderr]    Compiling futures-channel v0.3.31
[INFO] [stderr]    Compiling futures-util v0.3.31
[INFO] [stderr]    Compiling quote v1.0.37
[INFO] [stderr]    Compiling syn v2.0.86
[INFO] [stderr]    Compiling getrandom v0.2.15
[INFO] [stderr]    Compiling uuid v1.11.0
[INFO] [stderr]    Compiling num_enum_derive v0.7.3
[INFO] [stderr]    Compiling thiserror-impl v1.0.66
[INFO] [stderr]    Compiling num_enum v0.7.3
[INFO] [stderr]    Compiling aldrin-core v0.8.0
[INFO] [stderr]    Compiling aldrin v0.8.0 (/opt/rustwide/workdir)
[INFO] [stderr]     Finished `dev` profile [unoptimized + debuginfo] target(s) in 4.45s
[INFO] running `Command { std: "docker" "inspect" "5e0e2cedc32f4a4f1ea46aabbc2f1f579f7d8dc71db1caa504f322cf298278fd", kill_on_drop: false }`
[INFO] running `Command { std: "docker" "rm" "-f" "5e0e2cedc32f4a4f1ea46aabbc2f1f579f7d8dc71db1caa504f322cf298278fd", kill_on_drop: false }`
[INFO] [stdout] 5e0e2cedc32f4a4f1ea46aabbc2f1f579f7d8dc71db1caa504f322cf298278fd
[INFO] running `Command { std: "docker" "create" "-v" "/var/lib/crater-agent-workspace/builds/worker-0-tc1/target:/opt/rustwide/target:rw,Z" "-v" "/var/lib/crater-agent-workspace/builds/worker-0-tc1/source:/opt/rustwide/workdir:ro,Z" "-v" "/var/lib/crater-agent-workspace/cargo-home:/opt/rustwide/cargo-home:ro,Z" "-v" "/var/lib/crater-agent-workspace/rustup-home:/opt/rustwide/rustup-home:ro,Z" "-e" "SOURCE_DIR=/opt/rustwide/workdir" "-e" "CARGO_TARGET_DIR=/opt/rustwide/target" "-e" "CARGO_INCREMENTAL=0" "-e" "RUST_BACKTRACE=full" "-e" "RUSTFLAGS=--cap-lints=forbid" "-e" "RUSTDOCFLAGS=--cap-lints=forbid" "-e" "CARGO_HOME=/opt/rustwide/cargo-home" "-e" "RUSTUP_HOME=/opt/rustwide/rustup-home" "-w" "/opt/rustwide/workdir" "-m" "1610612736" "--user" "0:0" "--network" "none" "ghcr.io/rust-lang/crates-build-env/linux@sha256:4a844ea9eb2546a2d2c7022eacef16ef2e8229c7fbb2c7d4d55a9ceca922f72d" "/opt/rustwide/cargo-home/bin/cargo" "+nightly-2024-10-28" "test" "--frozen" "--no-run" "--message-format=json", kill_on_drop: false }`
[INFO] [stdout] 7f95109172c6d51104cc2a7be06e28dc79c7e6756af00a356388a5dd82f244ad
[INFO] running `Command { std: "docker" "start" "-a" "7f95109172c6d51104cc2a7be06e28dc79c7e6756af00a356388a5dd82f244ad", kill_on_drop: false }`
[INFO] [stderr]    Compiling futures-sink v0.3.31
[INFO] [stderr]    Compiling syn v2.0.86
[INFO] [stderr]    Compiling futures-util v0.3.31
[INFO] [stderr]    Compiling thiserror-impl v1.0.66
[INFO] [stderr]    Compiling num_enum_derive v0.7.3
[INFO] [stderr]    Compiling tokio-macros v2.4.0
[INFO] [stderr]    Compiling tokio v1.41.0
[INFO] [stderr]    Compiling num_enum v0.7.3
[INFO] [stderr]    Compiling thiserror v1.0.66
[INFO] [stderr]    Compiling aldrin-core v0.8.0
[INFO] [stderr]    Compiling aldrin v0.8.0 (/opt/rustwide/workdir)
[INFO] [stdout] error[E0433]: failed to resolve: use of undeclared crate or module `aldrin_test`
[INFO] [stdout]  --> src/bus_listener/test.rs:1:5
[INFO] [stdout]   |
[INFO] [stdout] 1 | use aldrin_test::tokio::TestBroker;
[INFO] [stdout]   |     ^^^^^^^^^^^ use of undeclared crate or module `aldrin_test`
[INFO] [stdout] 
[INFO] [stdout] 
[INFO] [stdout] error[E0433]: failed to resolve: use of undeclared crate or module `aldrin_test`
[INFO] [stdout]  --> src/channel/test.rs:1:5
[INFO] [stdout]   |
[INFO] [stdout] 1 | use aldrin_test::aldrin::Error;
[INFO] [stdout]   |     ^^^^^^^^^^^ use of undeclared crate or module `aldrin_test`
[INFO] [stdout] 
[INFO] [stdout] 
[INFO] [stdout] error[E0433]: failed to resolve: use of undeclared crate or module `aldrin_test`
[INFO] [stdout]  --> src/channel/test.rs:2:5
[INFO] [stdout]   |
[INFO] [stdout] 2 | use aldrin_test::tokio::TestBroker;
[INFO] [stdout]   |     ^^^^^^^^^^^ use of undeclared crate or module `aldrin_test`
[INFO] [stdout] 
[INFO] [stdout] 
[INFO] [stdout] error[E0433]: failed to resolve: use of undeclared crate or module `aldrin_test`
[INFO] [stdout]  --> src/discoverer/test.rs:2:5
[INFO] [stdout]   |
[INFO] [stdout] 2 | use aldrin_test::aldrin::low_level::{Service, ServiceInfo};
[INFO] [stdout]   |     ^^^^^^^^^^^ use of undeclared crate or module `aldrin_test`
[INFO] [stdout] 
[INFO] [stdout] 
[INFO] [stdout] error[E0433]: failed to resolve: use of undeclared crate or module `aldrin_test`
[INFO] [stdout]  --> src/discoverer/test.rs:3:5
[INFO] [stdout]   |
[INFO] [stdout] 3 | use aldrin_test::aldrin::{Discoverer, DiscovererEvent, DiscovererEventKind, Object};
[INFO] [stdout]   |     ^^^^^^^^^^^ use of undeclared crate or module `aldrin_test`
[INFO] [stdout] 
[INFO] [stdout] 
[INFO] [stdout] error[E0433]: failed to resolve: use of undeclared crate or module `aldrin_test`
[INFO] [stdout]  --> src/discoverer/test.rs:4:5
[INFO] [stdout]   |
[INFO] [stdout] 4 | use aldrin_test::tokio::TestBroker;
[INFO] [stdout]   |     ^^^^^^^^^^^ use of undeclared crate or module `aldrin_test`
[INFO] [stdout] 
[INFO] [stdout] 
[INFO] [stdout] error[E0433]: failed to resolve: use of undeclared crate or module `aldrin_test`
[INFO] [stdout]  --> src/lifetime/test.rs:1:5
[INFO] [stdout]   |
[INFO] [stdout] 1 | use aldrin_test::aldrin::Error;
[INFO] [stdout]   |     ^^^^^^^^^^^ use of undeclared crate or module `aldrin_test`
[INFO] [stdout] 
[INFO] [stdout] 
[INFO] [stdout] error[E0433]: failed to resolve: use of undeclared crate or module `aldrin_test`
[INFO] [stdout]  --> src/lifetime/test.rs:2:5
[INFO] [stdout]   |
[INFO] [stdout] 2 | use aldrin_test::tokio::TestBroker;
[INFO] [stdout]   |     ^^^^^^^^^^^ use of undeclared crate or module `aldrin_test`
[INFO] [stdout] 
[INFO] [stdout] 
[INFO] [stdout] error[E0433]: failed to resolve: use of undeclared crate or module `aldrin_test`
[INFO] [stdout]  --> src/test.rs:2:5
[INFO] [stdout]   |
[INFO] [stdout] 2 | use aldrin_test::aldrin::low_level::{Proxy, ServiceInfo};
[INFO] [stdout]   |     ^^^^^^^^^^^ use of undeclared crate or module `aldrin_test`
[INFO] [stdout] 
[INFO] [stdout] 
[INFO] [stdout] error[E0433]: failed to resolve: use of undeclared crate or module `aldrin_test`
[INFO] [stdout]  --> src/test.rs:3:5
[INFO] [stdout]   |
[INFO] [stdout] 3 | use aldrin_test::tokio::TestBroker;
[INFO] [stdout]   |     ^^^^^^^^^^^ use of undeclared crate or module `aldrin_test`
[INFO] [stdout] 
[INFO] [stdout] 
[INFO] [stdout] error[E0433]: failed to resolve: use of undeclared crate or module `aldrin_test`
[INFO] [stdout]  --> src/low_level/test.rs:2:5
[INFO] [stdout]   |
[INFO] [stdout] 2 | use aldrin_test::aldrin::low_level::ServiceInfo;
[INFO] [stdout]   |     ^^^^^^^^^^^ use of undeclared crate or module `aldrin_test`
[INFO] [stdout] 
[INFO] [stdout] 
[INFO] [stdout] error[E0433]: failed to resolve: use of undeclared crate or module `aldrin_test`
[INFO] [stdout]  --> src/low_level/test.rs:3:5
[INFO] [stdout]   |
[INFO] [stdout] 3 | use aldrin_test::aldrin::Error;
[INFO] [stdout]   |     ^^^^^^^^^^^ use of undeclared crate or module `aldrin_test`
[INFO] [stdout] 
[INFO] [stdout] 
[INFO] [stdout] error[E0433]: failed to resolve: use of undeclared crate or module `aldrin_test`
[INFO] [stdout]  --> src/low_level/test.rs:4:5
[INFO] [stdout]   |
[INFO] [stdout] 4 | use aldrin_test::tokio::TestBroker;
[INFO] [stdout]   |     ^^^^^^^^^^^ use of undeclared crate or module `aldrin_test`
[INFO] [stdout] 
[INFO] [stdout] 
[INFO] [stdout] error[E0433]: failed to resolve: use of undeclared crate or module `aldrin_test`
[INFO] [stdout]   --> src/test.rs:24:22
[INFO] [stdout]    |
[INFO] [stdout] 24 |     let mut broker = aldrin_test::TestBroker::new();
[INFO] [stdout]    |                      ^^^^^^^^^^^ use of undeclared crate or module `aldrin_test`
[INFO] [stdout] 
[INFO] [stdout] 
[INFO] [stdout] error[E0433]: failed to resolve: use of undeclared crate or module `aldrin_test`
[INFO] [stdout]   --> src/test.rs:84:22
[INFO] [stdout]    |
[INFO] [stdout] 84 |     let mut broker = aldrin_test::TestBroker::new();
[INFO] [stdout]    |                      ^^^^^^^^^^^ use of undeclared crate or module `aldrin_test`
[INFO] [stdout] 
[INFO] [stdout] 
[INFO] [stdout] error[E0433]: failed to resolve: use of undeclared crate or module `aldrin_test`
[INFO] [stdout]    --> src/test.rs:103:22
[INFO] [stdout]     |
[INFO] [stdout] 103 |     let mut broker = aldrin_test::TestBroker::new();
[INFO] [stdout]     |                      ^^^^^^^^^^^ use of undeclared crate or module `aldrin_test`
[INFO] [stdout] 
[INFO] [stdout] 
[INFO] [stdout] For more information about this error, try `rustc --explain E0433`.
[INFO] [stdout] 
[INFO] [stderr] error: could not compile `aldrin` (lib test) due to 16 previous errors
[INFO] running `Command { std: "docker" "inspect" "7f95109172c6d51104cc2a7be06e28dc79c7e6756af00a356388a5dd82f244ad", kill_on_drop: false }`
[INFO] running `Command { std: "docker" "rm" "-f" "7f95109172c6d51104cc2a7be06e28dc79c7e6756af00a356388a5dd82f244ad", kill_on_drop: false }`
[INFO] [stdout] 7f95109172c6d51104cc2a7be06e28dc79c7e6756af00a356388a5dd82f244ad
