[INFO] fetching crate aldrin-broker 0.8.0...
[INFO] testing aldrin-broker-0.8.0 against nightly-2024-10-28+rustflags=-Zrandomize-layout for randomize-layout
[INFO] extracting crate aldrin-broker 0.8.0 into /workspace/builds/worker-1-tc2/source
[INFO] validating manifest of crates.io crate aldrin-broker 0.8.0 on toolchain nightly-2024-10-28
[INFO] running `Command { std: CARGO_HOME="/workspace/cargo-home" RUSTUP_HOME="/workspace/rustup-home" "/workspace/cargo-home/bin/cargo" "+nightly-2024-10-28" "metadata" "--manifest-path" "Cargo.toml" "--no-deps", kill_on_drop: false }`
[INFO] started tweaking crates.io crate aldrin-broker 0.8.0
[INFO] finished tweaking crates.io crate aldrin-broker 0.8.0
[INFO] tweaked toml for crates.io crate aldrin-broker 0.8.0 written to /workspace/builds/worker-1-tc2/source/Cargo.toml
[INFO] running `Command { std: CARGO_HOME="/workspace/cargo-home" RUSTUP_HOME="/workspace/rustup-home" "/workspace/cargo-home/bin/cargo" "+nightly-2024-10-28" "generate-lockfile" "--manifest-path" "Cargo.toml", kill_on_drop: false }`
[INFO] [stderr]     Blocking waiting for file lock on package cache
[INFO] [stderr]     Updating crates.io index
[INFO] [stderr]     Blocking waiting for file lock on package cache
[INFO] [stderr]      Locking 56 packages to latest compatible versions
[INFO] running `Command { std: CARGO_HOME="/workspace/cargo-home" RUSTUP_HOME="/workspace/rustup-home" "/workspace/cargo-home/bin/cargo" "+nightly-2024-10-28" "fetch" "--manifest-path" "Cargo.toml", kill_on_drop: false }`
[INFO] [stderr]     Blocking waiting for file lock on package cache
[INFO] [stderr]     Blocking waiting for file lock on package cache
[INFO] running `Command { std: "docker" "create" "-v" "/var/lib/crater-agent-workspace/builds/worker-1-tc2/target:/opt/rustwide/target:rw,Z" "-v" "/var/lib/crater-agent-workspace/builds/worker-1-tc2/source:/opt/rustwide/workdir:ro,Z" "-v" "/var/lib/crater-agent-workspace/cargo-home:/opt/rustwide/cargo-home:ro,Z" "-v" "/var/lib/crater-agent-workspace/rustup-home:/opt/rustwide/rustup-home:ro,Z" "-e" "SOURCE_DIR=/opt/rustwide/workdir" "-e" "CARGO_TARGET_DIR=/opt/rustwide/target" "-e" "CARGO_HOME=/opt/rustwide/cargo-home" "-e" "RUSTUP_HOME=/opt/rustwide/rustup-home" "-w" "/opt/rustwide/workdir" "-m" "1610612736" "--user" "0:0" "--network" "none" "ghcr.io/rust-lang/crates-build-env/linux@sha256:4a844ea9eb2546a2d2c7022eacef16ef2e8229c7fbb2c7d4d55a9ceca922f72d" "/opt/rustwide/cargo-home/bin/cargo" "+nightly-2024-10-28" "metadata" "--no-deps" "--format-version=1", kill_on_drop: false }`
[INFO] [stdout] da2c988614269edcf6542d8e8e2df2c3e1bcea6da681e1f79c55ecfaef4b7463
[INFO] running `Command { std: "docker" "start" "-a" "da2c988614269edcf6542d8e8e2df2c3e1bcea6da681e1f79c55ecfaef4b7463", kill_on_drop: false }`
[INFO] running `Command { std: "docker" "inspect" "da2c988614269edcf6542d8e8e2df2c3e1bcea6da681e1f79c55ecfaef4b7463", kill_on_drop: false }`
[INFO] running `Command { std: "docker" "rm" "-f" "da2c988614269edcf6542d8e8e2df2c3e1bcea6da681e1f79c55ecfaef4b7463", kill_on_drop: false }`
[INFO] [stdout] da2c988614269edcf6542d8e8e2df2c3e1bcea6da681e1f79c55ecfaef4b7463
[INFO] running `Command { std: "docker" "create" "-v" "/var/lib/crater-agent-workspace/builds/worker-1-tc2/target:/opt/rustwide/target:rw,Z" "-v" "/var/lib/crater-agent-workspace/builds/worker-1-tc2/source:/opt/rustwide/workdir:ro,Z" "-v" "/var/lib/crater-agent-workspace/cargo-home:/opt/rustwide/cargo-home:ro,Z" "-v" "/var/lib/crater-agent-workspace/rustup-home:/opt/rustwide/rustup-home:ro,Z" "-e" "SOURCE_DIR=/opt/rustwide/workdir" "-e" "CARGO_TARGET_DIR=/opt/rustwide/target" "-e" "CARGO_INCREMENTAL=0" "-e" "RUST_BACKTRACE=full" "-e" "RUSTFLAGS=--cap-lints=forbid -Zrandomize-layout" "-e" "RUSTDOCFLAGS=--cap-lints=forbid" "-e" "CARGO_HOME=/opt/rustwide/cargo-home" "-e" "RUSTUP_HOME=/opt/rustwide/rustup-home" "-w" "/opt/rustwide/workdir" "-m" "1610612736" "--user" "0:0" "--network" "none" "ghcr.io/rust-lang/crates-build-env/linux@sha256:4a844ea9eb2546a2d2c7022eacef16ef2e8229c7fbb2c7d4d55a9ceca922f72d" "/opt/rustwide/cargo-home/bin/cargo" "+nightly-2024-10-28" "build" "--frozen" "--message-format=json", kill_on_drop: false }`
[INFO] [stdout] 2ddab798f889197820592136ddc4560b5a1a2c033ad6401d1970417567b230d6
[INFO] running `Command { std: "docker" "start" "-a" "2ddab798f889197820592136ddc4560b5a1a2c033ad6401d1970417567b230d6", kill_on_drop: false }`
[INFO] [stderr]    Compiling proc-macro2 v1.0.89
[INFO] [stderr]    Compiling unicode-ident v1.0.13
[INFO] [stderr]    Compiling libc v0.2.161
[INFO] [stderr]    Compiling thiserror v1.0.66
[INFO] [stderr]    Compiling futures-core v0.3.31
[INFO] [stderr]    Compiling futures-sink v0.3.31
[INFO] [stderr]    Compiling pin-project-lite v0.2.15
[INFO] [stderr]    Compiling bytes v1.8.0
[INFO] [stderr]    Compiling futures-task v0.3.31
[INFO] [stderr]    Compiling futures-util v0.3.31
[INFO] [stderr]    Compiling futures-channel v0.3.31
[INFO] [stderr]    Compiling quote v1.0.37
[INFO] [stderr]    Compiling syn v2.0.86
[INFO] [stderr]    Compiling getrandom v0.2.15
[INFO] [stderr]    Compiling uuid v1.11.0
[INFO] [stderr]    Compiling thiserror-impl v1.0.66
[INFO] [stderr]    Compiling num_enum_derive v0.7.3
[INFO] [stderr]    Compiling num_enum v0.7.3
[INFO] [stderr]    Compiling aldrin-core v0.8.0
[INFO] [stderr]    Compiling aldrin-broker v0.8.0 (/opt/rustwide/workdir)
[INFO] [stderr]     Finished `dev` profile [unoptimized + debuginfo] target(s) in 6.28s
[INFO] running `Command { std: "docker" "inspect" "2ddab798f889197820592136ddc4560b5a1a2c033ad6401d1970417567b230d6", kill_on_drop: false }`
[INFO] running `Command { std: "docker" "rm" "-f" "2ddab798f889197820592136ddc4560b5a1a2c033ad6401d1970417567b230d6", kill_on_drop: false }`
[INFO] [stdout] 2ddab798f889197820592136ddc4560b5a1a2c033ad6401d1970417567b230d6
[INFO] running `Command { std: "docker" "create" "-v" "/var/lib/crater-agent-workspace/builds/worker-1-tc2/target:/opt/rustwide/target:rw,Z" "-v" "/var/lib/crater-agent-workspace/builds/worker-1-tc2/source:/opt/rustwide/workdir:ro,Z" "-v" "/var/lib/crater-agent-workspace/cargo-home:/opt/rustwide/cargo-home:ro,Z" "-v" "/var/lib/crater-agent-workspace/rustup-home:/opt/rustwide/rustup-home:ro,Z" "-e" "SOURCE_DIR=/opt/rustwide/workdir" "-e" "CARGO_TARGET_DIR=/opt/rustwide/target" "-e" "CARGO_INCREMENTAL=0" "-e" "RUST_BACKTRACE=full" "-e" "RUSTFLAGS=--cap-lints=forbid -Zrandomize-layout" "-e" "RUSTDOCFLAGS=--cap-lints=forbid" "-e" "CARGO_HOME=/opt/rustwide/cargo-home" "-e" "RUSTUP_HOME=/opt/rustwide/rustup-home" "-w" "/opt/rustwide/workdir" "-m" "1610612736" "--user" "0:0" "--network" "none" "ghcr.io/rust-lang/crates-build-env/linux@sha256:4a844ea9eb2546a2d2c7022eacef16ef2e8229c7fbb2c7d4d55a9ceca922f72d" "/opt/rustwide/cargo-home/bin/cargo" "+nightly-2024-10-28" "test" "--frozen" "--no-run" "--message-format=json", kill_on_drop: false }`
[INFO] [stdout] 9f880697317dbf7076f05dfc7c6269cc4594becf6de74484de688b4803f503b9
[INFO] running `Command { std: "docker" "start" "-a" "9f880697317dbf7076f05dfc7c6269cc4594becf6de74484de688b4803f503b9", kill_on_drop: false }`
[INFO] [stderr]    Compiling libc v0.2.161
[INFO] [stderr]    Compiling anyhow v1.0.91
[INFO] [stderr]    Compiling syn v2.0.86
[INFO] [stderr]    Compiling getrandom v0.2.15
[INFO] [stderr]    Compiling mio v1.0.2
[INFO] [stderr]    Compiling socket2 v0.5.7
[INFO] [stderr]    Compiling uuid v1.11.0
[INFO] [stderr]    Compiling num_enum_derive v0.7.3
[INFO] [stderr]    Compiling thiserror-impl v1.0.66
[INFO] [stderr]    Compiling tokio-macros v2.4.0
[INFO] [stderr]    Compiling tokio v1.41.0
[INFO] [stderr]    Compiling num_enum v0.7.3
[INFO] [stderr]    Compiling thiserror v1.0.66
[INFO] [stderr]    Compiling aldrin-core v0.8.0
[INFO] [stderr]    Compiling aldrin-broker v0.8.0 (/opt/rustwide/workdir)
[INFO] [stdout] error[E0433]: failed to resolve: use of undeclared crate or module `aldrin`
[INFO] [stdout]    --> src/broker/handle.rs:448:9
[INFO] [stdout]     |
[INFO] [stdout] 448 |     use aldrin::core::ProtocolVersion;
[INFO] [stdout]     |         ^^^^^^ use of undeclared crate or module `aldrin`
[INFO] [stdout] 
[INFO] [stdout] 
[INFO] [stdout] error[E0433]: failed to resolve: use of undeclared crate or module `aldrin`
[INFO] [stdout]   --> src/broker/test.rs:15:5
[INFO] [stdout]    |
[INFO] [stdout] 15 | use aldrin::low_level::{Proxy, ServiceInfo};
[INFO] [stdout]    |     ^^^^^^ use of undeclared crate or module `aldrin`
[INFO] [stdout] 
[INFO] [stdout] 
[INFO] [stdout] error[E0432]: unresolved imports `crate::core::channel`, `crate::core::channel`
[INFO] [stdout]   --> src/broker/test.rs:1:18
[INFO] [stdout]    |
[INFO] [stdout] 1  | use crate::core::channel::{self, Disconnected, Unbounded};
[INFO] [stdout]    |                  ^^^^^^^   ^^^^ no `channel` in the root
[INFO] [stdout]    |                  |
[INFO] [stdout]    |                  could not find `channel` in `core`
[INFO] [stdout]    |
[INFO] [stdout]    = help: consider importing this module instead:
[INFO] [stdout]            crate::broker::channel
[INFO] [stdout] note: found an item that was configured out
[INFO] [stdout]   --> /opt/rustwide/cargo-home/registry/src/index.crates.io-6f17d22bba15001f/aldrin-core-0.8.0/src/lib.rs:23:9
[INFO] [stdout]    |
[INFO] [stdout] 23 | pub mod channel;
[INFO] [stdout]    |         ^^^^^^^
[INFO] [stdout] note: the item is gated behind the `channel` feature
[INFO] [stdout]   --> /opt/rustwide/cargo-home/registry/src/index.crates.io-6f17d22bba15001f/aldrin-core-0.8.0/src/lib.rs:22:7
[INFO] [stdout]    |
[INFO] [stdout] 22 | #[cfg(feature = "channel")]
[INFO] [stdout]    |       ^^^^^^^^^^^^^^^^^^^
[INFO] [stdout] note: found an item that was configured out
[INFO] [stdout]   --> /opt/rustwide/cargo-home/registry/src/index.crates.io-6f17d22bba15001f/aldrin-core-0.8.0/src/lib.rs:23:9
[INFO] [stdout]    |
[INFO] [stdout] 23 | pub mod channel;
[INFO] [stdout]    |         ^^^^^^^
[INFO] [stdout] note: the item is gated behind the `channel` feature
[INFO] [stdout]   --> /opt/rustwide/cargo-home/registry/src/index.crates.io-6f17d22bba15001f/aldrin-core-0.8.0/src/lib.rs:22:7
[INFO] [stdout]    |
[INFO] [stdout] 22 | #[cfg(feature = "channel")]
[INFO] [stdout]    |       ^^^^^^^^^^^^^^^^^^^
[INFO] [stdout] 
[INFO] [stdout] 
[INFO] [stdout] error[E0433]: failed to resolve: use of undeclared crate or module `aldrin_test`
[INFO] [stdout]   --> src/broker/test.rs:17:5
[INFO] [stdout]    |
[INFO] [stdout] 17 | use aldrin_test::tokio::TestBroker;
[INFO] [stdout]    |     ^^^^^^^^^^^ use of undeclared crate or module `aldrin_test`
[INFO] [stdout] 
[INFO] [stdout] 
[INFO] [stdout] error[E0432]: unresolved import `aldrin`
[INFO] [stdout]   --> src/broker/test.rs:16:5
[INFO] [stdout]    |
[INFO] [stdout] 16 | use aldrin::Client;
[INFO] [stdout]    |     ^^^^^^ use of undeclared crate or module `aldrin`
[INFO] [stdout] 
[INFO] [stdout] 
[INFO] [stdout] Some errors have detailed explanations: E0432, E0433.
[INFO] [stdout] 
[INFO] [stdout] For more information about an error, try `rustc --explain E0432`.
[INFO] [stdout] 
[INFO] [stderr] error: could not compile `aldrin-broker` (lib test) due to 5 previous errors
[INFO] running `Command { std: "docker" "inspect" "9f880697317dbf7076f05dfc7c6269cc4594becf6de74484de688b4803f503b9", kill_on_drop: false }`
[INFO] running `Command { std: "docker" "rm" "-f" "9f880697317dbf7076f05dfc7c6269cc4594becf6de74484de688b4803f503b9", kill_on_drop: false }`
[INFO] [stdout] 9f880697317dbf7076f05dfc7c6269cc4594becf6de74484de688b4803f503b9
