[INFO] fetching crate akinator-py 0.2.1...
[INFO] testing akinator-py-0.2.1 against nightly-2024-10-28 for randomize-layout
[INFO] extracting crate akinator-py 0.2.1 into /workspace/builds/worker-2-tc1/source
[INFO] validating manifest of crates.io crate akinator-py 0.2.1 on toolchain nightly-2024-10-28
[INFO] running `Command { std: CARGO_HOME="/workspace/cargo-home" RUSTUP_HOME="/workspace/rustup-home" "/workspace/cargo-home/bin/cargo" "+nightly-2024-10-28" "metadata" "--manifest-path" "Cargo.toml" "--no-deps", kill_on_drop: false }`
[INFO] started tweaking crates.io crate akinator-py 0.2.1
[INFO] finished tweaking crates.io crate akinator-py 0.2.1
[INFO] tweaked toml for crates.io crate akinator-py 0.2.1 written to /workspace/builds/worker-2-tc1/source/Cargo.toml
[INFO] running `Command { std: CARGO_HOME="/workspace/cargo-home" RUSTUP_HOME="/workspace/rustup-home" "/workspace/cargo-home/bin/cargo" "+nightly-2024-10-28" "generate-lockfile" "--manifest-path" "Cargo.toml", kill_on_drop: false }`
[INFO] [stderr]     Updating crates.io index
[INFO] [stderr]      Locking 145 packages to latest compatible versions
[INFO] [stderr]       Adding pyo3 v0.16.6 (available: v0.22.5)
[INFO] [stderr]       Adding pyo3-asyncio v0.16.0 (available: v0.20.0)
[INFO] running `Command { std: CARGO_HOME="/workspace/cargo-home" RUSTUP_HOME="/workspace/rustup-home" "/workspace/cargo-home/bin/cargo" "+nightly-2024-10-28" "fetch" "--manifest-path" "Cargo.toml", kill_on_drop: false }`
[INFO] [stderr]  Downloading crates ...
[INFO] [stderr]   Downloaded indoc v1.0.9
[INFO] [stderr]   Downloaded akinator-rs v0.1.13
[INFO] [stderr]   Downloaded pyo3-macros v0.16.6
[INFO] [stderr]   Downloaded pyo3-build-config v0.16.6
[INFO] [stderr]   Downloaded pyo3-asyncio v0.16.0
[INFO] [stderr]   Downloaded pyo3-ffi v0.16.6
[INFO] [stderr]   Downloaded pyo3-macros-backend v0.16.6
[INFO] [stderr]   Downloaded unindent v0.1.11
[INFO] [stderr]   Downloaded pyo3 v0.16.6
[INFO] running `Command { std: "docker" "create" "-v" "/var/lib/crater-agent-workspace/builds/worker-2-tc1/target:/opt/rustwide/target:rw,Z" "-v" "/var/lib/crater-agent-workspace/builds/worker-2-tc1/source:/opt/rustwide/workdir:ro,Z" "-v" "/var/lib/crater-agent-workspace/cargo-home:/opt/rustwide/cargo-home:ro,Z" "-v" "/var/lib/crater-agent-workspace/rustup-home:/opt/rustwide/rustup-home:ro,Z" "-e" "SOURCE_DIR=/opt/rustwide/workdir" "-e" "CARGO_TARGET_DIR=/opt/rustwide/target" "-e" "CARGO_HOME=/opt/rustwide/cargo-home" "-e" "RUSTUP_HOME=/opt/rustwide/rustup-home" "-w" "/opt/rustwide/workdir" "-m" "1610612736" "--user" "0:0" "--network" "none" "ghcr.io/rust-lang/crates-build-env/linux@sha256:4a844ea9eb2546a2d2c7022eacef16ef2e8229c7fbb2c7d4d55a9ceca922f72d" "/opt/rustwide/cargo-home/bin/cargo" "+nightly-2024-10-28" "metadata" "--no-deps" "--format-version=1", kill_on_drop: false }`
[INFO] [stdout] 5e4bda5383fc1a14a76825760dd4e48e569b1afefe73bfddff1f482a97374e28
[INFO] running `Command { std: "docker" "start" "-a" "5e4bda5383fc1a14a76825760dd4e48e569b1afefe73bfddff1f482a97374e28", kill_on_drop: false }`
[INFO] running `Command { std: "docker" "inspect" "5e4bda5383fc1a14a76825760dd4e48e569b1afefe73bfddff1f482a97374e28", kill_on_drop: false }`
[INFO] running `Command { std: "docker" "rm" "-f" "5e4bda5383fc1a14a76825760dd4e48e569b1afefe73bfddff1f482a97374e28", kill_on_drop: false }`
[INFO] [stdout] 5e4bda5383fc1a14a76825760dd4e48e569b1afefe73bfddff1f482a97374e28
[INFO] running `Command { std: "docker" "create" "-v" "/var/lib/crater-agent-workspace/builds/worker-2-tc1/target:/opt/rustwide/target:rw,Z" "-v" "/var/lib/crater-agent-workspace/builds/worker-2-tc1/source:/opt/rustwide/workdir:ro,Z" "-v" "/var/lib/crater-agent-workspace/cargo-home:/opt/rustwide/cargo-home:ro,Z" "-v" "/var/lib/crater-agent-workspace/rustup-home:/opt/rustwide/rustup-home:ro,Z" "-e" "SOURCE_DIR=/opt/rustwide/workdir" "-e" "CARGO_TARGET_DIR=/opt/rustwide/target" "-e" "CARGO_INCREMENTAL=0" "-e" "RUST_BACKTRACE=full" "-e" "RUSTFLAGS=--cap-lints=forbid" "-e" "RUSTDOCFLAGS=--cap-lints=forbid" "-e" "CARGO_HOME=/opt/rustwide/cargo-home" "-e" "RUSTUP_HOME=/opt/rustwide/rustup-home" "-w" "/opt/rustwide/workdir" "-m" "1610612736" "--user" "0:0" "--network" "none" "ghcr.io/rust-lang/crates-build-env/linux@sha256:4a844ea9eb2546a2d2c7022eacef16ef2e8229c7fbb2c7d4d55a9ceca922f72d" "/opt/rustwide/cargo-home/bin/cargo" "+nightly-2024-10-28" "build" "--frozen" "--message-format=json", kill_on_drop: false }`
[INFO] [stdout] a19c604e8e4c687a984f7e4e4d0fbe158851188216f2f55d55acebce6b14a2e5
[INFO] running `Command { std: "docker" "start" "-a" "a19c604e8e4c687a984f7e4e4d0fbe158851188216f2f55d55acebce6b14a2e5", kill_on_drop: false }`
[INFO] [stderr]    Compiling target-lexicon v0.12.16
[INFO] [stderr]    Compiling futures-channel v0.3.31
[INFO] [stderr]    Compiling futures-task v0.3.31
[INFO] [stderr]    Compiling futures-io v0.3.31
[INFO] [stderr]    Compiling syn v2.0.86
[INFO] [stderr]    Compiling parking_lot_core v0.9.10
[INFO] [stderr]    Compiling signal-hook-registry v1.4.2
[INFO] [stderr]    Compiling rustls v0.21.12
[INFO] [stderr]    Compiling sct v0.7.1
[INFO] [stderr]    Compiling rustls-webpki v0.101.7
[INFO] [stderr]    Compiling syn v1.0.109
[INFO] [stderr]    Compiling encoding_rs v0.8.35
[INFO] [stderr]    Compiling unindent v0.1.11
[INFO] [stderr]    Compiling indoc v1.0.9
[INFO] [stderr]    Compiling parking_lot v0.12.3
[INFO] [stderr]    Compiling pyo3-build-config v0.16.6
[INFO] [stderr]    Compiling pyo3-ffi v0.16.6
[INFO] [stderr]    Compiling pyo3 v0.16.6
[INFO] [stderr]    Compiling futures-macro v0.3.31
[INFO] [stderr]    Compiling tokio-macros v2.4.0
[INFO] [stderr]    Compiling serde_derive v1.0.214
[INFO] [stderr]    Compiling thiserror-impl v1.0.66
[INFO] [stderr]    Compiling pyo3-macros-backend v0.16.6
[INFO] [stderr]    Compiling tokio v1.41.0
[INFO] [stderr]    Compiling futures-util v0.3.31
[INFO] [stderr]    Compiling thiserror v1.0.66
[INFO] [stderr]    Compiling pyo3-macros v0.16.6
[INFO] [stderr]    Compiling serde v1.0.214
[INFO] [stderr]    Compiling futures-executor v0.3.31
[INFO] [stderr]    Compiling futures v0.3.31
[INFO] [stderr]    Compiling tokio-util v0.7.12
[INFO] [stderr]    Compiling tokio-rustls v0.24.1
[INFO] [stderr]    Compiling pyo3-asyncio v0.16.0
[INFO] [stderr]    Compiling serde_urlencoded v0.7.1
[INFO] [stderr]    Compiling serde_json v1.0.132
[INFO] [stderr]    Compiling h2 v0.3.26
[INFO] [stderr]    Compiling hyper v0.14.31
[INFO] [stderr]    Compiling hyper-rustls v0.24.2
[INFO] [stderr]    Compiling reqwest v0.11.27
[INFO] [stderr]    Compiling akinator-rs v0.1.13
[INFO] [stderr]    Compiling akinator-py v0.2.1 (/opt/rustwide/workdir)
[INFO] [stdout] error[E0599]: no method named `with_theme` found for enum `Result` in the current scope
[INFO] [stdout]    --> src/blocking_akinator.rs:54:33
[INFO] [stdout]     |
[INFO] [stdout] 54  |             akinator = akinator.with_theme(theme.into());
[INFO] [stdout]     |                                 ^^^^^^^^^^ method not found in `Result<Akinator, Error>`
[INFO] [stdout]     |
[INFO] [stdout] note: the method `with_theme` exists on the type `akinator_rs::Akinator`
[INFO] [stdout]    --> /opt/rustwide/cargo-home/registry/src/index.crates.io-6f17d22bba15001f/akinator-rs-0.1.13/src/lib.rs:145:5
[INFO] [stdout]     |
[INFO] [stdout] 145 |     pub const fn with_theme(mut self, theme: Theme) -> Self {
[INFO] [stdout]     |     ^^^^^^^^^^^^^^^^^^^^^^^^^^^^^^^^^^^^^^^^^^^^^^^^^^^^^^^
[INFO] [stdout] help: consider using `Result::expect` to unwrap the `akinator_rs::Akinator` value, panicking if the value is a `Result::Err`
[INFO] [stdout]     |
[INFO] [stdout] 54  |             akinator = akinator.expect("REASON").with_theme(theme.into());
[INFO] [stdout]     |                                +++++++++++++++++
[INFO] [stdout] 
[INFO] [stdout] 
[INFO] [stdout] error[E0599]: no method named `with_language` found for enum `Result` in the current scope
[INFO] [stdout]    --> src/blocking_akinator.rs:58:33
[INFO] [stdout]     |
[INFO] [stdout] 58  |             akinator = akinator.with_language(language.into());
[INFO] [stdout]     |                                 ^^^^^^^^^^^^^ method not found in `Result<Akinator, Error>`
[INFO] [stdout]     |
[INFO] [stdout] note: the method `with_language` exists on the type `akinator_rs::Akinator`
[INFO] [stdout]    --> /opt/rustwide/cargo-home/registry/src/index.crates.io-6f17d22bba15001f/akinator-rs-0.1.13/src/lib.rs:152:5
[INFO] [stdout]     |
[INFO] [stdout] 152 |     pub const fn with_language(mut self, language: Language) -> Self {
[INFO] [stdout]     |     ^^^^^^^^^^^^^^^^^^^^^^^^^^^^^^^^^^^^^^^^^^^^^^^^^^^^^^^^^^^^^^^^
[INFO] [stdout] help: consider using `Result::expect` to unwrap the `akinator_rs::Akinator` value, panicking if the value is a `Result::Err`
[INFO] [stdout]     |
[INFO] [stdout] 58  |             akinator = akinator.expect("REASON").with_language(language.into());
[INFO] [stdout]     |                                +++++++++++++++++
[INFO] [stdout] 
[INFO] [stdout] 
[INFO] [stdout] error[E0599]: no method named `with_child_mode` found for enum `Result` in the current scope
[INFO] [stdout]    --> src/blocking_akinator.rs:62:33
[INFO] [stdout]     |
[INFO] [stdout] 62  |             akinator = akinator.with_child_mode();
[INFO] [stdout]     |                                 ^^^^^^^^^^^^^^^ method not found in `Result<Akinator, Error>`
[INFO] [stdout]     |
[INFO] [stdout] note: the method `with_child_mode` exists on the type `akinator_rs::Akinator`
[INFO] [stdout]    --> /opt/rustwide/cargo-home/registry/src/index.crates.io-6f17d22bba15001f/akinator-rs-0.1.13/src/lib.rs:159:5
[INFO] [stdout]     |
[INFO] [stdout] 159 |     pub const fn with_child_mode(mut self) -> Self {
[INFO] [stdout]     |     ^^^^^^^^^^^^^^^^^^^^^^^^^^^^^^^^^^^^^^^^^^^^^^
[INFO] [stdout] help: consider using `Result::expect` to unwrap the `akinator_rs::Akinator` value, panicking if the value is a `Result::Err`
[INFO] [stdout]     |
[INFO] [stdout] 62  |             akinator = akinator.expect("REASON").with_child_mode();
[INFO] [stdout]     |                                +++++++++++++++++
[INFO] [stdout] 
[INFO] [stdout] 
[INFO] [stdout] error[E0308]: mismatched types
[INFO] [stdout]   --> src/blocking_akinator.rs:65:14
[INFO] [stdout]    |
[INFO] [stdout] 65 |         Self(akinator)
[INFO] [stdout]    |         ---- ^^^^^^^^ expected `Akinator`, found `Result<Akinator, Error>`
[INFO] [stdout]    |         |
[INFO] [stdout]    |         arguments to this function are incorrect
[INFO] [stdout]    |
[INFO] [stdout]    = note: expected struct `akinator_rs::Akinator`
[INFO] [stdout]                 found enum `Result<akinator_rs::Akinator, akinator_rs::error::Error>`
[INFO] [stdout] note: tuple struct defined here
[INFO] [stdout]   --> src/blocking_akinator.rs:37:12
[INFO] [stdout]    |
[INFO] [stdout] 37 | pub struct Akinator(
[INFO] [stdout]    |            ^^^^^^^^
[INFO] [stdout] help: consider using `Result::expect` to unwrap the `Result<akinator_rs::Akinator, akinator_rs::error::Error>` value, panicking if the value is a `Result::Err`
[INFO] [stdout]    |
[INFO] [stdout] 65 |         Self(akinator.expect("REASON"))
[INFO] [stdout]    |                      +++++++++++++++++
[INFO] [stdout] 
[INFO] [stdout] 
[INFO] [stdout] error[E0599]: no method named `with_theme` found for enum `Result` in the current scope
[INFO] [stdout]    --> src/async_akinator.rs:59:33
[INFO] [stdout]     |
[INFO] [stdout] 59  |             akinator = akinator.with_theme(theme.into());
[INFO] [stdout]     |                                 ^^^^^^^^^^ method not found in `Result<Akinator, Error>`
[INFO] [stdout]     |
[INFO] [stdout] note: the method `with_theme` exists on the type `akinator_rs::Akinator`
[INFO] [stdout]    --> /opt/rustwide/cargo-home/registry/src/index.crates.io-6f17d22bba15001f/akinator-rs-0.1.13/src/lib.rs:145:5
[INFO] [stdout]     |
[INFO] [stdout] 145 |     pub const fn with_theme(mut self, theme: Theme) -> Self {
[INFO] [stdout]     |     ^^^^^^^^^^^^^^^^^^^^^^^^^^^^^^^^^^^^^^^^^^^^^^^^^^^^^^^
[INFO] [stdout] help: consider using `Result::expect` to unwrap the `akinator_rs::Akinator` value, panicking if the value is a `Result::Err`
[INFO] [stdout]     |
[INFO] [stdout] 59  |             akinator = akinator.expect("REASON").with_theme(theme.into());
[INFO] [stdout]     |                                +++++++++++++++++
[INFO] [stdout] 
[INFO] [stdout] 
[INFO] [stdout] error[E0599]: no method named `with_language` found for enum `Result` in the current scope
[INFO] [stdout]    --> src/async_akinator.rs:63:33
[INFO] [stdout]     |
[INFO] [stdout] 63  |             akinator = akinator.with_language(language.into());
[INFO] [stdout]     |                                 ^^^^^^^^^^^^^ method not found in `Result<Akinator, Error>`
[INFO] [stdout]     |
[INFO] [stdout] note: the method `with_language` exists on the type `akinator_rs::Akinator`
[INFO] [stdout]    --> /opt/rustwide/cargo-home/registry/src/index.crates.io-6f17d22bba15001f/akinator-rs-0.1.13/src/lib.rs:152:5
[INFO] [stdout]     |
[INFO] [stdout] 152 |     pub const fn with_language(mut self, language: Language) -> Self {
[INFO] [stdout]     |     ^^^^^^^^^^^^^^^^^^^^^^^^^^^^^^^^^^^^^^^^^^^^^^^^^^^^^^^^^^^^^^^^
[INFO] [stdout] help: consider using `Result::expect` to unwrap the `akinator_rs::Akinator` value, panicking if the value is a `Result::Err`
[INFO] [stdout]     |
[INFO] [stdout] 63  |             akinator = akinator.expect("REASON").with_language(language.into());
[INFO] [stdout]     |                                +++++++++++++++++
[INFO] [stdout] 
[INFO] [stdout] 
[INFO] [stdout] error[E0599]: no method named `with_child_mode` found for enum `Result` in the current scope
[INFO] [stdout]    --> src/async_akinator.rs:67:33
[INFO] [stdout]     |
[INFO] [stdout] 67  |             akinator = akinator.with_child_mode();
[INFO] [stdout]     |                                 ^^^^^^^^^^^^^^^ method not found in `Result<Akinator, Error>`
[INFO] [stdout]     |
[INFO] [stdout] note: the method `with_child_mode` exists on the type `akinator_rs::Akinator`
[INFO] [stdout]    --> /opt/rustwide/cargo-home/registry/src/index.crates.io-6f17d22bba15001f/akinator-rs-0.1.13/src/lib.rs:159:5
[INFO] [stdout]     |
[INFO] [stdout] 159 |     pub const fn with_child_mode(mut self) -> Self {
[INFO] [stdout]     |     ^^^^^^^^^^^^^^^^^^^^^^^^^^^^^^^^^^^^^^^^^^^^^^
[INFO] [stdout] help: consider using `Result::expect` to unwrap the `akinator_rs::Akinator` value, panicking if the value is a `Result::Err`
[INFO] [stdout]     |
[INFO] [stdout] 67  |             akinator = akinator.expect("REASON").with_child_mode();
[INFO] [stdout]     |                                +++++++++++++++++
[INFO] [stdout] 
[INFO] [stdout] 
[INFO] [stdout] error[E0308]: mismatched types
[INFO] [stdout]    --> src/async_akinator.rs:71:34
[INFO] [stdout]     |
[INFO] [stdout] 71  |             Arc::new(RwLock::new(akinator))
[INFO] [stdout]     |                      ----------- ^^^^^^^^ expected `Akinator`, found `Result<Akinator, Error>`
[INFO] [stdout]     |                      |
[INFO] [stdout]     |                      arguments to this function are incorrect
[INFO] [stdout]     |
[INFO] [stdout]     = note: expected struct `akinator_rs::Akinator`
[INFO] [stdout]                  found enum `Result<akinator_rs::Akinator, akinator_rs::error::Error>`
[INFO] [stdout] note: associated function defined here
[INFO] [stdout]    --> /opt/rustwide/cargo-home/registry/src/index.crates.io-6f17d22bba15001f/tokio-1.41.0/src/sync/rwlock.rs:204:12
[INFO] [stdout]     |
[INFO] [stdout] 204 |     pub fn new(value: T) -> RwLock<T>
[INFO] [stdout]     |            ^^^
[INFO] [stdout] help: consider using `Result::expect` to unwrap the `Result<akinator_rs::Akinator, akinator_rs::error::Error>` value, panicking if the value is a `Result::Err`
[INFO] [stdout]     |
[INFO] [stdout] 71  |             Arc::new(RwLock::new(akinator.expect("REASON")))
[INFO] [stdout]     |                                          +++++++++++++++++
[INFO] [stdout] 
[INFO] [stdout] 
[INFO] [stdout] Some errors have detailed explanations: E0308, E0599.
[INFO] [stdout] 
[INFO] [stdout] For more information about an error, try `rustc --explain E0308`.
[INFO] [stdout] 
[INFO] [stderr] error: could not compile `akinator-py` (lib) due to 8 previous errors
[INFO] running `Command { std: "docker" "inspect" "a19c604e8e4c687a984f7e4e4d0fbe158851188216f2f55d55acebce6b14a2e5", kill_on_drop: false }`
[INFO] running `Command { std: "docker" "rm" "-f" "a19c604e8e4c687a984f7e4e4d0fbe158851188216f2f55d55acebce6b14a2e5", kill_on_drop: false }`
[INFO] [stdout] a19c604e8e4c687a984f7e4e4d0fbe158851188216f2f55d55acebce6b14a2e5
