[INFO] fetching crate air-codegen-masm 0.1.0...
[INFO] testing air-codegen-masm-0.1.0 against nightly-2024-10-28+rustflags=-Zrandomize-layout for randomize-layout
[INFO] extracting crate air-codegen-masm 0.1.0 into /workspace/builds/worker-6-tc2/source
[INFO] validating manifest of crates.io crate air-codegen-masm 0.1.0 on toolchain nightly-2024-10-28
[INFO] running `Command { std: CARGO_HOME="/workspace/cargo-home" RUSTUP_HOME="/workspace/rustup-home" "/workspace/cargo-home/bin/cargo" "+nightly-2024-10-28" "metadata" "--manifest-path" "Cargo.toml" "--no-deps", kill_on_drop: false }`
[INFO] started tweaking crates.io crate air-codegen-masm 0.1.0
[INFO] finished tweaking crates.io crate air-codegen-masm 0.1.0
[INFO] tweaked toml for crates.io crate air-codegen-masm 0.1.0 written to /workspace/builds/worker-6-tc2/source/Cargo.toml
[INFO] running `Command { std: CARGO_HOME="/workspace/cargo-home" RUSTUP_HOME="/workspace/rustup-home" "/workspace/cargo-home/bin/cargo" "+nightly-2024-10-28" "generate-lockfile" "--manifest-path" "Cargo.toml", kill_on_drop: false }`
[INFO] [stderr]     Updating crates.io index
[INFO] [stderr]      Locking 121 packages to latest compatible versions
[INFO] [stderr]       Adding miden-assembly v0.6.1 (available: v0.10.5)
[INFO] [stderr]       Adding miden-core v0.6.1 (available: v0.10.5)
[INFO] [stderr]       Adding miden-processor v0.6.1 (available: v0.10.6)
[INFO] [stderr]       Adding winter-air v0.6.4 (available: v0.10.1)
[INFO] [stderr]       Adding winter-math v0.6.5 (available: v0.10.1)
[INFO] running `Command { std: CARGO_HOME="/workspace/cargo-home" RUSTUP_HOME="/workspace/rustup-home" "/workspace/cargo-home/bin/cargo" "+nightly-2024-10-28" "fetch" "--manifest-path" "Cargo.toml", kill_on_drop: false }`
[INFO] running `Command { std: "docker" "create" "-v" "/var/lib/crater-agent-workspace/builds/worker-6-tc2/target:/opt/rustwide/target:rw,Z" "-v" "/var/lib/crater-agent-workspace/builds/worker-6-tc2/source:/opt/rustwide/workdir:ro,Z" "-v" "/var/lib/crater-agent-workspace/cargo-home:/opt/rustwide/cargo-home:ro,Z" "-v" "/var/lib/crater-agent-workspace/rustup-home:/opt/rustwide/rustup-home:ro,Z" "-e" "SOURCE_DIR=/opt/rustwide/workdir" "-e" "CARGO_TARGET_DIR=/opt/rustwide/target" "-e" "CARGO_HOME=/opt/rustwide/cargo-home" "-e" "RUSTUP_HOME=/opt/rustwide/rustup-home" "-w" "/opt/rustwide/workdir" "-m" "1610612736" "--user" "0:0" "--network" "none" "ghcr.io/rust-lang/crates-build-env/linux@sha256:4a844ea9eb2546a2d2c7022eacef16ef2e8229c7fbb2c7d4d55a9ceca922f72d" "/opt/rustwide/cargo-home/bin/cargo" "+nightly-2024-10-28" "metadata" "--no-deps" "--format-version=1", kill_on_drop: false }`
[INFO] [stdout] c93f284be8df5d1b5bd47216ecb10112b28760e2e074f7b076b7ce0c78c63011
[INFO] running `Command { std: "docker" "start" "-a" "c93f284be8df5d1b5bd47216ecb10112b28760e2e074f7b076b7ce0c78c63011", kill_on_drop: false }`
[INFO] running `Command { std: "docker" "inspect" "c93f284be8df5d1b5bd47216ecb10112b28760e2e074f7b076b7ce0c78c63011", kill_on_drop: false }`
[INFO] running `Command { std: "docker" "rm" "-f" "c93f284be8df5d1b5bd47216ecb10112b28760e2e074f7b076b7ce0c78c63011", kill_on_drop: false }`
[INFO] [stdout] c93f284be8df5d1b5bd47216ecb10112b28760e2e074f7b076b7ce0c78c63011
[INFO] running `Command { std: "docker" "create" "-v" "/var/lib/crater-agent-workspace/builds/worker-6-tc2/target:/opt/rustwide/target:rw,Z" "-v" "/var/lib/crater-agent-workspace/builds/worker-6-tc2/source:/opt/rustwide/workdir:ro,Z" "-v" "/var/lib/crater-agent-workspace/cargo-home:/opt/rustwide/cargo-home:ro,Z" "-v" "/var/lib/crater-agent-workspace/rustup-home:/opt/rustwide/rustup-home:ro,Z" "-e" "SOURCE_DIR=/opt/rustwide/workdir" "-e" "CARGO_TARGET_DIR=/opt/rustwide/target" "-e" "CARGO_INCREMENTAL=0" "-e" "RUST_BACKTRACE=full" "-e" "RUSTFLAGS=--cap-lints=forbid -Zrandomize-layout" "-e" "RUSTDOCFLAGS=--cap-lints=forbid" "-e" "CARGO_HOME=/opt/rustwide/cargo-home" "-e" "RUSTUP_HOME=/opt/rustwide/rustup-home" "-w" "/opt/rustwide/workdir" "-m" "1610612736" "--user" "0:0" "--network" "none" "ghcr.io/rust-lang/crates-build-env/linux@sha256:4a844ea9eb2546a2d2c7022eacef16ef2e8229c7fbb2c7d4d55a9ceca922f72d" "/opt/rustwide/cargo-home/bin/cargo" "+nightly-2024-10-28" "build" "--frozen" "--message-format=json", kill_on_drop: false }`
[INFO] [stdout] 13a139087226083e70f5056676fa3b5ac88c5ceda32e78eff9343df02d9e2674
[INFO] running `Command { std: "docker" "start" "-a" "13a139087226083e70f5056676fa3b5ac88c5ceda32e78eff9343df02d9e2674", kill_on_drop: false }`
[INFO] [stderr]    Compiling libc v0.2.161
[INFO] [stderr]    Compiling crunchy v0.2.2
[INFO] [stderr]    Compiling siphasher v0.3.11
[INFO] [stderr]    Compiling generic-array v0.14.7
[INFO] [stderr]    Compiling ahash v0.7.8
[INFO] [stderr]    Compiling regex-syntax v0.8.5
[INFO] [stderr]    Compiling fixedbitset v0.4.2
[INFO] [stderr]    Compiling tiny-keccak v2.0.2
[INFO] [stderr]    Compiling either v1.13.0
[INFO] [stderr]    Compiling same-file v1.0.6
[INFO] [stderr]    Compiling log v0.4.22
[INFO] [stderr]    Compiling bit-vec v0.6.3
[INFO] [stderr]    Compiling precomputed-hash v0.1.1
[INFO] [stderr]    Compiling termcolor v1.4.1
[INFO] [stderr]    Compiling new_debug_unreachable v1.0.6
[INFO] [stderr]    Compiling unicode-width v0.1.14
[INFO] [stderr]    Compiling syn v2.0.86
[INFO] [stderr]    Compiling blake3 v1.5.4
[INFO] [stderr]    Compiling walkdir v2.5.0
[INFO] [stderr]    Compiling thiserror v1.0.66
[INFO] [stderr]    Compiling phf_shared v0.10.0
[INFO] [stderr]    Compiling itertools v0.11.0
[INFO] [stderr]    Compiling bit-set v0.5.3
[INFO] [stderr]    Compiling ena v0.14.3
[INFO] [stderr]    Compiling petgraph v0.6.5
[INFO] [stderr]    Compiling unicode-xid v0.2.6
[INFO] [stderr]    Compiling lalrpop-util v0.20.2
[INFO] [stderr]    Compiling codespan-reporting v0.11.1
[INFO] [stderr]    Compiling miden-diagnostics-macros v0.1.0
[INFO] [stderr]    Compiling constant_time_eq v0.3.1
[INFO] [stderr]    Compiling winter-utils v0.6.4
[INFO] [stderr]    Compiling arrayvec v0.7.6
[INFO] [stderr]    Compiling rustc-hash v1.1.0
[INFO] [stderr]    Compiling keccak v0.1.5
[INFO] [stderr]    Compiling arrayref v0.3.9
[INFO] [stderr]    Compiling anyhow v1.0.91
[INFO] [stderr]    Compiling air-pass v0.1.0
[INFO] [stderr]    Compiling winter-math v0.6.5
[INFO] [stderr]    Compiling codespan v0.11.1
[INFO] [stderr]    Compiling block-buffer v0.10.4
[INFO] [stderr]    Compiling crypto-common v0.1.6
[INFO] [stderr]    Compiling digest v0.10.7
[INFO] [stderr]    Compiling sha3 v0.10.8
[INFO] [stderr]    Compiling parking_lot_core v0.9.10
[INFO] [stderr]    Compiling dirs-sys-next v0.1.2
[INFO] [stderr]    Compiling getrandom v0.2.15
[INFO] [stderr]    Compiling num_cpus v1.16.0
[INFO] [stderr]    Compiling atty v0.2.14
[INFO] [stderr]    Compiling dirs-next v2.0.0
[INFO] [stderr]    Compiling seize v0.2.5
[INFO] [stderr]    Compiling winter-crypto v0.6.4
[INFO] [stderr]    Compiling term v0.7.0
[INFO] [stderr]    Compiling parking_lot v0.12.3
[INFO] [stderr]    Compiling string_cache v0.8.7
[INFO] [stderr]    Compiling flurry v0.4.0
[INFO] [stderr]    Compiling regex-automata v0.4.8
[INFO] [stderr]    Compiling ascii-canvas v3.0.0
[INFO] [stderr]    Compiling miden-crypto v0.6.0
[INFO] [stderr]    Compiling miden-diagnostics v0.1.0
[INFO] [stderr]    Compiling thiserror-impl v1.0.66
[INFO] [stderr]    Compiling miden-core v0.6.1
[INFO] [stderr]    Compiling miden-parsing v0.1.0
[INFO] [stderr]    Compiling regex v1.11.1
[INFO] [stderr]    Compiling lalrpop v0.20.2
[INFO] [stderr]    Compiling air-parser v0.3.0
[INFO] [stderr]    Compiling air-ir v0.3.0
[INFO] [stderr]    Compiling air-codegen-masm v0.1.0 (/opt/rustwide/workdir)
[INFO] [stderr]     Finished `dev` profile [unoptimized + debuginfo] target(s) in 12.79s
[INFO] running `Command { std: "docker" "inspect" "13a139087226083e70f5056676fa3b5ac88c5ceda32e78eff9343df02d9e2674", kill_on_drop: false }`
[INFO] running `Command { std: "docker" "rm" "-f" "13a139087226083e70f5056676fa3b5ac88c5ceda32e78eff9343df02d9e2674", kill_on_drop: false }`
[INFO] [stdout] 13a139087226083e70f5056676fa3b5ac88c5ceda32e78eff9343df02d9e2674
[INFO] running `Command { std: "docker" "create" "-v" "/var/lib/crater-agent-workspace/builds/worker-6-tc2/target:/opt/rustwide/target:rw,Z" "-v" "/var/lib/crater-agent-workspace/builds/worker-6-tc2/source:/opt/rustwide/workdir:ro,Z" "-v" "/var/lib/crater-agent-workspace/cargo-home:/opt/rustwide/cargo-home:ro,Z" "-v" "/var/lib/crater-agent-workspace/rustup-home:/opt/rustwide/rustup-home:ro,Z" "-e" "SOURCE_DIR=/opt/rustwide/workdir" "-e" "CARGO_TARGET_DIR=/opt/rustwide/target" "-e" "CARGO_INCREMENTAL=0" "-e" "RUST_BACKTRACE=full" "-e" "RUSTFLAGS=--cap-lints=forbid -Zrandomize-layout" "-e" "RUSTDOCFLAGS=--cap-lints=forbid" "-e" "CARGO_HOME=/opt/rustwide/cargo-home" "-e" "RUSTUP_HOME=/opt/rustwide/rustup-home" "-w" "/opt/rustwide/workdir" "-m" "1610612736" "--user" "0:0" "--network" "none" "ghcr.io/rust-lang/crates-build-env/linux@sha256:4a844ea9eb2546a2d2c7022eacef16ef2e8229c7fbb2c7d4d55a9ceca922f72d" "/opt/rustwide/cargo-home/bin/cargo" "+nightly-2024-10-28" "test" "--frozen" "--no-run" "--message-format=json", kill_on_drop: false }`
[INFO] [stdout] ec695cda357dd2968b96930d84bccbc6643f81ba9333eca06ced316a27cbb4e8
[INFO] running `Command { std: "docker" "start" "-a" "ec695cda357dd2968b96930d84bccbc6643f81ba9333eca06ced316a27cbb4e8", kill_on_drop: false }`
[INFO] [stderr]    Compiling ena v0.14.3
[INFO] [stderr]    Compiling toml_datetime v0.6.8
[INFO] [stderr]    Compiling winnow v0.5.40
[INFO] [stderr]    Compiling winter-fri v0.6.4
[INFO] [stderr]    Compiling lalrpop v0.20.2
[INFO] [stderr]    Compiling winter-air v0.6.4
[INFO] [stderr]    Compiling winter-prover v0.6.4
[INFO] [stderr]    Compiling miden-air v0.6.0
[INFO] [stderr]    Compiling miden-processor v0.6.1
[INFO] [stderr]    Compiling toml_edit v0.19.15
[INFO] [stderr]    Compiling proc-macro-crate v1.3.1
[INFO] [stderr]    Compiling num_enum_derive v0.6.1
[INFO] [stderr]    Compiling num_enum v0.6.1
[INFO] [stderr]    Compiling miden-assembly v0.6.1
[INFO] [stderr]    Compiling air-parser v0.3.0
[INFO] [stderr]    Compiling air-ir v0.3.0
[INFO] [stderr]    Compiling air-codegen-masm v0.1.0 (/opt/rustwide/workdir)
[INFO] [stdout] error[E0432]: unresolved import `air_pass`
[INFO] [stdout]   --> tests/utils.rs:22:9
[INFO] [stdout]    |
[INFO] [stdout] 22 |     use air_pass::Pass;
[INFO] [stdout]    |         ^^^^^^^^ use of undeclared crate or module `air_pass`
[INFO] [stdout] 
[INFO] [stdout] 
[INFO] [stdout] error[E0432]: unresolved import `air_pass`
[INFO] [stdout]   --> tests/utils.rs:22:9
[INFO] [stdout]    |
[INFO] [stdout] 22 |     use air_pass::Pass;
[INFO] [stdout]    |         ^^^^^^^^ use of undeclared crate or module `air_pass`
[INFO] [stdout] 
[INFO] [stdout] 
[INFO] [stdout] error[E0432]: unresolved import `air_pass`
[INFO] [stdout]   --> tests/utils.rs:22:9
[INFO] [stdout]    |
[INFO] [stdout] 22 |     use air_pass::Pass;
[INFO] [stdout]    |         ^^^^^^^^ use of undeclared crate or module `air_pass`
[INFO] [stdout] 
[INFO] [stdout] 
[INFO] [stdout] error[E0432]: unresolved import `air_pass`
[INFO] [stdout]   --> tests/utils.rs:22:9
[INFO] [stdout]    |
[INFO] [stdout] 22 |     use air_pass::Pass;
[INFO] [stdout]    |         ^^^^^^^^ use of undeclared crate or module `air_pass`
[INFO] [stdout] 
[INFO] [stdout] 
[INFO] [stdout] error[E0432]: unresolved import `air_pass`
[INFO] [stdout]   --> tests/utils.rs:22:9
[INFO] [stdout]    |
[INFO] [stdout] 22 |     use air_pass::Pass;
[INFO] [stdout]    |         ^^^^^^^^ use of undeclared crate or module `air_pass`
[INFO] [stdout] 
[INFO] [stdout] 
[INFO] [stdout] error[E0432]: unresolved import `air_pass`
[INFO] [stdout]   --> tests/utils.rs:22:9
[INFO] [stdout]    |
[INFO] [stdout] 22 |     use air_pass::Pass;
[INFO] [stdout]    |         ^^^^^^^^ use of undeclared crate or module `air_pass`
[INFO] [stdout] 
[INFO] [stdout] 
[INFO] [stdout] error[E0432]: unresolved import `air_pass`
[INFO] [stdout]   --> tests/utils.rs:22:9
[INFO] [stdout]    |
[INFO] [stdout] 22 |     use air_pass::Pass;
[INFO] [stdout]    |         ^^^^^^^^ use of undeclared crate or module `air_pass`
[INFO] [stdout] 
[INFO] [stdout] 
[INFO] [stdout] error[E0432]: unresolved import `air_pass`
[INFO] [stdout]   --> tests/utils.rs:22:9
[INFO] [stdout]    |
[INFO] [stdout] 22 |     use air_pass::Pass;
[INFO] [stdout]    |         ^^^^^^^^ use of undeclared crate or module `air_pass`
[INFO] [stdout] 
[INFO] [stdout] 
[INFO] [stdout] error[E0433]: failed to resolve: use of undeclared crate or module `air_parser`
[INFO] [stdout]   --> tests/utils.rs:31:32
[INFO] [stdout]    |
[INFO] [stdout] 31 |             let mut pipeline = air_parser::transforms::ConstantPropagation::new(&diagnostics)
[INFO] [stdout]    |                                ^^^^^^^^^^ use of undeclared crate or module `air_parser`
[INFO] [stdout] 
[INFO] [stdout] 
[INFO] [stdout] error[E0433]: failed to resolve: use of undeclared crate or module `air_parser`
[INFO] [stdout]   --> tests/utils.rs:32:24
[INFO] [stdout]    |
[INFO] [stdout] 32 |                 .chain(air_parser::transforms::Inlining::new(&diagnostics))
[INFO] [stdout]    |                        ^^^^^^^^^^ use of undeclared crate or module `air_parser`
[INFO] [stdout] 
[INFO] [stdout] 
[INFO] [stdout] error[E0433]: failed to resolve: use of undeclared crate or module `air_parser`
[INFO] [stdout]   --> tests/utils.rs:31:32
[INFO] [stdout]    |
[INFO] [stdout] 31 |             let mut pipeline = air_parser::transforms::ConstantPropagation::new(&diagnostics)
[INFO] [stdout]    |                                ^^^^^^^^^^ use of undeclared crate or module `air_parser`
[INFO] [stdout] 
[INFO] [stdout] 
[INFO] [stdout] error[E0433]: failed to resolve: use of undeclared crate or module `air_parser`
[INFO] [stdout]   --> tests/utils.rs:31:32
[INFO] [stdout]    |
[INFO] [stdout] 31 |             let mut pipeline = air_parser::transforms::ConstantPropagation::new(&diagnostics)
[INFO] [stdout]    |                                ^^^^^^^^^^ use of undeclared crate or module `air_parser`
[INFO] [stdout] 
[INFO] [stdout] 
[INFO] [stdout] error[E0433]: failed to resolve: use of undeclared crate or module `air_parser`
[INFO] [stdout]   --> tests/utils.rs:31:32
[INFO] [stdout]    |
[INFO] [stdout] 31 |             let mut pipeline = air_parser::transforms::ConstantPropagation::new(&diagnostics)
[INFO] [stdout]    |                                ^^^^^^^^^^ use of undeclared crate or module `air_parser`
[INFO] [stdout] 
[INFO] [stdout] 
[INFO] [stdout] error[E0433]: failed to resolve: use of undeclared crate or module `air_parser`
[INFO] [stdout]   --> tests/utils.rs:31:32
[INFO] [stdout]    |
[INFO] [stdout] 31 |             let mut pipeline = air_parser::transforms::ConstantPropagation::new(&diagnostics)
[INFO] [stdout]    |                                ^^^^^^^^^^ use of undeclared crate or module `air_parser`
[INFO] [stdout] 
[INFO] [stdout] 
[INFO] [stdout] error[E0433]: failed to resolve: use of undeclared crate or module `air_parser`
[INFO] [stdout]   --> tests/utils.rs:31:32
[INFO] [stdout]    |
[INFO] [stdout] 31 |             let mut pipeline = air_parser::transforms::ConstantPropagation::new(&diagnostics)
[INFO] [stdout]    |                                ^^^^^^^^^^ use of undeclared crate or module `air_parser`
[INFO] [stdout] 
[INFO] [stdout] 
[INFO] [stdout] error[E0433]: failed to resolve: use of undeclared crate or module `air_parser`
[INFO] [stdout]   --> tests/utils.rs:31:32
[INFO] [stdout]    |
[INFO] [stdout] 31 |             let mut pipeline = air_parser::transforms::ConstantPropagation::new(&diagnostics)
[INFO] [stdout]    |                                ^^^^^^^^^^ use of undeclared crate or module `air_parser`
[INFO] [stdout] 
[INFO] [stdout] 
[INFO] [stdout] error[E0433]: failed to resolve: use of undeclared crate or module `air_parser`
[INFO] [stdout]   --> tests/utils.rs:31:32
[INFO] [stdout]    |
[INFO] [stdout] 31 |             let mut pipeline = air_parser::transforms::ConstantPropagation::new(&diagnostics)
[INFO] [stdout]    |                                ^^^^^^^^^^ use of undeclared crate or module `air_parser`
[INFO] [stdout] 
[INFO] [stdout] 
[INFO] [stdout] error[E0433]: failed to resolve: use of undeclared crate or module `air_parser`
[INFO] [stdout]   --> tests/utils.rs:32:24
[INFO] [stdout]    |
[INFO] [stdout] 32 |                 .chain(air_parser::transforms::Inlining::new(&diagnostics))
[INFO] [stdout]    |                        ^^^^^^^^^^ use of undeclared crate or module `air_parser`
[INFO] [stdout] 
[INFO] [stdout] 
[INFO] [stdout] error[E0433]: failed to resolve: use of undeclared crate or module `air_parser`
[INFO] [stdout]   --> tests/utils.rs:32:24
[INFO] [stdout]    |
[INFO] [stdout] 32 |                 .chain(air_parser::transforms::Inlining::new(&diagnostics))
[INFO] [stdout]    |                        ^^^^^^^^^^ use of undeclared crate or module `air_parser`
[INFO] [stdout] 
[INFO] [stdout] 
[INFO] [stdout] error[E0433]: failed to resolve: use of undeclared crate or module `air_parser`
[INFO] [stdout]   --> tests/utils.rs:32:24
[INFO] [stdout]    |
[INFO] [stdout] 32 |                 .chain(air_parser::transforms::Inlining::new(&diagnostics))
[INFO] [stdout]    |                        ^^^^^^^^^^ use of undeclared crate or module `air_parser`
[INFO] [stdout] 
[INFO] [stdout] 
[INFO] [stdout] error[E0433]: failed to resolve: use of undeclared crate or module `air_parser`
[INFO] [stdout]   --> tests/utils.rs:32:24
[INFO] [stdout]    |
[INFO] [stdout] 32 |                 .chain(air_parser::transforms::Inlining::new(&diagnostics))
[INFO] [stdout]    |                        ^^^^^^^^^^ use of undeclared crate or module `air_parser`
[INFO] [stdout] 
[INFO] [stdout] 
[INFO] [stdout] error[E0433]: failed to resolve: use of undeclared crate or module `air_parser`
[INFO] [stdout]   --> tests/utils.rs:32:24
[INFO] [stdout]    |
[INFO] [stdout] 32 |                 .chain(air_parser::transforms::Inlining::new(&diagnostics))
[INFO] [stdout]    |                        ^^^^^^^^^^ use of undeclared crate or module `air_parser`
[INFO] [stdout] 
[INFO] [stdout] 
[INFO] [stdout] error[E0433]: failed to resolve: use of undeclared crate or module `air_parser`
[INFO] [stdout]   --> tests/utils.rs:32:24
[INFO] [stdout]    |
[INFO] [stdout] 32 |                 .chain(air_parser::transforms::Inlining::new(&diagnostics))
[INFO] [stdout]    |                        ^^^^^^^^^^ use of undeclared crate or module `air_parser`
[INFO] [stdout] 
[INFO] [stdout] 
[INFO] [stdout] error[E0433]: failed to resolve: use of undeclared crate or module `air_parser`
[INFO] [stdout]   --> tests/utils.rs:32:24
[INFO] [stdout]    |
[INFO] [stdout] 32 |                 .chain(air_parser::transforms::Inlining::new(&diagnostics))
[INFO] [stdout]    |                        ^^^^^^^^^^ use of undeclared crate or module `air_parser`
[INFO] [stdout] 
[INFO] [stdout] 
[INFO] [stdout] error[E0433]: failed to resolve: use of undeclared crate or module `air_parser`
[INFO] [stdout]   --> tests/utils.rs:28:15
[INFO] [stdout]    |
[INFO] [stdout] 28 |     let air = air_parser::parse(&diagnostics, codemap, source)
[INFO] [stdout]    |               ^^^^^^^^^^ use of undeclared crate or module `air_parser`
[INFO] [stdout] 
[INFO] [stdout] 
[INFO] [stdout] error[E0433]: failed to resolve: use of undeclared crate or module `air_parser`
[INFO] [stdout]   --> tests/utils.rs:28:15
[INFO] [stdout]    |
[INFO] [stdout] 28 |     let air = air_parser::parse(&diagnostics, codemap, source)
[INFO] [stdout]    |               ^^^^^^^^^^ use of undeclared crate or module `air_parser`
[INFO] [stdout] 
[INFO] [stdout] 
[INFO] [stdout] error[E0433]: failed to resolve: use of undeclared crate or module `air_parser`
[INFO] [stdout]   --> tests/utils.rs:28:15
[INFO] [stdout]    |
[INFO] [stdout] 28 |     let air = air_parser::parse(&diagnostics, codemap, source)
[INFO] [stdout]    |               ^^^^^^^^^^ use of undeclared crate or module `air_parser`
[INFO] [stdout] 
[INFO] [stdout] 
[INFO] [stdout] error[E0433]: failed to resolve: use of undeclared crate or module `air_parser`
[INFO] [stdout]   --> tests/utils.rs:28:15
[INFO] [stdout]    |
[INFO] [stdout] 28 |     let air = air_parser::parse(&diagnostics, codemap, source)
[INFO] [stdout]    |               ^^^^^^^^^^ use of undeclared crate or module `air_parser`
[INFO] [stdout] 
[INFO] [stdout] 
[INFO] [stdout] error[E0433]: failed to resolve: use of undeclared crate or module `air_parser`
[INFO] [stdout]   --> tests/utils.rs:28:15
[INFO] [stdout]    |
[INFO] [stdout] 28 |     let air = air_parser::parse(&diagnostics, codemap, source)
[INFO] [stdout]    |               ^^^^^^^^^^ use of undeclared crate or module `air_parser`
[INFO] [stdout] 
[INFO] [stdout] 
[INFO] [stdout] error[E0433]: failed to resolve: use of undeclared crate or module `air_parser`
[INFO] [stdout]   --> tests/utils.rs:28:15
[INFO] [stdout]    |
[INFO] [stdout] 28 |     let air = air_parser::parse(&diagnostics, codemap, source)
[INFO] [stdout]    |               ^^^^^^^^^^ use of undeclared crate or module `air_parser`
[INFO] [stdout] 
[INFO] [stdout] 
[INFO] [stdout] error[E0433]: failed to resolve: use of undeclared crate or module `air_parser`
[INFO] [stdout]   --> tests/utils.rs:28:15
[INFO] [stdout]    |
[INFO] [stdout] 28 |     let air = air_parser::parse(&diagnostics, codemap, source)
[INFO] [stdout]    |               ^^^^^^^^^^ use of undeclared crate or module `air_parser`
[INFO] [stdout] 
[INFO] [stdout] 
[INFO] [stdout] error[E0433]: failed to resolve: use of undeclared crate or module `air_parser`
[INFO] [stdout]   --> tests/utils.rs:28:15
[INFO] [stdout]    |
[INFO] [stdout] 28 |     let air = air_parser::parse(&diagnostics, codemap, source)
[INFO] [stdout]    |               ^^^^^^^^^^ use of undeclared crate or module `air_parser`
[INFO] [stdout] 
[INFO] [stdout] 
[INFO] [stdout] Some errors have detailed explanations: E0432, E0433.
[INFO] [stdout] 
[INFO] [stdout] For more information about an error, try `rustc --explain E0432`.
[INFO] [stdout] 
[INFO] [stdout] Some errors have detailed explanations: E0432, E0433.
[INFO] [stdout] 
[INFO] [stdout] For more information about an error, try `rustc --explain E0432`.
[INFO] [stdout] 
[INFO] [stderr] error: could not compile `air-codegen-masm` (test "test_aux") due to 4 previous errors
[INFO] [stderr] warning: build failed, waiting for other jobs to finish...
[INFO] [stderr] error: could not compile `air-codegen-masm` (test "utils") due to 4 previous errors
[INFO] [stdout] Some errors have detailed explanations: E0432, E0433.
[INFO] [stdout] 
[INFO] [stdout] For more information about an error, try `rustc --explain E0432`.
[INFO] [stdout] 
[INFO] [stdout] Some errors have detailed explanations: E0432, E0433.
[INFO] [stdout] 
[INFO] [stdout] For more information about an error, try `rustc --explain E0432`.
[INFO] [stdout] 
[INFO] [stderr] error: could not compile `air-codegen-masm` (test "test_constants") due to 4 previous errors
[INFO] [stderr] error: could not compile `air-codegen-masm` (test "test_exemption_points") due to 4 previous errors
[INFO] [stdout] Some errors have detailed explanations: E0432, E0433.
[INFO] [stdout] 
[INFO] [stdout] For more information about an error, try `rustc --explain E0432`.
[INFO] [stdout] 
[INFO] [stdout] Some errors have detailed explanations: E0432, E0433.
[INFO] [stdout] 
[INFO] [stdout] For more information about an error, try `rustc --explain E0432`.
[INFO] [stdout] 
[INFO] [stdout] Some errors have detailed explanations: E0432, E0433.
[INFO] [stdout] 
[INFO] [stdout] For more information about an error, try `rustc --explain E0432`.
[INFO] [stdout] 
[INFO] [stderr] error: could not compile `air-codegen-masm` (test "test_periodic") due to 4 previous errors
[INFO] [stdout] Some errors have detailed explanations: E0432, E0433.
[INFO] [stdout] 
[INFO] [stdout] For more information about an error, try `rustc --explain E0432`.
[INFO] [stdout] 
[INFO] [stderr] error: could not compile `air-codegen-masm` (test "test_basic_arithmetic") due to 4 previous errors
[INFO] [stderr] error: could not compile `air-codegen-masm` (test "test_boundary") due to 4 previous errors
[INFO] [stderr] error: could not compile `air-codegen-masm` (test "test_divisor") due to 4 previous errors
[INFO] running `Command { std: "docker" "inspect" "ec695cda357dd2968b96930d84bccbc6643f81ba9333eca06ced316a27cbb4e8", kill_on_drop: false }`
[INFO] running `Command { std: "docker" "rm" "-f" "ec695cda357dd2968b96930d84bccbc6643f81ba9333eca06ced316a27cbb4e8", kill_on_drop: false }`
[INFO] [stdout] ec695cda357dd2968b96930d84bccbc6643f81ba9333eca06ced316a27cbb4e8
