[INFO] fetching crate aiot 0.10.0...
[INFO] testing aiot-0.10.0 against nightly-2024-10-28 for randomize-layout
[INFO] extracting crate aiot 0.10.0 into /workspace/builds/worker-6-tc1/source
[INFO] validating manifest of crates.io crate aiot 0.10.0 on toolchain nightly-2024-10-28
[INFO] running `Command { std: CARGO_HOME="/workspace/cargo-home" RUSTUP_HOME="/workspace/rustup-home" "/workspace/cargo-home/bin/cargo" "+nightly-2024-10-28" "metadata" "--manifest-path" "Cargo.toml" "--no-deps", kill_on_drop: false }`
[INFO] started tweaking crates.io crate aiot 0.10.0
[INFO] finished tweaking crates.io crate aiot 0.10.0
[INFO] tweaked toml for crates.io crate aiot 0.10.0 written to /workspace/builds/worker-6-tc1/source/Cargo.toml
[INFO] crate crates.io crate aiot 0.10.0 already has a lockfile, it will not be regenerated
[INFO] running `Command { std: CARGO_HOME="/workspace/cargo-home" RUSTUP_HOME="/workspace/rustup-home" "/workspace/cargo-home/bin/cargo" "+nightly-2024-10-28" "fetch" "--manifest-path" "Cargo.toml", kill_on_drop: false }`
[INFO] [stderr]     Updating crates.io index
[INFO] [stderr]  Downloading crates ...
[INFO] [stderr]   Downloaded unicode-normalization v0.1.19
[INFO] [stderr]   Downloaded tokio-tungstenite v0.17.1
[INFO] [stderr]   Downloaded crypto-common v0.1.3
[INFO] [stderr]   Downloaded rustls v0.20.6
[INFO] [stderr]   Downloaded tokio-rustls v0.23.4
[INFO] [stderr]   Downloaded openssl-sys v0.9.74
[INFO] [stderr]   Downloaded webpki-roots v0.22.3
[INFO] [stderr]   Downloaded fastrand v1.7.0
[INFO] [stderr]   Downloaded anyhow v1.0.57
[INFO] [stderr]   Downloaded indexmap v1.9.0
[INFO] [stderr]   Downloaded hyper v0.14.19
[INFO] [stderr]   Downloaded openssl v0.10.40
[INFO] [stderr]   Downloaded crc-catalog v2.1.0
[INFO] [stderr]   Downloaded crc v3.0.0
[INFO] [stderr]   Downloaded enum-iterator-derive v0.7.0
[INFO] [stderr]   Downloaded enum-iterator v0.7.0
[INFO] [stderr]   Downloaded enum-kinds v0.5.1
[INFO] [stderr]   Downloaded env_logger v0.9.0
[INFO] [stderr]   Downloaded md-5 v0.10.1
[INFO] [stderr]   Downloaded hyper-rustls v0.23.0
[INFO] [stderr]   Downloaded cache-padded v1.2.0
[INFO] [stderr]   Downloaded async-channel v1.6.1
[INFO] [stderr]   Downloaded pollster v0.2.5
[INFO] [stderr]   Downloaded rustls-pemfile v0.3.0
[INFO] [stderr]   Downloaded serde_repr v0.1.8
[INFO] [stderr]   Downloaded serde_derive v1.0.137
[INFO] [stderr]   Downloaded spin v0.9.3
[INFO] [stderr]   Downloaded rustls-native-certs v0.6.2
[INFO] [stderr]   Downloaded webpki v0.22.0
[INFO] [stderr]   Downloaded tungstenite v0.17.2
[INFO] [stderr]   Downloaded rumqttc v0.12.0
[INFO] running `Command { std: "docker" "create" "-v" "/var/lib/crater-agent-workspace/builds/worker-6-tc1/target:/opt/rustwide/target:rw,Z" "-v" "/var/lib/crater-agent-workspace/builds/worker-6-tc1/source:/opt/rustwide/workdir:ro,Z" "-v" "/var/lib/crater-agent-workspace/cargo-home:/opt/rustwide/cargo-home:ro,Z" "-v" "/var/lib/crater-agent-workspace/rustup-home:/opt/rustwide/rustup-home:ro,Z" "-e" "SOURCE_DIR=/opt/rustwide/workdir" "-e" "CARGO_TARGET_DIR=/opt/rustwide/target" "-e" "CARGO_HOME=/opt/rustwide/cargo-home" "-e" "RUSTUP_HOME=/opt/rustwide/rustup-home" "-w" "/opt/rustwide/workdir" "-m" "1610612736" "--user" "0:0" "--network" "none" "ghcr.io/rust-lang/crates-build-env/linux@sha256:4a844ea9eb2546a2d2c7022eacef16ef2e8229c7fbb2c7d4d55a9ceca922f72d" "/opt/rustwide/cargo-home/bin/cargo" "+nightly-2024-10-28" "metadata" "--no-deps" "--format-version=1", kill_on_drop: false }`
[INFO] [stdout] cd8ebb023f0d81530b7ac8248e7eb8206b20d1d4dc0994d7e99ae22498c0cb39
[INFO] running `Command { std: "docker" "start" "-a" "cd8ebb023f0d81530b7ac8248e7eb8206b20d1d4dc0994d7e99ae22498c0cb39", kill_on_drop: false }`
[INFO] running `Command { std: "docker" "inspect" "cd8ebb023f0d81530b7ac8248e7eb8206b20d1d4dc0994d7e99ae22498c0cb39", kill_on_drop: false }`
[INFO] running `Command { std: "docker" "rm" "-f" "cd8ebb023f0d81530b7ac8248e7eb8206b20d1d4dc0994d7e99ae22498c0cb39", kill_on_drop: false }`
[INFO] [stdout] cd8ebb023f0d81530b7ac8248e7eb8206b20d1d4dc0994d7e99ae22498c0cb39
[INFO] running `Command { std: "docker" "create" "-v" "/var/lib/crater-agent-workspace/builds/worker-6-tc1/target:/opt/rustwide/target:rw,Z" "-v" "/var/lib/crater-agent-workspace/builds/worker-6-tc1/source:/opt/rustwide/workdir:ro,Z" "-v" "/var/lib/crater-agent-workspace/cargo-home:/opt/rustwide/cargo-home:ro,Z" "-v" "/var/lib/crater-agent-workspace/rustup-home:/opt/rustwide/rustup-home:ro,Z" "-e" "SOURCE_DIR=/opt/rustwide/workdir" "-e" "CARGO_TARGET_DIR=/opt/rustwide/target" "-e" "CARGO_INCREMENTAL=0" "-e" "RUST_BACKTRACE=full" "-e" "RUSTFLAGS=--cap-lints=forbid" "-e" "RUSTDOCFLAGS=--cap-lints=forbid" "-e" "CARGO_HOME=/opt/rustwide/cargo-home" "-e" "RUSTUP_HOME=/opt/rustwide/rustup-home" "-w" "/opt/rustwide/workdir" "-m" "1610612736" "--user" "0:0" "--network" "none" "ghcr.io/rust-lang/crates-build-env/linux@sha256:4a844ea9eb2546a2d2c7022eacef16ef2e8229c7fbb2c7d4d55a9ceca922f72d" "/opt/rustwide/cargo-home/bin/cargo" "+nightly-2024-10-28" "build" "--frozen" "--message-format=json", kill_on_drop: false }`
[INFO] [stdout] 8820c6fca864ebc7907b9b9138cf723c2e3c4e55bf5b2aa6f4aad5e95fae5040
[INFO] running `Command { std: "docker" "start" "-a" "8820c6fca864ebc7907b9b9138cf723c2e3c4e55bf5b2aa6f4aad5e95fae5040", kill_on_drop: false }`
[INFO] [stderr]    Compiling proc-macro2 v1.0.39
[INFO] [stderr]    Compiling unicode-ident v1.0.1
[INFO] [stderr]    Compiling syn v1.0.96
[INFO] [stderr]    Compiling once_cell v1.12.0
[INFO] [stderr]    Compiling bytes v1.1.0
[INFO] [stderr]    Compiling ring v0.16.20
[INFO] [stderr]    Compiling futures-channel v0.3.21
[INFO] [stderr]    Compiling futures-task v0.3.21
[INFO] [stderr]    Compiling futures-util v0.3.21
[INFO] [stderr]    Compiling mio v0.8.3
[INFO] [stderr]    Compiling generic-array v0.14.5
[INFO] [stderr]    Compiling slab v0.4.6
[INFO] [stderr]    Compiling openssl-sys v0.9.74
[INFO] [stderr]    Compiling futures-io v0.3.21
[INFO] [stderr]    Compiling rustls v0.20.6
[INFO] [stderr]    Compiling indexmap v1.9.0
[INFO] [stderr]    Compiling tracing-core v0.1.27
[INFO] [stderr]    Compiling subtle v2.4.1
[INFO] [stderr]    Compiling serde_derive v1.0.137
[INFO] [stderr]    Compiling httparse v1.7.1
[INFO] [stderr]    Compiling hashbrown v0.12.1
[INFO] [stderr]    Compiling serde v1.0.137
[INFO] [stderr]    Compiling openssl v0.10.40
[INFO] [stderr]    Compiling unicode-normalization v0.1.19
[INFO] [stderr]    Compiling native-tls v0.2.10
[INFO] [stderr]    Compiling rand_core v0.6.3
[INFO] [stderr]    Compiling ppv-lite86 v0.2.16
[INFO] [stderr]    Compiling cpufeatures v0.2.2
[INFO] [stderr]    Compiling http v0.2.8
[INFO] [stderr]    Compiling tower-service v0.3.1
[INFO] [stderr]    Compiling tracing v0.1.35
[INFO] [stderr]    Compiling num-traits v0.2.15
[INFO] [stderr]    Compiling rustls-pemfile v1.0.0
[INFO] [stderr]    Compiling num-integer v0.1.45
[INFO] [stderr]    Compiling serde_json v1.0.81
[INFO] [stderr]    Compiling crypto-common v0.1.3
[INFO] [stderr]    Compiling block-buffer v0.10.2
[INFO] [stderr]    Compiling rand_chacha v0.3.1
[INFO] [stderr]    Compiling cache-padded v1.2.0
[INFO] [stderr]    Compiling encoding_rs v0.8.31
[INFO] [stderr]    Compiling utf-8 v0.7.6
[INFO] [stderr]    Compiling digest v0.10.3
[INFO] [stderr]    Compiling concurrent-queue v1.2.2
[INFO] [stderr]    Compiling byteorder v1.4.3
[INFO] [stderr]    Compiling rand v0.8.5
[INFO] [stderr]    Compiling event-listener v2.5.2
[INFO] [stderr]    Compiling quote v1.0.18
[INFO] [stderr]    Compiling async-trait v0.1.56
[INFO] [stderr]    Compiling sha-1 v0.10.0
[INFO] [stderr]    Compiling async-channel v1.6.1
[INFO] [stderr]    Compiling rustls-native-certs v0.6.2
[INFO] [stderr]    Compiling http-body v0.4.5
[INFO] [stderr]    Compiling rustls-pemfile v0.3.0
[INFO] [stderr]    Compiling rand v0.4.6
[INFO] [stderr]    Compiling aho-corasick v0.7.18
[INFO] [stderr]    Compiling idna v0.2.3
[INFO] [stderr]    Compiling time v0.1.44
[INFO] [stderr]    Compiling crc-catalog v2.1.0
[INFO] [stderr]    Compiling mime v0.3.16
[INFO] [stderr]    Compiling regex-syntax v0.6.26
[INFO] [stderr]    Compiling pollster v0.2.5
[INFO] [stderr]    Compiling remove_dir_all v0.5.3
[INFO] [stderr]    Compiling ipnet v2.5.0
[INFO] [stderr]    Compiling crc v3.0.0
[INFO] [stderr]    Compiling sha2 v0.10.2
[INFO] [stderr]    Compiling md-5 v0.10.1
[INFO] [stderr]    Compiling hmac v0.12.1
[INFO] [stderr]    Compiling chrono v0.4.19
[INFO] [stderr]    Compiling spin v0.9.3
[INFO] [stderr]    Compiling url v2.2.2
[INFO] [stderr]    Compiling tempdir v0.3.7
[INFO] [stderr]    Compiling regex v1.5.6
[INFO] [stderr]    Compiling darling_core v0.13.4
[INFO] [stderr]    Compiling webpki v0.22.0
[INFO] [stderr]    Compiling sct v0.7.0
[INFO] [stderr]    Compiling webpki-roots v0.22.3
[INFO] [stderr]    Compiling tokio-macros v1.8.0
[INFO] [stderr]    Compiling futures-macro v0.3.21
[INFO] [stderr]    Compiling openssl-macros v0.1.0
[INFO] [stderr]    Compiling thiserror-impl v1.0.31
[INFO] [stderr]    Compiling enum-iterator-derive v0.7.0
[INFO] [stderr]    Compiling enum-kinds v0.5.1
[INFO] [stderr]    Compiling serde_repr v0.1.8
[INFO] [stderr]    Compiling enum-iterator v0.7.0
[INFO] [stderr]    Compiling tokio v1.19.2
[INFO] [stderr]    Compiling darling_macro v0.13.4
[INFO] [stderr]    Compiling thiserror v1.0.31
[INFO] [stderr]    Compiling darling v0.13.4
[INFO] [stderr]    Compiling serde_with_macros v1.5.2
[INFO] [stderr]    Compiling tungstenite v0.17.2
[INFO] [stderr]    Compiling futures-executor v0.3.21
[INFO] [stderr]    Compiling futures v0.3.21
[INFO] [stderr]    Compiling tokio-util v0.7.3
[INFO] [stderr]    Compiling tokio-rustls v0.23.4
[INFO] [stderr]    Compiling tokio-native-tls v0.3.0
[INFO] [stderr]    Compiling tokio-tungstenite v0.17.1
[INFO] [stderr]    Compiling rumqttc v0.12.0
[INFO] [stderr]    Compiling h2 v0.3.13
[INFO] [stderr]    Compiling serde_urlencoded v0.7.1
[INFO] [stderr]    Compiling serde_with v1.14.0
[INFO] [stderr]    Compiling hyper v0.14.19
[INFO] [stderr]    Compiling hyper-rustls v0.23.0
[INFO] [stderr]    Compiling hyper-tls v0.5.0
[INFO] [stderr]    Compiling reqwest v0.11.11
[INFO] [stderr]    Compiling aiot v0.10.0 (/opt/rustwide/workdir)
[INFO] [stdout] warning: call to `.clone()` on a reference in this situation does nothing
[INFO] [stdout]   --> src/tunnel/session.rs:83:60
[INFO] [stdout]    |
[INFO] [stdout] 83 |               .ok_or(Error::SessionNotFound(id.to_string()))?
[INFO] [stdout]    |  ____________________________________________________________^
[INFO] [stdout] 84 | |             .clone();
[INFO] [stdout]    | |____________________^
[INFO] [stdout]    |
[INFO] [stdout]    = note: the type `Session` does not implement `Clone`, so calling `clone` on `&Session` copies the reference, which does not do anything and can be removed
[INFO] [stdout]    = note: `#[warn(noop_method_call)]` on by default
[INFO] [stdout] help: remove this redundant call
[INFO] [stdout]    |
[INFO] [stdout] 83 -             .ok_or(Error::SessionNotFound(id.to_string()))?
[INFO] [stdout] 84 -             .clone();
[INFO] [stdout] 83 +             .ok_or(Error::SessionNotFound(id.to_string()))?;
[INFO] [stdout]    |
[INFO] [stdout] help: if you meant to clone `Session`, implement `Clone` for it
[INFO] [stdout]    |
[INFO] [stdout] 11 + #[derive(Clone)]
[INFO] [stdout] 12 | pub struct Session {
[INFO] [stdout]    |
[INFO] [stdout] 
[INFO] [stdout] 
[INFO] [stdout] warning: call to `.clone()` on a reference in this situation does nothing
[INFO] [stdout]   --> src/tunnel/session.rs:96:60
[INFO] [stdout]    |
[INFO] [stdout] 96 |               .ok_or(Error::SessionNotFound(id.to_string()))?
[INFO] [stdout]    |  ____________________________________________________________^
[INFO] [stdout] 97 | |             .clone();
[INFO] [stdout]    | |____________________^
[INFO] [stdout]    |
[INFO] [stdout]    = note: the type `Session` does not implement `Clone`, so calling `clone` on `&Session` copies the reference, which does not do anything and can be removed
[INFO] [stdout] help: remove this redundant call
[INFO] [stdout]    |
[INFO] [stdout] 96 -             .ok_or(Error::SessionNotFound(id.to_string()))?
[INFO] [stdout] 97 -             .clone();
[INFO] [stdout] 96 +             .ok_or(Error::SessionNotFound(id.to_string()))?;
[INFO] [stdout]    |
[INFO] [stdout] help: if you meant to clone `Session`, implement `Clone` for it
[INFO] [stdout]    |
[INFO] [stdout] 11 + #[derive(Clone)]
[INFO] [stdout] 12 | pub struct Session {
[INFO] [stdout]    |
[INFO] [stdout] 
[INFO] [stdout] 
[INFO] [stdout] warning: call to `.clone()` on a reference in this situation does nothing
[INFO] [stdout]    --> src/util/auth.rs:122:31
[INFO] [stdout]     |
[INFO] [stdout] 122 |     let mut cred = ALI_CA_CERT.clone().as_bytes();
[INFO] [stdout]     |                               ^^^^^^^^ help: remove this redundant call
[INFO] [stdout]     |
[INFO] [stdout]     = note: the type `str` does not implement `Clone`, so calling `clone` on `&str` copies the reference, which does not do anything and can be removed
[INFO] [stdout] 
[INFO] [stdout] 
[INFO] [stderr]     Finished `dev` profile [unoptimized + debuginfo] target(s) in 27.67s
[INFO] running `Command { std: "docker" "inspect" "8820c6fca864ebc7907b9b9138cf723c2e3c4e55bf5b2aa6f4aad5e95fae5040", kill_on_drop: false }`
[INFO] running `Command { std: "docker" "rm" "-f" "8820c6fca864ebc7907b9b9138cf723c2e3c4e55bf5b2aa6f4aad5e95fae5040", kill_on_drop: false }`
[INFO] [stdout] 8820c6fca864ebc7907b9b9138cf723c2e3c4e55bf5b2aa6f4aad5e95fae5040
[INFO] running `Command { std: "docker" "create" "-v" "/var/lib/crater-agent-workspace/builds/worker-6-tc1/target:/opt/rustwide/target:rw,Z" "-v" "/var/lib/crater-agent-workspace/builds/worker-6-tc1/source:/opt/rustwide/workdir:ro,Z" "-v" "/var/lib/crater-agent-workspace/cargo-home:/opt/rustwide/cargo-home:ro,Z" "-v" "/var/lib/crater-agent-workspace/rustup-home:/opt/rustwide/rustup-home:ro,Z" "-e" "SOURCE_DIR=/opt/rustwide/workdir" "-e" "CARGO_TARGET_DIR=/opt/rustwide/target" "-e" "CARGO_INCREMENTAL=0" "-e" "RUST_BACKTRACE=full" "-e" "RUSTFLAGS=--cap-lints=forbid" "-e" "RUSTDOCFLAGS=--cap-lints=forbid" "-e" "CARGO_HOME=/opt/rustwide/cargo-home" "-e" "RUSTUP_HOME=/opt/rustwide/rustup-home" "-w" "/opt/rustwide/workdir" "-m" "1610612736" "--user" "0:0" "--network" "none" "ghcr.io/rust-lang/crates-build-env/linux@sha256:4a844ea9eb2546a2d2c7022eacef16ef2e8229c7fbb2c7d4d55a9ceca922f72d" "/opt/rustwide/cargo-home/bin/cargo" "+nightly-2024-10-28" "test" "--frozen" "--no-run" "--message-format=json", kill_on_drop: false }`
[INFO] [stdout] 3cfefc79ebbdfec7ee2a6fde23021e553b5410f7d47a838b982ac62e5248b649
[INFO] running `Command { std: "docker" "start" "-a" "3cfefc79ebbdfec7ee2a6fde23021e553b5410f7d47a838b982ac62e5248b649", kill_on_drop: false }`
[INFO] [stderr]    Compiling mio v0.8.3
[INFO] [stderr]    Compiling rustls v0.20.6
[INFO] [stderr]    Compiling want v0.3.0
[INFO] [stderr]    Compiling native-tls v0.2.10
[INFO] [stderr]    Compiling anyhow v1.0.57
[INFO] [stderr]    Compiling atty v0.2.14
[INFO] [stderr]    Compiling humantime v2.1.0
[INFO] [stderr]    Compiling termcolor v1.1.3
[INFO] [stderr]    Compiling env_logger v0.9.0
[INFO] [stderr]    Compiling tokio v1.19.2
[INFO] [stderr]    Compiling tungstenite v0.17.2
[INFO] [stderr]    Compiling tokio-util v0.7.3
[INFO] [stderr]    Compiling tokio-rustls v0.23.4
[INFO] [stderr]    Compiling tokio-native-tls v0.3.0
[INFO] [stderr]    Compiling rumqttc v0.12.0
[INFO] [stderr]    Compiling tokio-tungstenite v0.17.1
[INFO] [stderr]    Compiling h2 v0.3.13
[INFO] [stderr]    Compiling hyper v0.14.19
[INFO] [stderr]    Compiling hyper-rustls v0.23.0
[INFO] [stderr]    Compiling hyper-tls v0.5.0
[INFO] [stderr]    Compiling reqwest v0.11.11
[INFO] [stderr]    Compiling aiot v0.10.0 (/opt/rustwide/workdir)
[INFO] [stdout] warning: call to `.clone()` on a reference in this situation does nothing
[INFO] [stdout]   --> src/tunnel/session.rs:83:60
[INFO] [stdout]    |
[INFO] [stdout] 83 |               .ok_or(Error::SessionNotFound(id.to_string()))?
[INFO] [stdout]    |  ____________________________________________________________^
[INFO] [stdout] 84 | |             .clone();
[INFO] [stdout]    | |____________________^
[INFO] [stdout]    |
[INFO] [stdout]    = note: the type `Session` does not implement `Clone`, so calling `clone` on `&Session` copies the reference, which does not do anything and can be removed
[INFO] [stdout]    = note: `#[warn(noop_method_call)]` on by default
[INFO] [stdout] help: remove this redundant call
[INFO] [stdout]    |
[INFO] [stdout] 83 -             .ok_or(Error::SessionNotFound(id.to_string()))?
[INFO] [stdout] 84 -             .clone();
[INFO] [stdout] 83 +             .ok_or(Error::SessionNotFound(id.to_string()))?;
[INFO] [stdout]    |
[INFO] [stdout] help: if you meant to clone `Session`, implement `Clone` for it
[INFO] [stdout]    |
[INFO] [stdout] 11 + #[derive(Clone)]
[INFO] [stdout] 12 | pub struct Session {
[INFO] [stdout]    |
[INFO] [stdout] 
[INFO] [stdout] 
[INFO] [stdout] warning: call to `.clone()` on a reference in this situation does nothing
[INFO] [stdout]   --> src/tunnel/session.rs:96:60
[INFO] [stdout]    |
[INFO] [stdout] 96 |               .ok_or(Error::SessionNotFound(id.to_string()))?
[INFO] [stdout]    |  ____________________________________________________________^
[INFO] [stdout] 97 | |             .clone();
[INFO] [stdout]    | |____________________^
[INFO] [stdout]    |
[INFO] [stdout]    = note: the type `Session` does not implement `Clone`, so calling `clone` on `&Session` copies the reference, which does not do anything and can be removed
[INFO] [stdout] help: remove this redundant call
[INFO] [stdout]    |
[INFO] [stdout] 96 -             .ok_or(Error::SessionNotFound(id.to_string()))?
[INFO] [stdout] 97 -             .clone();
[INFO] [stdout] 96 +             .ok_or(Error::SessionNotFound(id.to_string()))?;
[INFO] [stdout]    |
[INFO] [stdout] help: if you meant to clone `Session`, implement `Clone` for it
[INFO] [stdout]    |
[INFO] [stdout] 11 + #[derive(Clone)]
[INFO] [stdout] 12 | pub struct Session {
[INFO] [stdout]    |
[INFO] [stdout] 
[INFO] [stdout] 
[INFO] [stdout] warning: call to `.clone()` on a reference in this situation does nothing
[INFO] [stdout]    --> src/util/auth.rs:122:31
[INFO] [stdout]     |
[INFO] [stdout] 122 |     let mut cred = ALI_CA_CERT.clone().as_bytes();
[INFO] [stdout]     |                               ^^^^^^^^ help: remove this redundant call
[INFO] [stdout]     |
[INFO] [stdout]     = note: the type `str` does not implement `Clone`, so calling `clone` on `&str` copies the reference, which does not do anything and can be removed
[INFO] [stdout] 
[INFO] [stdout] 
[INFO] [stdout] warning: call to `.clone()` on a reference in this situation does nothing
[INFO] [stdout]   --> src/tunnel/session.rs:83:60
[INFO] [stdout]    |
[INFO] [stdout] 83 |               .ok_or(Error::SessionNotFound(id.to_string()))?
[INFO] [stdout]    |  ____________________________________________________________^
[INFO] [stdout] 84 | |             .clone();
[INFO] [stdout]    | |____________________^
[INFO] [stdout]    |
[INFO] [stdout]    = note: the type `Session` does not implement `Clone`, so calling `clone` on `&Session` copies the reference, which does not do anything and can be removed
[INFO] [stdout]    = note: `#[warn(noop_method_call)]` on by default
[INFO] [stdout] help: remove this redundant call
[INFO] [stdout]    |
[INFO] [stdout] 83 -             .ok_or(Error::SessionNotFound(id.to_string()))?
[INFO] [stdout] 84 -             .clone();
[INFO] [stdout] 83 +             .ok_or(Error::SessionNotFound(id.to_string()))?;
[INFO] [stdout]    |
[INFO] [stdout] help: if you meant to clone `Session`, implement `Clone` for it
[INFO] [stdout]    |
[INFO] [stdout] 11 + #[derive(Clone)]
[INFO] [stdout] 12 | pub struct Session {
[INFO] [stdout]    |
[INFO] [stdout] 
[INFO] [stdout] 
[INFO] [stdout] warning: call to `.clone()` on a reference in this situation does nothing
[INFO] [stdout]   --> src/tunnel/session.rs:96:60
[INFO] [stdout]    |
[INFO] [stdout] 96 |               .ok_or(Error::SessionNotFound(id.to_string()))?
[INFO] [stdout]    |  ____________________________________________________________^
[INFO] [stdout] 97 | |             .clone();
[INFO] [stdout]    | |____________________^
[INFO] [stdout]    |
[INFO] [stdout]    = note: the type `Session` does not implement `Clone`, so calling `clone` on `&Session` copies the reference, which does not do anything and can be removed
[INFO] [stdout] help: remove this redundant call
[INFO] [stdout]    |
[INFO] [stdout] 96 -             .ok_or(Error::SessionNotFound(id.to_string()))?
[INFO] [stdout] 97 -             .clone();
[INFO] [stdout] 96 +             .ok_or(Error::SessionNotFound(id.to_string()))?;
[INFO] [stdout]    |
[INFO] [stdout] help: if you meant to clone `Session`, implement `Clone` for it
[INFO] [stdout]    |
[INFO] [stdout] 11 + #[derive(Clone)]
[INFO] [stdout] 12 | pub struct Session {
[INFO] [stdout]    |
[INFO] [stdout] 
[INFO] [stdout] 
[INFO] [stdout] warning: call to `.clone()` on a reference in this situation does nothing
[INFO] [stdout]    --> src/util/auth.rs:122:31
[INFO] [stdout]     |
[INFO] [stdout] 122 |     let mut cred = ALI_CA_CERT.clone().as_bytes();
[INFO] [stdout]     |                               ^^^^^^^^ help: remove this redundant call
[INFO] [stdout]     |
[INFO] [stdout]     = note: the type `str` does not implement `Clone`, so calling `clone` on `&str` copies the reference, which does not do anything and can be removed
[INFO] [stdout] 
[INFO] [stdout] 
[INFO] [stderr] error: could not compile `aiot` (lib test); 3 warnings emitted
[INFO] [stderr] 
[INFO] [stderr] Caused by:
[INFO] [stderr]   process didn't exit successfully: `/opt/rustwide/rustup-home/toolchains/nightly-2024-10-28-x86_64-unknown-linux-gnu/bin/rustc --crate-name aiot --edition=2021 src/lib.rs --error-format=json --json=diagnostic-rendered-ansi,artifacts,future-incompat --emit=dep-info,link -C embed-bitcode=no -C debuginfo=2 --test --check-cfg 'cfg(docsrs)' --check-cfg 'cfg(feature, values())' -C metadata=350f6b0f41079e52 -C extra-filename=-350f6b0f41079e52 --out-dir /opt/rustwide/target/debug/deps -L dependency=/opt/rustwide/target/debug/deps --extern anyhow=/opt/rustwide/target/debug/deps/libanyhow-e6a8de9725697aa8.rlib --extern async_trait=/opt/rustwide/target/debug/deps/libasync_trait-6a6e5fdd7ee25d29.so --extern chrono=/opt/rustwide/target/debug/deps/libchrono-28cb32db66d3a610.rlib --extern crc=/opt/rustwide/target/debug/deps/libcrc-fea8368f9b169fcc.rlib --extern enum_iterator=/opt/rustwide/target/debug/deps/libenum_iterator-72cb970f2126b74b.rlib --extern enum_kinds=/opt/rustwide/target/debug/deps/libenum_kinds-7393773c6cf3ea2f.so --extern env_logger=/opt/rustwide/target/debug/deps/libenv_logger-a3c74330998d398a.rlib --extern futures=/opt/rustwide/target/debug/deps/libfutures-a9aebb24ed2fb9f9.rlib --extern futures_util=/opt/rustwide/target/debug/deps/libfutures_util-f79a3fcc54e6ae49.rlib --extern hmac=/opt/rustwide/target/debug/deps/libhmac-5474312827c70f4b.rlib --extern http=/opt/rustwide/target/debug/deps/libhttp-f682379f318c2d14.rlib --extern lazy_static=/opt/rustwide/target/debug/deps/liblazy_static-b82c15677deef9e2.rlib --extern libc=/opt/rustwide/target/debug/deps/liblibc-655b04a26ff0aa2c.rlib --extern log=/opt/rustwide/target/debug/deps/liblog-4d7988e153724c63.rlib --extern md5=/opt/rustwide/target/debug/deps/libmd5-18503058f2a93810.rlib --extern rand=/opt/rustwide/target/debug/deps/librand-1aa7dc25973548d1.rlib --extern regex=/opt/rustwide/target/debug/deps/libregex-df4741e0356188d8.rlib --extern reqwest=/opt/rustwide/target/debug/deps/libreqwest-26f13b261519cd9e.rlib --extern rumqttc=/opt/rustwide/target/debug/deps/librumqttc-315da93b8ecb1b39.rlib --extern rustls=/opt/rustwide/target/debug/deps/librustls-28b101c68481d253.rlib --extern rustls_pemfile=/opt/rustwide/target/debug/deps/librustls_pemfile-998776467eadc2bf.rlib --extern serde=/opt/rustwide/target/debug/deps/libserde-bfe5146e3f79a473.rlib --extern serde_json=/opt/rustwide/target/debug/deps/libserde_json-0ad2943e41b24a41.rlib --extern serde_repr=/opt/rustwide/target/debug/deps/libserde_repr-38cb630d68b1522c.so --extern serde_with=/opt/rustwide/target/debug/deps/libserde_with-fcc73e7d566622c6.rlib --extern sha2=/opt/rustwide/target/debug/deps/libsha2-7b7cfd71979132e9.rlib --extern spin=/opt/rustwide/target/debug/deps/libspin-fcb73b58a6610cb0.rlib --extern tempdir=/opt/rustwide/target/debug/deps/libtempdir-2cd439658b055f48.rlib --extern thiserror=/opt/rustwide/target/debug/deps/libthiserror-3c84fca74b4778d0.rlib --extern tokio=/opt/rustwide/target/debug/deps/libtokio-3bce20e62a41711b.rlib --extern tokio_tungstenite=/opt/rustwide/target/debug/deps/libtokio_tungstenite-f2e576357415df61.rlib --extern tungstenite=/opt/rustwide/target/debug/deps/libtungstenite-867d928e75a3e4a9.rlib --extern url=/opt/rustwide/target/debug/deps/liburl-260e3542f3023d2b.rlib --cap-lints=forbid -L native=/opt/rustwide/target/debug/build/ring-c1cdff1b5b20c6b4/out` (signal: 9, SIGKILL: kill)
[INFO] [stderr] warning: build failed, waiting for other jobs to finish...
[INFO] [stderr] error: could not compile `aiot` (example "ota-basic")
[INFO] [stderr] 
[INFO] [stderr] Caused by:
[INFO] [stderr]   process didn't exit successfully: `/opt/rustwide/rustup-home/toolchains/nightly-2024-10-28-x86_64-unknown-linux-gnu/bin/rustc --crate-name ota_basic --edition=2021 examples/ota-basic.rs --error-format=json --json=diagnostic-rendered-ansi,artifacts,future-incompat --crate-type bin --emit=dep-info,link -C embed-bitcode=no -C debuginfo=2 --check-cfg 'cfg(docsrs)' --check-cfg 'cfg(feature, values())' -C metadata=562cdf400530aed6 -C extra-filename=-562cdf400530aed6 --out-dir /opt/rustwide/target/debug/examples -L dependency=/opt/rustwide/target/debug/deps --extern aiot=/opt/rustwide/target/debug/deps/libaiot-d567ad95e353125b.rlib --extern anyhow=/opt/rustwide/target/debug/deps/libanyhow-e6a8de9725697aa8.rlib --extern async_trait=/opt/rustwide/target/debug/deps/libasync_trait-6a6e5fdd7ee25d29.so --extern chrono=/opt/rustwide/target/debug/deps/libchrono-28cb32db66d3a610.rlib --extern crc=/opt/rustwide/target/debug/deps/libcrc-fea8368f9b169fcc.rlib --extern enum_iterator=/opt/rustwide/target/debug/deps/libenum_iterator-72cb970f2126b74b.rlib --extern enum_kinds=/opt/rustwide/target/debug/deps/libenum_kinds-7393773c6cf3ea2f.so --extern env_logger=/opt/rustwide/target/debug/deps/libenv_logger-a3c74330998d398a.rlib --extern futures=/opt/rustwide/target/debug/deps/libfutures-a9aebb24ed2fb9f9.rlib --extern futures_util=/opt/rustwide/target/debug/deps/libfutures_util-f79a3fcc54e6ae49.rlib --extern hmac=/opt/rustwide/target/debug/deps/libhmac-5474312827c70f4b.rlib --extern http=/opt/rustwide/target/debug/deps/libhttp-f682379f318c2d14.rlib --extern lazy_static=/opt/rustwide/target/debug/deps/liblazy_static-b82c15677deef9e2.rlib --extern libc=/opt/rustwide/target/debug/deps/liblibc-655b04a26ff0aa2c.rlib --extern log=/opt/rustwide/target/debug/deps/liblog-4d7988e153724c63.rlib --extern md5=/opt/rustwide/target/debug/deps/libmd5-18503058f2a93810.rlib --extern rand=/opt/rustwide/target/debug/deps/librand-1aa7dc25973548d1.rlib --extern regex=/opt/rustwide/target/debug/deps/libregex-df4741e0356188d8.rlib --extern reqwest=/opt/rustwide/target/debug/deps/libreqwest-26f13b261519cd9e.rlib --extern rumqttc=/opt/rustwide/target/debug/deps/librumqttc-315da93b8ecb1b39.rlib --extern rustls=/opt/rustwide/target/debug/deps/librustls-28b101c68481d253.rlib --extern rustls_pemfile=/opt/rustwide/target/debug/deps/librustls_pemfile-998776467eadc2bf.rlib --extern serde=/opt/rustwide/target/debug/deps/libserde-bfe5146e3f79a473.rlib --extern serde_json=/opt/rustwide/target/debug/deps/libserde_json-0ad2943e41b24a41.rlib --extern serde_repr=/opt/rustwide/target/debug/deps/libserde_repr-38cb630d68b1522c.so --extern serde_with=/opt/rustwide/target/debug/deps/libserde_with-fcc73e7d566622c6.rlib --extern sha2=/opt/rustwide/target/debug/deps/libsha2-7b7cfd71979132e9.rlib --extern spin=/opt/rustwide/target/debug/deps/libspin-fcb73b58a6610cb0.rlib --extern tempdir=/opt/rustwide/target/debug/deps/libtempdir-2cd439658b055f48.rlib --extern thiserror=/opt/rustwide/target/debug/deps/libthiserror-3c84fca74b4778d0.rlib --extern tokio=/opt/rustwide/target/debug/deps/libtokio-3bce20e62a41711b.rlib --extern tokio_tungstenite=/opt/rustwide/target/debug/deps/libtokio_tungstenite-f2e576357415df61.rlib --extern tungstenite=/opt/rustwide/target/debug/deps/libtungstenite-867d928e75a3e4a9.rlib --extern url=/opt/rustwide/target/debug/deps/liburl-260e3542f3023d2b.rlib --cap-lints=forbid -L native=/opt/rustwide/target/debug/build/ring-c1cdff1b5b20c6b4/out` (signal: 9, SIGKILL: kill)
[INFO] [stderr] error: could not compile `aiot` (example "file-upload")
[INFO] [stderr] 
[INFO] [stderr] Caused by:
[INFO] [stderr]   process didn't exit successfully: `/opt/rustwide/rustup-home/toolchains/nightly-2024-10-28-x86_64-unknown-linux-gnu/bin/rustc --crate-name file_upload --edition=2021 examples/file-upload.rs --error-format=json --json=diagnostic-rendered-ansi,artifacts,future-incompat --crate-type bin --emit=dep-info,link -C embed-bitcode=no -C debuginfo=2 --check-cfg 'cfg(docsrs)' --check-cfg 'cfg(feature, values())' -C metadata=10f8f248018b7667 -C extra-filename=-10f8f248018b7667 --out-dir /opt/rustwide/target/debug/examples -L dependency=/opt/rustwide/target/debug/deps --extern aiot=/opt/rustwide/target/debug/deps/libaiot-d567ad95e353125b.rlib --extern anyhow=/opt/rustwide/target/debug/deps/libanyhow-e6a8de9725697aa8.rlib --extern async_trait=/opt/rustwide/target/debug/deps/libasync_trait-6a6e5fdd7ee25d29.so --extern chrono=/opt/rustwide/target/debug/deps/libchrono-28cb32db66d3a610.rlib --extern crc=/opt/rustwide/target/debug/deps/libcrc-fea8368f9b169fcc.rlib --extern enum_iterator=/opt/rustwide/target/debug/deps/libenum_iterator-72cb970f2126b74b.rlib --extern enum_kinds=/opt/rustwide/target/debug/deps/libenum_kinds-7393773c6cf3ea2f.so --extern env_logger=/opt/rustwide/target/debug/deps/libenv_logger-a3c74330998d398a.rlib --extern futures=/opt/rustwide/target/debug/deps/libfutures-a9aebb24ed2fb9f9.rlib --extern futures_util=/opt/rustwide/target/debug/deps/libfutures_util-f79a3fcc54e6ae49.rlib --extern hmac=/opt/rustwide/target/debug/deps/libhmac-5474312827c70f4b.rlib --extern http=/opt/rustwide/target/debug/deps/libhttp-f682379f318c2d14.rlib --extern lazy_static=/opt/rustwide/target/debug/deps/liblazy_static-b82c15677deef9e2.rlib --extern libc=/opt/rustwide/target/debug/deps/liblibc-655b04a26ff0aa2c.rlib --extern log=/opt/rustwide/target/debug/deps/liblog-4d7988e153724c63.rlib --extern md5=/opt/rustwide/target/debug/deps/libmd5-18503058f2a93810.rlib --extern rand=/opt/rustwide/target/debug/deps/librand-1aa7dc25973548d1.rlib --extern regex=/opt/rustwide/target/debug/deps/libregex-df4741e0356188d8.rlib --extern reqwest=/opt/rustwide/target/debug/deps/libreqwest-26f13b261519cd9e.rlib --extern rumqttc=/opt/rustwide/target/debug/deps/librumqttc-315da93b8ecb1b39.rlib --extern rustls=/opt/rustwide/target/debug/deps/librustls-28b101c68481d253.rlib --extern rustls_pemfile=/opt/rustwide/target/debug/deps/librustls_pemfile-998776467eadc2bf.rlib --extern serde=/opt/rustwide/target/debug/deps/libserde-bfe5146e3f79a473.rlib --extern serde_json=/opt/rustwide/target/debug/deps/libserde_json-0ad2943e41b24a41.rlib --extern serde_repr=/opt/rustwide/target/debug/deps/libserde_repr-38cb630d68b1522c.so --extern serde_with=/opt/rustwide/target/debug/deps/libserde_with-fcc73e7d566622c6.rlib --extern sha2=/opt/rustwide/target/debug/deps/libsha2-7b7cfd71979132e9.rlib --extern spin=/opt/rustwide/target/debug/deps/libspin-fcb73b58a6610cb0.rlib --extern tempdir=/opt/rustwide/target/debug/deps/libtempdir-2cd439658b055f48.rlib --extern thiserror=/opt/rustwide/target/debug/deps/libthiserror-3c84fca74b4778d0.rlib --extern tokio=/opt/rustwide/target/debug/deps/libtokio-3bce20e62a41711b.rlib --extern tokio_tungstenite=/opt/rustwide/target/debug/deps/libtokio_tungstenite-f2e576357415df61.rlib --extern tungstenite=/opt/rustwide/target/debug/deps/libtungstenite-867d928e75a3e4a9.rlib --extern url=/opt/rustwide/target/debug/deps/liburl-260e3542f3023d2b.rlib --cap-lints=forbid -L native=/opt/rustwide/target/debug/build/ring-c1cdff1b5b20c6b4/out` (signal: 9, SIGKILL: kill)
[INFO] [stdout] error: linking with `cc` failed: exit status: 1
[INFO] [stdout]   |
[INFO] [stdout]   = note: LC_ALL="C" PATH="/opt/rustwide/rustup-home/toolchains/nightly-2024-10-28-x86_64-unknown-linux-gnu/lib/rustlib/x86_64-unknown-linux-gnu/bin:/opt/rustwide/rustup-home/toolchains/nightly-2024-10-28-x86_64-unknown-linux-gnu/lib/rustlib/x86_64-unknown-linux-gnu/bin/self-contained:/opt/rustwide/cargo-home/bin:/usr/local/sbin:/usr/local/bin:/usr/sbin:/usr/bin:/sbin:/bin" VSLANG="1033" "cc" "-m64" "/tmp/rustcNridj9/symbols.o" "/opt/rustwide/target/debug/examples/tag-995f5a325a68166a.tag.613deaba9cfdac53-cgu.0.rcgu.o" "/opt/rustwide/target/debug/examples/tag-995f5a325a68166a.tag.613deaba9cfdac53-cgu.1.rcgu.o" "/opt/rustwide/target/debug/examples/tag-995f5a325a68166a.7xph1hv6cy4l3d45er4e1676f.rcgu.o" "-Wl,--as-needed" "-Wl,-Bstatic" "/opt/rustwide/target/debug/deps/libenv_logger-a3c74330998d398a.rlib" "/opt/rustwide/target/debug/deps/libatty-5eda582901124f9d.rlib" "/opt/rustwide/target/debug/deps/libtermcolor-d19f793f1637ef2f.rlib" "/opt/rustwide/target/debug/deps/libhumantime-28a5c7939082a25f.rlib" "/opt/rustwide/target/debug/deps/libanyhow-e6a8de9725697aa8.rlib" "/opt/rustwide/target/debug/deps/libaiot-d567ad95e353125b.rlib" "/opt/rustwide/target/debug/deps/libmd5-18503058f2a93810.rlib" "/opt/rustwide/target/debug/deps/libsha2-7b7cfd71979132e9.rlib" "/opt/rustwide/target/debug/deps/libhmac-5474312827c70f4b.rlib" "/opt/rustwide/target/debug/deps/libtokio_tungstenite-f2e576357415df61.rlib" "/opt/rustwide/target/debug/deps/librustls_native_certs-bca00945b384583b.rlib" "/opt/rustwide/target/debug/deps/libtungstenite-867d928e75a3e4a9.rlib" "/opt/rustwide/target/debug/deps/librand-1aa7dc25973548d1.rlib" "/opt/rustwide/target/debug/deps/librand_chacha-e06b43ac96f3f187.rlib" "/opt/rustwide/target/debug/deps/libppv_lite86-394f9d032299ed50.rlib" "/opt/rustwide/target/debug/deps/librand_core-8297ddab0bb8f792.rlib" "/opt/rustwide/target/debug/deps/libgetrandom-6b2a94731eddf1dc.rlib" "/opt/rustwide/target/debug/deps/libutf8-d1a3605d87052b93.rlib" "/opt/rustwide/target/debug/deps/libbyteorder-a1f9de351ee5c7d4.rlib" "/opt/rustwide/target/debug/deps/libsha1-32f36d9b6b0e287a.rlib" "/opt/rustwide/target/debug/deps/libcpufeatures-f9f03e238422499c.rlib" "/opt/rustwide/target/debug/deps/libdigest-d81cd07c1a78ffd7.rlib" "/opt/rustwide/target/debug/deps/libsubtle-e20c91997421cdd0.rlib" "/opt/rustwide/target/debug/deps/libblock_buffer-e2e2450c6086c62d.rlib" "/opt/rustwide/target/debug/deps/libcrypto_common-37d4be450c60571c.rlib" "/opt/rustwide/target/debug/deps/libgeneric_array-aae8f175a81a2270.rlib" "/opt/rustwide/target/debug/deps/libtypenum-872c5d0a52e3e462.rlib" "/opt/rustwide/target/debug/deps/libfutures-a9aebb24ed2fb9f9.rlib" "/opt/rustwide/target/debug/deps/libfutures_executor-8703606900ba445d.rlib" "/opt/rustwide/target/debug/deps/libtempdir-2cd439658b055f48.rlib" "/opt/rustwide/target/debug/deps/libremove_dir_all-bfc75ec09beed3e1.rlib" "/opt/rustwide/target/debug/deps/librand-f8217b6c6a5c280c.rlib" "/opt/rustwide/target/debug/deps/libchrono-28cb32db66d3a610.rlib" "/opt/rustwide/target/debug/deps/libnum_integer-bc5d07346cce737f.rlib" "/opt/rustwide/target/debug/deps/libnum_traits-5aa0a834e21733e8.rlib" "/opt/rustwide/target/debug/deps/libtime-82203dd537622496.rlib" "/opt/rustwide/target/debug/deps/libreqwest-26f13b261519cd9e.rlib" "/opt/rustwide/target/debug/deps/librustls_pemfile-998776467eadc2bf.rlib" "/opt/rustwide/target/debug/deps/libhyper_rustls-1096e96051fbe2a0.rlib" "/opt/rustwide/target/debug/deps/libhyper_tls-5c02b0665272bbbe.rlib" "/opt/rustwide/target/debug/deps/libserde_urlencoded-e4b63d4f978eafed.rlib" "/opt/rustwide/target/debug/deps/libwebpki_roots-589071f86f2e63ba.rlib" "/opt/rustwide/target/debug/deps/libipnet-aee3a6468a93add6.rlib" "/opt/rustwide/target/debug/deps/libtokio_native_tls-4137cadfee9168e9.rlib" "/opt/rustwide/target/debug/deps/libmime-9e07d67b5ac64e40.rlib" "/opt/rustwide/target/debug/deps/libencoding_rs-352097e26a431769.rlib" "/opt/rustwide/target/debug/deps/libnative_tls-5f94614f6a63a026.rlib" "/opt/rustwide/target/debug/deps/libopenssl_probe-7a88c39453af999d.rlib" "/opt/rustwide/target/debug/deps/libopenssl-b91d1cc29b8f8495.rlib" "/opt/rustwide/target/debug/deps/libbitflags-560efdb99b117eef.rlib" "/opt/rustwide/target/debug/deps/libforeign_types-635c4831cecdaa17.rlib" "/opt/rustwide/target/debug/deps/libforeign_types_shared-451e418c5f5a784d.rlib" "/opt/rustwide/target/debug/deps/libopenssl_sys-4ea6eacc9368d99d.rlib" "/opt/rustwide/target/debug/deps/libhyper-35325c164ba7fb80.rlib" "/opt/rustwide/target/debug/deps/libwant-866bb2c0553d6cd0.rlib" "/opt/rustwide/target/debug/deps/libtry_lock-3a78e9645921fd84.rlib" "/opt/rustwide/target/debug/deps/libhttparse-e19dc9d684e65670.rlib" "/opt/rustwide/target/debug/deps/libh2-d78c977e5d6f2564.rlib" "/opt/rustwide/target/debug/deps/libindexmap-59b4a1680f82064f.rlib" "/opt/rustwide/target/debug/deps/libhashbrown-a78e60556b577013.rlib" "/opt/rustwide/target/debug/deps/libtower_service-b8eada18fb851852.rlib" "/opt/rustwide/target/debug/deps/libfutures_util-f79a3fcc54e6ae49.rlib" "/opt/rustwide/target/debug/deps/libfutures_io-7a04bf9d31b2a62e.rlib" "/opt/rustwide/target/debug/deps/libslab-504bf5108b608b54.rlib" "/opt/rustwide/target/debug/deps/libfutures_channel-ca64bc66d71fcb03.rlib" "/opt/rustwide/target/debug/deps/libfutures_task-0e179439ab141e4c.rlib" "/opt/rustwide/target/debug/deps/libpin_utils-76c2785263cdb1c1.rlib" "/opt/rustwide/target/debug/deps/libtokio_util-852c92cca97bd6d5.rlib" "/opt/rustwide/target/debug/deps/libtracing-61e62871c875cde8.rlib" "/opt/rustwide/target/debug/deps/libtracing_core-3d5dd8c8c69dca3a.rlib" "/opt/rustwide/target/debug/deps/libfutures_sink-de730c624de6012c.rlib" "/opt/rustwide/target/debug/deps/libhttp_body-698829cb8eab9fbb.rlib" "/opt/rustwide/target/debug/deps/liburl-260e3542f3023d2b.rlib" "/opt/rustwide/target/debug/deps/libidna-9218a066b8c4fc8f.rlib" "/opt/rustwide/target/debug/deps/libunicode_normalization-172f70db62d54679.rlib" "/opt/rustwide/target/debug/deps/libtinyvec-c3d809a52f8073b0.rlib" "/opt/rustwide/target/debug/deps/libtinyvec_macros-1bf1a30eed3b5c6a.rlib" "/opt/rustwide/target/debug/deps/libunicode_bidi-4d7b422b6eb43b2b.rlib" "/opt/rustwide/target/debug/deps/libform_urlencoded-ab7696df578b3944.rlib" "/opt/rustwide/target/debug/deps/libpercent_encoding-728584a78b46a6c0.rlib" "/opt/rustwide/target/debug/deps/libmatches-2a310fad976784d4.rlib" "/opt/rustwide/target/debug/deps/libhttp-f682379f318c2d14.rlib" "/opt/rustwide/target/debug/deps/libfnv-574dedeaa4c89e1d.rlib" "/opt/rustwide/target/debug/deps/libcrc-fea8368f9b169fcc.rlib" "/opt/rustwide/target/debug/deps/libcrc_catalog-2a82d7b8137cc97d.rlib" "/opt/rustwide/target/debug/deps/libspin-fcb73b58a6610cb0.rlib" "/opt/rustwide/target/debug/deps/liblock_api-5d62ca0680cbc8da.rlib" "/opt/rustwide/target/debug/deps/libscopeguard-6ebe5b14c8a6c2d8.rlib" "/opt/rustwide/target/debug/deps/libserde_json-0ad2943e41b24a41.rlib" "/opt/rustwide/target/debug/deps/libryu-1ee9dd08e2353758.rlib" "/opt/rustwide/target/debug/deps/libitoa-83ac3cf80711f538.rlib" "/opt/rustwide/target/debug/deps/libregex-df4741e0356188d8.rlib" "/opt/rustwide/target/debug/deps/libaho_corasick-80f7a70dd86fdf7a.rlib" "/opt/rustwide/target/debug/deps/libregex_syntax-7ffa49b660516afe.rlib" "/opt/rustwide/target/debug/deps/librumqttc-315da93b8ecb1b39.rlib" "/opt/rustwide/target/debug/deps/librustls_pemfile-fce078e04c2003b9.rlib" "/opt/rustwide/target/debug/deps/libbase64-70ad20caa2b11358.rlib" "/opt/rustwide/target/debug/deps/libpollster-82cd18c393f435b2.rlib" "/opt/rustwide/target/debug/deps/libthiserror-3c84fca74b4778d0.rlib" "/opt/rustwide/target/debug/deps/libtokio_rustls-7aa16c5ba3354e96.rlib" "/opt/rustwide/target/debug/deps/librustls-28b101c68481d253.rlib" "/opt/rustwide/target/debug/deps/libsct-b46f17cc48488011.rlib" "/opt/rustwide/target/debug/deps/libwebpki-26cb92ce2cb8870c.rlib" "/opt/rustwide/target/debug/deps/libring-972416e10257b9b2.rlib" "/opt/rustwide/target/debug/deps/libspin-aba4c1570e9c644e.rlib" "/opt/rustwide/target/debug/deps/libuntrusted-b2518a6a9207ec5b.rlib" "/opt/rustwide/target/debug/deps/libonce_cell-8880db5172f9bf72.rlib" "/opt/rustwide/target/debug/deps/libtokio-3bce20e62a41711b.rlib" "/opt/rustwide/target/debug/deps/libnum_cpus-a6abf6bf498beb93.rlib" "/opt/rustwide/target/debug/deps/libsocket2-cf38fc4b42f747d7.rlib" "/opt/rustwide/target/debug/deps/libmemchr-a4f7a93850c27d99.rlib" "/opt/rustwide/target/debug/deps/libpin_project_lite-ad150d636eada7c2.rlib" "/opt/rustwide/target/debug/deps/libmio-318f86a51e04fced.rlib" "/opt/rustwide/target/debug/deps/liblibc-655b04a26ff0aa2c.rlib" "/opt/rustwide/target/debug/deps/libbytes-77091162d9e32949.rlib" "/opt/rustwide/target/debug/deps/libasync_channel-ba151b894f7e25de.rlib" "/opt/rustwide/target/debug/deps/libfutures_core-e6d7d37683f369c9.rlib" "/opt/rustwide/target/debug/deps/libevent_listener-1f9da2b6cbc2a4a4.rlib" "/opt/rustwide/target/debug/deps/libconcurrent_queue-cbaf599e0815ec30.rlib" "/opt/rustwide/target/debug/deps/libcache_padded-93948abc13929b09.rlib" "/opt/rustwide/target/debug/deps/liblog-4d7988e153724c63.rlib" "/opt/rustwide/target/debug/deps/libcfg_if-57bf25c23e31efdb.rlib" "/opt/rustwide/target/debug/deps/liblazy_static-b82c15677deef9e2.rlib" "/opt/rustwide/target/debug/deps/libenum_iterator-72cb970f2126b74b.rlib" "/opt/rustwide/target/debug/deps/libserde_with-fcc73e7d566622c6.rlib" "/opt/rustwide/target/debug/deps/libserde-bfe5146e3f79a473.rlib" "/opt/rustwide/rustup-home/toolchains/nightly-2024-10-28-x86_64-unknown-linux-gnu/lib/rustlib/x86_64-unknown-linux-gnu/lib/libstd-fb8c387236db3c10.rlib" "/opt/rustwide/rustup-home/toolchains/nightly-2024-10-28-x86_64-unknown-linux-gnu/lib/rustlib/x86_64-unknown-linux-gnu/lib/libpanic_unwind-b251837809b2f64b.rlib" "/opt/rustwide/rustup-home/toolchains/nightly-2024-10-28-x86_64-unknown-linux-gnu/lib/rustlib/x86_64-unknown-linux-gnu/lib/libobject-cbef83eaa4e01f04.rlib" "/opt/rustwide/rustup-home/toolchains/nightly-2024-10-28-x86_64-unknown-linux-gnu/lib/rustlib/x86_64-unknown-linux-gnu/lib/libmemchr-12a772286de2fca7.rlib" "/opt/rustwide/rustup-home/toolchains/nightly-2024-10-28-x86_64-unknown-linux-gnu/lib/rustlib/x86_64-unknown-linux-gnu/lib/libaddr2line-023bbe5ada7abfc3.rlib" "/opt/rustwide/rustup-home/toolchains/nightly-2024-10-28-x86_64-unknown-linux-gnu/lib/rustlib/x86_64-unknown-linux-gnu/lib/libgimli-de2bcdf10ec69c2b.rlib" "/opt/rustwide/rustup-home/toolchains/nightly-2024-10-28-x86_64-unknown-linux-gnu/lib/rustlib/x86_64-unknown-linux-gnu/lib/librustc_demangle-8e1754df350800fd.rlib" "/opt/rustwide/rustup-home/toolchains/nightly-2024-10-28-x86_64-unknown-linux-gnu/lib/rustlib/x86_64-unknown-linux-gnu/lib/libstd_detect-06c2ab7b9c32e037.rlib" "/opt/rustwide/rustup-home/toolchains/nightly-2024-10-28-x86_64-unknown-linux-gnu/lib/rustlib/x86_64-unknown-linux-gnu/lib/libhashbrown-51d2621fc57a281b.rlib" "/opt/rustwide/rustup-home/toolchains/nightly-2024-10-28-x86_64-unknown-linux-gnu/lib/rustlib/x86_64-unknown-linux-gnu/lib/librustc_std_workspace_alloc-54a930408793772f.rlib" "/opt/rustwide/rustup-home/toolchains/nightly-2024-10-28-x86_64-unknown-linux-gnu/lib/rustlib/x86_64-unknown-linux-gnu/lib/libminiz_oxide-0c7d01cba400dcb2.rlib" "/opt/rustwide/rustup-home/toolchains/nightly-2024-10-28-x86_64-unknown-linux-gnu/lib/rustlib/x86_64-unknown-linux-gnu/lib/libadler-b9f84d69e331b75b.rlib" "/opt/rustwide/rustup-home/toolchains/nightly-2024-10-28-x86_64-unknown-linux-gnu/lib/rustlib/x86_64-unknown-linux-gnu/lib/libunwind-eec95493246aae39.rlib" "/opt/rustwide/rustup-home/toolchains/nightly-2024-10-28-x86_64-unknown-linux-gnu/lib/rustlib/x86_64-unknown-linux-gnu/lib/libcfg_if-6f6676c475e08ab0.rlib" "/opt/rustwide/rustup-home/toolchains/nightly-2024-10-28-x86_64-unknown-linux-gnu/lib/rustlib/x86_64-unknown-linux-gnu/lib/liblibc-799d520624f8b2e0.rlib" "/opt/rustwide/rustup-home/toolchains/nightly-2024-10-28-x86_64-unknown-linux-gnu/lib/rustlib/x86_64-unknown-linux-gnu/lib/liballoc-fcf93d4842acd9a9.rlib" "/opt/rustwide/rustup-home/toolchains/nightly-2024-10-28-x86_64-unknown-linux-gnu/lib/rustlib/x86_64-unknown-linux-gnu/lib/librustc_std_workspace_core-395a38b8e0851c9b.rlib" "/opt/rustwide/rustup-home/toolchains/nightly-2024-10-28-x86_64-unknown-linux-gnu/lib/rustlib/x86_64-unknown-linux-gnu/lib/libcore-d453bab70303062c.rlib" "/opt/rustwide/rustup-home/toolchains/nightly-2024-10-28-x86_64-unknown-linux-gnu/lib/rustlib/x86_64-unknown-linux-gnu/lib/libcompiler_builtins-0e6386368b0a24e8.rlib" "-Wl,-Bdynamic" "-lssl" "-lcrypto" "-lgcc_s" "-lutil" "-lrt" "-lpthread" "-lm" "-ldl" "-lc" "-B/opt/rustwide/rustup-home/toolchains/nightly-2024-10-28-x86_64-unknown-linux-gnu/lib/rustlib/x86_64-unknown-linux-gnu/bin/gcc-ld" "-fuse-ld=lld" "-Wl,--eh-frame-hdr" "-Wl,-z,noexecstack" "-L" "/opt/rustwide/target/debug/build/ring-c1cdff1b5b20c6b4/out" "-L" "/opt/rustwide/rustup-home/toolchains/nightly-2024-10-28-x86_64-unknown-linux-gnu/lib/rustlib/x86_64-unknown-linux-gnu/lib" "-o" "/opt/rustwide/target/debug/examples/tag-995f5a325a68166a" "-Wl,--gc-sections" "-pie" "-Wl,-z,relro,-z,now" "-nodefaultlibs"
[INFO] [stdout]   = note: collect2: fatal error: ld terminated with signal 9 [Killed]
[INFO] [stdout]           compilation terminated.
[INFO] [stdout]           
[INFO] [stdout] 
[INFO] [stdout] 
[INFO] [stderr] error: could not compile `aiot` (example "tag") due to 1 previous error
[INFO] [stdout] error: linking with `cc` failed: exit status: 1
[INFO] [stdout]   |
[INFO] [stdout]   = note: LC_ALL="C" PATH="/opt/rustwide/rustup-home/toolchains/nightly-2024-10-28-x86_64-unknown-linux-gnu/lib/rustlib/x86_64-unknown-linux-gnu/bin:/opt/rustwide/rustup-home/toolchains/nightly-2024-10-28-x86_64-unknown-linux-gnu/lib/rustlib/x86_64-unknown-linux-gnu/bin/self-contained:/opt/rustwide/cargo-home/bin:/usr/local/sbin:/usr/local/bin:/usr/sbin:/usr/bin:/sbin:/bin" VSLANG="1033" "cc" "-m64" "/tmp/rustcvBZcWp/symbols.o" "/opt/rustwide/target/debug/examples/ntp-0001b5aa479bdeb2.ntp.d17f07e8eaaf3012-cgu.0.rcgu.o" "/opt/rustwide/target/debug/examples/ntp-0001b5aa479bdeb2.ntp.d17f07e8eaaf3012-cgu.1.rcgu.o" "/opt/rustwide/target/debug/examples/ntp-0001b5aa479bdeb2.e050f5e8ldeoyxe2ki8ohn14o.rcgu.o" "-Wl,--as-needed" "-Wl,-Bstatic" "/opt/rustwide/target/debug/deps/libenv_logger-a3c74330998d398a.rlib" "/opt/rustwide/target/debug/deps/libatty-5eda582901124f9d.rlib" "/opt/rustwide/target/debug/deps/libtermcolor-d19f793f1637ef2f.rlib" "/opt/rustwide/target/debug/deps/libhumantime-28a5c7939082a25f.rlib" "/opt/rustwide/target/debug/deps/libanyhow-e6a8de9725697aa8.rlib" "/opt/rustwide/target/debug/deps/libaiot-d567ad95e353125b.rlib" "/opt/rustwide/target/debug/deps/libmd5-18503058f2a93810.rlib" "/opt/rustwide/target/debug/deps/libsha2-7b7cfd71979132e9.rlib" "/opt/rustwide/target/debug/deps/libhmac-5474312827c70f4b.rlib" "/opt/rustwide/target/debug/deps/libtokio_tungstenite-f2e576357415df61.rlib" "/opt/rustwide/target/debug/deps/librustls_native_certs-bca00945b384583b.rlib" "/opt/rustwide/target/debug/deps/libtungstenite-867d928e75a3e4a9.rlib" "/opt/rustwide/target/debug/deps/librand-1aa7dc25973548d1.rlib" "/opt/rustwide/target/debug/deps/librand_chacha-e06b43ac96f3f187.rlib" "/opt/rustwide/target/debug/deps/libppv_lite86-394f9d032299ed50.rlib" "/opt/rustwide/target/debug/deps/librand_core-8297ddab0bb8f792.rlib" "/opt/rustwide/target/debug/deps/libgetrandom-6b2a94731eddf1dc.rlib" "/opt/rustwide/target/debug/deps/libutf8-d1a3605d87052b93.rlib" "/opt/rustwide/target/debug/deps/libbyteorder-a1f9de351ee5c7d4.rlib" "/opt/rustwide/target/debug/deps/libsha1-32f36d9b6b0e287a.rlib" "/opt/rustwide/target/debug/deps/libcpufeatures-f9f03e238422499c.rlib" "/opt/rustwide/target/debug/deps/libdigest-d81cd07c1a78ffd7.rlib" "/opt/rustwide/target/debug/deps/libsubtle-e20c91997421cdd0.rlib" "/opt/rustwide/target/debug/deps/libblock_buffer-e2e2450c6086c62d.rlib" "/opt/rustwide/target/debug/deps/libcrypto_common-37d4be450c60571c.rlib" "/opt/rustwide/target/debug/deps/libgeneric_array-aae8f175a81a2270.rlib" "/opt/rustwide/target/debug/deps/libtypenum-872c5d0a52e3e462.rlib" "/opt/rustwide/target/debug/deps/libfutures-a9aebb24ed2fb9f9.rlib" "/opt/rustwide/target/debug/deps/libfutures_executor-8703606900ba445d.rlib" "/opt/rustwide/target/debug/deps/libtempdir-2cd439658b055f48.rlib" "/opt/rustwide/target/debug/deps/libremove_dir_all-bfc75ec09beed3e1.rlib" "/opt/rustwide/target/debug/deps/librand-f8217b6c6a5c280c.rlib" "/opt/rustwide/target/debug/deps/libchrono-28cb32db66d3a610.rlib" "/opt/rustwide/target/debug/deps/libnum_integer-bc5d07346cce737f.rlib" "/opt/rustwide/target/debug/deps/libnum_traits-5aa0a834e21733e8.rlib" "/opt/rustwide/target/debug/deps/libtime-82203dd537622496.rlib" "/opt/rustwide/target/debug/deps/libreqwest-26f13b261519cd9e.rlib" "/opt/rustwide/target/debug/deps/librustls_pemfile-998776467eadc2bf.rlib" "/opt/rustwide/target/debug/deps/libhyper_rustls-1096e96051fbe2a0.rlib" "/opt/rustwide/target/debug/deps/libhyper_tls-5c02b0665272bbbe.rlib" "/opt/rustwide/target/debug/deps/libserde_urlencoded-e4b63d4f978eafed.rlib" "/opt/rustwide/target/debug/deps/libwebpki_roots-589071f86f2e63ba.rlib" "/opt/rustwide/target/debug/deps/libipnet-aee3a6468a93add6.rlib" "/opt/rustwide/target/debug/deps/libtokio_native_tls-4137cadfee9168e9.rlib" "/opt/rustwide/target/debug/deps/libmime-9e07d67b5ac64e40.rlib" "/opt/rustwide/target/debug/deps/libencoding_rs-352097e26a431769.rlib" "/opt/rustwide/target/debug/deps/libnative_tls-5f94614f6a63a026.rlib" "/opt/rustwide/target/debug/deps/libopenssl_probe-7a88c39453af999d.rlib" "/opt/rustwide/target/debug/deps/libopenssl-b91d1cc29b8f8495.rlib" "/opt/rustwide/target/debug/deps/libbitflags-560efdb99b117eef.rlib" "/opt/rustwide/target/debug/deps/libforeign_types-635c4831cecdaa17.rlib" "/opt/rustwide/target/debug/deps/libforeign_types_shared-451e418c5f5a784d.rlib" "/opt/rustwide/target/debug/deps/libopenssl_sys-4ea6eacc9368d99d.rlib" "/opt/rustwide/target/debug/deps/libhyper-35325c164ba7fb80.rlib" "/opt/rustwide/target/debug/deps/libwant-866bb2c0553d6cd0.rlib" "/opt/rustwide/target/debug/deps/libtry_lock-3a78e9645921fd84.rlib" "/opt/rustwide/target/debug/deps/libhttparse-e19dc9d684e65670.rlib" "/opt/rustwide/target/debug/deps/libh2-d78c977e5d6f2564.rlib" "/opt/rustwide/target/debug/deps/libindexmap-59b4a1680f82064f.rlib" "/opt/rustwide/target/debug/deps/libhashbrown-a78e60556b577013.rlib" "/opt/rustwide/target/debug/deps/libtower_service-b8eada18fb851852.rlib" "/opt/rustwide/target/debug/deps/libfutures_util-f79a3fcc54e6ae49.rlib" "/opt/rustwide/target/debug/deps/libfutures_io-7a04bf9d31b2a62e.rlib" "/opt/rustwide/target/debug/deps/libslab-504bf5108b608b54.rlib" "/opt/rustwide/target/debug/deps/libfutures_channel-ca64bc66d71fcb03.rlib" "/opt/rustwide/target/debug/deps/libfutures_task-0e179439ab141e4c.rlib" "/opt/rustwide/target/debug/deps/libpin_utils-76c2785263cdb1c1.rlib" "/opt/rustwide/target/debug/deps/libtokio_util-852c92cca97bd6d5.rlib" "/opt/rustwide/target/debug/deps/libtracing-61e62871c875cde8.rlib" "/opt/rustwide/target/debug/deps/libtracing_core-3d5dd8c8c69dca3a.rlib" "/opt/rustwide/target/debug/deps/libfutures_sink-de730c624de6012c.rlib" "/opt/rustwide/target/debug/deps/libhttp_body-698829cb8eab9fbb.rlib" "/opt/rustwide/target/debug/deps/liburl-260e3542f3023d2b.rlib" "/opt/rustwide/target/debug/deps/libidna-9218a066b8c4fc8f.rlib" "/opt/rustwide/target/debug/deps/libunicode_normalization-172f70db62d54679.rlib" "/opt/rustwide/target/debug/deps/libtinyvec-c3d809a52f8073b0.rlib" "/opt/rustwide/target/debug/deps/libtinyvec_macros-1bf1a30eed3b5c6a.rlib" "/opt/rustwide/target/debug/deps/libunicode_bidi-4d7b422b6eb43b2b.rlib" "/opt/rustwide/target/debug/deps/libform_urlencoded-ab7696df578b3944.rlib" "/opt/rustwide/target/debug/deps/libpercent_encoding-728584a78b46a6c0.rlib" "/opt/rustwide/target/debug/deps/libmatches-2a310fad976784d4.rlib" "/opt/rustwide/target/debug/deps/libhttp-f682379f318c2d14.rlib" "/opt/rustwide/target/debug/deps/libfnv-574dedeaa4c89e1d.rlib" "/opt/rustwide/target/debug/deps/libcrc-fea8368f9b169fcc.rlib" "/opt/rustwide/target/debug/deps/libcrc_catalog-2a82d7b8137cc97d.rlib" "/opt/rustwide/target/debug/deps/libspin-fcb73b58a6610cb0.rlib" "/opt/rustwide/target/debug/deps/liblock_api-5d62ca0680cbc8da.rlib" "/opt/rustwide/target/debug/deps/libscopeguard-6ebe5b14c8a6c2d8.rlib" "/opt/rustwide/target/debug/deps/libserde_json-0ad2943e41b24a41.rlib" "/opt/rustwide/target/debug/deps/libryu-1ee9dd08e2353758.rlib" "/opt/rustwide/target/debug/deps/libitoa-83ac3cf80711f538.rlib" "/opt/rustwide/target/debug/deps/libregex-df4741e0356188d8.rlib" "/opt/rustwide/target/debug/deps/libaho_corasick-80f7a70dd86fdf7a.rlib" "/opt/rustwide/target/debug/deps/libregex_syntax-7ffa49b660516afe.rlib" "/opt/rustwide/target/debug/deps/librumqttc-315da93b8ecb1b39.rlib" "/opt/rustwide/target/debug/deps/librustls_pemfile-fce078e04c2003b9.rlib" "/opt/rustwide/target/debug/deps/libbase64-70ad20caa2b11358.rlib" "/opt/rustwide/target/debug/deps/libpollster-82cd18c393f435b2.rlib" "/opt/rustwide/target/debug/deps/libthiserror-3c84fca74b4778d0.rlib" "/opt/rustwide/target/debug/deps/libtokio_rustls-7aa16c5ba3354e96.rlib" "/opt/rustwide/target/debug/deps/librustls-28b101c68481d253.rlib" "/opt/rustwide/target/debug/deps/libsct-b46f17cc48488011.rlib" "/opt/rustwide/target/debug/deps/libwebpki-26cb92ce2cb8870c.rlib" "/opt/rustwide/target/debug/deps/libring-972416e10257b9b2.rlib" "/opt/rustwide/target/debug/deps/libspin-aba4c1570e9c644e.rlib" "/opt/rustwide/target/debug/deps/libuntrusted-b2518a6a9207ec5b.rlib" "/opt/rustwide/target/debug/deps/libonce_cell-8880db5172f9bf72.rlib" "/opt/rustwide/target/debug/deps/libtokio-3bce20e62a41711b.rlib" "/opt/rustwide/target/debug/deps/libnum_cpus-a6abf6bf498beb93.rlib" "/opt/rustwide/target/debug/deps/libsocket2-cf38fc4b42f747d7.rlib" "/opt/rustwide/target/debug/deps/libmemchr-a4f7a93850c27d99.rlib" "/opt/rustwide/target/debug/deps/libpin_project_lite-ad150d636eada7c2.rlib" "/opt/rustwide/target/debug/deps/libmio-318f86a51e04fced.rlib" "/opt/rustwide/target/debug/deps/liblibc-655b04a26ff0aa2c.rlib" "/opt/rustwide/target/debug/deps/libbytes-77091162d9e32949.rlib" "/opt/rustwide/target/debug/deps/libasync_channel-ba151b894f7e25de.rlib" "/opt/rustwide/target/debug/deps/libfutures_core-e6d7d37683f369c9.rlib" "/opt/rustwide/target/debug/deps/libevent_listener-1f9da2b6cbc2a4a4.rlib" "/opt/rustwide/target/debug/deps/libconcurrent_queue-cbaf599e0815ec30.rlib" "/opt/rustwide/target/debug/deps/libcache_padded-93948abc13929b09.rlib" "/opt/rustwide/target/debug/deps/liblog-4d7988e153724c63.rlib" "/opt/rustwide/target/debug/deps/libcfg_if-57bf25c23e31efdb.rlib" "/opt/rustwide/target/debug/deps/liblazy_static-b82c15677deef9e2.rlib" "/opt/rustwide/target/debug/deps/libenum_iterator-72cb970f2126b74b.rlib" "/opt/rustwide/target/debug/deps/libserde_with-fcc73e7d566622c6.rlib" "/opt/rustwide/target/debug/deps/libserde-bfe5146e3f79a473.rlib" "/opt/rustwide/rustup-home/toolchains/nightly-2024-10-28-x86_64-unknown-linux-gnu/lib/rustlib/x86_64-unknown-linux-gnu/lib/libstd-fb8c387236db3c10.rlib" "/opt/rustwide/rustup-home/toolchains/nightly-2024-10-28-x86_64-unknown-linux-gnu/lib/rustlib/x86_64-unknown-linux-gnu/lib/libpanic_unwind-b251837809b2f64b.rlib" "/opt/rustwide/rustup-home/toolchains/nightly-2024-10-28-x86_64-unknown-linux-gnu/lib/rustlib/x86_64-unknown-linux-gnu/lib/libobject-cbef83eaa4e01f04.rlib" "/opt/rustwide/rustup-home/toolchains/nightly-2024-10-28-x86_64-unknown-linux-gnu/lib/rustlib/x86_64-unknown-linux-gnu/lib/libmemchr-12a772286de2fca7.rlib" "/opt/rustwide/rustup-home/toolchains/nightly-2024-10-28-x86_64-unknown-linux-gnu/lib/rustlib/x86_64-unknown-linux-gnu/lib/libaddr2line-023bbe5ada7abfc3.rlib" "/opt/rustwide/rustup-home/toolchains/nightly-2024-10-28-x86_64-unknown-linux-gnu/lib/rustlib/x86_64-unknown-linux-gnu/lib/libgimli-de2bcdf10ec69c2b.rlib" "/opt/rustwide/rustup-home/toolchains/nightly-2024-10-28-x86_64-unknown-linux-gnu/lib/rustlib/x86_64-unknown-linux-gnu/lib/librustc_demangle-8e1754df350800fd.rlib" "/opt/rustwide/rustup-home/toolchains/nightly-2024-10-28-x86_64-unknown-linux-gnu/lib/rustlib/x86_64-unknown-linux-gnu/lib/libstd_detect-06c2ab7b9c32e037.rlib" "/opt/rustwide/rustup-home/toolchains/nightly-2024-10-28-x86_64-unknown-linux-gnu/lib/rustlib/x86_64-unknown-linux-gnu/lib/libhashbrown-51d2621fc57a281b.rlib" "/opt/rustwide/rustup-home/toolchains/nightly-2024-10-28-x86_64-unknown-linux-gnu/lib/rustlib/x86_64-unknown-linux-gnu/lib/librustc_std_workspace_alloc-54a930408793772f.rlib" "/opt/rustwide/rustup-home/toolchains/nightly-2024-10-28-x86_64-unknown-linux-gnu/lib/rustlib/x86_64-unknown-linux-gnu/lib/libminiz_oxide-0c7d01cba400dcb2.rlib" "/opt/rustwide/rustup-home/toolchains/nightly-2024-10-28-x86_64-unknown-linux-gnu/lib/rustlib/x86_64-unknown-linux-gnu/lib/libadler-b9f84d69e331b75b.rlib" "/opt/rustwide/rustup-home/toolchains/nightly-2024-10-28-x86_64-unknown-linux-gnu/lib/rustlib/x86_64-unknown-linux-gnu/lib/libunwind-eec95493246aae39.rlib" "/opt/rustwide/rustup-home/toolchains/nightly-2024-10-28-x86_64-unknown-linux-gnu/lib/rustlib/x86_64-unknown-linux-gnu/lib/libcfg_if-6f6676c475e08ab0.rlib" "/opt/rustwide/rustup-home/toolchains/nightly-2024-10-28-x86_64-unknown-linux-gnu/lib/rustlib/x86_64-unknown-linux-gnu/lib/liblibc-799d520624f8b2e0.rlib" "/opt/rustwide/rustup-home/toolchains/nightly-2024-10-28-x86_64-unknown-linux-gnu/lib/rustlib/x86_64-unknown-linux-gnu/lib/liballoc-fcf93d4842acd9a9.rlib" "/opt/rustwide/rustup-home/toolchains/nightly-2024-10-28-x86_64-unknown-linux-gnu/lib/rustlib/x86_64-unknown-linux-gnu/lib/librustc_std_workspace_core-395a38b8e0851c9b.rlib" "/opt/rustwide/rustup-home/toolchains/nightly-2024-10-28-x86_64-unknown-linux-gnu/lib/rustlib/x86_64-unknown-linux-gnu/lib/libcore-d453bab70303062c.rlib" "/opt/rustwide/rustup-home/toolchains/nightly-2024-10-28-x86_64-unknown-linux-gnu/lib/rustlib/x86_64-unknown-linux-gnu/lib/libcompiler_builtins-0e6386368b0a24e8.rlib" "-Wl,-Bdynamic" "-lssl" "-lcrypto" "-lgcc_s" "-lutil" "-lrt" "-lpthread" "-lm" "-ldl" "-lc" "-B/opt/rustwide/rustup-home/toolchains/nightly-2024-10-28-x86_64-unknown-linux-gnu/lib/rustlib/x86_64-unknown-linux-gnu/bin/gcc-ld" "-fuse-ld=lld" "-Wl,--eh-frame-hdr" "-Wl,-z,noexecstack" "-L" "/opt/rustwide/target/debug/build/ring-c1cdff1b5b20c6b4/out" "-L" "/opt/rustwide/rustup-home/toolchains/nightly-2024-10-28-x86_64-unknown-linux-gnu/lib/rustlib/x86_64-unknown-linux-gnu/lib" "-o" "/opt/rustwide/target/debug/examples/ntp-0001b5aa479bdeb2" "-Wl,--gc-sections" "-pie" "-Wl,-z,relro,-z,now" "-nodefaultlibs"
[INFO] [stdout]   = note: collect2: fatal error: ld terminated with signal 9 [Killed]
[INFO] [stdout]           compilation terminated.
[INFO] [stdout]           
[INFO] [stdout] 
[INFO] [stdout] 
[INFO] [stderr] error: could not compile `aiot` (example "ntp") due to 1 previous error
[INFO] [stderr] error: could not compile `aiot` (example "remote-config")
[INFO] [stderr] 
[INFO] [stderr] Caused by:
[INFO] [stderr]   process didn't exit successfully: `/opt/rustwide/rustup-home/toolchains/nightly-2024-10-28-x86_64-unknown-linux-gnu/bin/rustc --crate-name remote_config --edition=2021 examples/remote-config.rs --error-format=json --json=diagnostic-rendered-ansi,artifacts,future-incompat --crate-type bin --emit=dep-info,link -C embed-bitcode=no -C debuginfo=2 --check-cfg 'cfg(docsrs)' --check-cfg 'cfg(feature, values())' -C metadata=e39dcaac2c47cf86 -C extra-filename=-e39dcaac2c47cf86 --out-dir /opt/rustwide/target/debug/examples -L dependency=/opt/rustwide/target/debug/deps --extern aiot=/opt/rustwide/target/debug/deps/libaiot-d567ad95e353125b.rlib --extern anyhow=/opt/rustwide/target/debug/deps/libanyhow-e6a8de9725697aa8.rlib --extern async_trait=/opt/rustwide/target/debug/deps/libasync_trait-6a6e5fdd7ee25d29.so --extern chrono=/opt/rustwide/target/debug/deps/libchrono-28cb32db66d3a610.rlib --extern crc=/opt/rustwide/target/debug/deps/libcrc-fea8368f9b169fcc.rlib --extern enum_iterator=/opt/rustwide/target/debug/deps/libenum_iterator-72cb970f2126b74b.rlib --extern enum_kinds=/opt/rustwide/target/debug/deps/libenum_kinds-7393773c6cf3ea2f.so --extern env_logger=/opt/rustwide/target/debug/deps/libenv_logger-a3c74330998d398a.rlib --extern futures=/opt/rustwide/target/debug/deps/libfutures-a9aebb24ed2fb9f9.rlib --extern futures_util=/opt/rustwide/target/debug/deps/libfutures_util-f79a3fcc54e6ae49.rlib --extern hmac=/opt/rustwide/target/debug/deps/libhmac-5474312827c70f4b.rlib --extern http=/opt/rustwide/target/debug/deps/libhttp-f682379f318c2d14.rlib --extern lazy_static=/opt/rustwide/target/debug/deps/liblazy_static-b82c15677deef9e2.rlib --extern libc=/opt/rustwide/target/debug/deps/liblibc-655b04a26ff0aa2c.rlib --extern log=/opt/rustwide/target/debug/deps/liblog-4d7988e153724c63.rlib --extern md5=/opt/rustwide/target/debug/deps/libmd5-18503058f2a93810.rlib --extern rand=/opt/rustwide/target/debug/deps/librand-1aa7dc25973548d1.rlib --extern regex=/opt/rustwide/target/debug/deps/libregex-df4741e0356188d8.rlib --extern reqwest=/opt/rustwide/target/debug/deps/libreqwest-26f13b261519cd9e.rlib --extern rumqttc=/opt/rustwide/target/debug/deps/librumqttc-315da93b8ecb1b39.rlib --extern rustls=/opt/rustwide/target/debug/deps/librustls-28b101c68481d253.rlib --extern rustls_pemfile=/opt/rustwide/target/debug/deps/librustls_pemfile-998776467eadc2bf.rlib --extern serde=/opt/rustwide/target/debug/deps/libserde-bfe5146e3f79a473.rlib --extern serde_json=/opt/rustwide/target/debug/deps/libserde_json-0ad2943e41b24a41.rlib --extern serde_repr=/opt/rustwide/target/debug/deps/libserde_repr-38cb630d68b1522c.so --extern serde_with=/opt/rustwide/target/debug/deps/libserde_with-fcc73e7d566622c6.rlib --extern sha2=/opt/rustwide/target/debug/deps/libsha2-7b7cfd71979132e9.rlib --extern spin=/opt/rustwide/target/debug/deps/libspin-fcb73b58a6610cb0.rlib --extern tempdir=/opt/rustwide/target/debug/deps/libtempdir-2cd439658b055f48.rlib --extern thiserror=/opt/rustwide/target/debug/deps/libthiserror-3c84fca74b4778d0.rlib --extern tokio=/opt/rustwide/target/debug/deps/libtokio-3bce20e62a41711b.rlib --extern tokio_tungstenite=/opt/rustwide/target/debug/deps/libtokio_tungstenite-f2e576357415df61.rlib --extern tungstenite=/opt/rustwide/target/debug/deps/libtungstenite-867d928e75a3e4a9.rlib --extern url=/opt/rustwide/target/debug/deps/liburl-260e3542f3023d2b.rlib --cap-lints=forbid -L native=/opt/rustwide/target/debug/build/ring-c1cdff1b5b20c6b4/out` (signal: 9, SIGKILL: kill)
[ERROR] error running command: no output for 300 seconds
[INFO] running `Command { std: "docker" "inspect" "3cfefc79ebbdfec7ee2a6fde23021e553b5410f7d47a838b982ac62e5248b649", kill_on_drop: false }`
[INFO] running `Command { std: "docker" "rm" "-f" "3cfefc79ebbdfec7ee2a6fde23021e553b5410f7d47a838b982ac62e5248b649", kill_on_drop: false }`
[INFO] [stdout] 3cfefc79ebbdfec7ee2a6fde23021e553b5410f7d47a838b982ac62e5248b649
