[INFO] fetching crate agnostic-lite 0.3.16...
[INFO] testing agnostic-lite-0.3.16 against nightly-2024-10-28 for randomize-layout
[INFO] extracting crate agnostic-lite 0.3.16 into /workspace/builds/worker-4-tc1/source
[INFO] validating manifest of crates.io crate agnostic-lite 0.3.16 on toolchain nightly-2024-10-28
[INFO] running `Command { std: CARGO_HOME="/workspace/cargo-home" RUSTUP_HOME="/workspace/rustup-home" "/workspace/cargo-home/bin/cargo" "+nightly-2024-10-28" "metadata" "--manifest-path" "Cargo.toml" "--no-deps", kill_on_drop: false }`
[INFO] started tweaking crates.io crate agnostic-lite 0.3.16
[INFO] finished tweaking crates.io crate agnostic-lite 0.3.16
[INFO] tweaked toml for crates.io crate agnostic-lite 0.3.16 written to /workspace/builds/worker-4-tc1/source/Cargo.toml
[INFO] running `Command { std: CARGO_HOME="/workspace/cargo-home" RUSTUP_HOME="/workspace/rustup-home" "/workspace/cargo-home/bin/cargo" "+nightly-2024-10-28" "generate-lockfile" "--manifest-path" "Cargo.toml", kill_on_drop: false }`
[INFO] [stderr]     Blocking waiting for file lock on package cache
[INFO] [stderr]     Updating crates.io index
[INFO] [stderr]     Blocking waiting for file lock on package cache
[INFO] [stderr]      Locking 119 packages to latest compatible versions
[INFO] running `Command { std: CARGO_HOME="/workspace/cargo-home" RUSTUP_HOME="/workspace/rustup-home" "/workspace/cargo-home/bin/cargo" "+nightly-2024-10-28" "fetch" "--manifest-path" "Cargo.toml", kill_on_drop: false }`
[INFO] [stderr]     Blocking waiting for file lock on package cache
[INFO] [stderr]  Downloading crates ...
[INFO] [stderr]   Downloaded wasm-bindgen-test v0.3.45
[INFO] [stderr]   Downloaded wasm-bindgen-test-macro v0.3.45
[INFO] [stderr]   Downloaded minicov v0.3.6
[INFO] running `Command { std: "docker" "create" "-v" "/var/lib/crater-agent-workspace/builds/worker-4-tc1/target:/opt/rustwide/target:rw,Z" "-v" "/var/lib/crater-agent-workspace/builds/worker-4-tc1/source:/opt/rustwide/workdir:ro,Z" "-v" "/var/lib/crater-agent-workspace/cargo-home:/opt/rustwide/cargo-home:ro,Z" "-v" "/var/lib/crater-agent-workspace/rustup-home:/opt/rustwide/rustup-home:ro,Z" "-e" "SOURCE_DIR=/opt/rustwide/workdir" "-e" "CARGO_TARGET_DIR=/opt/rustwide/target" "-e" "CARGO_HOME=/opt/rustwide/cargo-home" "-e" "RUSTUP_HOME=/opt/rustwide/rustup-home" "-w" "/opt/rustwide/workdir" "-m" "1610612736" "--user" "0:0" "--network" "none" "ghcr.io/rust-lang/crates-build-env/linux@sha256:4a844ea9eb2546a2d2c7022eacef16ef2e8229c7fbb2c7d4d55a9ceca922f72d" "/opt/rustwide/cargo-home/bin/cargo" "+nightly-2024-10-28" "metadata" "--no-deps" "--format-version=1", kill_on_drop: false }`
[INFO] [stdout] f4537a269af6da336ce194b059b30b1def9533031f4929a6337207e72b7a4101
[INFO] running `Command { std: "docker" "start" "-a" "f4537a269af6da336ce194b059b30b1def9533031f4929a6337207e72b7a4101", kill_on_drop: false }`
[INFO] running `Command { std: "docker" "inspect" "f4537a269af6da336ce194b059b30b1def9533031f4929a6337207e72b7a4101", kill_on_drop: false }`
[INFO] running `Command { std: "docker" "rm" "-f" "f4537a269af6da336ce194b059b30b1def9533031f4929a6337207e72b7a4101", kill_on_drop: false }`
[INFO] [stdout] f4537a269af6da336ce194b059b30b1def9533031f4929a6337207e72b7a4101
[INFO] running `Command { std: "docker" "create" "-v" "/var/lib/crater-agent-workspace/builds/worker-4-tc1/target:/opt/rustwide/target:rw,Z" "-v" "/var/lib/crater-agent-workspace/builds/worker-4-tc1/source:/opt/rustwide/workdir:ro,Z" "-v" "/var/lib/crater-agent-workspace/cargo-home:/opt/rustwide/cargo-home:ro,Z" "-v" "/var/lib/crater-agent-workspace/rustup-home:/opt/rustwide/rustup-home:ro,Z" "-e" "SOURCE_DIR=/opt/rustwide/workdir" "-e" "CARGO_TARGET_DIR=/opt/rustwide/target" "-e" "CARGO_INCREMENTAL=0" "-e" "RUST_BACKTRACE=full" "-e" "RUSTFLAGS=--cap-lints=forbid" "-e" "RUSTDOCFLAGS=--cap-lints=forbid" "-e" "CARGO_HOME=/opt/rustwide/cargo-home" "-e" "RUSTUP_HOME=/opt/rustwide/rustup-home" "-w" "/opt/rustwide/workdir" "-m" "1610612736" "--user" "0:0" "--network" "none" "ghcr.io/rust-lang/crates-build-env/linux@sha256:4a844ea9eb2546a2d2c7022eacef16ef2e8229c7fbb2c7d4d55a9ceca922f72d" "/opt/rustwide/cargo-home/bin/cargo" "+nightly-2024-10-28" "build" "--frozen" "--message-format=json", kill_on_drop: false }`
[INFO] [stdout] fff119cf8a54a64684983031ae322964ce79c3fb9359c14639c9dedd75b0a36d
[INFO] running `Command { std: "docker" "start" "-a" "fff119cf8a54a64684983031ae322964ce79c3fb9359c14639c9dedd75b0a36d", kill_on_drop: false }`
[INFO] [stderr]    Compiling pin-utils v0.1.0
[INFO] [stderr]    Compiling futures-task v0.3.31
[INFO] [stderr]    Compiling pin-project-lite v0.2.15
[INFO] [stderr]    Compiling syn v2.0.86
[INFO] [stderr]    Compiling futures-util v0.3.31
[INFO] [stderr]    Compiling pin-project-internal v1.1.7
[INFO] [stderr]    Compiling pin-project v1.1.7
[INFO] [stderr]    Compiling agnostic-lite v0.3.16 (/opt/rustwide/workdir)
[INFO] [stderr]     Finished `dev` profile [unoptimized + debuginfo] target(s) in 2.84s
[INFO] running `Command { std: "docker" "inspect" "fff119cf8a54a64684983031ae322964ce79c3fb9359c14639c9dedd75b0a36d", kill_on_drop: false }`
[INFO] running `Command { std: "docker" "rm" "-f" "fff119cf8a54a64684983031ae322964ce79c3fb9359c14639c9dedd75b0a36d", kill_on_drop: false }`
[INFO] [stdout] fff119cf8a54a64684983031ae322964ce79c3fb9359c14639c9dedd75b0a36d
[INFO] running `Command { std: "docker" "create" "-v" "/var/lib/crater-agent-workspace/builds/worker-4-tc1/target:/opt/rustwide/target:rw,Z" "-v" "/var/lib/crater-agent-workspace/builds/worker-4-tc1/source:/opt/rustwide/workdir:ro,Z" "-v" "/var/lib/crater-agent-workspace/cargo-home:/opt/rustwide/cargo-home:ro,Z" "-v" "/var/lib/crater-agent-workspace/rustup-home:/opt/rustwide/rustup-home:ro,Z" "-e" "SOURCE_DIR=/opt/rustwide/workdir" "-e" "CARGO_TARGET_DIR=/opt/rustwide/target" "-e" "CARGO_INCREMENTAL=0" "-e" "RUST_BACKTRACE=full" "-e" "RUSTFLAGS=--cap-lints=forbid" "-e" "RUSTDOCFLAGS=--cap-lints=forbid" "-e" "CARGO_HOME=/opt/rustwide/cargo-home" "-e" "RUSTUP_HOME=/opt/rustwide/rustup-home" "-w" "/opt/rustwide/workdir" "-m" "1610612736" "--user" "0:0" "--network" "none" "ghcr.io/rust-lang/crates-build-env/linux@sha256:4a844ea9eb2546a2d2c7022eacef16ef2e8229c7fbb2c7d4d55a9ceca922f72d" "/opt/rustwide/cargo-home/bin/cargo" "+nightly-2024-10-28" "test" "--frozen" "--no-run" "--message-format=json", kill_on_drop: false }`
[INFO] [stdout] 83d1333871635cfee7e987409d1b8228330f048b8bdae9b55dd33a595dedcfc3
[INFO] running `Command { std: "docker" "start" "-a" "83d1333871635cfee7e987409d1b8228330f048b8bdae9b55dd33a595dedcfc3", kill_on_drop: false }`
[INFO] [stderr]    Compiling slab v0.4.9
[INFO] [stderr]    Compiling futures-core v0.3.31
[INFO] [stderr]    Compiling futures-sink v0.3.31
[INFO] [stderr]    Compiling lock_api v0.4.12
[INFO] [stderr]    Compiling futures-task v0.3.31
[INFO] [stderr]    Compiling parking_lot_core v0.9.10
[INFO] [stderr]    Compiling memchr v2.7.4
[INFO] [stderr]    Compiling futures-io v0.3.31
[INFO] [stderr]    Compiling bytes v1.8.0
[INFO] [stderr]    Compiling syn v2.0.86
[INFO] [stderr]    Compiling socket2 v0.5.7
[INFO] [stderr]    Compiling signal-hook-registry v1.4.2
[INFO] [stderr]    Compiling mio v1.0.2
[INFO] [stderr]    Compiling futures-channel v0.3.31
[INFO] [stderr]    Compiling parking_lot v0.12.3
[INFO] [stderr]    Compiling futures-macro v0.3.31
[INFO] [stderr]    Compiling pin-project-internal v1.1.7
[INFO] [stderr]    Compiling tokio-macros v2.4.0
[INFO] [stderr]    Compiling tokio v1.41.0
[INFO] [stderr]    Compiling futures-util v0.3.31
[INFO] [stderr]    Compiling pin-project v1.1.7
[INFO] [stderr]    Compiling futures-executor v0.3.31
[INFO] [stderr]    Compiling agnostic-lite v0.3.16 (/opt/rustwide/workdir)
[INFO] [stderr]    Compiling futures v0.3.31
[INFO] [stdout] error[E0432]: unresolved import `super::AfterHandle`
[INFO] [stdout]    --> src/lib.rs:399:15
[INFO] [stdout]     |
[INFO] [stdout] 399 |   use super::{AfterHandle, RuntimeLite};
[INFO] [stdout]     |               ^^^^^^^^^^^ no `AfterHandle` in the root
[INFO] [stdout] 
[INFO] [stdout] 
[INFO] [stdout] error[E0599]: no function or associated item named `spawn_after` found for type parameter `R` in the current scope
[INFO] [stdout]    --> src/lib.rs:405:21
[INFO] [stdout]     |
[INFO] [stdout] 402 |   pub async fn spawn_after_unittest<R: RuntimeLite>() {
[INFO] [stdout]     |                                     - function or associated item `spawn_after` not found for this type parameter
[INFO] [stdout] ...
[INFO] [stdout] 405 |     let handle = R::spawn_after(Duration::from_secs(1), async move {
[INFO] [stdout]     |                     ^^^^^^^^^^^ function or associated item not found in `R`
[INFO] [stdout] 
[INFO] [stdout] 
[INFO] [stdout] error[E0599]: no function or associated item named `sleep` found for type parameter `R` in the current scope
[INFO] [stdout]    --> src/lib.rs:409:8
[INFO] [stdout]     |
[INFO] [stdout] 402 |   pub async fn spawn_after_unittest<R: RuntimeLite>() {
[INFO] [stdout]     |                                     - function or associated item `sleep` not found for this type parameter
[INFO] [stdout] ...
[INFO] [stdout] 409 |     R::sleep(Duration::from_millis(500)).await;
[INFO] [stdout]     |        ^^^^^ function or associated item not found in `R`
[INFO] [stdout] 
[INFO] [stdout] 
[INFO] [stdout] error[E0599]: no function or associated item named `spawn_after` found for type parameter `R` in the current scope
[INFO] [stdout]    --> src/lib.rs:422:21
[INFO] [stdout]     |
[INFO] [stdout] 419 |   pub async fn spawn_after_cancel_unittest<R: RuntimeLite>() {
[INFO] [stdout]     |                                            - function or associated item `spawn_after` not found for this type parameter
[INFO] [stdout] ...
[INFO] [stdout] 422 |     let handle = R::spawn_after(Duration::from_secs(1), async move {
[INFO] [stdout]     |                     ^^^^^^^^^^^ function or associated item not found in `R`
[INFO] [stdout] 
[INFO] [stdout] 
[INFO] [stdout] error[E0599]: no function or associated item named `sleep` found for type parameter `R` in the current scope
[INFO] [stdout]    --> src/lib.rs:426:8
[INFO] [stdout]     |
[INFO] [stdout] 419 |   pub async fn spawn_after_cancel_unittest<R: RuntimeLite>() {
[INFO] [stdout]     |                                            - function or associated item `sleep` not found for this type parameter
[INFO] [stdout] ...
[INFO] [stdout] 426 |     R::sleep(Duration::from_millis(500)).await;
[INFO] [stdout]     |        ^^^^^ function or associated item not found in `R`
[INFO] [stdout] 
[INFO] [stdout] 
[INFO] [stdout] error[E0599]: no function or associated item named `spawn_after` found for type parameter `R` in the current scope
[INFO] [stdout]    --> src/lib.rs:440:13
[INFO] [stdout]     |
[INFO] [stdout] 437 |   pub async fn spawn_after_drop_unittest<R: RuntimeLite>() {
[INFO] [stdout]     |                                          - function or associated item `spawn_after` not found for this type parameter
[INFO] [stdout] ...
[INFO] [stdout] 440 |     drop(R::spawn_after(Duration::from_secs(1), async move {
[INFO] [stdout]     |             ^^^^^^^^^^^ function or associated item not found in `R`
[INFO] [stdout] 
[INFO] [stdout] 
[INFO] [stdout] error[E0599]: no function or associated item named `sleep` found for type parameter `R` in the current scope
[INFO] [stdout]    --> src/lib.rs:444:8
[INFO] [stdout]     |
[INFO] [stdout] 437 |   pub async fn spawn_after_drop_unittest<R: RuntimeLite>() {
[INFO] [stdout]     |                                          - function or associated item `sleep` not found for this type parameter
[INFO] [stdout] ...
[INFO] [stdout] 444 |     R::sleep(Duration::from_millis(500)).await;
[INFO] [stdout]     |        ^^^^^ function or associated item not found in `R`
[INFO] [stdout] 
[INFO] [stdout] 
[INFO] [stdout] error[E0599]: no function or associated item named `sleep` found for type parameter `R` in the current scope
[INFO] [stdout]    --> src/lib.rs:447:8
[INFO] [stdout]     |
[INFO] [stdout] 437 |   pub async fn spawn_after_drop_unittest<R: RuntimeLite>() {
[INFO] [stdout]     |                                          - function or associated item `sleep` not found for this type parameter
[INFO] [stdout] ...
[INFO] [stdout] 447 |     R::sleep(Duration::from_millis(600)).await;
[INFO] [stdout]     |        ^^^^^ function or associated item not found in `R`
[INFO] [stdout] 
[INFO] [stdout] 
[INFO] [stdout] error[E0599]: no function or associated item named `spawn_after` found for type parameter `R` in the current scope
[INFO] [stdout]    --> src/lib.rs:457:21
[INFO] [stdout]     |
[INFO] [stdout] 454 |   pub async fn spawn_after_abort_unittest<R: RuntimeLite>() {
[INFO] [stdout]     |                                           - function or associated item `spawn_after` not found for this type parameter
[INFO] [stdout] ...
[INFO] [stdout] 457 |     let handle = R::spawn_after(Duration::from_secs(1), async move {
[INFO] [stdout]     |                     ^^^^^^^^^^^ function or associated item not found in `R`
[INFO] [stdout] 
[INFO] [stdout] 
[INFO] [stdout] error[E0599]: no function or associated item named `sleep` found for type parameter `R` in the current scope
[INFO] [stdout]    --> src/lib.rs:461:8
[INFO] [stdout]     |
[INFO] [stdout] 454 |   pub async fn spawn_after_abort_unittest<R: RuntimeLite>() {
[INFO] [stdout]     |                                           - function or associated item `sleep` not found for this type parameter
[INFO] [stdout] ...
[INFO] [stdout] 461 |     R::sleep(Duration::from_millis(500)).await;
[INFO] [stdout]     |        ^^^^^ function or associated item not found in `R`
[INFO] [stdout] 
[INFO] [stdout] 
[INFO] [stdout] error[E0599]: no function or associated item named `sleep` found for type parameter `R` in the current scope
[INFO] [stdout]    --> src/lib.rs:465:8
[INFO] [stdout]     |
[INFO] [stdout] 454 |   pub async fn spawn_after_abort_unittest<R: RuntimeLite>() {
[INFO] [stdout]     |                                           - function or associated item `sleep` not found for this type parameter
[INFO] [stdout] ...
[INFO] [stdout] 465 |     R::sleep(Duration::from_millis(600)).await;
[INFO] [stdout]     |        ^^^^^ function or associated item not found in `R`
[INFO] [stdout] 
[INFO] [stdout] 
[INFO] [stdout] error[E0599]: no function or associated item named `spawn_after` found for type parameter `R` in the current scope
[INFO] [stdout]    --> src/lib.rs:475:21
[INFO] [stdout]     |
[INFO] [stdout] 472 |   pub async fn spawn_after_reset_to_pass_unittest<R: RuntimeLite>() {
[INFO] [stdout]     |                                                   - function or associated item `spawn_after` not found for this type parameter
[INFO] [stdout] ...
[INFO] [stdout] 475 |     let handle = R::spawn_after(Duration::from_secs(1), async move {
[INFO] [stdout]     |                     ^^^^^^^^^^^ function or associated item not found in `R`
[INFO] [stdout] 
[INFO] [stdout] 
[INFO] [stdout] error[E0599]: no function or associated item named `sleep` found for type parameter `R` in the current scope
[INFO] [stdout]    --> src/lib.rs:479:8
[INFO] [stdout]     |
[INFO] [stdout] 472 |   pub async fn spawn_after_reset_to_pass_unittest<R: RuntimeLite>() {
[INFO] [stdout]     |                                                   - function or associated item `sleep` not found for this type parameter
[INFO] [stdout] ...
[INFO] [stdout] 479 |     R::sleep(Duration::from_millis(500)).await;
[INFO] [stdout]     |        ^^^^^ function or associated item not found in `R`
[INFO] [stdout] 
[INFO] [stdout] 
[INFO] [stdout] error[E0599]: no function or associated item named `sleep` found for type parameter `R` in the current scope
[INFO] [stdout]    --> src/lib.rs:483:8
[INFO] [stdout]     |
[INFO] [stdout] 472 |   pub async fn spawn_after_reset_to_pass_unittest<R: RuntimeLite>() {
[INFO] [stdout]     |                                                   - function or associated item `sleep` not found for this type parameter
[INFO] [stdout] ...
[INFO] [stdout] 483 |     R::sleep(Duration::from_millis(10)).await;
[INFO] [stdout]     |        ^^^^^ function or associated item not found in `R`
[INFO] [stdout] 
[INFO] [stdout] 
[INFO] [stdout] error[E0599]: no function or associated item named `spawn_after` found for type parameter `R` in the current scope
[INFO] [stdout]    --> src/lib.rs:493:21
[INFO] [stdout]     |
[INFO] [stdout] 490 |   pub async fn spawn_after_reset_to_future_unittest<R: RuntimeLite>() {
[INFO] [stdout]     |                                                     - function or associated item `spawn_after` not found for this type parameter
[INFO] [stdout] ...
[INFO] [stdout] 493 |     let handle = R::spawn_after(Duration::from_secs(1), async move {
[INFO] [stdout]     |                     ^^^^^^^^^^^ function or associated item not found in `R`
[INFO] [stdout] 
[INFO] [stdout] 
[INFO] [stdout] error[E0599]: no function or associated item named `sleep` found for type parameter `R` in the current scope
[INFO] [stdout]    --> src/lib.rs:497:8
[INFO] [stdout]     |
[INFO] [stdout] 490 |   pub async fn spawn_after_reset_to_future_unittest<R: RuntimeLite>() {
[INFO] [stdout]     |                                                     - function or associated item `sleep` not found for this type parameter
[INFO] [stdout] ...
[INFO] [stdout] 497 |     R::sleep(Duration::from_millis(500)).await;
[INFO] [stdout]     |        ^^^^^ function or associated item not found in `R`
[INFO] [stdout] 
[INFO] [stdout] 
[INFO] [stdout] error[E0599]: no function or associated item named `sleep` found for type parameter `R` in the current scope
[INFO] [stdout]    --> src/lib.rs:501:8
[INFO] [stdout]     |
[INFO] [stdout] 490 |   pub async fn spawn_after_reset_to_future_unittest<R: RuntimeLite>() {
[INFO] [stdout]     |                                                     - function or associated item `sleep` not found for this type parameter
[INFO] [stdout] ...
[INFO] [stdout] 501 |     R::sleep(Duration::from_millis(750 + 10)).await; // we already delayed 500ms, so remaining is 750ms
[INFO] [stdout]     |        ^^^^^ function or associated item not found in `R`
[INFO] [stdout] 
[INFO] [stdout] 
[INFO] [stdout] Some errors have detailed explanations: E0432, E0599.
[INFO] [stdout] 
[INFO] [stdout] For more information about an error, try `rustc --explain E0432`.
[INFO] [stdout] 
[INFO] [stderr] error: could not compile `agnostic-lite` (lib test) due to 17 previous errors
[INFO] running `Command { std: "docker" "inspect" "83d1333871635cfee7e987409d1b8228330f048b8bdae9b55dd33a595dedcfc3", kill_on_drop: false }`
[INFO] running `Command { std: "docker" "rm" "-f" "83d1333871635cfee7e987409d1b8228330f048b8bdae9b55dd33a595dedcfc3", kill_on_drop: false }`
[INFO] [stdout] 83d1333871635cfee7e987409d1b8228330f048b8bdae9b55dd33a595dedcfc3
