[INFO] fetching crate aes-wasm 0.1.11...
[INFO] testing aes-wasm-0.1.11 against nightly-2024-10-28+rustflags=-Zrandomize-layout for randomize-layout
[INFO] extracting crate aes-wasm 0.1.11 into /workspace/builds/worker-2-tc2/source
[INFO] validating manifest of crates.io crate aes-wasm 0.1.11 on toolchain nightly-2024-10-28
[INFO] running `Command { std: CARGO_HOME="/workspace/cargo-home" RUSTUP_HOME="/workspace/rustup-home" "/workspace/cargo-home/bin/cargo" "+nightly-2024-10-28" "metadata" "--manifest-path" "Cargo.toml" "--no-deps", kill_on_drop: false }`
[INFO] removed /workspace/builds/worker-2-tc2/source/rust-toolchain
[INFO] started tweaking crates.io crate aes-wasm 0.1.11
[INFO] finished tweaking crates.io crate aes-wasm 0.1.11
[INFO] tweaked toml for crates.io crate aes-wasm 0.1.11 written to /workspace/builds/worker-2-tc2/source/Cargo.toml
[INFO] running `Command { std: CARGO_HOME="/workspace/cargo-home" RUSTUP_HOME="/workspace/rustup-home" "/workspace/cargo-home/bin/cargo" "+nightly-2024-10-28" "generate-lockfile" "--manifest-path" "Cargo.toml", kill_on_drop: false }`
[INFO] [stderr]     Updating crates.io index
[INFO] [stderr]      Locking 48 packages to latest compatible versions
[INFO] running `Command { std: CARGO_HOME="/workspace/cargo-home" RUSTUP_HOME="/workspace/rustup-home" "/workspace/cargo-home/bin/cargo" "+nightly-2024-10-28" "fetch" "--manifest-path" "Cargo.toml", kill_on_drop: false }`
[INFO] running `Command { std: "docker" "create" "-v" "/var/lib/crater-agent-workspace/builds/worker-2-tc2/target:/opt/rustwide/target:rw,Z" "-v" "/var/lib/crater-agent-workspace/builds/worker-2-tc2/source:/opt/rustwide/workdir:ro,Z" "-v" "/var/lib/crater-agent-workspace/cargo-home:/opt/rustwide/cargo-home:ro,Z" "-v" "/var/lib/crater-agent-workspace/rustup-home:/opt/rustwide/rustup-home:ro,Z" "-e" "SOURCE_DIR=/opt/rustwide/workdir" "-e" "CARGO_TARGET_DIR=/opt/rustwide/target" "-e" "CARGO_HOME=/opt/rustwide/cargo-home" "-e" "RUSTUP_HOME=/opt/rustwide/rustup-home" "-w" "/opt/rustwide/workdir" "-m" "1610612736" "--user" "0:0" "--network" "none" "ghcr.io/rust-lang/crates-build-env/linux@sha256:4a844ea9eb2546a2d2c7022eacef16ef2e8229c7fbb2c7d4d55a9ceca922f72d" "/opt/rustwide/cargo-home/bin/cargo" "+nightly-2024-10-28" "metadata" "--no-deps" "--format-version=1", kill_on_drop: false }`
[INFO] [stdout] 010ca90e5da83ff849803548b39e1b5a2b4f11031a886ecb07d807357056403f
[INFO] running `Command { std: "docker" "start" "-a" "010ca90e5da83ff849803548b39e1b5a2b4f11031a886ecb07d807357056403f", kill_on_drop: false }`
[INFO] running `Command { std: "docker" "inspect" "010ca90e5da83ff849803548b39e1b5a2b4f11031a886ecb07d807357056403f", kill_on_drop: false }`
[INFO] running `Command { std: "docker" "rm" "-f" "010ca90e5da83ff849803548b39e1b5a2b4f11031a886ecb07d807357056403f", kill_on_drop: false }`
[INFO] [stdout] 010ca90e5da83ff849803548b39e1b5a2b4f11031a886ecb07d807357056403f
[INFO] running `Command { std: "docker" "create" "-v" "/var/lib/crater-agent-workspace/builds/worker-2-tc2/target:/opt/rustwide/target:rw,Z" "-v" "/var/lib/crater-agent-workspace/builds/worker-2-tc2/source:/opt/rustwide/workdir:ro,Z" "-v" "/var/lib/crater-agent-workspace/cargo-home:/opt/rustwide/cargo-home:ro,Z" "-v" "/var/lib/crater-agent-workspace/rustup-home:/opt/rustwide/rustup-home:ro,Z" "-e" "SOURCE_DIR=/opt/rustwide/workdir" "-e" "CARGO_TARGET_DIR=/opt/rustwide/target" "-e" "CARGO_INCREMENTAL=0" "-e" "RUST_BACKTRACE=full" "-e" "RUSTFLAGS=--cap-lints=forbid -Zrandomize-layout" "-e" "RUSTDOCFLAGS=--cap-lints=forbid" "-e" "CARGO_HOME=/opt/rustwide/cargo-home" "-e" "RUSTUP_HOME=/opt/rustwide/rustup-home" "-w" "/opt/rustwide/workdir" "-m" "1610612736" "--user" "0:0" "--network" "none" "ghcr.io/rust-lang/crates-build-env/linux@sha256:4a844ea9eb2546a2d2c7022eacef16ef2e8229c7fbb2c7d4d55a9ceca922f72d" "/opt/rustwide/cargo-home/bin/cargo" "+nightly-2024-10-28" "build" "--frozen" "--message-format=json", kill_on_drop: false }`
[INFO] [stdout] bf7265e95282e78acf6c6869b4f4c680c3c378fac3498e4953ddc725fa738d8b
[INFO] running `Command { std: "docker" "start" "-a" "bf7265e95282e78acf6c6869b4f4c680c3c378fac3498e4953ddc725fa738d8b", kill_on_drop: false }`
[INFO] [stderr]    Compiling aes-wasm v0.1.11 (/opt/rustwide/workdir)
[INFO] [stderr]     Finished `dev` profile [unoptimized + debuginfo] target(s) in 0.16s
[INFO] running `Command { std: "docker" "inspect" "bf7265e95282e78acf6c6869b4f4c680c3c378fac3498e4953ddc725fa738d8b", kill_on_drop: false }`
[INFO] running `Command { std: "docker" "rm" "-f" "bf7265e95282e78acf6c6869b4f4c680c3c378fac3498e4953ddc725fa738d8b", kill_on_drop: false }`
[INFO] [stdout] bf7265e95282e78acf6c6869b4f4c680c3c378fac3498e4953ddc725fa738d8b
[INFO] running `Command { std: "docker" "create" "-v" "/var/lib/crater-agent-workspace/builds/worker-2-tc2/target:/opt/rustwide/target:rw,Z" "-v" "/var/lib/crater-agent-workspace/builds/worker-2-tc2/source:/opt/rustwide/workdir:ro,Z" "-v" "/var/lib/crater-agent-workspace/cargo-home:/opt/rustwide/cargo-home:ro,Z" "-v" "/var/lib/crater-agent-workspace/rustup-home:/opt/rustwide/rustup-home:ro,Z" "-e" "SOURCE_DIR=/opt/rustwide/workdir" "-e" "CARGO_TARGET_DIR=/opt/rustwide/target" "-e" "CARGO_INCREMENTAL=0" "-e" "RUST_BACKTRACE=full" "-e" "RUSTFLAGS=--cap-lints=forbid -Zrandomize-layout" "-e" "RUSTDOCFLAGS=--cap-lints=forbid" "-e" "CARGO_HOME=/opt/rustwide/cargo-home" "-e" "RUSTUP_HOME=/opt/rustwide/rustup-home" "-w" "/opt/rustwide/workdir" "-m" "1610612736" "--user" "0:0" "--network" "none" "ghcr.io/rust-lang/crates-build-env/linux@sha256:4a844ea9eb2546a2d2c7022eacef16ef2e8229c7fbb2c7d4d55a9ceca922f72d" "/opt/rustwide/cargo-home/bin/cargo" "+nightly-2024-10-28" "test" "--frozen" "--no-run" "--message-format=json", kill_on_drop: false }`
[INFO] [stdout] 1a61e10f74ef974fa9b40e5f5e0a959cf6e2e08ee4b438f32f3fea0c917245bc
[INFO] running `Command { std: "docker" "start" "-a" "1a61e10f74ef974fa9b40e5f5e0a959cf6e2e08ee4b438f32f3fea0c917245bc", kill_on_drop: false }`
[INFO] [stderr]    Compiling semver v1.0.23
[INFO] [stderr]    Compiling softaes v0.1.3
[INFO] [stderr]    Compiling aegis v0.6.11
[INFO] [stderr]    Compiling getrandom v0.2.15
[INFO] [stderr]    Compiling block-padding v0.3.3
[INFO] [stderr]    Compiling dbl v0.3.2
[INFO] [stderr]    Compiling inout v0.1.3
[INFO] [stderr]    Compiling rand_core v0.6.4
[INFO] [stderr]    Compiling crypto-common v0.1.6
[INFO] [stderr]    Compiling cipher v0.4.4
[INFO] [stderr]    Compiling universal-hash v0.5.1
[INFO] [stderr]    Compiling aead v0.5.2
[INFO] [stderr]    Compiling digest v0.10.7
[INFO] [stderr]    Compiling polyval v0.6.2
[INFO] [stderr]    Compiling rustc_version v0.4.1
[INFO] [stderr]    Compiling ghash v0.5.1
[INFO] [stderr]    Compiling ctr v0.9.2
[INFO] [stderr]    Compiling aes v0.8.4
[INFO] [stderr]    Compiling cbc v0.1.2
[INFO] [stderr]    Compiling cmac v0.7.2
[INFO] [stderr]    Compiling precision v0.1.17
[INFO] [stderr]    Compiling benchmark-simple v0.1.9
[INFO] [stderr]    Compiling aes-gcm v0.10.3
[INFO] [stderr]    Compiling aes-wasm v0.1.11 (/opt/rustwide/workdir)
[INFO] [stdout] error: linking with `cc` failed: exit status: 1
[INFO] [stdout]   |
[INFO] [stdout]   = note: LC_ALL="C" PATH="/opt/rustwide/rustup-home/toolchains/nightly-2024-10-28-x86_64-unknown-linux-gnu/lib/rustlib/x86_64-unknown-linux-gnu/bin:/opt/rustwide/rustup-home/toolchains/nightly-2024-10-28-x86_64-unknown-linux-gnu/lib/rustlib/x86_64-unknown-linux-gnu/bin/self-contained:/opt/rustwide/cargo-home/bin:/usr/local/sbin:/usr/local/bin:/usr/sbin:/usr/bin:/sbin:/bin" VSLANG="1033" "cc" "-m64" "/tmp/rustciN1clP/symbols.o" "/opt/rustwide/target/debug/deps/aes_wasm-abf81dc94fcf92cc.aes_wasm.137491d1bf2f350f-cgu.0.rcgu.o" "/opt/rustwide/target/debug/deps/aes_wasm-abf81dc94fcf92cc.15ac55wtugpy2micmavfpz3is.rcgu.o" "-Wl,--as-needed" "-Wl,-Bstatic" "-laes" "/opt/rustwide/rustup-home/toolchains/nightly-2024-10-28-x86_64-unknown-linux-gnu/lib/rustlib/x86_64-unknown-linux-gnu/lib/libtest-a09fad3b5321e7d6.rlib" "/opt/rustwide/rustup-home/toolchains/nightly-2024-10-28-x86_64-unknown-linux-gnu/lib/rustlib/x86_64-unknown-linux-gnu/lib/libgetopts-f9c3dff41ad42661.rlib" "/opt/rustwide/rustup-home/toolchains/nightly-2024-10-28-x86_64-unknown-linux-gnu/lib/rustlib/x86_64-unknown-linux-gnu/lib/libunicode_width-ad2aef31af6addd3.rlib" "/opt/rustwide/rustup-home/toolchains/nightly-2024-10-28-x86_64-unknown-linux-gnu/lib/rustlib/x86_64-unknown-linux-gnu/lib/librustc_std_workspace_std-e3f907dc03deb913.rlib" "/opt/rustwide/rustup-home/toolchains/nightly-2024-10-28-x86_64-unknown-linux-gnu/lib/rustlib/x86_64-unknown-linux-gnu/lib/libstd-fb8c387236db3c10.rlib" "/opt/rustwide/rustup-home/toolchains/nightly-2024-10-28-x86_64-unknown-linux-gnu/lib/rustlib/x86_64-unknown-linux-gnu/lib/libpanic_unwind-b251837809b2f64b.rlib" "/opt/rustwide/rustup-home/toolchains/nightly-2024-10-28-x86_64-unknown-linux-gnu/lib/rustlib/x86_64-unknown-linux-gnu/lib/libobject-cbef83eaa4e01f04.rlib" "/opt/rustwide/rustup-home/toolchains/nightly-2024-10-28-x86_64-unknown-linux-gnu/lib/rustlib/x86_64-unknown-linux-gnu/lib/libmemchr-12a772286de2fca7.rlib" "/opt/rustwide/rustup-home/toolchains/nightly-2024-10-28-x86_64-unknown-linux-gnu/lib/rustlib/x86_64-unknown-linux-gnu/lib/libaddr2line-023bbe5ada7abfc3.rlib" "/opt/rustwide/rustup-home/toolchains/nightly-2024-10-28-x86_64-unknown-linux-gnu/lib/rustlib/x86_64-unknown-linux-gnu/lib/libgimli-de2bcdf10ec69c2b.rlib" "/opt/rustwide/rustup-home/toolchains/nightly-2024-10-28-x86_64-unknown-linux-gnu/lib/rustlib/x86_64-unknown-linux-gnu/lib/librustc_demangle-8e1754df350800fd.rlib" "/opt/rustwide/rustup-home/toolchains/nightly-2024-10-28-x86_64-unknown-linux-gnu/lib/rustlib/x86_64-unknown-linux-gnu/lib/libstd_detect-06c2ab7b9c32e037.rlib" "/opt/rustwide/rustup-home/toolchains/nightly-2024-10-28-x86_64-unknown-linux-gnu/lib/rustlib/x86_64-unknown-linux-gnu/lib/libhashbrown-51d2621fc57a281b.rlib" "/opt/rustwide/rustup-home/toolchains/nightly-2024-10-28-x86_64-unknown-linux-gnu/lib/rustlib/x86_64-unknown-linux-gnu/lib/librustc_std_workspace_alloc-54a930408793772f.rlib" "/opt/rustwide/rustup-home/toolchains/nightly-2024-10-28-x86_64-unknown-linux-gnu/lib/rustlib/x86_64-unknown-linux-gnu/lib/libminiz_oxide-0c7d01cba400dcb2.rlib" "/opt/rustwide/rustup-home/toolchains/nightly-2024-10-28-x86_64-unknown-linux-gnu/lib/rustlib/x86_64-unknown-linux-gnu/lib/libadler-b9f84d69e331b75b.rlib" "/opt/rustwide/rustup-home/toolchains/nightly-2024-10-28-x86_64-unknown-linux-gnu/lib/rustlib/x86_64-unknown-linux-gnu/lib/libunwind-eec95493246aae39.rlib" "/opt/rustwide/rustup-home/toolchains/nightly-2024-10-28-x86_64-unknown-linux-gnu/lib/rustlib/x86_64-unknown-linux-gnu/lib/libcfg_if-6f6676c475e08ab0.rlib" "/opt/rustwide/rustup-home/toolchains/nightly-2024-10-28-x86_64-unknown-linux-gnu/lib/rustlib/x86_64-unknown-linux-gnu/lib/liblibc-799d520624f8b2e0.rlib" "/opt/rustwide/rustup-home/toolchains/nightly-2024-10-28-x86_64-unknown-linux-gnu/lib/rustlib/x86_64-unknown-linux-gnu/lib/liballoc-fcf93d4842acd9a9.rlib" "/opt/rustwide/rustup-home/toolchains/nightly-2024-10-28-x86_64-unknown-linux-gnu/lib/rustlib/x86_64-unknown-linux-gnu/lib/librustc_std_workspace_core-395a38b8e0851c9b.rlib" "/opt/rustwide/rustup-home/toolchains/nightly-2024-10-28-x86_64-unknown-linux-gnu/lib/rustlib/x86_64-unknown-linux-gnu/lib/libcore-d453bab70303062c.rlib" "/opt/rustwide/rustup-home/toolchains/nightly-2024-10-28-x86_64-unknown-linux-gnu/lib/rustlib/x86_64-unknown-linux-gnu/lib/libcompiler_builtins-0e6386368b0a24e8.rlib" "-Wl,-Bdynamic" "-lgcc_s" "-lutil" "-lrt" "-lpthread" "-lm" "-ldl" "-lc" "-B/opt/rustwide/rustup-home/toolchains/nightly-2024-10-28-x86_64-unknown-linux-gnu/lib/rustlib/x86_64-unknown-linux-gnu/bin/gcc-ld" "-fuse-ld=lld" "-Wl,--eh-frame-hdr" "-Wl,-z,noexecstack" "-L" "/opt/rustwide/workdir/wasm-libs" "-L" "/opt/rustwide/target/debug/build/aegis-cb86002cea1e4fb8/out" "-L" "/opt/rustwide/rustup-home/toolchains/nightly-2024-10-28-x86_64-unknown-linux-gnu/lib/rustlib/x86_64-unknown-linux-gnu/lib" "-o" "/opt/rustwide/target/debug/deps/aes_wasm-abf81dc94fcf92cc" "-Wl,--gc-sections" "-pie" "-Wl,-z,relro,-z,now" "-nodefaultlibs"
[INFO] [stdout]   = note: rust-lld: warning: /opt/rustwide/workdir/wasm-libs/libaes.a: archive member '/Users/j/src/rust-aes-wasm/wasm-libs/.zig-cache/o/318ffa6f31bcfb2a230380ea2d01d2ff/libaes.a.o' is neither ET_REL nor LLVM bitcode
[INFO] [stdout]           rust-lld: error: undefined symbol: aegis128l_encrypt
[INFO] [stdout]           >>> referenced by aegis128l.rs:51 (src/aegis128l.rs:51)
[INFO] [stdout]           >>>               /opt/rustwide/target/debug/deps/aes_wasm-abf81dc94fcf92cc.aes_wasm.137491d1bf2f350f-cgu.0.rcgu.o:(aes_wasm::aegis128l::encrypt_detached::h7ea66a0f804c4abf)
[INFO] [stdout]           
[INFO] [stdout]           rust-lld: error: undefined symbol: aegis128l_decrypt
[INFO] [stdout]           >>> referenced by aegis128l.rs:85 (src/aegis128l.rs:85)
[INFO] [stdout]           >>>               /opt/rustwide/target/debug/deps/aes_wasm-abf81dc94fcf92cc.aes_wasm.137491d1bf2f350f-cgu.0.rcgu.o:(aes_wasm::aegis128l::decrypt_detached::h4d3d334f4810c08f)
[INFO] [stdout]           >>> referenced by aegis128l.rs:85 (src/aegis128l.rs:85)
[INFO] [stdout]           >>>               /opt/rustwide/target/debug/deps/aes_wasm-abf81dc94fcf92cc.aes_wasm.137491d1bf2f350f-cgu.0.rcgu.o:(aes_wasm::aegis128l::decrypt_detached::hb4f1dd7a30d3569a)
[INFO] [stdout]           
[INFO] [stdout]           rust-lld: error: undefined symbol: aegis256_encrypt
[INFO] [stdout]           >>> referenced by aegis256.rs:51 (src/aegis256.rs:51)
[INFO] [stdout]           >>>               /opt/rustwide/target/debug/deps/aes_wasm-abf81dc94fcf92cc.aes_wasm.137491d1bf2f350f-cgu.0.rcgu.o:(aes_wasm::aegis256::encrypt_detached::h73df70418c07bdb3)
[INFO] [stdout]           
[INFO] [stdout]           rust-lld: error: undefined symbol: aegis256_decrypt
[INFO] [stdout]           >>> referenced by aegis256.rs:85 (src/aegis256.rs:85)
[INFO] [stdout]           >>>               /opt/rustwide/target/debug/deps/aes_wasm-abf81dc94fcf92cc.aes_wasm.137491d1bf2f350f-cgu.0.rcgu.o:(aes_wasm::aegis256::decrypt_detached::h6acb17999727cccf)
[INFO] [stdout]           >>> referenced by aegis256.rs:85 (src/aegis256.rs:85)
[INFO] [stdout]           >>>               /opt/rustwide/target/debug/deps/aes_wasm-abf81dc94fcf92cc.aes_wasm.137491d1bf2f350f-cgu.0.rcgu.o:(aes_wasm::aegis256::decrypt_detached::h6f111c093914b213)
[INFO] [stdout]           
[INFO] [stdout]           rust-lld: error: undefined symbol: aes128cbc_encrypt
[INFO] [stdout]           >>> referenced by aes128cbc.rs:38 (src/aes128cbc.rs:38)
[INFO] [stdout]           >>>               /opt/rustwide/target/debug/deps/aes_wasm-abf81dc94fcf92cc.aes_wasm.137491d1bf2f350f-cgu.0.rcgu.o:(aes_wasm::aes128cbc::encrypt::h4b7242015aadec1f)
[INFO] [stdout]           
[INFO] [stdout]           rust-lld: error: undefined symbol: aes128cbc_decrypt
[INFO] [stdout]           >>> referenced by aes128cbc.rs:59 (src/aes128cbc.rs:59)
[INFO] [stdout]           >>>               /opt/rustwide/target/debug/deps/aes_wasm-abf81dc94fcf92cc.aes_wasm.137491d1bf2f350f-cgu.0.rcgu.o:(aes_wasm::aes128cbc::decrypt::h7cf69eafc0c1b690)
[INFO] [stdout]           
[INFO] [stdout]           rust-lld: error: undefined symbol: aes128ctr
[INFO] [stdout]           >>> referenced by aes128ctr.rs:27 (src/aes128ctr.rs:27)
[INFO] [stdout]           >>>               /opt/rustwide/target/debug/deps/aes_wasm-abf81dc94fcf92cc.aes_wasm.137491d1bf2f350f-cgu.0.rcgu.o:(aes_wasm::aes128ctr::encrypt::h17e072600855bb34)
[INFO] [stdout]           >>> referenced by aes128ctr.rs:27 (src/aes128ctr.rs:27)
[INFO] [stdout]           >>>               /opt/rustwide/target/debug/deps/aes_wasm-abf81dc94fcf92cc.aes_wasm.137491d1bf2f350f-cgu.0.rcgu.o:(aes_wasm::aes128ctr::encrypt::h20ebf9ada60e2b6d)
[INFO] [stdout]           
[INFO] [stdout]           rust-lld: error: undefined symbol: aes128gcm_encrypt
[INFO] [stdout]           >>> referenced by aes128gcm.rs:51 (src/aes128gcm.rs:51)
[INFO] [stdout]           >>>               /opt/rustwide/target/debug/deps/aes_wasm-abf81dc94fcf92cc.aes_wasm.137491d1bf2f350f-cgu.0.rcgu.o:(aes_wasm::aes128gcm::encrypt_detached::he358bd80d2a25703)
[INFO] [stdout]           
[INFO] [stdout]           rust-lld: error: undefined symbol: aes128gcm_decrypt
[INFO] [stdout]           >>> referenced by aes128gcm.rs:85 (src/aes128gcm.rs:85)
[INFO] [stdout]           >>>               /opt/rustwide/target/debug/deps/aes_wasm-abf81dc94fcf92cc.aes_wasm.137491d1bf2f350f-cgu.0.rcgu.o:(aes_wasm::aes128gcm::decrypt_detached::h0cd0debc910e4cc1)
[INFO] [stdout]           >>> referenced by aes128gcm.rs:85 (src/aes128gcm.rs:85)
[INFO] [stdout]           >>>               /opt/rustwide/target/debug/deps/aes_wasm-abf81dc94fcf92cc.aes_wasm.137491d1bf2f350f-cgu.0.rcgu.o:(aes_wasm::aes128gcm::decrypt_detached::h5ce204dbdc65dfe3)
[INFO] [stdout]           
[INFO] [stdout]           rust-lld: error: undefined symbol: aes128ocb_encrypt
[INFO] [stdout]           >>> referenced by aes128ocb.rs:51 (src/aes128ocb.rs:51)
[INFO] [stdout]           >>>               /opt/rustwide/target/debug/deps/aes_wasm-abf81dc94fcf92cc.aes_wasm.137491d1bf2f350f-cgu.0.rcgu.o:(aes_wasm::aes128ocb::encrypt_detached::hb6e9c115ecac9113)
[INFO] [stdout]           
[INFO] [stdout]           rust-lld: error: undefined symbol: aes128ocb_decrypt
[INFO] [stdout]           >>> referenced by aes128ocb.rs:85 (src/aes128ocb.rs:85)
[INFO] [stdout]           >>>               /opt/rustwide/target/debug/deps/aes_wasm-abf81dc94fcf92cc.aes_wasm.137491d1bf2f350f-cgu.0.rcgu.o:(aes_wasm::aes128ocb::decrypt_detached::h3d49b5b1d5579c03)
[INFO] [stdout]           >>> referenced by aes128ocb.rs:85 (src/aes128ocb.rs:85)
[INFO] [stdout]           >>>               /opt/rustwide/target/debug/deps/aes_wasm-abf81dc94fcf92cc.aes_wasm.137491d1bf2f350f-cgu.0.rcgu.o:(aes_wasm::aes128ocb::decrypt_detached::hf0894a907f927591)
[INFO] [stdout]           
[INFO] [stdout]           rust-lld: error: undefined symbol: aes256cbc_encrypt
[INFO] [stdout]           >>> referenced by aes256cbc.rs:38 (src/aes256cbc.rs:38)
[INFO] [stdout]           >>>               /opt/rustwide/target/debug/deps/aes_wasm-abf81dc94fcf92cc.aes_wasm.137491d1bf2f350f-cgu.0.rcgu.o:(aes_wasm::aes256cbc::encrypt::h3736e2a15b075714)
[INFO] [stdout]           
[INFO] [stdout]           rust-lld: error: undefined symbol: aes256cbc_decrypt
[INFO] [stdout]           >>> referenced by aes256cbc.rs:59 (src/aes256cbc.rs:59)
[INFO] [stdout]           >>>               /opt/rustwide/target/debug/deps/aes_wasm-abf81dc94fcf92cc.aes_wasm.137491d1bf2f350f-cgu.0.rcgu.o:(aes_wasm::aes256cbc::decrypt::h626087fbd732e5ed)
[INFO] [stdout]           
[INFO] [stdout]           rust-lld: error: undefined symbol: aes256ctr
[INFO] [stdout]           >>> referenced by aes256ctr.rs:27 (src/aes256ctr.rs:27)
[INFO] [stdout]           >>>               /opt/rustwide/target/debug/deps/aes_wasm-abf81dc94fcf92cc.aes_wasm.137491d1bf2f350f-cgu.0.rcgu.o:(aes_wasm::aes256ctr::encrypt::h80faf9a49a5070e3)
[INFO] [stdout]           >>> referenced by aes256ctr.rs:27 (src/aes256ctr.rs:27)
[INFO] [stdout]           >>>               /opt/rustwide/target/debug/deps/aes_wasm-abf81dc94fcf92cc.aes_wasm.137491d1bf2f350f-cgu.0.rcgu.o:(aes_wasm::aes256ctr::encrypt::h99bb24a353ddfdff)
[INFO] [stdout]           
[INFO] [stdout]           rust-lld: error: undefined symbol: aes256gcm_encrypt
[INFO] [stdout]           >>> referenced by aes256gcm.rs:51 (src/aes256gcm.rs:51)
[INFO] [stdout]           >>>               /opt/rustwide/target/debug/deps/aes_wasm-abf81dc94fcf92cc.aes_wasm.137491d1bf2f350f-cgu.0.rcgu.o:(aes_wasm::aes256gcm::encrypt_detached::h9d77aaa39bc16b11)
[INFO] [stdout]           
[INFO] [stdout]           rust-lld: error: undefined symbol: aes256gcm_decrypt
[INFO] [stdout]           >>> referenced by aes256gcm.rs:85 (src/aes256gcm.rs:85)
[INFO] [stdout]           >>>               /opt/rustwide/target/debug/deps/aes_wasm-abf81dc94fcf92cc.aes_wasm.137491d1bf2f350f-cgu.0.rcgu.o:(aes_wasm::aes256gcm::decrypt_detached::h53ced19b655b1a7f)
[INFO] [stdout]           >>> referenced by aes256gcm.rs:85 (src/aes256gcm.rs:85)
[INFO] [stdout]           >>>               /opt/rustwide/target/debug/deps/aes_wasm-abf81dc94fcf92cc.aes_wasm.137491d1bf2f350f-cgu.0.rcgu.o:(aes_wasm::aes256gcm::decrypt_detached::h55ce2ed5a189eb2d)
[INFO] [stdout]           
[INFO] [stdout]           rust-lld: error: undefined symbol: aes256ocb_encrypt
[INFO] [stdout]           >>> referenced by aes256ocb.rs:51 (src/aes256ocb.rs:51)
[INFO] [stdout]           >>>               /opt/rustwide/target/debug/deps/aes_wasm-abf81dc94fcf92cc.aes_wasm.137491d1bf2f350f-cgu.0.rcgu.o:(aes_wasm::aes256ocb::encrypt_detached::hcbc84f88640b4cb5)
[INFO] [stdout]           
[INFO] [stdout]           rust-lld: error: undefined symbol: aes256ocb_decrypt
[INFO] [stdout]           >>> referenced by aes256ocb.rs:85 (src/aes256ocb.rs:85)
[INFO] [stdout]           >>>               /opt/rustwide/target/debug/deps/aes_wasm-abf81dc94fcf92cc.aes_wasm.137491d1bf2f350f-cgu.0.rcgu.o:(aes_wasm::aes256ocb::decrypt_detached::h1884d9d9c0ba0d4c)
[INFO] [stdout]           >>> referenced by aes256ocb.rs:85 (src/aes256ocb.rs:85)
[INFO] [stdout]           >>>               /opt/rustwide/target/debug/deps/aes_wasm-abf81dc94fcf92cc.aes_wasm.137491d1bf2f350f-cgu.0.rcgu.o:(aes_wasm::aes256ocb::decrypt_detached::h2dd880614196c25d)
[INFO] [stdout]           
[INFO] [stdout]           rust-lld: error: undefined symbol: cmac_aes128
[INFO] [stdout]           >>> referenced by cmac_aes128.rs:19 (src/cmac_aes128.rs:19)
[INFO] [stdout]           >>>               /opt/rustwide/target/debug/deps/aes_wasm-abf81dc94fcf92cc.aes_wasm.137491d1bf2f350f-cgu.0.rcgu.o:(aes_wasm::cmac_aes128::mac::h00bccec3301c9c22)
[INFO] [stdout]           collect2: error: ld returned 1 exit status
[INFO] [stdout]           
[INFO] [stdout] 
[INFO] [stdout] 
[INFO] [stderr] error: could not compile `aes-wasm` (lib test) due to 1 previous error
[INFO] running `Command { std: "docker" "inspect" "1a61e10f74ef974fa9b40e5f5e0a959cf6e2e08ee4b438f32f3fea0c917245bc", kill_on_drop: false }`
[INFO] running `Command { std: "docker" "rm" "-f" "1a61e10f74ef974fa9b40e5f5e0a959cf6e2e08ee4b438f32f3fea0c917245bc", kill_on_drop: false }`
[INFO] [stdout] 1a61e10f74ef974fa9b40e5f5e0a959cf6e2e08ee4b438f32f3fea0c917245bc
