[INFO] fetching crate aemics-stm32g4xx-hal 0.1.0...
[INFO] testing aemics-stm32g4xx-hal-0.1.0 against nightly-2024-10-28+rustflags=-Zrandomize-layout for randomize-layout
[INFO] extracting crate aemics-stm32g4xx-hal 0.1.0 into /workspace/builds/worker-1-tc2/source
[INFO] validating manifest of crates.io crate aemics-stm32g4xx-hal 0.1.0 on toolchain nightly-2024-10-28
[INFO] running `Command { std: CARGO_HOME="/workspace/cargo-home" RUSTUP_HOME="/workspace/rustup-home" "/workspace/cargo-home/bin/cargo" "+nightly-2024-10-28" "metadata" "--manifest-path" "Cargo.toml" "--no-deps", kill_on_drop: false }`
[INFO] removed /workspace/builds/worker-1-tc2/source/.cargo/config.toml
[INFO] started tweaking crates.io crate aemics-stm32g4xx-hal 0.1.0
[INFO] finished tweaking crates.io crate aemics-stm32g4xx-hal 0.1.0
[INFO] tweaked toml for crates.io crate aemics-stm32g4xx-hal 0.1.0 written to /workspace/builds/worker-1-tc2/source/Cargo.toml
[INFO] crate crates.io crate aemics-stm32g4xx-hal 0.1.0 already has a lockfile, it will not be regenerated
[INFO] running `Command { std: CARGO_HOME="/workspace/cargo-home" RUSTUP_HOME="/workspace/rustup-home" "/workspace/cargo-home/bin/cargo" "+nightly-2024-10-28" "fetch" "--manifest-path" "Cargo.toml", kill_on_drop: false }`
[INFO] running `Command { std: "docker" "create" "-v" "/var/lib/crater-agent-workspace/builds/worker-1-tc2/target:/opt/rustwide/target:rw,Z" "-v" "/var/lib/crater-agent-workspace/builds/worker-1-tc2/source:/opt/rustwide/workdir:ro,Z" "-v" "/var/lib/crater-agent-workspace/cargo-home:/opt/rustwide/cargo-home:ro,Z" "-v" "/var/lib/crater-agent-workspace/rustup-home:/opt/rustwide/rustup-home:ro,Z" "-e" "SOURCE_DIR=/opt/rustwide/workdir" "-e" "CARGO_TARGET_DIR=/opt/rustwide/target" "-e" "CARGO_HOME=/opt/rustwide/cargo-home" "-e" "RUSTUP_HOME=/opt/rustwide/rustup-home" "-w" "/opt/rustwide/workdir" "-m" "1610612736" "--user" "0:0" "--network" "none" "ghcr.io/rust-lang/crates-build-env/linux@sha256:4a844ea9eb2546a2d2c7022eacef16ef2e8229c7fbb2c7d4d55a9ceca922f72d" "/opt/rustwide/cargo-home/bin/cargo" "+nightly-2024-10-28" "metadata" "--no-deps" "--format-version=1", kill_on_drop: false }`
[INFO] [stdout] 8d2df7a0fcc1c2b422c5a865212b2845d9ebd93965c9ce74c532460fbea3a112
[INFO] running `Command { std: "docker" "start" "-a" "8d2df7a0fcc1c2b422c5a865212b2845d9ebd93965c9ce74c532460fbea3a112", kill_on_drop: false }`
[INFO] running `Command { std: "docker" "inspect" "8d2df7a0fcc1c2b422c5a865212b2845d9ebd93965c9ce74c532460fbea3a112", kill_on_drop: false }`
[INFO] running `Command { std: "docker" "rm" "-f" "8d2df7a0fcc1c2b422c5a865212b2845d9ebd93965c9ce74c532460fbea3a112", kill_on_drop: false }`
[INFO] [stdout] 8d2df7a0fcc1c2b422c5a865212b2845d9ebd93965c9ce74c532460fbea3a112
[INFO] running `Command { std: "docker" "create" "-v" "/var/lib/crater-agent-workspace/builds/worker-1-tc2/target:/opt/rustwide/target:rw,Z" "-v" "/var/lib/crater-agent-workspace/builds/worker-1-tc2/source:/opt/rustwide/workdir:ro,Z" "-v" "/var/lib/crater-agent-workspace/cargo-home:/opt/rustwide/cargo-home:ro,Z" "-v" "/var/lib/crater-agent-workspace/rustup-home:/opt/rustwide/rustup-home:ro,Z" "-e" "SOURCE_DIR=/opt/rustwide/workdir" "-e" "CARGO_TARGET_DIR=/opt/rustwide/target" "-e" "CARGO_INCREMENTAL=0" "-e" "RUST_BACKTRACE=full" "-e" "RUSTFLAGS=--cap-lints=forbid -Zrandomize-layout" "-e" "RUSTDOCFLAGS=--cap-lints=forbid" "-e" "CARGO_HOME=/opt/rustwide/cargo-home" "-e" "RUSTUP_HOME=/opt/rustwide/rustup-home" "-w" "/opt/rustwide/workdir" "-m" "1610612736" "--user" "0:0" "--network" "none" "ghcr.io/rust-lang/crates-build-env/linux@sha256:4a844ea9eb2546a2d2c7022eacef16ef2e8229c7fbb2c7d4d55a9ceca922f72d" "/opt/rustwide/cargo-home/bin/cargo" "+nightly-2024-10-28" "build" "--frozen" "--message-format=json", kill_on_drop: false }`
[INFO] [stdout] d38a00e54039ec99e33e9dfebdd7a2af7c3808f335f5178b276f3a3f4bfa16db
[INFO] running `Command { std: "docker" "start" "-a" "d38a00e54039ec99e33e9dfebdd7a2af7c3808f335f5178b276f3a3f4bfa16db", kill_on_drop: false }`
[INFO] [stderr]    Compiling cortex-m v0.7.7
[INFO] [stderr]    Compiling nb v1.1.0
[INFO] [stderr]    Compiling proc-macro2 v1.0.79
[INFO] [stderr]    Compiling void v1.0.2
[INFO] [stderr]    Compiling vcell v0.1.3
[INFO] [stderr]    Compiling critical-section v1.1.2
[INFO] [stderr]    Compiling bitfield v0.13.2
[INFO] [stderr]    Compiling bare-metal v0.2.5
[INFO] [stderr]    Compiling nb v0.1.3
[INFO] [stderr]    Compiling volatile-register v0.2.2
[INFO] [stderr]    Compiling syn v1.0.109
[INFO] [stderr]    Compiling cortex-m-rt v0.7.3
[INFO] [stderr]    Compiling paste v1.0.14
[INFO] [stderr]    Compiling embedded-hal v0.2.7
[INFO] [stderr]    Compiling cortex-m-semihosting v0.5.0
[INFO] [stderr]    Compiling stm32g4 v0.15.1
[INFO] [stderr]    Compiling usb-device v0.2.9
[INFO] [stderr]    Compiling stm32-usbd v0.6.0
[INFO] [stderr]    Compiling bare-metal v1.0.0
[INFO] [stderr]    Compiling bitflags v1.3.2
[INFO] [stderr]    Compiling stable_deref_trait v1.2.0
[INFO] [stderr]    Compiling static_assertions v1.1.0
[INFO] [stderr]    Compiling gcd v2.3.0
[INFO] [stderr]    Compiling embedded-dma v0.2.0
[INFO] [stderr]    Compiling embedded-io v0.6.1
[INFO] [stderr]    Compiling cast v0.3.0
[INFO] [stderr]    Compiling bitflags v2.5.0
[INFO] [stderr]    Compiling fugit v0.3.7
[INFO] [stderr]    Compiling embedded-hal v1.0.0
[INFO] [stderr]    Compiling usbd-serial v0.1.1
[INFO] [stderr]    Compiling panic-semihosting v0.6.0
[INFO] [stderr]    Compiling fdcan v0.2.0
[INFO] [stderr]    Compiling quote v1.0.35
[INFO] [stderr]    Compiling cortex-m-rt-macros v0.7.0
[INFO] [stderr]    Compiling aemics-stm32g4xx-hal v0.1.0 (/opt/rustwide/workdir)
[INFO] [stdout] warning: unexpected `cfg` condition value: `stm32g4A1`
[INFO] [stdout]    --> src/can.rs:144:5
[INFO] [stdout]     |
[INFO] [stdout] 144 |     feature = "stm32g4A1",
[INFO] [stdout]     |     ^^^^^^^^^^-----------
[INFO] [stdout]     |               |
[INFO] [stdout]     |               help: there is a expected value with a similar name: `"stm32g4a1"`
[INFO] [stdout]     |
[INFO] [stdout]     = note: expected values for `feature` are: `default`, `defmt`, `defmt-logging`, `log-itm`, `log-rtt`, `log-semihost`, `rt`, `stm32g431`, `stm32g441`, `stm32g471`, `stm32g473`, `stm32g474`, `stm32g483`, `stm32g484`, `stm32g491`, and `stm32g4a1`
[INFO] [stdout]     = help: consider adding `stm32g4A1` as a feature in `Cargo.toml`
[INFO] [stdout]     = note: see <https://doc.rust-lang.org/nightly/rustc/check-cfg/cargo-specifics.html> for more information about checking conditional configuration
[INFO] [stdout]     = note: `#[warn(unexpected_cfgs)]` on by default
[INFO] [stdout] 
[INFO] [stdout] 
[INFO] [stdout] warning: unexpected `cfg` condition value: `stm32g49a`
[INFO] [stdout]    --> src/dma/stream.rs:526:5
[INFO] [stdout]     |
[INFO] [stdout] 526 |     feature = "stm32g49a",
[INFO] [stdout]     |     ^^^^^^^^^^-----------
[INFO] [stdout]     |               |
[INFO] [stdout]     |               help: there is a expected value with a similar name: `"stm32g491"`
[INFO] [stdout]     |
[INFO] [stdout]     = note: expected values for `feature` are: `default`, `defmt`, `defmt-logging`, `log-itm`, `log-rtt`, `log-semihost`, `rt`, `stm32g431`, `stm32g441`, `stm32g471`, `stm32g473`, `stm32g474`, `stm32g483`, `stm32g484`, `stm32g491`, and `stm32g4a1`
[INFO] [stdout]     = help: consider adding `stm32g49a` as a feature in `Cargo.toml`
[INFO] [stdout]     = note: see <https://doc.rust-lang.org/nightly/rustc/check-cfg/cargo-specifics.html> for more information about checking conditional configuration
[INFO] [stdout] 
[INFO] [stdout] 
[INFO] [stdout] warning: unexpected `cfg` condition value: `stm32g49a`
[INFO] [stdout]    --> src/dma/transfer.rs:710:5
[INFO] [stdout]     |
[INFO] [stdout] 710 |     feature = "stm32g49a",
[INFO] [stdout]     |     ^^^^^^^^^^-----------
[INFO] [stdout]     |               |
[INFO] [stdout]     |               help: there is a expected value with a similar name: `"stm32g491"`
[INFO] [stdout]     |
[INFO] [stdout]     = note: expected values for `feature` are: `default`, `defmt`, `defmt-logging`, `log-itm`, `log-rtt`, `log-semihost`, `rt`, `stm32g431`, `stm32g441`, `stm32g471`, `stm32g473`, `stm32g474`, `stm32g483`, `stm32g484`, `stm32g491`, and `stm32g4a1`
[INFO] [stdout]     = help: consider adding `stm32g49a` as a feature in `Cargo.toml`
[INFO] [stdout]     = note: see <https://doc.rust-lang.org/nightly/rustc/check-cfg/cargo-specifics.html> for more information about checking conditional configuration
[INFO] [stdout] 
[INFO] [stdout] 
[INFO] [stdout] warning: unexpected `cfg` condition value: `stm32g4A1`
[INFO] [stdout]    --> src/pwm.rs:183:5
[INFO] [stdout]     |
[INFO] [stdout] 183 |     feature = "stm32g4A1"
[INFO] [stdout]     |     ^^^^^^^^^^-----------
[INFO] [stdout]     |               |
[INFO] [stdout]     |               help: there is a expected value with a similar name: `"stm32g4a1"`
[INFO] [stdout]     |
[INFO] [stdout]     = note: expected values for `feature` are: `default`, `defmt`, `defmt-logging`, `log-itm`, `log-rtt`, `log-semihost`, `rt`, `stm32g431`, `stm32g441`, `stm32g471`, `stm32g473`, `stm32g474`, `stm32g483`, `stm32g484`, `stm32g491`, and `stm32g4a1`
[INFO] [stdout]     = help: consider adding `stm32g4A1` as a feature in `Cargo.toml`
[INFO] [stdout]     = note: see <https://doc.rust-lang.org/nightly/rustc/check-cfg/cargo-specifics.html> for more information about checking conditional configuration
[INFO] [stdout] 
[INFO] [stdout] 
[INFO] [stdout] warning: unexpected `cfg` condition value: `stm32g4A1`
[INFO] [stdout]    --> src/pwm.rs:876:5
[INFO] [stdout]     |
[INFO] [stdout] 876 |     feature = "stm32g4A1"
[INFO] [stdout]     |     ^^^^^^^^^^-----------
[INFO] [stdout]     |               |
[INFO] [stdout]     |               help: there is a expected value with a similar name: `"stm32g4a1"`
[INFO] [stdout]     |
[INFO] [stdout]     = note: expected values for `feature` are: `default`, `defmt`, `defmt-logging`, `log-itm`, `log-rtt`, `log-semihost`, `rt`, `stm32g431`, `stm32g441`, `stm32g471`, `stm32g473`, `stm32g474`, `stm32g483`, `stm32g484`, `stm32g491`, and `stm32g4a1`
[INFO] [stdout]     = help: consider adding `stm32g4A1` as a feature in `Cargo.toml`
[INFO] [stdout]     = note: see <https://doc.rust-lang.org/nightly/rustc/check-cfg/cargo-specifics.html> for more information about checking conditional configuration
[INFO] [stdout] 
[INFO] [stdout] 
[INFO] [stdout] warning: unexpected `cfg` condition value: `stm32g4A1`
[INFO] [stdout]     --> src/pwm.rs:1818:5
[INFO] [stdout]      |
[INFO] [stdout] 1818 |     feature = "stm32g4A1"
[INFO] [stdout]      |     ^^^^^^^^^^-----------
[INFO] [stdout]      |               |
[INFO] [stdout]      |               help: there is a expected value with a similar name: `"stm32g4a1"`
[INFO] [stdout]      |
[INFO] [stdout]      = note: expected values for `feature` are: `default`, `defmt`, `defmt-logging`, `log-itm`, `log-rtt`, `log-semihost`, `rt`, `stm32g431`, `stm32g441`, `stm32g471`, `stm32g473`, `stm32g474`, `stm32g483`, `stm32g484`, `stm32g491`, and `stm32g4a1`
[INFO] [stdout]      = help: consider adding `stm32g4A1` as a feature in `Cargo.toml`
[INFO] [stdout]      = note: see <https://doc.rust-lang.org/nightly/rustc/check-cfg/cargo-specifics.html> for more information about checking conditional configuration
[INFO] [stdout] 
[INFO] [stdout] 
[INFO] [stdout] warning: unexpected `cfg` condition value: `stm32g4A1`
[INFO] [stdout]    --> src/rcc/enable.rs:155:5
[INFO] [stdout]     |
[INFO] [stdout] 155 |     feature = "stm32g4A1"
[INFO] [stdout]     |     ^^^^^^^^^^-----------
[INFO] [stdout]     |               |
[INFO] [stdout]     |               help: there is a expected value with a similar name: `"stm32g4a1"`
[INFO] [stdout]     |
[INFO] [stdout]     = note: expected values for `feature` are: `default`, `defmt`, `defmt-logging`, `log-itm`, `log-rtt`, `log-semihost`, `rt`, `stm32g431`, `stm32g441`, `stm32g471`, `stm32g473`, `stm32g474`, `stm32g483`, `stm32g484`, `stm32g491`, and `stm32g4a1`
[INFO] [stdout]     = help: consider adding `stm32g4A1` as a feature in `Cargo.toml`
[INFO] [stdout]     = note: see <https://doc.rust-lang.org/nightly/rustc/check-cfg/cargo-specifics.html> for more information about checking conditional configuration
[INFO] [stdout] 
[INFO] [stdout] 
[INFO] [stderr]     Finished `dev` profile [unoptimized + debuginfo] target(s) in 17.04s
[INFO] running `Command { std: "docker" "inspect" "d38a00e54039ec99e33e9dfebdd7a2af7c3808f335f5178b276f3a3f4bfa16db", kill_on_drop: false }`
[INFO] running `Command { std: "docker" "rm" "-f" "d38a00e54039ec99e33e9dfebdd7a2af7c3808f335f5178b276f3a3f4bfa16db", kill_on_drop: false }`
[INFO] [stdout] d38a00e54039ec99e33e9dfebdd7a2af7c3808f335f5178b276f3a3f4bfa16db
[INFO] running `Command { std: "docker" "create" "-v" "/var/lib/crater-agent-workspace/builds/worker-1-tc2/target:/opt/rustwide/target:rw,Z" "-v" "/var/lib/crater-agent-workspace/builds/worker-1-tc2/source:/opt/rustwide/workdir:ro,Z" "-v" "/var/lib/crater-agent-workspace/cargo-home:/opt/rustwide/cargo-home:ro,Z" "-v" "/var/lib/crater-agent-workspace/rustup-home:/opt/rustwide/rustup-home:ro,Z" "-e" "SOURCE_DIR=/opt/rustwide/workdir" "-e" "CARGO_TARGET_DIR=/opt/rustwide/target" "-e" "CARGO_INCREMENTAL=0" "-e" "RUST_BACKTRACE=full" "-e" "RUSTFLAGS=--cap-lints=forbid -Zrandomize-layout" "-e" "RUSTDOCFLAGS=--cap-lints=forbid" "-e" "CARGO_HOME=/opt/rustwide/cargo-home" "-e" "RUSTUP_HOME=/opt/rustwide/rustup-home" "-w" "/opt/rustwide/workdir" "-m" "1610612736" "--user" "0:0" "--network" "none" "ghcr.io/rust-lang/crates-build-env/linux@sha256:4a844ea9eb2546a2d2c7022eacef16ef2e8229c7fbb2c7d4d55a9ceca922f72d" "/opt/rustwide/cargo-home/bin/cargo" "+nightly-2024-10-28" "test" "--frozen" "--no-run" "--message-format=json", kill_on_drop: false }`
[INFO] [stdout] 12ed6685fd35fe9a3df173f0fb2fc75beabcbf494b7e296cd4df4c8ffcbf054f
[INFO] running `Command { std: "docker" "start" "-a" "12ed6685fd35fe9a3df173f0fb2fc75beabcbf494b7e296cd4df4c8ffcbf054f", kill_on_drop: false }`
[INFO] [stderr]    Compiling autocfg v1.1.0
[INFO] [stderr]    Compiling proc-macro-error-attr v1.0.4
[INFO] [stderr]    Compiling proc-macro-error v1.0.4
[INFO] [stderr]    Compiling semver v1.0.22
[INFO] [stderr]    Compiling syn v2.0.52
[INFO] [stderr]    Compiling thiserror v1.0.58
[INFO] [stderr]    Compiling defmt v0.3.6
[INFO] [stderr]    Compiling scopeguard v1.2.0
[INFO] [stderr]    Compiling defmt-macros v0.3.7
[INFO] [stderr]    Compiling hashbrown v0.12.3
[INFO] [stderr]    Compiling byteorder v1.5.0
[INFO] [stderr]    Compiling cortex-m-rtic v1.1.4
[INFO] [stderr]    Compiling cortex-m-log v0.8.0
[INFO] [stderr]    Compiling defmt-rtt v0.4.0
[INFO] [stderr]    Compiling lock_api v0.4.11
[INFO] [stderr]    Compiling indexmap v1.9.3
[INFO] [stderr]    Compiling hash32 v0.2.1
[INFO] [stderr]    Compiling rustc_version v0.4.0
[INFO] [stderr]    Compiling panic-probe v0.3.1
[INFO] [stderr]    Compiling log v0.4.21
[INFO] [stderr]    Compiling rtic-core v1.0.0
[INFO] [stderr]    Compiling rtic-monotonic v1.0.0
[INFO] [stderr]    Compiling spin v0.5.2
[INFO] [stderr]    Compiling spin v0.9.8
[INFO] [stderr]    Compiling heapless v0.7.17
[INFO] [stderr]    Compiling lazy_static v1.4.0
[INFO] [stderr]    Compiling panic-itm v0.4.2
[INFO] [stderr]    Compiling cfg-if v1.0.0
[INFO] [stderr]    Compiling panic-halt v0.2.0
[INFO] [stdout] warning: unexpected `cfg` condition value: `stm32g4A1`
[INFO] [stdout]    --> src/can.rs:144:5
[INFO] [stdout]     |
[INFO] [stdout] 144 |     feature = "stm32g4A1",
[INFO] [stdout]     |     ^^^^^^^^^^-----------
[INFO] [stdout]     |               |
[INFO] [stdout]     |               help: there is a expected value with a similar name: `"stm32g4a1"`
[INFO] [stdout]     |
[INFO] [stdout]     = note: expected values for `feature` are: `default`, `defmt`, `defmt-logging`, `log-itm`, `log-rtt`, `log-semihost`, `rt`, `stm32g431`, `stm32g441`, `stm32g471`, `stm32g473`, `stm32g474`, `stm32g483`, `stm32g484`, `stm32g491`, and `stm32g4a1`
[INFO] [stdout]     = help: consider adding `stm32g4A1` as a feature in `Cargo.toml`
[INFO] [stdout]     = note: see <https://doc.rust-lang.org/nightly/rustc/check-cfg/cargo-specifics.html> for more information about checking conditional configuration
[INFO] [stdout]     = note: `#[warn(unexpected_cfgs)]` on by default
[INFO] [stdout] 
[INFO] [stdout] 
[INFO] [stdout] warning: unexpected `cfg` condition value: `stm32g49a`
[INFO] [stdout]    --> src/dma/stream.rs:526:5
[INFO] [stdout]     |
[INFO] [stdout] 526 |     feature = "stm32g49a",
[INFO] [stdout]     |     ^^^^^^^^^^-----------
[INFO] [stdout]     |               |
[INFO] [stdout]     |               help: there is a expected value with a similar name: `"stm32g491"`
[INFO] [stdout]     |
[INFO] [stdout]     = note: expected values for `feature` are: `default`, `defmt`, `defmt-logging`, `log-itm`, `log-rtt`, `log-semihost`, `rt`, `stm32g431`, `stm32g441`, `stm32g471`, `stm32g473`, `stm32g474`, `stm32g483`, `stm32g484`, `stm32g491`, and `stm32g4a1`
[INFO] [stdout]     = help: consider adding `stm32g49a` as a feature in `Cargo.toml`
[INFO] [stdout]     = note: see <https://doc.rust-lang.org/nightly/rustc/check-cfg/cargo-specifics.html> for more information about checking conditional configuration
[INFO] [stdout] 
[INFO] [stdout] 
[INFO] [stdout] warning: unexpected `cfg` condition value: `stm32g49a`
[INFO] [stdout]    --> src/dma/transfer.rs:710:5
[INFO] [stdout]     |
[INFO] [stdout] 710 |     feature = "stm32g49a",
[INFO] [stdout]     |     ^^^^^^^^^^-----------
[INFO] [stdout]     |               |
[INFO] [stdout]     |               help: there is a expected value with a similar name: `"stm32g491"`
[INFO] [stdout]     |
[INFO] [stdout]     = note: expected values for `feature` are: `default`, `defmt`, `defmt-logging`, `log-itm`, `log-rtt`, `log-semihost`, `rt`, `stm32g431`, `stm32g441`, `stm32g471`, `stm32g473`, `stm32g474`, `stm32g483`, `stm32g484`, `stm32g491`, and `stm32g4a1`
[INFO] [stdout]     = help: consider adding `stm32g49a` as a feature in `Cargo.toml`
[INFO] [stdout]     = note: see <https://doc.rust-lang.org/nightly/rustc/check-cfg/cargo-specifics.html> for more information about checking conditional configuration
[INFO] [stdout] 
[INFO] [stdout] 
[INFO] [stdout] warning: unexpected `cfg` condition value: `stm32g4A1`
[INFO] [stdout]    --> src/pwm.rs:183:5
[INFO] [stdout]     |
[INFO] [stdout] 183 |     feature = "stm32g4A1"
[INFO] [stdout]     |     ^^^^^^^^^^-----------
[INFO] [stdout]     |               |
[INFO] [stdout]     |               help: there is a expected value with a similar name: `"stm32g4a1"`
[INFO] [stdout]     |
[INFO] [stdout]     = note: expected values for `feature` are: `default`, `defmt`, `defmt-logging`, `log-itm`, `log-rtt`, `log-semihost`, `rt`, `stm32g431`, `stm32g441`, `stm32g471`, `stm32g473`, `stm32g474`, `stm32g483`, `stm32g484`, `stm32g491`, and `stm32g4a1`
[INFO] [stdout]     = help: consider adding `stm32g4A1` as a feature in `Cargo.toml`
[INFO] [stdout]     = note: see <https://doc.rust-lang.org/nightly/rustc/check-cfg/cargo-specifics.html> for more information about checking conditional configuration
[INFO] [stdout] 
[INFO] [stdout] 
[INFO] [stdout] warning: unexpected `cfg` condition value: `stm32g4A1`
[INFO] [stdout]    --> src/pwm.rs:876:5
[INFO] [stdout]     |
[INFO] [stdout] 876 |     feature = "stm32g4A1"
[INFO] [stdout]     |     ^^^^^^^^^^-----------
[INFO] [stdout]     |               |
[INFO] [stdout]     |               help: there is a expected value with a similar name: `"stm32g4a1"`
[INFO] [stdout]     |
[INFO] [stdout]     = note: expected values for `feature` are: `default`, `defmt`, `defmt-logging`, `log-itm`, `log-rtt`, `log-semihost`, `rt`, `stm32g431`, `stm32g441`, `stm32g471`, `stm32g473`, `stm32g474`, `stm32g483`, `stm32g484`, `stm32g491`, and `stm32g4a1`
[INFO] [stdout]     = help: consider adding `stm32g4A1` as a feature in `Cargo.toml`
[INFO] [stdout]     = note: see <https://doc.rust-lang.org/nightly/rustc/check-cfg/cargo-specifics.html> for more information about checking conditional configuration
[INFO] [stdout] 
[INFO] [stdout] 
[INFO] [stdout] warning: unexpected `cfg` condition value: `stm32g4A1`
[INFO] [stdout]     --> src/pwm.rs:1818:5
[INFO] [stdout]      |
[INFO] [stdout] 1818 |     feature = "stm32g4A1"
[INFO] [stdout]      |     ^^^^^^^^^^-----------
[INFO] [stdout]      |               |
[INFO] [stdout]      |               help: there is a expected value with a similar name: `"stm32g4a1"`
[INFO] [stdout]      |
[INFO] [stdout]      = note: expected values for `feature` are: `default`, `defmt`, `defmt-logging`, `log-itm`, `log-rtt`, `log-semihost`, `rt`, `stm32g431`, `stm32g441`, `stm32g471`, `stm32g473`, `stm32g474`, `stm32g483`, `stm32g484`, `stm32g491`, and `stm32g4a1`
[INFO] [stdout]      = help: consider adding `stm32g4A1` as a feature in `Cargo.toml`
[INFO] [stdout]      = note: see <https://doc.rust-lang.org/nightly/rustc/check-cfg/cargo-specifics.html> for more information about checking conditional configuration
[INFO] [stdout] 
[INFO] [stdout] 
[INFO] [stdout] warning: unexpected `cfg` condition value: `stm32g4A1`
[INFO] [stdout]    --> src/rcc/enable.rs:155:5
[INFO] [stdout]     |
[INFO] [stdout] 155 |     feature = "stm32g4A1"
[INFO] [stdout]     |     ^^^^^^^^^^-----------
[INFO] [stdout]     |               |
[INFO] [stdout]     |               help: there is a expected value with a similar name: `"stm32g4a1"`
[INFO] [stdout]     |
[INFO] [stdout]     = note: expected values for `feature` are: `default`, `defmt`, `defmt-logging`, `log-itm`, `log-rtt`, `log-semihost`, `rt`, `stm32g431`, `stm32g441`, `stm32g471`, `stm32g473`, `stm32g474`, `stm32g483`, `stm32g484`, `stm32g491`, and `stm32g4a1`
[INFO] [stdout]     = help: consider adding `stm32g4A1` as a feature in `Cargo.toml`
[INFO] [stdout]     = note: see <https://doc.rust-lang.org/nightly/rustc/check-cfg/cargo-specifics.html> for more information about checking conditional configuration
[INFO] [stdout] 
[INFO] [stdout] 
[INFO] [stderr]    Compiling rtic-syntax v1.0.3
[INFO] [stderr]    Compiling embedded-sdmmc v0.7.0
[INFO] [stderr]    Compiling cortex-m-rtic-macros v1.1.6
[INFO] [stderr]    Compiling thiserror-impl v1.0.58
[INFO] [stderr]    Compiling defmt-parser v0.3.4
[INFO] [stderr]    Compiling aemics-stm32g4xx-hal v0.1.0 (/opt/rustwide/workdir)
[INFO] [stdout] error[E0152]: duplicate lang item in crate `panic_halt` (which `pwm` depends on): `panic_impl`
[INFO] [stdout]   |
[INFO] [stdout]   = note: the lang item is first defined in crate `std` (which `panic_semihosting` depends on)
[INFO] [stdout]   = note: first definition in `std` loaded from /opt/rustwide/rustup-home/toolchains/nightly-2024-10-28-x86_64-unknown-linux-gnu/lib/rustlib/x86_64-unknown-linux-gnu/lib/libstd-fb8c387236db3c10.so, /opt/rustwide/rustup-home/toolchains/nightly-2024-10-28-x86_64-unknown-linux-gnu/lib/rustlib/x86_64-unknown-linux-gnu/lib/libstd-fb8c387236db3c10.rlib
[INFO] [stdout]   = note: second definition in `panic_halt` loaded from /opt/rustwide/target/debug/deps/libpanic_halt-b48042a3d9f2edad.rlib
[INFO] [stdout] 
[INFO] [stdout] 
[INFO] [stdout] error[E0152]: duplicate lang item in crate `panic_halt` (which `i2c` depends on): `panic_impl`
[INFO] [stdout]   |
[INFO] [stdout]   = note: the lang item is first defined in crate `std` (which `panic_semihosting` depends on)
[INFO] [stdout]   = note: first definition in `std` loaded from /opt/rustwide/rustup-home/toolchains/nightly-2024-10-28-x86_64-unknown-linux-gnu/lib/rustlib/x86_64-unknown-linux-gnu/lib/libstd-fb8c387236db3c10.so, /opt/rustwide/rustup-home/toolchains/nightly-2024-10-28-x86_64-unknown-linux-gnu/lib/rustlib/x86_64-unknown-linux-gnu/lib/libstd-fb8c387236db3c10.rlib
[INFO] [stdout]   = note: second definition in `panic_halt` loaded from /opt/rustwide/target/debug/deps/libpanic_halt-b48042a3d9f2edad.rlib
[INFO] [stdout] 
[INFO] [stdout] 
[INFO] [stdout] error[E0152]: duplicate lang item in crate `panic_halt` (which `i2c_transaction` depends on): `panic_impl`
[INFO] [stdout]   |
[INFO] [stdout]   = note: the lang item is first defined in crate `std` (which `panic_semihosting` depends on)
[INFO] [stdout]   = note: first definition in `std` loaded from /opt/rustwide/rustup-home/toolchains/nightly-2024-10-28-x86_64-unknown-linux-gnu/lib/rustlib/x86_64-unknown-linux-gnu/lib/libstd-fb8c387236db3c10.so, /opt/rustwide/rustup-home/toolchains/nightly-2024-10-28-x86_64-unknown-linux-gnu/lib/rustlib/x86_64-unknown-linux-gnu/lib/libstd-fb8c387236db3c10.rlib
[INFO] [stdout]   = note: second definition in `panic_halt` loaded from /opt/rustwide/target/debug/deps/libpanic_halt-b48042a3d9f2edad.rlib
[INFO] [stdout] 
[INFO] [stdout] 
[INFO] [stdout] warning: unused import: `aemics_stm32g4xx_hal as hal`
[INFO] [stdout]   --> examples/usb_print.rs:11:5
[INFO] [stdout]    |
[INFO] [stdout] 11 | use aemics_stm32g4xx_hal as hal;
[INFO] [stdout]    |     ^^^^^^^^^^^^^^^^^^^^^^^^^^^
[INFO] [stdout]    |
[INFO] [stdout]    = note: `#[warn(unused_imports)]` on by default
[INFO] [stdout] 
[INFO] [stdout] 
[INFO] [stdout] For more information about this error, try `rustc --explain E0152`.
[INFO] [stdout] 
[INFO] [stdout] For more information about this error, try `rustc --explain E0152`.
[INFO] [stdout] 
[INFO] [stdout] For more information about this error, try `rustc --explain E0152`.
[INFO] [stdout] 
[INFO] [stderr] error: could not compile `aemics-stm32g4xx-hal` (example "i2c_transaction") due to 1 previous error
[INFO] [stderr] warning: build failed, waiting for other jobs to finish...
[INFO] [stderr] error: could not compile `aemics-stm32g4xx-hal` (example "i2c") due to 1 previous error
[INFO] [stderr] error: could not compile `aemics-stm32g4xx-hal` (example "pwm") due to 1 previous error
[INFO] [stdout] warning: creating a mutable reference to mutable static is discouraged
[INFO] [stdout]   --> examples/usb_print.rs:47:28
[INFO] [stdout]    |
[INFO] [stdout] 47 |     let usb_dev = unsafe { USB_DEVICE.as_mut().unwrap() };
[INFO] [stdout]    |                            ^^^^^^^^^^^^^^^^^^^ mutable reference to mutable static
[INFO] [stdout]    |
[INFO] [stdout]    = note: for more information, see <https://doc.rust-lang.org/nightly/edition-guide/rust-2024/static-mut-references.html>
[INFO] [stdout]    = note: mutable references to mutable statics are dangerous; it's undefined behavior if any other pointer to the static is used or if any other reference is created for the static while the mutable reference lives
[INFO] [stdout]    = note: `#[warn(static_mut_refs)]` on by default
[INFO] [stdout] 
[INFO] [stdout] 
[INFO] [stdout] warning: creating a shared reference to mutable static is discouraged
[INFO] [stdout]   --> examples/usb_print.rs:51:48
[INFO] [stdout]    |
[INFO] [stdout] 51 |         if let Some(ref mut serial) = unsafe { MUTEX_USB_SERIAL.borrow(cs).borrow_mut().deref_mut() }
[INFO] [stdout]    |                                                ^^^^^^^^^^^^^^^^^^^^^^^^^^^ shared reference to mutable static
[INFO] [stdout]    |
[INFO] [stdout]    = note: for more information, see <https://doc.rust-lang.org/nightly/edition-guide/rust-2024/static-mut-references.html>
[INFO] [stdout]    = note: shared references to mutable statics are dangerous; it's undefined behavior if the static is mutated or if a mutable reference is created for it while the shared reference lives
[INFO] [stdout] 
[INFO] [stdout] 
[INFO] [stdout] warning: creating a shared reference to mutable static is discouraged
[INFO] [stdout]   --> examples/usb_print.rs:80:40
[INFO] [stdout]    |
[INFO] [stdout] 80 |         cortex_m::interrupt::free(|cs| MUTEX_USB_SERIAL.borrow(cs).borrow_mut().replace(SerialPort::new(USB_BUS.as_ref().unwrap())));
[INFO] [stdout]    |                                        ^^^^^^^^^^^^^^^^^^^^^^^^^^^ shared reference to mutable static
[INFO] [stdout]    |
[INFO] [stdout]    = note: for more information, see <https://doc.rust-lang.org/nightly/edition-guide/rust-2024/static-mut-references.html>
[INFO] [stdout]    = note: shared references to mutable statics are dangerous; it's undefined behavior if the static is mutated or if a mutable reference is created for it while the shared reference lives
[INFO] [stdout] 
[INFO] [stdout] 
[INFO] [stdout] warning: creating a shared reference to mutable static is discouraged
[INFO] [stdout]   --> examples/usb_print.rs:80:105
[INFO] [stdout]    |
[INFO] [stdout] 80 |         cortex_m::interrupt::free(|cs| MUTEX_USB_SERIAL.borrow(cs).borrow_mut().replace(SerialPort::new(USB_BUS.as_ref().unwrap())));
[INFO] [stdout]    |                                                                                                         ^^^^^^^^^^^^^^^^ shared reference to mutable static
[INFO] [stdout]    |
[INFO] [stdout]    = note: for more information, see <https://doc.rust-lang.org/nightly/edition-guide/rust-2024/static-mut-references.html>
[INFO] [stdout]    = note: shared references to mutable statics are dangerous; it's undefined behavior if the static is mutated or if a mutable reference is created for it while the shared reference lives
[INFO] [stdout] 
[INFO] [stdout] 
[INFO] [stdout] warning: creating a shared reference to mutable static is discouraged
[INFO] [stdout]   --> examples/usb_print.rs:82:45
[INFO] [stdout]    |
[INFO] [stdout] 82 |         let usb_dev = UsbDeviceBuilder::new(USB_BUS.as_ref().unwrap(), UsbVidPid(0x16c0, 0x27dd))
[INFO] [stdout]    |                                             ^^^^^^^^^^^^^^^^ shared reference to mutable static
[INFO] [stdout]    |
[INFO] [stdout]    = note: for more information, see <https://doc.rust-lang.org/nightly/edition-guide/rust-2024/static-mut-references.html>
[INFO] [stdout]    = note: shared references to mutable statics are dangerous; it's undefined behavior if the static is mutated or if a mutable reference is created for it while the shared reference lives
[INFO] [stdout] 
[INFO] [stdout] 
[INFO] [stdout] warning: creating a shared reference to mutable static is discouraged
[INFO] [stdout]    --> examples/usb_print.rs:110:52
[INFO] [stdout]     |
[INFO] [stdout] 110 |             if let Some(ref mut serial) = unsafe { MUTEX_USB_SERIAL.borrow(cs).borrow_mut().deref_mut() }
[INFO] [stdout]     |                                                    ^^^^^^^^^^^^^^^^^^^^^^^^^^^ shared reference to mutable static
[INFO] [stdout]     |
[INFO] [stdout]     = note: for more information, see <https://doc.rust-lang.org/nightly/edition-guide/rust-2024/static-mut-references.html>
[INFO] [stdout]     = note: shared references to mutable statics are dangerous; it's undefined behavior if the static is mutated or if a mutable reference is created for it while the shared reference lives
[INFO] [stdout] 
[INFO] [stdout] 
[INFO] [stdout] error: linking with `cc` failed: exit status: 1
[INFO] [stdout]   |
[INFO] [stdout]   = note: LC_ALL="C" PATH="/opt/rustwide/rustup-home/toolchains/nightly-2024-10-28-x86_64-unknown-linux-gnu/lib/rustlib/x86_64-unknown-linux-gnu/bin:/opt/rustwide/rustup-home/toolchains/nightly-2024-10-28-x86_64-unknown-linux-gnu/lib/rustlib/x86_64-unknown-linux-gnu/bin/self-contained:/opt/rustwide/cargo-home/bin:/usr/local/sbin:/usr/local/bin:/usr/sbin:/usr/bin:/sbin:/bin" VSLANG="1033" "cc" "-m64" "/tmp/rustcRpHfPy/symbols.o" "/opt/rustwide/target/debug/examples/timer_countdown-a0974fd2d0ff2559.timer_countdown.54f99794286f8da5-cgu.0.rcgu.o" "/opt/rustwide/target/debug/examples/timer_countdown-a0974fd2d0ff2559.ehln6pa8ihhqzdjvud3u2ge6p.rcgu.o" "-Wl,--as-needed" "-Wl,-Bstatic" "/opt/rustwide/target/debug/deps/libaemics_stm32g4xx_hal-53041830ffb222f9.rlib" "/opt/rustwide/target/debug/deps/libcast-237441bd0ec64aec.rlib" "/opt/rustwide/target/debug/deps/libfugit-0760ec2524bbea62.rlib" "/opt/rustwide/target/debug/deps/libgcd-aced269ac436fed1.rlib" "/opt/rustwide/target/debug/deps/libembedded_dma-45209271b7db744c.rlib" "/opt/rustwide/target/debug/deps/libstable_deref_trait-419231e659701c2c.rlib" "/opt/rustwide/target/debug/deps/libfdcan-7fcb88e4de55ccd7.rlib" "/opt/rustwide/target/debug/deps/libstatic_assertions-99818072c9dd112e.rlib" "/opt/rustwide/target/debug/deps/libbitflags-ad1920bfb419c0bc.rlib" "/opt/rustwide/target/debug/deps/libusbd_serial-8b31c89031dafddb.rlib" "/opt/rustwide/target/debug/deps/libstm32_usbd-becef54197f4bb48.rlib" "/opt/rustwide/target/debug/deps/libusb_device-25a336a08172c4b5.rlib" "/opt/rustwide/target/debug/deps/libpanic_semihosting-3cacd7a61a270179.rlib" "/opt/rustwide/rustup-home/toolchains/nightly-2024-10-28-x86_64-unknown-linux-gnu/lib/rustlib/x86_64-unknown-linux-gnu/lib/libstd-fb8c387236db3c10.rlib" "/opt/rustwide/rustup-home/toolchains/nightly-2024-10-28-x86_64-unknown-linux-gnu/lib/rustlib/x86_64-unknown-linux-gnu/lib/libpanic_unwind-b251837809b2f64b.rlib" "/opt/rustwide/rustup-home/toolchains/nightly-2024-10-28-x86_64-unknown-linux-gnu/lib/rustlib/x86_64-unknown-linux-gnu/lib/libobject-cbef83eaa4e01f04.rlib" "/opt/rustwide/rustup-home/toolchains/nightly-2024-10-28-x86_64-unknown-linux-gnu/lib/rustlib/x86_64-unknown-linux-gnu/lib/libmemchr-12a772286de2fca7.rlib" "/opt/rustwide/rustup-home/toolchains/nightly-2024-10-28-x86_64-unknown-linux-gnu/lib/rustlib/x86_64-unknown-linux-gnu/lib/libaddr2line-023bbe5ada7abfc3.rlib" "/opt/rustwide/rustup-home/toolchains/nightly-2024-10-28-x86_64-unknown-linux-gnu/lib/rustlib/x86_64-unknown-linux-gnu/lib/libgimli-de2bcdf10ec69c2b.rlib" "/opt/rustwide/rustup-home/toolchains/nightly-2024-10-28-x86_64-unknown-linux-gnu/lib/rustlib/x86_64-unknown-linux-gnu/lib/librustc_demangle-8e1754df350800fd.rlib" "/opt/rustwide/rustup-home/toolchains/nightly-2024-10-28-x86_64-unknown-linux-gnu/lib/rustlib/x86_64-unknown-linux-gnu/lib/libstd_detect-06c2ab7b9c32e037.rlib" "/opt/rustwide/rustup-home/toolchains/nightly-2024-10-28-x86_64-unknown-linux-gnu/lib/rustlib/x86_64-unknown-linux-gnu/lib/libhashbrown-51d2621fc57a281b.rlib" "/opt/rustwide/rustup-home/toolchains/nightly-2024-10-28-x86_64-unknown-linux-gnu/lib/rustlib/x86_64-unknown-linux-gnu/lib/librustc_std_workspace_alloc-54a930408793772f.rlib" "/opt/rustwide/rustup-home/toolchains/nightly-2024-10-28-x86_64-unknown-linux-gnu/lib/rustlib/x86_64-unknown-linux-gnu/lib/libminiz_oxide-0c7d01cba400dcb2.rlib" "/opt/rustwide/rustup-home/toolchains/nightly-2024-10-28-x86_64-unknown-linux-gnu/lib/rustlib/x86_64-unknown-linux-gnu/lib/libadler-b9f84d69e331b75b.rlib" "/opt/rustwide/rustup-home/toolchains/nightly-2024-10-28-x86_64-unknown-linux-gnu/lib/rustlib/x86_64-unknown-linux-gnu/lib/libunwind-eec95493246aae39.rlib" "/opt/rustwide/rustup-home/toolchains/nightly-2024-10-28-x86_64-unknown-linux-gnu/lib/rustlib/x86_64-unknown-linux-gnu/lib/libcfg_if-6f6676c475e08ab0.rlib" "/opt/rustwide/rustup-home/toolchains/nightly-2024-10-28-x86_64-unknown-linux-gnu/lib/rustlib/x86_64-unknown-linux-gnu/lib/liblibc-799d520624f8b2e0.rlib" "/opt/rustwide/rustup-home/toolchains/nightly-2024-10-28-x86_64-unknown-linux-gnu/lib/rustlib/x86_64-unknown-linux-gnu/lib/liballoc-fcf93d4842acd9a9.rlib" "/opt/rustwide/target/debug/deps/libstm32g4-1d049b76e1e356e1.rlib" "/opt/rustwide/target/debug/deps/libcortex_m_rt-1c037e3982a738ab.rlib" "/opt/rustwide/target/debug/deps/libembedded_hal-8d8893d3f2e44e48.rlib" "/opt/rustwide/target/debug/deps/libcortex_m-3870a741e12d2673.rlib" "/opt/rustwide/target/debug/deps/libembedded_hal-2392cbb532f98445.rlib" "/opt/rustwide/target/debug/deps/libnb-9aec6e19942a3d13.rlib" "/opt/rustwide/target/debug/deps/libvolatile_register-3065ba0a3e12324e.rlib" "/opt/rustwide/target/debug/deps/libvcell-e6c1b17e9a2d9a12.rlib" "/opt/rustwide/target/debug/deps/libbare_metal-c2e33c99fcd894c7.rlib" "/opt/rustwide/target/debug/deps/libvoid-df85bd5e01cdfe05.rlib" "/opt/rustwide/target/debug/deps/libbare_metal-d194a41c6e9a8186.rlib" "/opt/rustwide/target/debug/deps/libnb-456c1832e485c55a.rlib" "/opt/rustwide/rustup-home/toolchains/nightly-2024-10-28-x86_64-unknown-linux-gnu/lib/rustlib/x86_64-unknown-linux-gnu/lib/librustc_std_workspace_core-395a38b8e0851c9b.rlib" "/opt/rustwide/rustup-home/toolchains/nightly-2024-10-28-x86_64-unknown-linux-gnu/lib/rustlib/x86_64-unknown-linux-gnu/lib/libcore-d453bab70303062c.rlib" "/opt/rustwide/rustup-home/toolchains/nightly-2024-10-28-x86_64-unknown-linux-gnu/lib/rustlib/x86_64-unknown-linux-gnu/lib/libcompiler_builtins-0e6386368b0a24e8.rlib" "-Wl,-Bdynamic" "-lgcc_s" "-lutil" "-lrt" "-lpthread" "-lm" "-ldl" "-lc" "-B/opt/rustwide/rustup-home/toolchains/nightly-2024-10-28-x86_64-unknown-linux-gnu/lib/rustlib/x86_64-unknown-linux-gnu/bin/gcc-ld" "-fuse-ld=lld" "-Wl,--eh-frame-hdr" "-Wl,-z,noexecstack" "-L" "/opt/rustwide/target/debug/build/cortex-m-rt-4c681184c57dee49/out" "-L" "/opt/rustwide/target/debug/build/stm32g4-f16d0c4a958e5fbd/out" "-L" "/opt/rustwide/target/debug/build/defmt-d8bcd226b7ba5327/out" "-L" "/opt/rustwide/rustup-home/toolchains/nightly-2024-10-28-x86_64-unknown-linux-gnu/lib/rustlib/x86_64-unknown-linux-gnu/lib" "-o" "/opt/rustwide/target/debug/examples/timer_countdown-a0974fd2d0ff2559" "-Wl,--gc-sections" "-pie" "-Wl,-z,relro,-z,now" "-nodefaultlibs"
[INFO] [stdout]   = note: rust-lld: error: undefined symbol: __primask_r
[INFO] [stdout]           >>> referenced by call_asm.rs:19 (/opt/rustwide/cargo-home/registry/src/index.crates.io-6f17d22bba15001f/cortex-m-0.7.7/src/call_asm.rs:19)
[INFO] [stdout]           >>>               /opt/rustwide/target/debug/examples/timer_countdown-a0974fd2d0ff2559.timer_countdown.54f99794286f8da5-cgu.0.rcgu.o:(cortex_m::register::primask::read::h867a4a778684d8e6)
[INFO] [stdout]           
[INFO] [stdout]           rust-lld: error: undefined symbol: __cpsie
[INFO] [stdout]           >>> referenced by call_asm.rs:19 (/opt/rustwide/cargo-home/registry/src/index.crates.io-6f17d22bba15001f/cortex-m-0.7.7/src/call_asm.rs:19)
[INFO] [stdout]           >>>               /opt/rustwide/target/debug/examples/timer_countdown-a0974fd2d0ff2559.timer_countdown.54f99794286f8da5-cgu.0.rcgu.o:(cortex_m::interrupt::enable::h97f2532873c8b6b5)
[INFO] [stdout]           
[INFO] [stdout]           rust-lld: error: undefined symbol: __cpsid
[INFO] [stdout]           >>> referenced by call_asm.rs:19 (/opt/rustwide/cargo-home/registry/src/index.crates.io-6f17d22bba15001f/cortex-m-0.7.7/src/call_asm.rs:19)
[INFO] [stdout]           >>>               /opt/rustwide/target/debug/examples/timer_countdown-a0974fd2d0ff2559.timer_countdown.54f99794286f8da5-cgu.0.rcgu.o:(cortex_m::interrupt::disable::h5a1ae9eaf9b98b67)
[INFO] [stdout]           collect2: error: ld returned 1 exit status
[INFO] [stdout]           
[INFO] [stdout] 
[INFO] [stdout] 
[INFO] [stderr] error: could not compile `aemics-stm32g4xx-hal` (example "timer_countdown") due to 1 previous error
[INFO] [stdout] error: linking with `cc` failed: exit status: 1
[INFO] [stdout]   |
[INFO] [stdout]   = note: LC_ALL="C" PATH="/opt/rustwide/rustup-home/toolchains/nightly-2024-10-28-x86_64-unknown-linux-gnu/lib/rustlib/x86_64-unknown-linux-gnu/bin:/opt/rustwide/rustup-home/toolchains/nightly-2024-10-28-x86_64-unknown-linux-gnu/lib/rustlib/x86_64-unknown-linux-gnu/bin/self-contained:/opt/rustwide/cargo-home/bin:/usr/local/sbin:/usr/local/bin:/usr/sbin:/usr/bin:/sbin:/bin" VSLANG="1033" "cc" "-m64" "/tmp/rustcFKZgGa/symbols.o" "/opt/rustwide/target/debug/examples/blinky_timer_delay-1bd23b8fb4624707.blinky_timer_delay.3bd8a11d7c277a2-cgu.0.rcgu.o" "/opt/rustwide/target/debug/examples/blinky_timer_delay-1bd23b8fb4624707.3f8gpk7ozdweby9tk4nehv664.rcgu.o" "-Wl,--as-needed" "-Wl,-Bstatic" "/opt/rustwide/target/debug/deps/libaemics_stm32g4xx_hal-53041830ffb222f9.rlib" "/opt/rustwide/target/debug/deps/libcast-237441bd0ec64aec.rlib" "/opt/rustwide/target/debug/deps/libfugit-0760ec2524bbea62.rlib" "/opt/rustwide/target/debug/deps/libgcd-aced269ac436fed1.rlib" "/opt/rustwide/target/debug/deps/libembedded_dma-45209271b7db744c.rlib" "/opt/rustwide/target/debug/deps/libstable_deref_trait-419231e659701c2c.rlib" "/opt/rustwide/target/debug/deps/libfdcan-7fcb88e4de55ccd7.rlib" "/opt/rustwide/target/debug/deps/libstatic_assertions-99818072c9dd112e.rlib" "/opt/rustwide/target/debug/deps/libbitflags-ad1920bfb419c0bc.rlib" "/opt/rustwide/target/debug/deps/libusbd_serial-8b31c89031dafddb.rlib" "/opt/rustwide/target/debug/deps/libstm32_usbd-becef54197f4bb48.rlib" "/opt/rustwide/target/debug/deps/libusb_device-25a336a08172c4b5.rlib" "/opt/rustwide/target/debug/deps/libpanic_semihosting-3cacd7a61a270179.rlib" "/opt/rustwide/rustup-home/toolchains/nightly-2024-10-28-x86_64-unknown-linux-gnu/lib/rustlib/x86_64-unknown-linux-gnu/lib/libstd-fb8c387236db3c10.rlib" "/opt/rustwide/rustup-home/toolchains/nightly-2024-10-28-x86_64-unknown-linux-gnu/lib/rustlib/x86_64-unknown-linux-gnu/lib/libpanic_unwind-b251837809b2f64b.rlib" "/opt/rustwide/rustup-home/toolchains/nightly-2024-10-28-x86_64-unknown-linux-gnu/lib/rustlib/x86_64-unknown-linux-gnu/lib/libobject-cbef83eaa4e01f04.rlib" "/opt/rustwide/rustup-home/toolchains/nightly-2024-10-28-x86_64-unknown-linux-gnu/lib/rustlib/x86_64-unknown-linux-gnu/lib/libmemchr-12a772286de2fca7.rlib" "/opt/rustwide/rustup-home/toolchains/nightly-2024-10-28-x86_64-unknown-linux-gnu/lib/rustlib/x86_64-unknown-linux-gnu/lib/libaddr2line-023bbe5ada7abfc3.rlib" "/opt/rustwide/rustup-home/toolchains/nightly-2024-10-28-x86_64-unknown-linux-gnu/lib/rustlib/x86_64-unknown-linux-gnu/lib/libgimli-de2bcdf10ec69c2b.rlib" "/opt/rustwide/rustup-home/toolchains/nightly-2024-10-28-x86_64-unknown-linux-gnu/lib/rustlib/x86_64-unknown-linux-gnu/lib/librustc_demangle-8e1754df350800fd.rlib" "/opt/rustwide/rustup-home/toolchains/nightly-2024-10-28-x86_64-unknown-linux-gnu/lib/rustlib/x86_64-unknown-linux-gnu/lib/libstd_detect-06c2ab7b9c32e037.rlib" "/opt/rustwide/rustup-home/toolchains/nightly-2024-10-28-x86_64-unknown-linux-gnu/lib/rustlib/x86_64-unknown-linux-gnu/lib/libhashbrown-51d2621fc57a281b.rlib" "/opt/rustwide/rustup-home/toolchains/nightly-2024-10-28-x86_64-unknown-linux-gnu/lib/rustlib/x86_64-unknown-linux-gnu/lib/librustc_std_workspace_alloc-54a930408793772f.rlib" "/opt/rustwide/rustup-home/toolchains/nightly-2024-10-28-x86_64-unknown-linux-gnu/lib/rustlib/x86_64-unknown-linux-gnu/lib/libminiz_oxide-0c7d01cba400dcb2.rlib" "/opt/rustwide/rustup-home/toolchains/nightly-2024-10-28-x86_64-unknown-linux-gnu/lib/rustlib/x86_64-unknown-linux-gnu/lib/libadler-b9f84d69e331b75b.rlib" "/opt/rustwide/rustup-home/toolchains/nightly-2024-10-28-x86_64-unknown-linux-gnu/lib/rustlib/x86_64-unknown-linux-gnu/lib/libunwind-eec95493246aae39.rlib" "/opt/rustwide/rustup-home/toolchains/nightly-2024-10-28-x86_64-unknown-linux-gnu/lib/rustlib/x86_64-unknown-linux-gnu/lib/libcfg_if-6f6676c475e08ab0.rlib" "/opt/rustwide/rustup-home/toolchains/nightly-2024-10-28-x86_64-unknown-linux-gnu/lib/rustlib/x86_64-unknown-linux-gnu/lib/liblibc-799d520624f8b2e0.rlib" "/opt/rustwide/rustup-home/toolchains/nightly-2024-10-28-x86_64-unknown-linux-gnu/lib/rustlib/x86_64-unknown-linux-gnu/lib/liballoc-fcf93d4842acd9a9.rlib" "/opt/rustwide/target/debug/deps/libstm32g4-1d049b76e1e356e1.rlib" "/opt/rustwide/target/debug/deps/libcortex_m_rt-1c037e3982a738ab.rlib" "/opt/rustwide/target/debug/deps/libembedded_hal-8d8893d3f2e44e48.rlib" "/opt/rustwide/target/debug/deps/libcortex_m-3870a741e12d2673.rlib" "/opt/rustwide/target/debug/deps/libembedded_hal-2392cbb532f98445.rlib" "/opt/rustwide/target/debug/deps/libnb-9aec6e19942a3d13.rlib" "/opt/rustwide/target/debug/deps/libnb-456c1832e485c55a.rlib" "/opt/rustwide/target/debug/deps/libvolatile_register-3065ba0a3e12324e.rlib" "/opt/rustwide/target/debug/deps/libvcell-e6c1b17e9a2d9a12.rlib" "/opt/rustwide/target/debug/deps/libbare_metal-c2e33c99fcd894c7.rlib" "/opt/rustwide/target/debug/deps/libvoid-df85bd5e01cdfe05.rlib" "/opt/rustwide/target/debug/deps/libbare_metal-d194a41c6e9a8186.rlib" "/opt/rustwide/rustup-home/toolchains/nightly-2024-10-28-x86_64-unknown-linux-gnu/lib/rustlib/x86_64-unknown-linux-gnu/lib/librustc_std_workspace_core-395a38b8e0851c9b.rlib" "/opt/rustwide/rustup-home/toolchains/nightly-2024-10-28-x86_64-unknown-linux-gnu/lib/rustlib/x86_64-unknown-linux-gnu/lib/libcore-d453bab70303062c.rlib" "/opt/rustwide/rustup-home/toolchains/nightly-2024-10-28-x86_64-unknown-linux-gnu/lib/rustlib/x86_64-unknown-linux-gnu/lib/libcompiler_builtins-0e6386368b0a24e8.rlib" "-Wl,-Bdynamic" "-lgcc_s" "-lutil" "-lrt" "-lpthread" "-lm" "-ldl" "-lc" "-B/opt/rustwide/rustup-home/toolchains/nightly-2024-10-28-x86_64-unknown-linux-gnu/lib/rustlib/x86_64-unknown-linux-gnu/bin/gcc-ld" "-fuse-ld=lld" "-Wl,--eh-frame-hdr" "-Wl,-z,noexecstack" "-L" "/opt/rustwide/target/debug/build/cortex-m-rt-4c681184c57dee49/out" "-L" "/opt/rustwide/target/debug/build/stm32g4-f16d0c4a958e5fbd/out" "-L" "/opt/rustwide/target/debug/build/defmt-d8bcd226b7ba5327/out" "-L" "/opt/rustwide/rustup-home/toolchains/nightly-2024-10-28-x86_64-unknown-linux-gnu/lib/rustlib/x86_64-unknown-linux-gnu/lib" "-o" "/opt/rustwide/target/debug/examples/blinky_timer_delay-1bd23b8fb4624707" "-Wl,--gc-sections" "-pie" "-Wl,-z,relro,-z,now" "-nodefaultlibs"
[INFO] [stdout]   = note: rust-lld: error: undefined symbol: __primask_r
[INFO] [stdout]           >>> referenced by call_asm.rs:19 (/opt/rustwide/cargo-home/registry/src/index.crates.io-6f17d22bba15001f/cortex-m-0.7.7/src/call_asm.rs:19)
[INFO] [stdout]           >>>               /opt/rustwide/target/debug/examples/blinky_timer_delay-1bd23b8fb4624707.blinky_timer_delay.3bd8a11d7c277a2-cgu.0.rcgu.o:(cortex_m::register::primask::read::h490bdec3f9695ab4)
[INFO] [stdout]           
[INFO] [stdout]           rust-lld: error: undefined symbol: __cpsie
[INFO] [stdout]           >>> referenced by call_asm.rs:19 (/opt/rustwide/cargo-home/registry/src/index.crates.io-6f17d22bba15001f/cortex-m-0.7.7/src/call_asm.rs:19)
[INFO] [stdout]           >>>               /opt/rustwide/target/debug/examples/blinky_timer_delay-1bd23b8fb4624707.blinky_timer_delay.3bd8a11d7c277a2-cgu.0.rcgu.o:(cortex_m::interrupt::enable::hd828236a7e2adca2)
[INFO] [stdout]           
[INFO] [stdout]           rust-lld: error: undefined symbol: __cpsid
[INFO] [stdout]           >>> referenced by call_asm.rs:19 (/opt/rustwide/cargo-home/registry/src/index.crates.io-6f17d22bba15001f/cortex-m-0.7.7/src/call_asm.rs:19)
[INFO] [stdout]           >>>               /opt/rustwide/target/debug/examples/blinky_timer_delay-1bd23b8fb4624707.blinky_timer_delay.3bd8a11d7c277a2-cgu.0.rcgu.o:(cortex_m::interrupt::disable::h33eef1ae42419e96)
[INFO] [stdout]           collect2: error: ld returned 1 exit status
[INFO] [stdout]           
[INFO] [stdout] 
[INFO] [stdout] 
[INFO] [stderr] error: could not compile `aemics-stm32g4xx-hal` (example "blinky_timer_delay") due to 1 previous error
[INFO] [stdout] error: linking with `cc` failed: exit status: 1
[INFO] [stdout]   |
[INFO] [stdout]   = note: LC_ALL="C" PATH="/opt/rustwide/rustup-home/toolchains/nightly-2024-10-28-x86_64-unknown-linux-gnu/lib/rustlib/x86_64-unknown-linux-gnu/bin:/opt/rustwide/rustup-home/toolchains/nightly-2024-10-28-x86_64-unknown-linux-gnu/lib/rustlib/x86_64-unknown-linux-gnu/bin/self-contained:/opt/rustwide/cargo-home/bin:/usr/local/sbin:/usr/local/bin:/usr/sbin:/usr/bin:/sbin:/bin" VSLANG="1033" "cc" "-m64" "/tmp/rustcclqlBN/symbols.o" "/opt/rustwide/target/debug/examples/spi_transfer-0193029909ba2ca2.spi_transfer.9f40a980a587bc25-cgu.0.rcgu.o" "/opt/rustwide/target/debug/examples/spi_transfer-0193029909ba2ca2.0r3kv2bnaeyj6mdwpyt8w39k6.rcgu.o" "-Wl,--as-needed" "-Wl,-Bstatic" "/opt/rustwide/target/debug/deps/libaemics_stm32g4xx_hal-53041830ffb222f9.rlib" "/opt/rustwide/target/debug/deps/libcast-237441bd0ec64aec.rlib" "/opt/rustwide/target/debug/deps/libembedded_dma-45209271b7db744c.rlib" "/opt/rustwide/target/debug/deps/libstable_deref_trait-419231e659701c2c.rlib" "/opt/rustwide/target/debug/deps/libfdcan-7fcb88e4de55ccd7.rlib" "/opt/rustwide/target/debug/deps/libstatic_assertions-99818072c9dd112e.rlib" "/opt/rustwide/target/debug/deps/libbitflags-ad1920bfb419c0bc.rlib" "/opt/rustwide/target/debug/deps/libusbd_serial-8b31c89031dafddb.rlib" "/opt/rustwide/target/debug/deps/libstm32_usbd-becef54197f4bb48.rlib" "/opt/rustwide/target/debug/deps/libusb_device-25a336a08172c4b5.rlib" "/opt/rustwide/target/debug/deps/libpanic_semihosting-3cacd7a61a270179.rlib" "/opt/rustwide/rustup-home/toolchains/nightly-2024-10-28-x86_64-unknown-linux-gnu/lib/rustlib/x86_64-unknown-linux-gnu/lib/libstd-fb8c387236db3c10.rlib" "/opt/rustwide/rustup-home/toolchains/nightly-2024-10-28-x86_64-unknown-linux-gnu/lib/rustlib/x86_64-unknown-linux-gnu/lib/libpanic_unwind-b251837809b2f64b.rlib" "/opt/rustwide/rustup-home/toolchains/nightly-2024-10-28-x86_64-unknown-linux-gnu/lib/rustlib/x86_64-unknown-linux-gnu/lib/libobject-cbef83eaa4e01f04.rlib" "/opt/rustwide/rustup-home/toolchains/nightly-2024-10-28-x86_64-unknown-linux-gnu/lib/rustlib/x86_64-unknown-linux-gnu/lib/libmemchr-12a772286de2fca7.rlib" "/opt/rustwide/rustup-home/toolchains/nightly-2024-10-28-x86_64-unknown-linux-gnu/lib/rustlib/x86_64-unknown-linux-gnu/lib/libaddr2line-023bbe5ada7abfc3.rlib" "/opt/rustwide/rustup-home/toolchains/nightly-2024-10-28-x86_64-unknown-linux-gnu/lib/rustlib/x86_64-unknown-linux-gnu/lib/libgimli-de2bcdf10ec69c2b.rlib" "/opt/rustwide/rustup-home/toolchains/nightly-2024-10-28-x86_64-unknown-linux-gnu/lib/rustlib/x86_64-unknown-linux-gnu/lib/librustc_demangle-8e1754df350800fd.rlib" "/opt/rustwide/rustup-home/toolchains/nightly-2024-10-28-x86_64-unknown-linux-gnu/lib/rustlib/x86_64-unknown-linux-gnu/lib/libstd_detect-06c2ab7b9c32e037.rlib" "/opt/rustwide/rustup-home/toolchains/nightly-2024-10-28-x86_64-unknown-linux-gnu/lib/rustlib/x86_64-unknown-linux-gnu/lib/libhashbrown-51d2621fc57a281b.rlib" "/opt/rustwide/rustup-home/toolchains/nightly-2024-10-28-x86_64-unknown-linux-gnu/lib/rustlib/x86_64-unknown-linux-gnu/lib/librustc_std_workspace_alloc-54a930408793772f.rlib" "/opt/rustwide/rustup-home/toolchains/nightly-2024-10-28-x86_64-unknown-linux-gnu/lib/rustlib/x86_64-unknown-linux-gnu/lib/libminiz_oxide-0c7d01cba400dcb2.rlib" "/opt/rustwide/rustup-home/toolchains/nightly-2024-10-28-x86_64-unknown-linux-gnu/lib/rustlib/x86_64-unknown-linux-gnu/lib/libadler-b9f84d69e331b75b.rlib" "/opt/rustwide/rustup-home/toolchains/nightly-2024-10-28-x86_64-unknown-linux-gnu/lib/rustlib/x86_64-unknown-linux-gnu/lib/libunwind-eec95493246aae39.rlib" "/opt/rustwide/rustup-home/toolchains/nightly-2024-10-28-x86_64-unknown-linux-gnu/lib/rustlib/x86_64-unknown-linux-gnu/lib/libcfg_if-6f6676c475e08ab0.rlib" "/opt/rustwide/rustup-home/toolchains/nightly-2024-10-28-x86_64-unknown-linux-gnu/lib/rustlib/x86_64-unknown-linux-gnu/lib/liblibc-799d520624f8b2e0.rlib" "/opt/rustwide/rustup-home/toolchains/nightly-2024-10-28-x86_64-unknown-linux-gnu/lib/rustlib/x86_64-unknown-linux-gnu/lib/liballoc-fcf93d4842acd9a9.rlib" "/opt/rustwide/target/debug/deps/libstm32g4-1d049b76e1e356e1.rlib" "/opt/rustwide/target/debug/deps/libcortex_m_rt-1c037e3982a738ab.rlib" "/opt/rustwide/target/debug/deps/libembedded_hal-8d8893d3f2e44e48.rlib" "/opt/rustwide/target/debug/deps/libcortex_m-3870a741e12d2673.rlib" "/opt/rustwide/target/debug/deps/libembedded_hal-2392cbb532f98445.rlib" "/opt/rustwide/target/debug/deps/libnb-9aec6e19942a3d13.rlib" "/opt/rustwide/target/debug/deps/libnb-456c1832e485c55a.rlib" "/opt/rustwide/target/debug/deps/libvolatile_register-3065ba0a3e12324e.rlib" "/opt/rustwide/target/debug/deps/libvcell-e6c1b17e9a2d9a12.rlib" "/opt/rustwide/target/debug/deps/libbare_metal-c2e33c99fcd894c7.rlib" "/opt/rustwide/target/debug/deps/libvoid-df85bd5e01cdfe05.rlib" "/opt/rustwide/target/debug/deps/libbare_metal-d194a41c6e9a8186.rlib" "/opt/rustwide/target/debug/deps/libfugit-0760ec2524bbea62.rlib" "/opt/rustwide/target/debug/deps/libgcd-aced269ac436fed1.rlib" "/opt/rustwide/rustup-home/toolchains/nightly-2024-10-28-x86_64-unknown-linux-gnu/lib/rustlib/x86_64-unknown-linux-gnu/lib/librustc_std_workspace_core-395a38b8e0851c9b.rlib" "/opt/rustwide/rustup-home/toolchains/nightly-2024-10-28-x86_64-unknown-linux-gnu/lib/rustlib/x86_64-unknown-linux-gnu/lib/libcore-d453bab70303062c.rlib" "/opt/rustwide/rustup-home/toolchains/nightly-2024-10-28-x86_64-unknown-linux-gnu/lib/rustlib/x86_64-unknown-linux-gnu/lib/libcompiler_builtins-0e6386368b0a24e8.rlib" "-Wl,-Bdynamic" "-lgcc_s" "-lutil" "-lrt" "-lpthread" "-lm" "-ldl" "-lc" "-B/opt/rustwide/rustup-home/toolchains/nightly-2024-10-28-x86_64-unknown-linux-gnu/lib/rustlib/x86_64-unknown-linux-gnu/bin/gcc-ld" "-fuse-ld=lld" "-Wl,--eh-frame-hdr" "-Wl,-z,noexecstack" "-L" "/opt/rustwide/target/debug/build/cortex-m-rt-4c681184c57dee49/out" "-L" "/opt/rustwide/target/debug/build/stm32g4-f16d0c4a958e5fbd/out" "-L" "/opt/rustwide/target/debug/build/defmt-d8bcd226b7ba5327/out" "-L" "/opt/rustwide/rustup-home/toolchains/nightly-2024-10-28-x86_64-unknown-linux-gnu/lib/rustlib/x86_64-unknown-linux-gnu/lib" "-o" "/opt/rustwide/target/debug/examples/spi_transfer-0193029909ba2ca2" "-Wl,--gc-sections" "-pie" "-Wl,-z,relro,-z,now" "-nodefaultlibs"
[INFO] [stdout]   = note: rust-lld: error: undefined symbol: __delay
[INFO] [stdout]           >>> referenced by call_asm.rs:19 (/opt/rustwide/cargo-home/registry/src/index.crates.io-6f17d22bba15001f/cortex-m-0.7.7/src/call_asm.rs:19)
[INFO] [stdout]           >>>               aemics_stm32g4xx_hal-53041830ffb222f9.aemics_stm32g4xx_hal.f735d02aa29bb8ab-cgu.0.rcgu.o:(cortex_m::asm::delay::hed57554aac862183) in archive /opt/rustwide/target/debug/deps/libaemics_stm32g4xx_hal-53041830ffb222f9.rlib
[INFO] [stdout]           
[INFO] [stdout]           rust-lld: error: undefined symbol: __primask_r
[INFO] [stdout]           >>> referenced by call_asm.rs:19 (/opt/rustwide/cargo-home/registry/src/index.crates.io-6f17d22bba15001f/cortex-m-0.7.7/src/call_asm.rs:19)
[INFO] [stdout]           >>>               /opt/rustwide/target/debug/examples/spi_transfer-0193029909ba2ca2.spi_transfer.9f40a980a587bc25-cgu.0.rcgu.o:(cortex_m::register::primask::read::h61af175a2b2e79f3)
[INFO] [stdout]           
[INFO] [stdout]           rust-lld: error: undefined symbol: __cpsie
[INFO] [stdout]           >>> referenced by call_asm.rs:19 (/opt/rustwide/cargo-home/registry/src/index.crates.io-6f17d22bba15001f/cortex-m-0.7.7/src/call_asm.rs:19)
[INFO] [stdout]           >>>               /opt/rustwide/target/debug/examples/spi_transfer-0193029909ba2ca2.spi_transfer.9f40a980a587bc25-cgu.0.rcgu.o:(cortex_m::interrupt::enable::hc508e03d23789dc9)
[INFO] [stdout]           
[INFO] [stdout]           rust-lld: error: undefined symbol: __cpsid
[INFO] [stdout]           >>> referenced by call_asm.rs:19 (/opt/rustwide/cargo-home/registry/src/index.crates.io-6f17d22bba15001f/cortex-m-0.7.7/src/call_asm.rs:19)
[INFO] [stdout]           >>>               /opt/rustwide/target/debug/examples/spi_transfer-0193029909ba2ca2.spi_transfer.9f40a980a587bc25-cgu.0.rcgu.o:(cortex_m::interrupt::disable::hd48418ccdb01d94e)
[INFO] [stdout]           collect2: error: ld returned 1 exit status
[INFO] [stdout]           
[INFO] [stdout] 
[INFO] [stdout] 
[INFO] [stdout] error: linking with `cc` failed: exit status: 1
[INFO] [stdout]   |
[INFO] [stdout]   = note: LC_ALL="C" PATH="/opt/rustwide/rustup-home/toolchains/nightly-2024-10-28-x86_64-unknown-linux-gnu/lib/rustlib/x86_64-unknown-linux-gnu/bin:/opt/rustwide/rustup-home/toolchains/nightly-2024-10-28-x86_64-unknown-linux-gnu/lib/rustlib/x86_64-unknown-linux-gnu/bin/self-contained:/opt/rustwide/cargo-home/bin:/usr/local/sbin:/usr/local/bin:/usr/sbin:/usr/bin:/sbin:/bin" VSLANG="1033" "cc" "-m64" "/tmp/rustcPyMqAZ/symbols.o" "/opt/rustwide/target/debug/examples/spi_transfer_in_place-a480d5a107e13f50.spi_transfer_in_place.bded15266c345648-cgu.0.rcgu.o" "/opt/rustwide/target/debug/examples/spi_transfer_in_place-a480d5a107e13f50.dcnvdsipn2r5l25h4iawk2a8n.rcgu.o" "-Wl,--as-needed" "-Wl,-Bstatic" "/opt/rustwide/target/debug/deps/libaemics_stm32g4xx_hal-53041830ffb222f9.rlib" "/opt/rustwide/target/debug/deps/libcast-237441bd0ec64aec.rlib" "/opt/rustwide/target/debug/deps/libembedded_dma-45209271b7db744c.rlib" "/opt/rustwide/target/debug/deps/libstable_deref_trait-419231e659701c2c.rlib" "/opt/rustwide/target/debug/deps/libfdcan-7fcb88e4de55ccd7.rlib" "/opt/rustwide/target/debug/deps/libstatic_assertions-99818072c9dd112e.rlib" "/opt/rustwide/target/debug/deps/libbitflags-ad1920bfb419c0bc.rlib" "/opt/rustwide/target/debug/deps/libusbd_serial-8b31c89031dafddb.rlib" "/opt/rustwide/target/debug/deps/libstm32_usbd-becef54197f4bb48.rlib" "/opt/rustwide/target/debug/deps/libusb_device-25a336a08172c4b5.rlib" "/opt/rustwide/target/debug/deps/libpanic_semihosting-3cacd7a61a270179.rlib" "/opt/rustwide/rustup-home/toolchains/nightly-2024-10-28-x86_64-unknown-linux-gnu/lib/rustlib/x86_64-unknown-linux-gnu/lib/libstd-fb8c387236db3c10.rlib" "/opt/rustwide/rustup-home/toolchains/nightly-2024-10-28-x86_64-unknown-linux-gnu/lib/rustlib/x86_64-unknown-linux-gnu/lib/libpanic_unwind-b251837809b2f64b.rlib" "/opt/rustwide/rustup-home/toolchains/nightly-2024-10-28-x86_64-unknown-linux-gnu/lib/rustlib/x86_64-unknown-linux-gnu/lib/libobject-cbef83eaa4e01f04.rlib" "/opt/rustwide/rustup-home/toolchains/nightly-2024-10-28-x86_64-unknown-linux-gnu/lib/rustlib/x86_64-unknown-linux-gnu/lib/libmemchr-12a772286de2fca7.rlib" "/opt/rustwide/rustup-home/toolchains/nightly-2024-10-28-x86_64-unknown-linux-gnu/lib/rustlib/x86_64-unknown-linux-gnu/lib/libaddr2line-023bbe5ada7abfc3.rlib" "/opt/rustwide/rustup-home/toolchains/nightly-2024-10-28-x86_64-unknown-linux-gnu/lib/rustlib/x86_64-unknown-linux-gnu/lib/libgimli-de2bcdf10ec69c2b.rlib" "/opt/rustwide/rustup-home/toolchains/nightly-2024-10-28-x86_64-unknown-linux-gnu/lib/rustlib/x86_64-unknown-linux-gnu/lib/librustc_demangle-8e1754df350800fd.rlib" "/opt/rustwide/rustup-home/toolchains/nightly-2024-10-28-x86_64-unknown-linux-gnu/lib/rustlib/x86_64-unknown-linux-gnu/lib/libstd_detect-06c2ab7b9c32e037.rlib" "/opt/rustwide/rustup-home/toolchains/nightly-2024-10-28-x86_64-unknown-linux-gnu/lib/rustlib/x86_64-unknown-linux-gnu/lib/libhashbrown-51d2621fc57a281b.rlib" "/opt/rustwide/rustup-home/toolchains/nightly-2024-10-28-x86_64-unknown-linux-gnu/lib/rustlib/x86_64-unknown-linux-gnu/lib/librustc_std_workspace_alloc-54a930408793772f.rlib" "/opt/rustwide/rustup-home/toolchains/nightly-2024-10-28-x86_64-unknown-linux-gnu/lib/rustlib/x86_64-unknown-linux-gnu/lib/libminiz_oxide-0c7d01cba400dcb2.rlib" "/opt/rustwide/rustup-home/toolchains/nightly-2024-10-28-x86_64-unknown-linux-gnu/lib/rustlib/x86_64-unknown-linux-gnu/lib/libadler-b9f84d69e331b75b.rlib" "/opt/rustwide/rustup-home/toolchains/nightly-2024-10-28-x86_64-unknown-linux-gnu/lib/rustlib/x86_64-unknown-linux-gnu/lib/libunwind-eec95493246aae39.rlib" "/opt/rustwide/rustup-home/toolchains/nightly-2024-10-28-x86_64-unknown-linux-gnu/lib/rustlib/x86_64-unknown-linux-gnu/lib/libcfg_if-6f6676c475e08ab0.rlib" "/opt/rustwide/rustup-home/toolchains/nightly-2024-10-28-x86_64-unknown-linux-gnu/lib/rustlib/x86_64-unknown-linux-gnu/lib/liblibc-799d520624f8b2e0.rlib" "/opt/rustwide/rustup-home/toolchains/nightly-2024-10-28-x86_64-unknown-linux-gnu/lib/rustlib/x86_64-unknown-linux-gnu/lib/liballoc-fcf93d4842acd9a9.rlib" "/opt/rustwide/target/debug/deps/libstm32g4-1d049b76e1e356e1.rlib" "/opt/rustwide/target/debug/deps/libcortex_m_rt-1c037e3982a738ab.rlib" "/opt/rustwide/target/debug/deps/libembedded_hal-8d8893d3f2e44e48.rlib" "/opt/rustwide/target/debug/deps/libcortex_m-3870a741e12d2673.rlib" "/opt/rustwide/target/debug/deps/libembedded_hal-2392cbb532f98445.rlib" "/opt/rustwide/target/debug/deps/libnb-9aec6e19942a3d13.rlib" "/opt/rustwide/target/debug/deps/libnb-456c1832e485c55a.rlib" "/opt/rustwide/target/debug/deps/libvolatile_register-3065ba0a3e12324e.rlib" "/opt/rustwide/target/debug/deps/libvcell-e6c1b17e9a2d9a12.rlib" "/opt/rustwide/target/debug/deps/libbare_metal-c2e33c99fcd894c7.rlib" "/opt/rustwide/target/debug/deps/libvoid-df85bd5e01cdfe05.rlib" "/opt/rustwide/target/debug/deps/libbare_metal-d194a41c6e9a8186.rlib" "/opt/rustwide/target/debug/deps/libfugit-0760ec2524bbea62.rlib" "/opt/rustwide/target/debug/deps/libgcd-aced269ac436fed1.rlib" "/opt/rustwide/rustup-home/toolchains/nightly-2024-10-28-x86_64-unknown-linux-gnu/lib/rustlib/x86_64-unknown-linux-gnu/lib/librustc_std_workspace_core-395a38b8e0851c9b.rlib" "/opt/rustwide/rustup-home/toolchains/nightly-2024-10-28-x86_64-unknown-linux-gnu/lib/rustlib/x86_64-unknown-linux-gnu/lib/libcore-d453bab70303062c.rlib" "/opt/rustwide/rustup-home/toolchains/nightly-2024-10-28-x86_64-unknown-linux-gnu/lib/rustlib/x86_64-unknown-linux-gnu/lib/libcompiler_builtins-0e6386368b0a24e8.rlib" "-Wl,-Bdynamic" "-lgcc_s" "-lutil" "-lrt" "-lpthread" "-lm" "-ldl" "-lc" "-B/opt/rustwide/rustup-home/toolchains/nightly-2024-10-28-x86_64-unknown-linux-gnu/lib/rustlib/x86_64-unknown-linux-gnu/bin/gcc-ld" "-fuse-ld=lld" "-Wl,--eh-frame-hdr" "-Wl,-z,noexecstack" "-L" "/opt/rustwide/target/debug/build/cortex-m-rt-4c681184c57dee49/out" "-L" "/opt/rustwide/target/debug/build/stm32g4-f16d0c4a958e5fbd/out" "-L" "/opt/rustwide/target/debug/build/defmt-d8bcd226b7ba5327/out" "-L" "/opt/rustwide/rustup-home/toolchains/nightly-2024-10-28-x86_64-unknown-linux-gnu/lib/rustlib/x86_64-unknown-linux-gnu/lib" "-o" "/opt/rustwide/target/debug/examples/spi_transfer_in_place-a480d5a107e13f50" "-Wl,--gc-sections" "-pie" "-Wl,-z,relro,-z,now" "-nodefaultlibs"
[INFO] [stdout]   = note: rust-lld: error: undefined symbol: __delay
[INFO] [stdout]           >>> referenced by call_asm.rs:19 (/opt/rustwide/cargo-home/registry/src/index.crates.io-6f17d22bba15001f/cortex-m-0.7.7/src/call_asm.rs:19)
[INFO] [stdout]           >>>               aemics_stm32g4xx_hal-53041830ffb222f9.aemics_stm32g4xx_hal.f735d02aa29bb8ab-cgu.0.rcgu.o:(cortex_m::asm::delay::hed57554aac862183) in archive /opt/rustwide/target/debug/deps/libaemics_stm32g4xx_hal-53041830ffb222f9.rlib
[INFO] [stdout]           
[INFO] [stdout]           rust-lld: error: undefined symbol: __primask_r
[INFO] [stdout]           >>> referenced by call_asm.rs:19 (/opt/rustwide/cargo-home/registry/src/index.crates.io-6f17d22bba15001f/cortex-m-0.7.7/src/call_asm.rs:19)
[INFO] [stdout]           >>>               /opt/rustwide/target/debug/examples/spi_transfer_in_place-a480d5a107e13f50.spi_transfer_in_place.bded15266c345648-cgu.0.rcgu.o:(cortex_m::register::primask::read::h62116ddeda57a68e)
[INFO] [stdout]           
[INFO] [stdout]           rust-lld: error: undefined symbol: __cpsie
[INFO] [stdout]           >>> referenced by call_asm.rs:19 (/opt/rustwide/cargo-home/registry/src/index.crates.io-6f17d22bba15001f/cortex-m-0.7.7/src/call_asm.rs:19)
[INFO] [stdout]           >>>               /opt/rustwide/target/debug/examples/spi_transfer_in_place-a480d5a107e13f50.spi_transfer_in_place.bded15266c345648-cgu.0.rcgu.o:(cortex_m::interrupt::enable::haf05d03ba76b1696)
[INFO] [stdout]           
[INFO] [stdout]           rust-lld: error: undefined symbol: __cpsid
[INFO] [stdout]           >>> referenced by call_asm.rs:19 (/opt/rustwide/cargo-home/registry/src/index.crates.io-6f17d22bba15001f/cortex-m-0.7.7/src/call_asm.rs:19)
[INFO] [stdout]           >>>               /opt/rustwide/target/debug/examples/spi_transfer_in_place-a480d5a107e13f50.spi_transfer_in_place.bded15266c345648-cgu.0.rcgu.o:(cortex_m::interrupt::disable::h61c69ed2f0824cb7)
[INFO] [stdout]           collect2: error: ld returned 1 exit status
[INFO] [stdout]           
[INFO] [stdout] 
[INFO] [stdout] 
[INFO] [stderr] error: could not compile `aemics-stm32g4xx-hal` (example "spi_transfer") due to 1 previous error
[INFO] [stderr] error: could not compile `aemics-stm32g4xx-hal` (example "spi_transfer_in_place") due to 1 previous error
[INFO] [stdout] error: linking with `cc` failed: exit status: 1
[INFO] [stdout]   |
[INFO] [stdout]   = note: LC_ALL="C" PATH="/opt/rustwide/rustup-home/toolchains/nightly-2024-10-28-x86_64-unknown-linux-gnu/lib/rustlib/x86_64-unknown-linux-gnu/bin:/opt/rustwide/rustup-home/toolchains/nightly-2024-10-28-x86_64-unknown-linux-gnu/lib/rustlib/x86_64-unknown-linux-gnu/bin/self-contained:/opt/rustwide/cargo-home/bin:/usr/local/sbin:/usr/local/bin:/usr/sbin:/usr/bin:/sbin:/bin" VSLANG="1033" "cc" "-m64" "/tmp/rustcV2hysP/symbols.o" "/opt/rustwide/target/debug/examples/usb_print-0b414a126cb86be3.usb_print.fc87dc06e85b46c4-cgu.0.rcgu.o" "/opt/rustwide/target/debug/examples/usb_print-0b414a126cb86be3.80hho1i62jdkbbi55yh0ss3kd.rcgu.o" "-Wl,--as-needed" "-Wl,-Bstatic" "/opt/rustwide/target/debug/deps/libaemics_stm32g4xx_hal-53041830ffb222f9.rlib" "/opt/rustwide/target/debug/deps/libcast-237441bd0ec64aec.rlib" "/opt/rustwide/target/debug/deps/libfugit-0760ec2524bbea62.rlib" "/opt/rustwide/target/debug/deps/libgcd-aced269ac436fed1.rlib" "/opt/rustwide/target/debug/deps/libembedded_dma-45209271b7db744c.rlib" "/opt/rustwide/target/debug/deps/libstable_deref_trait-419231e659701c2c.rlib" "/opt/rustwide/target/debug/deps/libfdcan-7fcb88e4de55ccd7.rlib" "/opt/rustwide/target/debug/deps/libstatic_assertions-99818072c9dd112e.rlib" "/opt/rustwide/target/debug/deps/libbitflags-ad1920bfb419c0bc.rlib" "/opt/rustwide/target/debug/deps/libusbd_serial-8b31c89031dafddb.rlib" "/opt/rustwide/target/debug/deps/libstm32_usbd-becef54197f4bb48.rlib" "/opt/rustwide/target/debug/deps/libusb_device-25a336a08172c4b5.rlib" "/opt/rustwide/target/debug/deps/libpanic_semihosting-3cacd7a61a270179.rlib" "/opt/rustwide/rustup-home/toolchains/nightly-2024-10-28-x86_64-unknown-linux-gnu/lib/rustlib/x86_64-unknown-linux-gnu/lib/libstd-fb8c387236db3c10.rlib" "/opt/rustwide/rustup-home/toolchains/nightly-2024-10-28-x86_64-unknown-linux-gnu/lib/rustlib/x86_64-unknown-linux-gnu/lib/libpanic_unwind-b251837809b2f64b.rlib" "/opt/rustwide/rustup-home/toolchains/nightly-2024-10-28-x86_64-unknown-linux-gnu/lib/rustlib/x86_64-unknown-linux-gnu/lib/libobject-cbef83eaa4e01f04.rlib" "/opt/rustwide/rustup-home/toolchains/nightly-2024-10-28-x86_64-unknown-linux-gnu/lib/rustlib/x86_64-unknown-linux-gnu/lib/libmemchr-12a772286de2fca7.rlib" "/opt/rustwide/rustup-home/toolchains/nightly-2024-10-28-x86_64-unknown-linux-gnu/lib/rustlib/x86_64-unknown-linux-gnu/lib/libaddr2line-023bbe5ada7abfc3.rlib" "/opt/rustwide/rustup-home/toolchains/nightly-2024-10-28-x86_64-unknown-linux-gnu/lib/rustlib/x86_64-unknown-linux-gnu/lib/libgimli-de2bcdf10ec69c2b.rlib" "/opt/rustwide/rustup-home/toolchains/nightly-2024-10-28-x86_64-unknown-linux-gnu/lib/rustlib/x86_64-unknown-linux-gnu/lib/librustc_demangle-8e1754df350800fd.rlib" "/opt/rustwide/rustup-home/toolchains/nightly-2024-10-28-x86_64-unknown-linux-gnu/lib/rustlib/x86_64-unknown-linux-gnu/lib/libstd_detect-06c2ab7b9c32e037.rlib" "/opt/rustwide/rustup-home/toolchains/nightly-2024-10-28-x86_64-unknown-linux-gnu/lib/rustlib/x86_64-unknown-linux-gnu/lib/libhashbrown-51d2621fc57a281b.rlib" "/opt/rustwide/rustup-home/toolchains/nightly-2024-10-28-x86_64-unknown-linux-gnu/lib/rustlib/x86_64-unknown-linux-gnu/lib/librustc_std_workspace_alloc-54a930408793772f.rlib" "/opt/rustwide/rustup-home/toolchains/nightly-2024-10-28-x86_64-unknown-linux-gnu/lib/rustlib/x86_64-unknown-linux-gnu/lib/libminiz_oxide-0c7d01cba400dcb2.rlib" "/opt/rustwide/rustup-home/toolchains/nightly-2024-10-28-x86_64-unknown-linux-gnu/lib/rustlib/x86_64-unknown-linux-gnu/lib/libadler-b9f84d69e331b75b.rlib" "/opt/rustwide/rustup-home/toolchains/nightly-2024-10-28-x86_64-unknown-linux-gnu/lib/rustlib/x86_64-unknown-linux-gnu/lib/libunwind-eec95493246aae39.rlib" "/opt/rustwide/rustup-home/toolchains/nightly-2024-10-28-x86_64-unknown-linux-gnu/lib/rustlib/x86_64-unknown-linux-gnu/lib/libcfg_if-6f6676c475e08ab0.rlib" "/opt/rustwide/rustup-home/toolchains/nightly-2024-10-28-x86_64-unknown-linux-gnu/lib/rustlib/x86_64-unknown-linux-gnu/lib/liblibc-799d520624f8b2e0.rlib" "/opt/rustwide/rustup-home/toolchains/nightly-2024-10-28-x86_64-unknown-linux-gnu/lib/rustlib/x86_64-unknown-linux-gnu/lib/liballoc-fcf93d4842acd9a9.rlib" "/opt/rustwide/target/debug/deps/libstm32g4-1d049b76e1e356e1.rlib" "/opt/rustwide/target/debug/deps/libcortex_m_rt-1c037e3982a738ab.rlib" "/opt/rustwide/target/debug/deps/libembedded_hal-8d8893d3f2e44e48.rlib" "/opt/rustwide/target/debug/deps/libcortex_m-3870a741e12d2673.rlib" "/opt/rustwide/target/debug/deps/libembedded_hal-2392cbb532f98445.rlib" "/opt/rustwide/target/debug/deps/libnb-9aec6e19942a3d13.rlib" "/opt/rustwide/target/debug/deps/libnb-456c1832e485c55a.rlib" "/opt/rustwide/target/debug/deps/libvolatile_register-3065ba0a3e12324e.rlib" "/opt/rustwide/target/debug/deps/libvcell-e6c1b17e9a2d9a12.rlib" "/opt/rustwide/target/debug/deps/libbare_metal-c2e33c99fcd894c7.rlib" "/opt/rustwide/target/debug/deps/libvoid-df85bd5e01cdfe05.rlib" "/opt/rustwide/target/debug/deps/libbare_metal-d194a41c6e9a8186.rlib" "/opt/rustwide/rustup-home/toolchains/nightly-2024-10-28-x86_64-unknown-linux-gnu/lib/rustlib/x86_64-unknown-linux-gnu/lib/librustc_std_workspace_core-395a38b8e0851c9b.rlib" "/opt/rustwide/rustup-home/toolchains/nightly-2024-10-28-x86_64-unknown-linux-gnu/lib/rustlib/x86_64-unknown-linux-gnu/lib/libcore-d453bab70303062c.rlib" "/opt/rustwide/rustup-home/toolchains/nightly-2024-10-28-x86_64-unknown-linux-gnu/lib/rustlib/x86_64-unknown-linux-gnu/lib/libcompiler_builtins-0e6386368b0a24e8.rlib" "-Wl,-Bdynamic" "-lgcc_s" "-lutil" "-lrt" "-lpthread" "-lm" "-ldl" "-lc" "-B/opt/rustwide/rustup-home/toolchains/nightly-2024-10-28-x86_64-unknown-linux-gnu/lib/rustlib/x86_64-unknown-linux-gnu/bin/gcc-ld" "-fuse-ld=lld" "-Wl,--eh-frame-hdr" "-Wl,-z,noexecstack" "-L" "/opt/rustwide/target/debug/build/cortex-m-rt-4c681184c57dee49/out" "-L" "/opt/rustwide/target/debug/build/stm32g4-f16d0c4a958e5fbd/out" "-L" "/opt/rustwide/target/debug/build/defmt-d8bcd226b7ba5327/out" "-L" "/opt/rustwide/rustup-home/toolchains/nightly-2024-10-28-x86_64-unknown-linux-gnu/lib/rustlib/x86_64-unknown-linux-gnu/lib" "-o" "/opt/rustwide/target/debug/examples/usb_print-0b414a126cb86be3" "-Wl,--gc-sections" "-pie" "-Wl,-z,relro,-z,now" "-nodefaultlibs"
[INFO] [stdout]   = note: rust-lld: error: undefined symbol: __primask_r
[INFO] [stdout]           >>> referenced by call_asm.rs:19 (/opt/rustwide/cargo-home/registry/src/index.crates.io-6f17d22bba15001f/cortex-m-0.7.7/src/call_asm.rs:19)
[INFO] [stdout]           >>>               /opt/rustwide/target/debug/examples/usb_print-0b414a126cb86be3.usb_print.fc87dc06e85b46c4-cgu.0.rcgu.o:(cortex_m::register::primask::read::h738368bab5737ded)
[INFO] [stdout]           >>> referenced by call_asm.rs:19 (/opt/rustwide/cargo-home/registry/src/index.crates.io-6f17d22bba15001f/cortex-m-0.7.7/src/call_asm.rs:19)
[INFO] [stdout]           >>>               aemics_stm32g4xx_hal-53041830ffb222f9.aemics_stm32g4xx_hal.f735d02aa29bb8ab-cgu.0.rcgu.o:(cortex_m::register::primask::read::h002e4628fe87dcba) in archive /opt/rustwide/target/debug/deps/libaemics_stm32g4xx_hal-53041830ffb222f9.rlib
[INFO] [stdout]           
[INFO] [stdout]           rust-lld: error: undefined symbol: __cpsie
[INFO] [stdout]           >>> referenced by call_asm.rs:19 (/opt/rustwide/cargo-home/registry/src/index.crates.io-6f17d22bba15001f/cortex-m-0.7.7/src/call_asm.rs:19)
[INFO] [stdout]           >>>               /opt/rustwide/target/debug/examples/usb_print-0b414a126cb86be3.usb_print.fc87dc06e85b46c4-cgu.0.rcgu.o:(cortex_m::interrupt::enable::hec5bb28892527b67)
[INFO] [stdout]           >>> referenced by call_asm.rs:19 (/opt/rustwide/cargo-home/registry/src/index.crates.io-6f17d22bba15001f/cortex-m-0.7.7/src/call_asm.rs:19)
[INFO] [stdout]           >>>               aemics_stm32g4xx_hal-53041830ffb222f9.aemics_stm32g4xx_hal.f735d02aa29bb8ab-cgu.0.rcgu.o:(cortex_m::interrupt::enable::h0784ab07bdaef661) in archive /opt/rustwide/target/debug/deps/libaemics_stm32g4xx_hal-53041830ffb222f9.rlib
[INFO] [stdout]           
[INFO] [stdout]           rust-lld: error: undefined symbol: __cpsid
[INFO] [stdout]           >>> referenced by call_asm.rs:19 (/opt/rustwide/cargo-home/registry/src/index.crates.io-6f17d22bba15001f/cortex-m-0.7.7/src/call_asm.rs:19)
[INFO] [stdout]           >>>               /opt/rustwide/target/debug/examples/usb_print-0b414a126cb86be3.usb_print.fc87dc06e85b46c4-cgu.0.rcgu.o:(cortex_m::interrupt::disable::hb22be9a8fb4aa732)
[INFO] [stdout]           >>> referenced by call_asm.rs:19 (/opt/rustwide/cargo-home/registry/src/index.crates.io-6f17d22bba15001f/cortex-m-0.7.7/src/call_asm.rs:19)
[INFO] [stdout]           >>>               aemics_stm32g4xx_hal-53041830ffb222f9.aemics_stm32g4xx_hal.f735d02aa29bb8ab-cgu.0.rcgu.o:(cortex_m::interrupt::disable::h2f88b8f2a2158de1) in archive /opt/rustwide/target/debug/deps/libaemics_stm32g4xx_hal-53041830ffb222f9.rlib
[INFO] [stdout]           
[INFO] [stdout]           rust-lld: error: undefined symbol: __delay
[INFO] [stdout]           >>> referenced by call_asm.rs:19 (/opt/rustwide/cargo-home/registry/src/index.crates.io-6f17d22bba15001f/cortex-m-0.7.7/src/call_asm.rs:19)
[INFO] [stdout]           >>>               aemics_stm32g4xx_hal-53041830ffb222f9.aemics_stm32g4xx_hal.f735d02aa29bb8ab-cgu.0.rcgu.o:(cortex_m::asm::delay::hed57554aac862183) in archive /opt/rustwide/target/debug/deps/libaemics_stm32g4xx_hal-53041830ffb222f9.rlib
[INFO] [stdout]           collect2: error: ld returned 1 exit status
[INFO] [stdout]           
[INFO] [stdout] 
[INFO] [stdout] 
[INFO] [stderr] error: could not compile `aemics-stm32g4xx-hal` (example "usb_print") due to 1 previous error; 7 warnings emitted
[INFO] running `Command { std: "docker" "inspect" "12ed6685fd35fe9a3df173f0fb2fc75beabcbf494b7e296cd4df4c8ffcbf054f", kill_on_drop: false }`
[INFO] running `Command { std: "docker" "rm" "-f" "12ed6685fd35fe9a3df173f0fb2fc75beabcbf494b7e296cd4df4c8ffcbf054f", kill_on_drop: false }`
[INFO] [stdout] 12ed6685fd35fe9a3df173f0fb2fc75beabcbf494b7e296cd4df4c8ffcbf054f
