[INFO] fetching crate adb-rust 0.2.5...
[INFO] testing adb-rust-0.2.5 against nightly-2024-10-28 for randomize-layout
[INFO] extracting crate adb-rust 0.2.5 into /workspace/builds/worker-2-tc1/source
[INFO] validating manifest of crates.io crate adb-rust 0.2.5 on toolchain nightly-2024-10-28
[INFO] running `Command { std: CARGO_HOME="/workspace/cargo-home" RUSTUP_HOME="/workspace/rustup-home" "/workspace/cargo-home/bin/cargo" "+nightly-2024-10-28" "metadata" "--manifest-path" "Cargo.toml" "--no-deps", kill_on_drop: false }`
[INFO] started tweaking crates.io crate adb-rust 0.2.5
[INFO] finished tweaking crates.io crate adb-rust 0.2.5
[INFO] tweaked toml for crates.io crate adb-rust 0.2.5 written to /workspace/builds/worker-2-tc1/source/Cargo.toml
[INFO] running `Command { std: CARGO_HOME="/workspace/cargo-home" RUSTUP_HOME="/workspace/rustup-home" "/workspace/cargo-home/bin/cargo" "+nightly-2024-10-28" "generate-lockfile" "--manifest-path" "Cargo.toml", kill_on_drop: false }`
[INFO] [stderr]     Updating crates.io index
[INFO] [stderr]      Locking 41 packages to latest compatible versions
[INFO] running `Command { std: CARGO_HOME="/workspace/cargo-home" RUSTUP_HOME="/workspace/rustup-home" "/workspace/cargo-home/bin/cargo" "+nightly-2024-10-28" "fetch" "--manifest-path" "Cargo.toml", kill_on_drop: false }`
[INFO] running `Command { std: "docker" "create" "-v" "/var/lib/crater-agent-workspace/builds/worker-2-tc1/target:/opt/rustwide/target:rw,Z" "-v" "/var/lib/crater-agent-workspace/builds/worker-2-tc1/source:/opt/rustwide/workdir:ro,Z" "-v" "/var/lib/crater-agent-workspace/cargo-home:/opt/rustwide/cargo-home:ro,Z" "-v" "/var/lib/crater-agent-workspace/rustup-home:/opt/rustwide/rustup-home:ro,Z" "-e" "SOURCE_DIR=/opt/rustwide/workdir" "-e" "CARGO_TARGET_DIR=/opt/rustwide/target" "-e" "CARGO_HOME=/opt/rustwide/cargo-home" "-e" "RUSTUP_HOME=/opt/rustwide/rustup-home" "-w" "/opt/rustwide/workdir" "-m" "1610612736" "--user" "0:0" "--network" "none" "ghcr.io/rust-lang/crates-build-env/linux@sha256:4a844ea9eb2546a2d2c7022eacef16ef2e8229c7fbb2c7d4d55a9ceca922f72d" "/opt/rustwide/cargo-home/bin/cargo" "+nightly-2024-10-28" "metadata" "--no-deps" "--format-version=1", kill_on_drop: false }`
[INFO] [stdout] fa7d3b16e938de27fe310cdff126a2c812937eed3333feb75df775c0ba5b6bb5
[INFO] running `Command { std: "docker" "start" "-a" "fa7d3b16e938de27fe310cdff126a2c812937eed3333feb75df775c0ba5b6bb5", kill_on_drop: false }`
[INFO] running `Command { std: "docker" "inspect" "fa7d3b16e938de27fe310cdff126a2c812937eed3333feb75df775c0ba5b6bb5", kill_on_drop: false }`
[INFO] running `Command { std: "docker" "rm" "-f" "fa7d3b16e938de27fe310cdff126a2c812937eed3333feb75df775c0ba5b6bb5", kill_on_drop: false }`
[INFO] [stdout] fa7d3b16e938de27fe310cdff126a2c812937eed3333feb75df775c0ba5b6bb5
[INFO] running `Command { std: "docker" "create" "-v" "/var/lib/crater-agent-workspace/builds/worker-2-tc1/target:/opt/rustwide/target:rw,Z" "-v" "/var/lib/crater-agent-workspace/builds/worker-2-tc1/source:/opt/rustwide/workdir:ro,Z" "-v" "/var/lib/crater-agent-workspace/cargo-home:/opt/rustwide/cargo-home:ro,Z" "-v" "/var/lib/crater-agent-workspace/rustup-home:/opt/rustwide/rustup-home:ro,Z" "-e" "SOURCE_DIR=/opt/rustwide/workdir" "-e" "CARGO_TARGET_DIR=/opt/rustwide/target" "-e" "CARGO_INCREMENTAL=0" "-e" "RUST_BACKTRACE=full" "-e" "RUSTFLAGS=--cap-lints=forbid" "-e" "RUSTDOCFLAGS=--cap-lints=forbid" "-e" "CARGO_HOME=/opt/rustwide/cargo-home" "-e" "RUSTUP_HOME=/opt/rustwide/rustup-home" "-w" "/opt/rustwide/workdir" "-m" "1610612736" "--user" "0:0" "--network" "none" "ghcr.io/rust-lang/crates-build-env/linux@sha256:4a844ea9eb2546a2d2c7022eacef16ef2e8229c7fbb2c7d4d55a9ceca922f72d" "/opt/rustwide/cargo-home/bin/cargo" "+nightly-2024-10-28" "build" "--frozen" "--message-format=json", kill_on_drop: false }`
[INFO] [stdout] 2d8d40eb939bd24198f7426d4edfe583831f1d2c1f2cf5a728256e3a2c889bea
[INFO] running `Command { std: "docker" "start" "-a" "2d8d40eb939bd24198f7426d4edfe583831f1d2c1f2cf5a728256e3a2c889bea", kill_on_drop: false }`
[INFO] [stderr]    Compiling parking_lot_core v0.9.10
[INFO] [stderr]    Compiling socket2 v0.5.7
[INFO] [stderr]    Compiling signal-hook-registry v1.4.2
[INFO] [stderr]    Compiling mio v1.0.2
[INFO] [stderr]    Compiling syn v2.0.86
[INFO] [stderr]    Compiling parking_lot v0.12.3
[INFO] [stderr]    Compiling tokio-macros v2.4.0
[INFO] [stderr]    Compiling tokio v1.41.0
[INFO] [stderr]    Compiling adb-rust v0.2.5 (/opt/rustwide/workdir)
[INFO] [stdout] error[E0433]: failed to resolve: could not find `windows` in `os`
[INFO] [stdout]  --> src/cmd.rs:6:14
[INFO] [stdout]   |
[INFO] [stdout] 6 | use std::os::windows::process::CommandExt;
[INFO] [stdout]   |              ^^^^^^^ could not find `windows` in `os`
[INFO] [stdout]   |
[INFO] [stdout] note: found an item that was configured out
[INFO] [stdout]  --> /rustc/df4ca44d3fbc9301ee17f30f4d474e6ae4b05252/library/std/src/os/mod.rs:54:9
[INFO] [stdout] note: the item is gated here
[INFO] [stdout]  --> /rustc/df4ca44d3fbc9301ee17f30f4d474e6ae4b05252/library/std/src/os/mod.rs:46:1
[INFO] [stdout] note: found an item that was configured out
[INFO] [stdout]  --> /rustc/df4ca44d3fbc9301ee17f30f4d474e6ae4b05252/library/std/src/os/mod.rs:101:9
[INFO] [stdout] note: the item is gated here
[INFO] [stdout]  --> /rustc/df4ca44d3fbc9301ee17f30f4d474e6ae4b05252/library/std/src/os/mod.rs:100:1
[INFO] [stdout] 
[INFO] [stdout] 
[INFO] [stdout] warning: unused import: `std::process::Child`
[INFO] [stdout]  --> src/cmd.rs:3:5
[INFO] [stdout]   |
[INFO] [stdout] 3 | use std::process::Child;
[INFO] [stdout]   |     ^^^^^^^^^^^^^^^^^^^
[INFO] [stdout]   |
[INFO] [stdout]   = note: `#[warn(unused_imports)]` on by default
[INFO] [stdout] 
[INFO] [stdout] 
[INFO] [stdout] error[E0599]: no method named `creation_flags` found for struct `tokio::process::Command` in the current scope
[INFO] [stdout]   --> src/cmd.rs:59:14
[INFO] [stdout]    |
[INFO] [stdout] 57 |           let mut cmd = <ADBCmd as Clone>::clone(&self)
[INFO] [stdout]    |  _______________________-
[INFO] [stdout] 58 | |             .create_cmd()
[INFO] [stdout] 59 | |             .creation_flags(CREATE_NO_WINDOW)
[INFO] [stdout]    | |             -^^^^^^^^^^^^^^ method not found in `Command`
[INFO] [stdout]    | |_____________|
[INFO] [stdout]    |
[INFO] [stdout] 
[INFO] [stdout] 
[INFO] [stdout] error[E0599]: no method named `creation_flags` found for struct `std::process::Command` in the current scope
[INFO] [stdout]   --> src/cmd.rs:95:14
[INFO] [stdout]    |
[INFO] [stdout] 94 |           let child = output
[INFO] [stdout]    |  _____________________-
[INFO] [stdout] 95 | |             .creation_flags(CREATE_NO_WINDOW)
[INFO] [stdout]    | |             -^^^^^^^^^^^^^^ method not found in `Command`
[INFO] [stdout]    | |_____________|
[INFO] [stdout]    |
[INFO] [stdout] 
[INFO] [stdout] 
[INFO] [stdout] Some errors have detailed explanations: E0433, E0599.
[INFO] [stdout] 
[INFO] [stdout] For more information about an error, try `rustc --explain E0433`.
[INFO] [stdout] 
[INFO] [stderr] error: could not compile `adb-rust` (lib) due to 3 previous errors; 1 warning emitted
[INFO] [stderr] warning: build failed, waiting for other jobs to finish...
[INFO] running `Command { std: "docker" "inspect" "2d8d40eb939bd24198f7426d4edfe583831f1d2c1f2cf5a728256e3a2c889bea", kill_on_drop: false }`
[INFO] running `Command { std: "docker" "rm" "-f" "2d8d40eb939bd24198f7426d4edfe583831f1d2c1f2cf5a728256e3a2c889bea", kill_on_drop: false }`
[INFO] [stdout] 2d8d40eb939bd24198f7426d4edfe583831f1d2c1f2cf5a728256e3a2c889bea
