[INFO] fetching crate adafruit-nrf52840-sense 0.2.0...
[INFO] testing adafruit-nrf52840-sense-0.2.0 against nightly-2024-10-28+rustflags=-Zrandomize-layout for randomize-layout
[INFO] extracting crate adafruit-nrf52840-sense 0.2.0 into /workspace/builds/worker-2-tc2/source
[INFO] validating manifest of crates.io crate adafruit-nrf52840-sense 0.2.0 on toolchain nightly-2024-10-28
[INFO] running `Command { std: CARGO_HOME="/workspace/cargo-home" RUSTUP_HOME="/workspace/rustup-home" "/workspace/cargo-home/bin/cargo" "+nightly-2024-10-28" "metadata" "--manifest-path" "Cargo.toml" "--no-deps", kill_on_drop: false }`
[INFO] started tweaking crates.io crate adafruit-nrf52840-sense 0.2.0
[INFO] finished tweaking crates.io crate adafruit-nrf52840-sense 0.2.0
[INFO] tweaked toml for crates.io crate adafruit-nrf52840-sense 0.2.0 written to /workspace/builds/worker-2-tc2/source/Cargo.toml
[INFO] crate crates.io crate adafruit-nrf52840-sense 0.2.0 already has a lockfile, it will not be regenerated
[INFO] running `Command { std: CARGO_HOME="/workspace/cargo-home" RUSTUP_HOME="/workspace/rustup-home" "/workspace/cargo-home/bin/cargo" "+nightly-2024-10-28" "fetch" "--manifest-path" "Cargo.toml", kill_on_drop: false }`
[INFO] running `Command { std: "docker" "create" "-v" "/var/lib/crater-agent-workspace/builds/worker-2-tc2/target:/opt/rustwide/target:rw,Z" "-v" "/var/lib/crater-agent-workspace/builds/worker-2-tc2/source:/opt/rustwide/workdir:ro,Z" "-v" "/var/lib/crater-agent-workspace/cargo-home:/opt/rustwide/cargo-home:ro,Z" "-v" "/var/lib/crater-agent-workspace/rustup-home:/opt/rustwide/rustup-home:ro,Z" "-e" "SOURCE_DIR=/opt/rustwide/workdir" "-e" "CARGO_TARGET_DIR=/opt/rustwide/target" "-e" "CARGO_HOME=/opt/rustwide/cargo-home" "-e" "RUSTUP_HOME=/opt/rustwide/rustup-home" "-w" "/opt/rustwide/workdir" "-m" "1610612736" "--user" "0:0" "--network" "none" "ghcr.io/rust-lang/crates-build-env/linux@sha256:4a844ea9eb2546a2d2c7022eacef16ef2e8229c7fbb2c7d4d55a9ceca922f72d" "/opt/rustwide/cargo-home/bin/cargo" "+nightly-2024-10-28" "metadata" "--no-deps" "--format-version=1", kill_on_drop: false }`
[INFO] [stdout] ce1392e80610aff2b80caf7320bb99b40305c5cf1f795f2b5ae996803e9cbd2c
[INFO] running `Command { std: "docker" "start" "-a" "ce1392e80610aff2b80caf7320bb99b40305c5cf1f795f2b5ae996803e9cbd2c", kill_on_drop: false }`
[INFO] running `Command { std: "docker" "inspect" "ce1392e80610aff2b80caf7320bb99b40305c5cf1f795f2b5ae996803e9cbd2c", kill_on_drop: false }`
[INFO] running `Command { std: "docker" "rm" "-f" "ce1392e80610aff2b80caf7320bb99b40305c5cf1f795f2b5ae996803e9cbd2c", kill_on_drop: false }`
[INFO] [stdout] ce1392e80610aff2b80caf7320bb99b40305c5cf1f795f2b5ae996803e9cbd2c
[INFO] running `Command { std: "docker" "create" "-v" "/var/lib/crater-agent-workspace/builds/worker-2-tc2/target:/opt/rustwide/target:rw,Z" "-v" "/var/lib/crater-agent-workspace/builds/worker-2-tc2/source:/opt/rustwide/workdir:ro,Z" "-v" "/var/lib/crater-agent-workspace/cargo-home:/opt/rustwide/cargo-home:ro,Z" "-v" "/var/lib/crater-agent-workspace/rustup-home:/opt/rustwide/rustup-home:ro,Z" "-e" "SOURCE_DIR=/opt/rustwide/workdir" "-e" "CARGO_TARGET_DIR=/opt/rustwide/target" "-e" "CARGO_INCREMENTAL=0" "-e" "RUST_BACKTRACE=full" "-e" "RUSTFLAGS=--cap-lints=forbid -Zrandomize-layout" "-e" "RUSTDOCFLAGS=--cap-lints=forbid" "-e" "CARGO_HOME=/opt/rustwide/cargo-home" "-e" "RUSTUP_HOME=/opt/rustwide/rustup-home" "-w" "/opt/rustwide/workdir" "-m" "1610612736" "--user" "0:0" "--network" "none" "ghcr.io/rust-lang/crates-build-env/linux@sha256:4a844ea9eb2546a2d2c7022eacef16ef2e8229c7fbb2c7d4d55a9ceca922f72d" "/opt/rustwide/cargo-home/bin/cargo" "+nightly-2024-10-28" "build" "--frozen" "--message-format=json", kill_on_drop: false }`
[INFO] [stdout] 3ae33664c55ffc902339f025adbdda8380b7e154653fba9608acf22f2eac4d4f
[INFO] running `Command { std: "docker" "start" "-a" "3ae33664c55ffc902339f025adbdda8380b7e154653fba9608acf22f2eac4d4f", kill_on_drop: false }`
[INFO] [stderr]    Compiling nb v1.0.0
[INFO] [stderr]    Compiling void v1.0.2
[INFO] [stderr]    Compiling typenum v1.14.0
[INFO] [stderr]    Compiling semver-parser v0.7.0
[INFO] [stderr]    Compiling cortex-m v0.7.3
[INFO] [stderr]    Compiling proc-macro2 v1.0.32
[INFO] [stderr]    Compiling unicode-xid v0.2.2
[INFO] [stderr]    Compiling syn v1.0.81
[INFO] [stderr]    Compiling vcell v0.1.3
[INFO] [stderr]    Compiling cortex-m-rt v0.6.15
[INFO] [stderr]    Compiling version_check v0.9.3
[INFO] [stderr]    Compiling stable_deref_trait v1.2.0
[INFO] [stderr]    Compiling bitfield v0.13.2
[INFO] [stderr]    Compiling az v1.1.2
[INFO] [stderr]    Compiling nrf52840-pac v0.10.1
[INFO] [stderr]    Compiling r0 v0.2.2
[INFO] [stdout] error[E0463]: can't find crate for `core`
[INFO] [stdout]   |
[INFO] [stdout]   = note: the `thumbv7em-none-eabihf` target may not be installed
[INFO] [stdout]   = help: consider downloading the target with `rustup target add thumbv7em-none-eabihf`
[INFO] [stdout]   = help: consider building the standard library from source with `cargo build -Zbuild-std`
[INFO] [stdout] 
[INFO] [stdout] 
[INFO] [stdout] For more information about this error, try `rustc --explain E0463`.
[INFO] [stdout] 
[INFO] [stdout] error[E0463]: can't find crate for `core`
[INFO] [stdout]   |
[INFO] [stdout]   = note: the `thumbv7em-none-eabihf` target may not be installed
[INFO] [stdout]   = help: consider downloading the target with `rustup target add thumbv7em-none-eabihf`
[INFO] [stdout]   = help: consider building the standard library from source with `cargo build -Zbuild-std`
[INFO] [stdout] 
[INFO] [stdout] 
[INFO] [stdout] error[E0463]: can't find crate for `core`
[INFO] [stdout]   |
[INFO] [stdout]   = note: the `thumbv7em-none-eabihf` target may not be installed
[INFO] [stdout]   = help: consider downloading the target with `rustup target add thumbv7em-none-eabihf`
[INFO] [stdout]   = help: consider building the standard library from source with `cargo build -Zbuild-std`
[INFO] [stdout] 
[INFO] [stdout] 
[INFO] [stdout] For more information about this error, try `rustc --explain E0463`.
[INFO] [stdout] 
[INFO] [stdout] For more information about this error, try `rustc --explain E0463`.
[INFO] [stdout] 
[INFO] [stdout] error[E0463]: can't find crate for `core`
[INFO] [stdout]   |
[INFO] [stdout]   = note: the `thumbv7em-none-eabihf` target may not be installed
[INFO] [stdout]   = help: consider downloading the target with `rustup target add thumbv7em-none-eabihf`
[INFO] [stdout]   = help: consider building the standard library from source with `cargo build -Zbuild-std`
[INFO] [stdout] 
[INFO] [stdout] 
[INFO] [stderr] error: could not compile `void` (lib) due to 1 previous error
[INFO] [stderr] warning: build failed, waiting for other jobs to finish...
[INFO] [stdout] For more information about this error, try `rustc --explain E0463`.
[INFO] [stdout] 
[INFO] [stderr] error: could not compile `nb` (lib) due to 1 previous error
[INFO] [stderr] error: could not compile `vcell` (lib) due to 1 previous error
[INFO] [stdout] error[E0463]: can't find crate for `core`
[INFO] [stdout]   |
[INFO] [stdout]   = note: the `thumbv7em-none-eabihf` target may not be installed
[INFO] [stdout]   = help: consider downloading the target with `rustup target add thumbv7em-none-eabihf`
[INFO] [stdout]   = help: consider building the standard library from source with `cargo build -Zbuild-std`
[INFO] [stdout] 
[INFO] [stdout] 
[INFO] [stdout] For more information about this error, try `rustc --explain E0463`.
[INFO] [stdout] 
[INFO] [stderr] error: could not compile `bitfield` (lib) due to 1 previous error
[INFO] [stderr] error: could not compile `stable_deref_trait` (lib) due to 1 previous error
[INFO] [stdout] error[E0463]: can't find crate for `core`
[INFO] [stdout]   |
[INFO] [stdout]   = note: the `thumbv7em-none-eabihf` target may not be installed
[INFO] [stdout]   = help: consider downloading the target with `rustup target add thumbv7em-none-eabihf`
[INFO] [stdout]   = help: consider building the standard library from source with `cargo build -Zbuild-std`
[INFO] [stdout] 
[INFO] [stdout] 
[INFO] [stdout] For more information about this error, try `rustc --explain E0463`.
[INFO] [stdout] 
[INFO] [stderr] error: could not compile `r0` (lib) due to 1 previous error
[INFO] running `Command { std: "docker" "inspect" "3ae33664c55ffc902339f025adbdda8380b7e154653fba9608acf22f2eac4d4f", kill_on_drop: false }`
[INFO] running `Command { std: "docker" "rm" "-f" "3ae33664c55ffc902339f025adbdda8380b7e154653fba9608acf22f2eac4d4f", kill_on_drop: false }`
[INFO] [stdout] 3ae33664c55ffc902339f025adbdda8380b7e154653fba9608acf22f2eac4d4f
